000
CDUS41 KPHI 300634
CLIMPO


CLIMATE REPORT
NATIONAL WEATHER SERVICE MOUNT HOLLY NJ
234 AM EDT WED JUL 30 2014


...................................

...THE MOUNT POCONO PA CLIMATE SUMMARY FOR JULY 29 2014...

CLIMATE NORMAL PERIOD 1981 TO 2010
CLIMATE RECORD PERIOD 1901 TO 2014


WEATHER ITEM   OBSERVED TIME   RECORD YEAR NORMAL DEPARTURE LAST
                VALUE   (LST)  VALUE       VALUE  FROM      YEAR
                                                  NORMAL
..................................................................
TEMPERATURE (F)
 YESTERDAY
  MAXIMUM         67    129 PM  90    1949  78    -11       74
  MINIMUM         50   1159 PM  43    1987  58     -8       57
  AVERAGE         59                        68     -9       66

PRECIPITATION (IN)
  YESTERDAY        0.00          4.59 1969   0.19  -0.19     0.11
  MONTH TO DATE    3.69                      4.23  -0.54     6.81
  SINCE JUN 1      7.14                      8.61  -1.47    16.00
  SINCE JAN 1     25.90                     26.11  -0.21    30.01

SNOWFALL (IN)
  YESTERDAY       MM            MM      MM  MM     MM       MM
  MONTH TO DATE   MM                        MM     MM       MM
  SINCE JUN 1     MM                        MM     MM       MM
  SINCE JUL 1     MM                        MM     MM       MM
  SNOW DEPTH      MM

DEGREE DAYS
 HEATING
  YESTERDAY        6                         1      5        0
  MONTH TO DATE   18                        29    -11        7
  SINCE JUN 1     73                       129    -56       83
  SINCE JUL 1     18                        29    -11        7

 COOLING
  YESTERDAY        0                         4     -4        1
  MONTH TO DATE  107                       115     -8      226
  SINCE JUN 1    167                       177    -10      307
  SINCE JAN 1    174                       196    -22      339
..................................................................


WIND (MPH)
  HIGHEST WIND SPEED    16   HIGHEST WIND DIRECTION     W (280)
  HIGHEST GUST SPEED    23   HIGHEST GUST DIRECTION     N (350)
  AVERAGE WIND SPEED     8.2


SKY COVER
  POSSIBLE SUNSHINE  MM
  AVERAGE SKY COVER 0.7


WEATHER CONDITIONS
 THE FOLLOWING WEATHER WAS RECORDED YESTERDAY.
  NO SIGNIFICANT WEATHER WAS OBSERVED.


RELATIVE HUMIDITY (PERCENT)
 HIGHEST    93           500 AM
 LOWEST     48           100 PM
 AVERAGE    71

..........................................................


THE MOUNT POCONO PA CLIMATE NORMALS FOR TODAY
                         NORMAL    RECORD    YEAR
 MAXIMUM TEMPERATURE (F)   78        90      1954
 MINIMUM TEMPERATURE (F)   58        42      1968


SUNRISE AND SUNSET
JULY 30 2014..........SUNRISE   555 AM EDT   SUNSET   820 PM EDT
JULY 31 2014..........SUNRISE   556 AM EDT   SUNSET   819 PM EDT


-  INDICATES NEGATIVE NUMBERS.
R  INDICATES RECORD WAS SET OR TIED.
MM INDICATES DATA IS MISSING.
T  INDICATES TRACE AMOUNT.




$$
