000
CDUS41 KPHI 200627
CLIMPO


CLIMATE REPORT
NATIONAL WEATHER SERVICE MOUNT HOLLY NJ
226 AM EDT MON OCT 20 2014


...................................

...THE MOUNT POCONO PA CLIMATE SUMMARY FOR OCTOBER 19 2014...

CLIMATE NORMAL PERIOD 1981 TO 2010
CLIMATE RECORD PERIOD 1901 TO 2014


WEATHER ITEM   OBSERVED TIME   RECORD YEAR NORMAL DEPARTURE LAST
                VALUE   (LST)  VALUE       VALUE  FROM      YEAR
                                                  NORMAL
..................................................................
TEMPERATURE (F)
 YESTERDAY
  MAXIMUM         44    250 PM  80    1963  57    -13       57
  MINIMUM         32    825 PM  18    1974  38     -6       34
  AVERAGE         38                        47     -9       46

PRECIPITATION (IN)
  YESTERDAY        T             3.63 2012   0.13  -0.13      T
  MONTH TO DATE    4.39                      2.71   1.68     1.18
  SINCE SEP 1      5.49                      8.07  -2.58     2.91
  SINCE JAN 1     33.91                     39.05  -5.14    38.56

SNOWFALL (IN)
  YESTERDAY       MM            MM      MM  MM     MM       MM
  MONTH TO DATE   MM                        MM     MM       MM
  SINCE SEP 1     MM                        MM     MM       MM
  SINCE JUL 1     MM                        MM     MM       MM
  SNOW DEPTH      MM

DEGREE DAYS
 HEATING
  YESTERDAY       27                        18      9       19
  MONTH TO DATE  233                       288    -55      151
  SINCE SEP 1    395                       493    -98      400
  SINCE JUL 1    471                       556    -85      464

 COOLING
  YESTERDAY        0                         0      0        0
  MONTH TO DATE    1                         0      1        8
  SINCE SEP 1     35                        17     18       48
  SINCE JAN 1    253                       313    -60      467
..................................................................


WIND (MPH)
  HIGHEST WIND SPEED    26   HIGHEST WIND DIRECTION    NW (310)
  HIGHEST GUST SPEED    38   HIGHEST GUST DIRECTION    NW (300)
  AVERAGE WIND SPEED    13.8


SKY COVER
  POSSIBLE SUNSHINE  MM
  AVERAGE SKY COVER 0.6


WEATHER CONDITIONS
 THE FOLLOWING WEATHER WAS RECORDED YESTERDAY.
  LIGHT RAIN
  LIGHT SNOW


RELATIVE HUMIDITY (PERCENT)
 HIGHEST    89           100 AM
 LOWEST     49           400 PM
 AVERAGE    69

..........................................................


THE MOUNT POCONO PA CLIMATE NORMALS FOR TODAY
                         NORMAL    RECORD    YEAR
 MAXIMUM TEMPERATURE (F)   56        75      1963
 MINIMUM TEMPERATURE (F)   38        18      1972


SUNRISE AND SUNSET
OCTOBER 20 2014.......SUNRISE   719 AM EDT   SUNSET   613 PM EDT
OCTOBER 21 2014.......SUNRISE   720 AM EDT   SUNSET   612 PM EDT


-  INDICATES NEGATIVE NUMBERS.
R  INDICATES RECORD WAS SET OR TIED.
MM INDICATES DATA IS MISSING.
T  INDICATES TRACE AMOUNT.




$$
