000
CDUS41 KPHI 300629
CLIMPO


CLIMATE REPORT
NATIONAL WEATHER SERVICE MOUNT HOLLY NJ
129 AM EST FRI JAN 30 2015


...................................

...THE MOUNT POCONO PA CLIMATE SUMMARY FOR JANUARY 29 2015...

CLIMATE NORMAL PERIOD 1981 TO 2010
CLIMATE RECORD PERIOD 1901 TO 2015


WEATHER ITEM   OBSERVED TIME   RECORD YEAR NORMAL DEPARTURE LAST
                VALUE   (LST)  VALUE       VALUE  FROM      YEAR
                                                  NORMAL
..................................................................
TEMPERATURE (F)
 YESTERDAY
  MAXIMUM         24   1200 PM  59    2002  31     -7       14
  MINIMUM         -2    628 AM -21    1988  16    -18       -2
  AVERAGE         11                        24    -13        6

PRECIPITATION (IN)
  YESTERDAY        0.03          1.61 1957   0.05  -0.02     0.00
  MONTH TO DATE    1.70                      2.72  -1.02     3.35
  SINCE DEC 1      4.50                      6.59  -2.09     5.98
  SINCE JAN 1      1.70                      2.72  -1.02     3.35

SNOWFALL (IN)
  YESTERDAY       MM            MM      MM  MM     MM       MM
  MONTH TO DATE   MM                        MM     MM       MM
  SINCE DEC 1     MM                        MM     MM       MM
  SINCE JUL 1     MM                        MM     MM       MM
  SNOW DEPTH      MM

DEGREE DAYS
 HEATING
  YESTERDAY       54                        41     13       59
  MONTH TO DATE 1296                      1213     83     1349
  SINCE DEC 1   2332                      2371    -39     2469
  SINCE JUL 1   3899                      3950    -51     4081

 COOLING
  YESTERDAY        0                         0      0        0
  MONTH TO DATE    0                         0      0        0
  SINCE DEC 1      0                         0      0        0
  SINCE JAN 1      0                         0      0        0
..................................................................


WIND (MPH)
  HIGHEST WIND SPEED    17   HIGHEST WIND DIRECTION     S (170)
  HIGHEST GUST SPEED    23   HIGHEST GUST DIRECTION     S (170)
  AVERAGE WIND SPEED     7.6


SKY COVER
  POSSIBLE SUNSHINE  MM
  AVERAGE SKY COVER 0.5


WEATHER CONDITIONS
 THE FOLLOWING WEATHER WAS RECORDED YESTERDAY.
  LIGHT SNOW
  FOG


RELATIVE HUMIDITY (PERCENT)
 HIGHEST    84           900 PM
 LOWEST     34          1000 AM
 AVERAGE    59

..........................................................


THE MOUNT POCONO PA CLIMATE NORMALS FOR TODAY
                         NORMAL    RECORD    YEAR
 MAXIMUM TEMPERATURE (F)   31        57      2013
 MINIMUM TEMPERATURE (F)   16       -15      1965


SUNRISE AND SUNSET
JANUARY 30 2015.......SUNRISE   715 AM EST   SUNSET   516 PM EST
JANUARY 31 2015.......SUNRISE   714 AM EST   SUNSET   517 PM EST


-  INDICATES NEGATIVE NUMBERS.
R  INDICATES RECORD WAS SET OR TIED.
MM INDICATES DATA IS MISSING.
T  INDICATES TRACE AMOUNT.




$$
