000
CDUS41 KPHI 260630
CLIMPO


CLIMATE REPORT
NATIONAL WEATHER SERVICE MOUNT HOLLY NJ
129 AM EST SUN FEB 26 2017


...................................

...THE MOUNT POCONO PA CLIMATE SUMMARY FOR FEBRUARY 25 2017...

CLIMATE NORMAL PERIOD 1981 TO 2010
CLIMATE RECORD PERIOD 1901 TO 2017


WEATHER ITEM   OBSERVED TIME   RECORD YEAR NORMAL DEPARTURE LAST
                VALUE   (LST)  VALUE       VALUE  FROM      YEAR
                                                  NORMAL
..................................................................
TEMPERATURE (F)
 YESTERDAY
  MAXIMUM         61    410 PM  70    1930  36     25       55
  MINIMUM         32   1159 PM -15    1907  20     12       26
  AVERAGE         47                        28     19       41

PRECIPITATION (IN)
  YESTERDAY        0.69          2.14 1916   0.10   0.59     0.08
  MONTH TO DATE    2.03                      2.11  -0.08     4.70
  SINCE DEC 1      7.15                      8.83  -1.68    11.76
  SINCE JAN 1      4.96                      4.96   0.00     7.93

DEGREE DAYS
 HEATING
  YESTERDAY       18                        37    -19       24
  MONTH TO DATE  824                       982   -158      927
  SINCE DEC 1   3125                      3434   -309     2891
  SINCE JUL 1   4518                      5013   -495     4158

 COOLING
  YESTERDAY        0                         0      0        0
  MONTH TO DATE    0                         0      0        0
  SINCE DEC 1      0                         0      0        0
  SINCE JAN 1      0                         0      0        0
..................................................................


WIND (MPH)
  HIGHEST WIND SPEED    36   HIGHEST WIND DIRECTION     W (250)
  HIGHEST GUST SPEED    50   HIGHEST GUST DIRECTION     W (250)
  AVERAGE WIND SPEED    14.9


SKY COVER
  POSSIBLE SUNSHINE  MM
  AVERAGE SKY COVER 1.0


WEATHER CONDITIONS
 THE FOLLOWING WEATHER WAS RECORDED YESTERDAY.
  THUNDERSTORM
  HEAVY RAIN
  RAIN
  LIGHT RAIN
  LIGHT SNOW
  FOG


RELATIVE HUMIDITY (PERCENT)
 HIGHEST   100          1200 AM
 LOWEST     78           400 PM
 AVERAGE    89

..........................................................


THE MOUNT POCONO PA CLIMATE NORMALS FOR TODAY
                         NORMAL    RECORD    YEAR
 MAXIMUM TEMPERATURE (F)   37        63      1976
 MINIMUM TEMPERATURE (F)   20        -6      1910


SUNRISE AND SUNSET
FEBRUARY 26 2017......SUNRISE   640 AM EST   SUNSET   549 PM EST
FEBRUARY 27 2017......SUNRISE   639 AM EST   SUNSET   550 PM EST


-  INDICATES NEGATIVE NUMBERS.
R  INDICATES RECORD WAS SET OR TIED.
MM INDICATES DATA IS MISSING.
T  INDICATES TRACE AMOUNT.




$$
