000
CDUS41 KPHI 300635
CLIMPO


CLIMATE REPORT
NATIONAL WEATHER SERVICE MOUNT HOLLY NJ
235 AM EDT THU MAR 30 2017


...................................

...THE MOUNT POCONO PA CLIMATE SUMMARY FOR MARCH 29 2017...

CLIMATE NORMAL PERIOD 1981 TO 2010
CLIMATE RECORD PERIOD 1901 TO 2017


WEATHER ITEM   OBSERVED TIME   RECORD YEAR NORMAL DEPARTURE LAST
                VALUE   (LST)  VALUE       VALUE  FROM      YEAR
                                                  NORMAL
..................................................................
TEMPERATURE (F)
 YESTERDAY
  MAXIMUM         46    437 PM  79    1945  47     -1       44
  MINIMUM         30   1155 PM   7    1959  29      1       30
  AVERAGE         38                        38      0       37

PRECIPITATION (IN)
  YESTERDAY        0.00          1.17 2014   0.16  -0.16     0.00
  MONTH TO DATE    2.80                      3.51  -0.71     0.99
  SINCE MAR 1      2.80                      3.51  -0.71     0.99
  SINCE JAN 1      7.76                      8.77  -1.01     8.97

DEGREE DAYS
 HEATING
  YESTERDAY       27                        27      0       28
  MONTH TO DATE 1039                       923    116      706
  SINCE MAR 1   1039                       923    116      706
  SINCE JUL 1   5642                      6046   -404     4991

 COOLING
  YESTERDAY        0                         0      0        0
  MONTH TO DATE    0                         0      0        0
  SINCE MAR 1      0                         0      0        0
  SINCE JAN 1      0                         0      0        0
..................................................................


WIND (MPH)
  HIGHEST WIND SPEED    23   HIGHEST WIND DIRECTION    NW (330)
  HIGHEST GUST SPEED    36   HIGHEST GUST DIRECTION    NW (320)
  AVERAGE WIND SPEED    14.7


SKY COVER
  POSSIBLE SUNSHINE  MM
  AVERAGE SKY COVER 0.4


WEATHER CONDITIONS
 THE FOLLOWING WEATHER WAS RECORDED YESTERDAY.
  FOG


RELATIVE HUMIDITY (PERCENT)
 HIGHEST   100          1200 AM
 LOWEST     42           400 PM
 AVERAGE    71

..........................................................


THE MOUNT POCONO PA CLIMATE NORMALS FOR TODAY
                         NORMAL    RECORD    YEAR
 MAXIMUM TEMPERATURE (F)   48        81      1910
 MINIMUM TEMPERATURE (F)   30         7      1970


SUNRISE AND SUNSET
MARCH 30 2017.........SUNRISE   648 AM EDT   SUNSET   725 PM EDT
MARCH 31 2017.........SUNRISE   646 AM EDT   SUNSET   726 PM EDT


-  INDICATES NEGATIVE NUMBERS.
R  INDICATES RECORD WAS SET OR TIED.
MM INDICATES DATA IS MISSING.
T  INDICATES TRACE AMOUNT.




$$
