000
CDUS41 KPHI 050637
CLIMPO


CLIMATE REPORT
NATIONAL WEATHER SERVICE MOUNT HOLLY NJ
236 AM EDT THU MAY 5 2016


...................................

...THE MOUNT POCONO PA CLIMATE SUMMARY FOR MAY 4 2016...

CLIMATE NORMAL PERIOD 1981 TO 2010
CLIMATE RECORD PERIOD 1901 TO 2016


WEATHER ITEM   OBSERVED TIME   RECORD YEAR NORMAL DEPARTURE LAST
                VALUE   (LST)  VALUE       VALUE  FROM      YEAR
                                                  NORMAL
..................................................................
TEMPERATURE (F)
 YESTERDAY
  MAXIMUM         47    231 PM  84    1944  62    -15       79
  MINIMUM         40   1159 PM  20    1917  42     -2       46
  AVERAGE         44                        52     -8       63

PRECIPITATION (IN)
  YESTERDAY        0.28          1.47 1984   0.12   0.16     0.00
  MONTH TO DATE    1.98                      0.45   1.53     0.01
  SINCE MAR 1      5.52                      8.30  -2.78     5.24
  SINCE JAN 1     13.50                     13.56  -0.06     8.59

SNOWFALL (IN)
  YESTERDAY       MM            MM      MM  MM     MM       MM
  MONTH TO DATE   MM                        MM     MM       MM
  SINCE MAR 1     MM                        MM     MM       MM
  SINCE JUL 1     MM                        MM     MM       MM
  SNOW DEPTH      MM

DEGREE DAYS
 HEATING
  YESTERDAY       21                        13      8        2
  MONTH TO DATE   78                        55     23       38
  SINCE MAR 1   1451                      1626   -175     1729
  SINCE JUL 1   5736                      6749  -1013     7164

 COOLING
  YESTERDAY        0                         0      0        0
  MONTH TO DATE    0                         0      0        0
  SINCE MAR 1      0                         4     -4        0
  SINCE JAN 1      0                         4     -4        0
..................................................................


WIND (MPH)
  HIGHEST WIND SPEED    14   HIGHEST WIND DIRECTION    SE (120)
  HIGHEST GUST SPEED    17   HIGHEST GUST DIRECTION    NE (60)
  AVERAGE WIND SPEED     8.1


SKY COVER
  POSSIBLE SUNSHINE  MM
  AVERAGE SKY COVER 1.0


WEATHER CONDITIONS
 THE FOLLOWING WEATHER WAS RECORDED YESTERDAY.
  RAIN
  LIGHT RAIN
  FOG
  FOG W/VISIBILITY <= 1/4 MILE


RELATIVE HUMIDITY (PERCENT)
 HIGHEST   100          1200 AM
 LOWEST     93           100 AM
 AVERAGE    97

..........................................................


THE MOUNT POCONO PA CLIMATE NORMALS FOR TODAY
                         NORMAL    RECORD    YEAR
 MAXIMUM TEMPERATURE (F)   62        83      1955
 MINIMUM TEMPERATURE (F)   42        20      1911


SUNRISE AND SUNSET
MAY  5 2016...........SUNRISE   554 AM EDT   SUNSET   803 PM EDT
MAY  6 2016...........SUNRISE   553 AM EDT   SUNSET   804 PM EDT


-  INDICATES NEGATIVE NUMBERS.
R  INDICATES RECORD WAS SET OR TIED.
MM INDICATES DATA IS MISSING.
T  INDICATES TRACE AMOUNT.




$$
