000
CDUS41 KPHI 070637
CLIMPO


CLIMATE REPORT
NATIONAL WEATHER SERVICE MOUNT HOLLY NJ
232 AM EDT TUE JUL 7 2015


...................................

...THE MOUNT POCONO PA CLIMATE SUMMARY FOR JULY 6 2015...

CLIMATE NORMAL PERIOD 1981 TO 2010
CLIMATE RECORD PERIOD 1901 TO 2015


WEATHER ITEM   OBSERVED TIME   RECORD YEAR NORMAL DEPARTURE LAST
                VALUE   (LST)  VALUE       VALUE  FROM      YEAR
                                                  NORMAL
..................................................................
TEMPERATURE (F)
 YESTERDAY
  MAXIMUM         79    317 PM  94    2010  78      1       78
  MINIMUM         56    248 AM  38    1940  58     -2       49
  AVERAGE         68                        68      0       64

PRECIPITATION (IN)
  YESTERDAY        T             1.20 1942   0.11  -0.11     0.00
  MONTH TO DATE    0.93                      0.74   0.19     1.57
  SINCE JUN 1      9.70                      5.12   4.58     5.02
  SINCE JAN 1     20.70                     22.62  -1.92    23.78

SNOWFALL (IN)
  YESTERDAY       MM            MM      MM  MM     MM       MM
  MONTH TO DATE   MM                        MM     MM       MM
  SINCE JUN 1     MM                        MM     MM       MM
  SINCE JUL 1     MM                        MM     MM       MM
  SNOW DEPTH      MM

DEGREE DAYS
 HEATING
  YESTERDAY        0                         1     -1        1
  MONTH TO DATE    6                         6      0        5
  SINCE JUN 1     90                       106    -16       60
  SINCE JUL 1      6                         6      0        5

 COOLING
  YESTERDAY        3                         4     -1        0
  MONTH TO DATE    6                        23    -17       30
  SINCE JUN 1     72                        85    -13       90
  SINCE JAN 1    129                       104     25       97
..................................................................


WIND (MPH)
  HIGHEST WIND SPEED    14   HIGHEST WIND DIRECTION    SE (150)
  HIGHEST GUST SPEED    20   HIGHEST GUST DIRECTION    SE (140)
  AVERAGE WIND SPEED     7.0


SKY COVER
  POSSIBLE SUNSHINE  MM
  AVERAGE SKY COVER 0.6


WEATHER CONDITIONS
 THE FOLLOWING WEATHER WAS RECORDED YESTERDAY.
  LIGHT RAIN
  FOG
  FOG W/VISIBILITY <= 1/4 MILE
  HAZE


RELATIVE HUMIDITY (PERCENT)
 HIGHEST    93           100 AM
 LOWEST     64          1100 AM
 AVERAGE    79

..........................................................


THE MOUNT POCONO PA CLIMATE NORMALS FOR TODAY
                         NORMAL    RECORD    YEAR
 MAXIMUM TEMPERATURE (F)   78        95      1908
 MINIMUM TEMPERATURE (F)   58        38      1979


SUNRISE AND SUNSET
JULY  7 2015..........SUNRISE   536 AM EDT   SUNSET   837 PM EDT
JULY  8 2015..........SUNRISE   537 AM EDT   SUNSET   836 PM EDT


-  INDICATES NEGATIVE NUMBERS.
R  INDICATES RECORD WAS SET OR TIED.
MM INDICATES DATA IS MISSING.
T  INDICATES TRACE AMOUNT.




$$
