000
CDUS41 KPHI 310645
CLIMPO


CLIMATE REPORT
NATIONAL WEATHER SERVICE MOUNT HOLLY NJ
245 AM EDT TUE MAY 31 2016


...................................

...THE MOUNT POCONO PA CLIMATE SUMMARY FOR MAY 30 2016...

CLIMATE NORMAL PERIOD 1981 TO 2010
CLIMATE RECORD PERIOD 1901 TO 2016


WEATHER ITEM   OBSERVED TIME   RECORD YEAR NORMAL DEPARTURE LAST
                VALUE   (LST)  VALUE       VALUE  FROM      YEAR
                                                  NORMAL
..................................................................
TEMPERATURE (F)
 YESTERDAY
  MAXIMUM         78    210 PM  88    1911  69      9       80
  MINIMUM         60   1159 PM  26    1936  49     11       64
  AVERAGE         69                        59     10       72

PRECIPITATION (IN)
  YESTERDAY        1.30          1.86 1990   0.17   1.13      T
  MONTH TO DATE    5.91                      4.22   1.69     0.72
  SINCE MAR 1      9.45                     12.07  -2.62     5.95
  SINCE JAN 1     17.43                     17.33   0.10     9.30

SNOWFALL (IN)
  YESTERDAY       MM            MM      MM  MM     MM       MM
  MONTH TO DATE   MM                        MM     MM       MM
  SINCE MAR 1     MM                        MM     MM       MM
  SINCE JUL 1     MM                        MM     MM       MM
  SNOW DEPTH      MM

DEGREE DAYS
 HEATING
  YESTERDAY        0                         7     -7        0
  MONTH TO DATE  394                       314     80      168
  SINCE MAR 1   1767                      1885   -118     1859
  SINCE JUL 1   6052                      7008   -956     7294

 COOLING
  YESTERDAY        4                         1      3        7
  MONTH TO DATE   26                        12     14       55
  SINCE MAR 1     26                        16     10       55
  SINCE JAN 1     26                        16     10       55
..................................................................


WIND (MPH)
  HIGHEST WIND SPEED    22   HIGHEST WIND DIRECTION    NW (320)
  HIGHEST GUST SPEED    32   HIGHEST GUST DIRECTION    NW (310)
  AVERAGE WIND SPEED     5.0


SKY COVER
  POSSIBLE SUNSHINE  MM
  AVERAGE SKY COVER 0.6


WEATHER CONDITIONS
 THE FOLLOWING WEATHER WAS RECORDED YESTERDAY.
  HEAVY RAIN
  RAIN
  LIGHT RAIN
  FOG


RELATIVE HUMIDITY (PERCENT)
 HIGHEST    97          1100 PM
 LOWEST     54           200 PM
 AVERAGE    76

..........................................................


THE MOUNT POCONO PA CLIMATE NORMALS FOR TODAY
                         NORMAL    RECORD    YEAR
 MAXIMUM TEMPERATURE (F)   69        87      1998
 MINIMUM TEMPERATURE (F)   49        29      1965


SUNRISE AND SUNSET
MAY 31 2016...........SUNRISE   532 AM EDT   SUNSET   828 PM EDT
JUNE  1 2016..........SUNRISE   531 AM EDT   SUNSET   828 PM EDT


-  INDICATES NEGATIVE NUMBERS.
R  INDICATES RECORD WAS SET OR TIED.
MM INDICATES DATA IS MISSING.
T  INDICATES TRACE AMOUNT.




$$
