434
CDUS41 KPHI 300627
CLIMPO


CLIMATE REPORT
NATIONAL WEATHER SERVICE MOUNT HOLLY NJ
227 AM EDT TUE MAY 30 2017


...................................

...THE MOUNT POCONO PA CLIMATE SUMMARY FOR MAY 29 2017...

CLIMATE NORMAL PERIOD 1981 TO 2010
CLIMATE RECORD PERIOD 1901 TO 2017


WEATHER ITEM   OBSERVED TIME   RECORD YEAR NORMAL DEPARTURE LAST
                VALUE   (LST)  VALUE       VALUE  FROM      YEAR
                                                  NORMAL
..................................................................
TEMPERATURE (F)
 YESTERDAY
  MAXIMUM         54    505 PM  89    1911  69    -15       81
  MINIMUM         50    919 AM  28    1936  49      1       62
  AVERAGE         52                        59     -7       72

PRECIPITATION (IN)
  YESTERDAY        0.77          2.77 1984   0.16   0.61     0.65
  MONTH TO DATE    3.94                      4.05  -0.11     4.61
  SINCE MAR 1     11.79                     11.90  -0.11     8.15
  SINCE JAN 1     16.75                     17.16  -0.41    16.13

DEGREE DAYS
 HEATING
  YESTERDAY       13                         7      6        0
  MONTH TO DATE  360                       307     53      394
  SINCE MAR 1   1905                      1878     27     1767
  SINCE JUL 1   6508                      7001   -493     6052

 COOLING
  YESTERDAY        0                         1     -1        7
  MONTH TO DATE   15                        11      4       22
  SINCE MAR 1     18                        15      3       22
  SINCE JAN 1     18                        15      3       22
..................................................................


WIND (MPH)
  HIGHEST WIND SPEED    17   HIGHEST WIND DIRECTION    SE (130)
  HIGHEST GUST SPEED    23   HIGHEST GUST DIRECTION     E (110)
  AVERAGE WIND SPEED     9.0


SKY COVER
  POSSIBLE SUNSHINE  MM
  AVERAGE SKY COVER 1.0


WEATHER CONDITIONS
 THE FOLLOWING WEATHER WAS RECORDED YESTERDAY.
  THUNDERSTORM
  HEAVY RAIN
  RAIN
  LIGHT RAIN
  FOG
  FOG W/VISIBILITY <= 1/4 MILE


RELATIVE HUMIDITY (PERCENT)
 HIGHEST   100          1200 AM
 LOWEST    100          1200 AM
 AVERAGE   100

..........................................................


THE MOUNT POCONO PA CLIMATE NORMALS FOR TODAY
                         NORMAL    RECORD    YEAR
 MAXIMUM TEMPERATURE (F)   69        88      1911
 MINIMUM TEMPERATURE (F)   49        26      1936


SUNRISE AND SUNSET
MAY 30 2017...........SUNRISE   532 AM EDT   SUNSET   827 PM EDT
MAY 31 2017...........SUNRISE   532 AM EDT   SUNSET   827 PM EDT


-  INDICATES NEGATIVE NUMBERS.
R  INDICATES RECORD WAS SET OR TIED.
MM INDICATES DATA IS MISSING.
T  INDICATES TRACE AMOUNT.




$$
