664
CDUS41 KPHI 170546
CLIMPO


CLIMATE REPORT
NATIONAL WEATHER SERVICE MOUNT HOLLY NJ
1245 AM EST SUN DEC 17 2017


...................................

...THE MOUNT POCONO PA CLIMATE SUMMARY FOR DECEMBER 16 2017...

CLIMATE NORMAL PERIOD 1981 TO 2010
CLIMATE RECORD PERIOD 1901 TO 2017


WEATHER ITEM   OBSERVED TIME   RECORD YEAR NORMAL DEPARTURE LAST
                VALUE   (LST)  VALUE       VALUE  FROM      YEAR
                                                  NORMAL
..................................................................
TEMPERATURE (F)
 YESTERDAY
  MAXIMUM         30    550 PM  56    1906  34     -4       17
  MINIMUM         15    741 AM  -7    1917  21     -6        2
  AVERAGE         23                        27     -4       10

PRECIPITATION (IN)
  YESTERDAY        T             1.66 2005   0.11  -0.11      T
  MONTH TO DATE    0.61                      2.16  -1.55     1.33
  SINCE DEC 1      0.61                      2.16  -1.55     1.33
  SINCE JAN 1     41.70                     47.07  -5.37    39.23

DEGREE DAYS
 HEATING
  YESTERDAY       42                        38      4       55
  MONTH TO DATE  615                       562     53      600
  SINCE DEC 1    615                       562     53      600
  SINCE JUL 1   2053                      2141    -88     1993

 COOLING
  YESTERDAY        0                         0      0        0
  MONTH TO DATE    0                         0      0        0
  SINCE DEC 1      0                         0      0        0
  SINCE JAN 1    287                       314    -27      397
..................................................................


WIND (MPH)
  HIGHEST WIND SPEED    21   HIGHEST WIND DIRECTION     W (270)
  HIGHEST GUST SPEED    30   HIGHEST GUST DIRECTION     W (270)
  AVERAGE WIND SPEED    12.2


SKY COVER
  POSSIBLE SUNSHINE  MM
  AVERAGE SKY COVER 0.7


WEATHER CONDITIONS
 THE FOLLOWING WEATHER WAS RECORDED YESTERDAY.
  LIGHT SNOW


RELATIVE HUMIDITY (PERCENT)
 HIGHEST    92          1200 AM
 LOWEST     74           400 AM
 AVERAGE    83

..........................................................


THE MOUNT POCONO PA CLIMATE NORMALS FOR TODAY
                         NORMAL    RECORD    YEAR
 MAXIMUM TEMPERATURE (F)   34        56      2006
 MINIMUM TEMPERATURE (F)   21       -10      1904


SUNRISE AND SUNSET
DECEMBER 17 2017......SUNRISE   721 AM EST   SUNSET   434 PM EST
DECEMBER 18 2017......SUNRISE   722 AM EST   SUNSET   435 PM EST


-  INDICATES NEGATIVE NUMBERS.
R  INDICATES RECORD WAS SET OR TIED.
MM INDICATES DATA IS MISSING.
T  INDICATES TRACE AMOUNT.




$$
