000
CDUS41 KPHI 290629
CLIMPO


CLIMATE REPORT
NATIONAL WEATHER SERVICE MOUNT HOLLY NJ
227 AM EDT THU SEP 29 2016


...................................

...THE MOUNT POCONO PA CLIMATE SUMMARY FOR SEPTEMBER 28 2016...

CLIMATE NORMAL PERIOD 1981 TO 2010
CLIMATE RECORD PERIOD 1901 TO 2016


WEATHER ITEM   OBSERVED TIME   RECORD YEAR NORMAL DEPARTURE LAST
                VALUE   (LST)  VALUE       VALUE  FROM      YEAR
                                                  NORMAL
..................................................................
TEMPERATURE (F)
 YESTERDAY
  MAXIMUM         62    225 PM  82    1998  63     -1       72
  MINIMUM         41    542 AM  26    1957  45     -4       57
  AVERAGE         52                        54     -2       65

PRECIPITATION (IN)
  YESTERDAY        0.01          2.92 2011   0.22  -0.21      T
  MONTH TO DATE    1.41                      4.97  -3.56     3.05
  SINCE SEP 1      1.41                      4.97  -3.56     3.05
  SINCE JAN 1     31.00                     35.95  -4.95    31.07

SNOWFALL (IN)
  YESTERDAY       MM            MM      MM  MM     MM       MM
  MONTH TO DATE   MM                        MM     MM       MM
  SINCE SEP 1     MM                        MM     MM       MM
  SINCE JUL 1     MM                        MM     MM       MM
  SNOW DEPTH      MM

DEGREE DAYS
 HEATING
  YESTERDAY       13                        11      2        0
  MONTH TO DATE  121                       181    -60       86
  SINCE SEP 1    121                       181    -60       86
  SINCE JUL 1    153                       244    -91      127

 COOLING
  YESTERDAY        0                         0      0        0
  MONTH TO DATE   51                        13     38       59
  SINCE SEP 1     51                        13     38       59
  SINCE JAN 1    397                       309     88      399
..................................................................


WIND (MPH)
  HIGHEST WIND SPEED    21   HIGHEST WIND DIRECTION     E (100)
  HIGHEST GUST SPEED    27   HIGHEST GUST DIRECTION     E (100)
  AVERAGE WIND SPEED     9.7


SKY COVER
  POSSIBLE SUNSHINE  MM
  AVERAGE SKY COVER 0.6


WEATHER CONDITIONS
 THE FOLLOWING WEATHER WAS RECORDED YESTERDAY.
  LIGHT RAIN
  FOG


RELATIVE HUMIDITY (PERCENT)
 HIGHEST   100           900 PM
 LOWEST     64           900 AM
 AVERAGE    82

..........................................................


THE MOUNT POCONO PA CLIMATE NORMALS FOR TODAY
                         NORMAL    RECORD    YEAR
 MAXIMUM TEMPERATURE (F)   63        79      1945
 MINIMUM TEMPERATURE (F)   45        25      1942


SUNRISE AND SUNSET
SEPTEMBER 29 2016.....SUNRISE   657 AM EDT   SUNSET   646 PM EDT
SEPTEMBER 30 2016.....SUNRISE   658 AM EDT   SUNSET   644 PM EDT


-  INDICATES NEGATIVE NUMBERS.
R  INDICATES RECORD WAS SET OR TIED.
MM INDICATES DATA IS MISSING.
T  INDICATES TRACE AMOUNT.




$$
