000
CDUS41 KPHI 230627
CLIMPO


CLIMATE REPORT
NATIONAL WEATHER SERVICE MOUNT HOLLY NJ
226 AM EDT SAT AUG 23 2014


...................................

...THE MOUNT POCONO PA CLIMATE SUMMARY FOR AUGUST 22 2014...

CLIMATE NORMAL PERIOD 1981 TO 2010
CLIMATE RECORD PERIOD 1901 TO 2014


WEATHER ITEM   OBSERVED TIME   RECORD YEAR NORMAL DEPARTURE LAST
                VALUE   (LST)  VALUE       VALUE  FROM      YEAR
                                                  NORMAL
..................................................................
TEMPERATURE (F)
 YESTERDAY
  MAXIMUM         67    308 PM  87    1968  76     -9       80
  MINIMUM         60    347 AM  34    1982  57      3       65
  AVERAGE         64                        66     -2       73

PRECIPITATION (IN)
  YESTERDAY        0.39          3.25 1937   0.15   0.24     0.38
  MONTH TO DATE    2.22                      3.39  -1.17     4.38
  SINCE JUN 1      9.36                     12.41  -3.05    20.38
  SINCE JAN 1     28.12                     29.91  -1.79    34.39

SNOWFALL (IN)
  YESTERDAY       MM            MM      MM  MM     MM       MM
  MONTH TO DATE   MM                        MM     MM       MM
  SINCE JUN 1     MM                        MM     MM       MM
  SINCE JUL 1     MM                        MM     MM       MM
  SNOW DEPTH      MM

DEGREE DAYS
 HEATING
  YESTERDAY        1                         1      0        0
  MONTH TO DATE   34                        22     12       46
  SINCE JUN 1    113                       144    -31      133
  SINCE JUL 1     58                        44     14       57

 COOLING
  YESTERDAY        0                         3     -3        8
  MONTH TO DATE   27                        80    -53       40
  SINCE JUN 1    195                       263    -68      347
  SINCE JAN 1    202                       282    -80      379
..................................................................


WIND (MPH)
  HIGHEST WIND SPEED    14   HIGHEST WIND DIRECTION     E (110)
  HIGHEST GUST SPEED    20   HIGHEST GUST DIRECTION     E (100)
  AVERAGE WIND SPEED     6.1


SKY COVER
  POSSIBLE SUNSHINE  MM
  AVERAGE SKY COVER 0.9


WEATHER CONDITIONS
 THE FOLLOWING WEATHER WAS RECORDED YESTERDAY.
  HEAVY RAIN
  RAIN
  LIGHT RAIN
  FOG
  FOG W/VISIBILITY <= 1/4 MILE
  HAZE


RELATIVE HUMIDITY (PERCENT)
 HIGHEST    97           300 AM
 LOWEST     87          1100 AM
 AVERAGE    92

..........................................................


THE MOUNT POCONO PA CLIMATE NORMALS FOR TODAY
                         NORMAL    RECORD    YEAR
 MAXIMUM TEMPERATURE (F)   76        90      1936
 MINIMUM TEMPERATURE (F)   56        34      1923


SUNRISE AND SUNSET
AUGUST 23 2014........SUNRISE   619 AM EDT   SUNSET   749 PM EDT
AUGUST 24 2014........SUNRISE   620 AM EDT   SUNSET   747 PM EDT


-  INDICATES NEGATIVE NUMBERS.
R  INDICATES RECORD WAS SET OR TIED.
MM INDICATES DATA IS MISSING.
T  INDICATES TRACE AMOUNT.




$$
