000
CDUS41 KPHI 202126
CLIMPO


CLIMATE REPORT
NATIONAL WEATHER SERVICE MOUNT HOLLY NJ
525 PM EDT THU JUL 20 2017


...................................

...THE MOUNT POCONO PA CLIMATE SUMMARY FOR JULY 20 2017...
VALID TODAY AS OF 0500 PM LOCAL TIME.

CLIMATE NORMAL PERIOD 1981 TO 2010
CLIMATE RECORD PERIOD 1901 TO 2017


WEATHER ITEM   OBSERVED TIME   RECORD YEAR NORMAL DEPARTURE LAST
                VALUE   (LST)  VALUE       VALUE  FROM      YEAR
                                                  NORMAL
..................................................................
TEMPERATURE (F)
 TODAY
  MAXIMUM         84    136 PM  93    1980  78      6       78
  MINIMUM         61    417 AM  40    1912  59      2       50
  AVERAGE         73                        68      5       64

PRECIPITATION (IN)
  TODAY            0.00          2.81 1945   0.16  -0.16     0.00
  MONTH TO DATE    3.09                      2.70   0.39     3.36
  SINCE JUN 1      6.89                      7.08  -0.19     5.14
  SINCE JAN 1     23.79                     24.58  -0.79    22.57

DEGREE DAYS
 HEATING
  TODAY            0                         1     -1        1
  MONTH TO DATE    4                        20    -16       16
  SINCE JUN 1    131                       120     11      108
  SINCE JUL 1      4                        20    -16       16

 COOLING
  TODAY            8                         4      4        0
  MONTH TO DATE   80                        79      1       78
  SINCE JUN 1    141                       141      0      103
  SINCE JAN 1    159                       160     -1      132
..................................................................


WIND (MPH)
  HIGHEST WIND SPEED    15   HIGHEST WIND DIRECTION     W (280)
  HIGHEST GUST SPEED    21   HIGHEST GUST DIRECTION    SW (230)
  AVERAGE WIND SPEED     5.1


SKY COVER
  POSSIBLE SUNSHINE  MM
  AVERAGE SKY COVER 0.1


WEATHER CONDITIONS
 THE FOLLOWING WEATHER WAS RECORDED TODAY.
  FOG


RELATIVE HUMIDITY (PERCENT)
 HIGHEST   100          1200 AM
 LOWEST     55           100 PM
 AVERAGE    78

..........................................................


THE MOUNT POCONO PA CLIMATE NORMALS FOR TOMORROW
                         NORMAL    RECORD    YEAR
 MAXIMUM TEMPERATURE (F)   78        94      2011
 MINIMUM TEMPERATURE (F)   59        36      1966


SUNRISE AND SUNSET
JULY 20 2017..........SUNRISE   546 AM EDT   SUNSET   829 PM EDT
JULY 21 2017..........SUNRISE   547 AM EDT   SUNSET   828 PM EDT


-  INDICATES NEGATIVE NUMBERS.
R  INDICATES RECORD WAS SET OR TIED.
MM INDICATES DATA IS MISSING.
T  INDICATES TRACE AMOUNT.




$$
