000
CDUS41 KBTV 240544
CLIMPV


CLIMATE REPORT
NATIONAL WEATHER SERVICE BURLINGTON VT
1239 AM EST SAT FEB 24 2018


...................................

...THE MONTPELIER VT CLIMATE SUMMARY FOR FEBRUARY 23 2018...

CLIMATE NORMAL PERIOD 1981 TO 2010
CLIMATE RECORD PERIOD 1948 TO 2018


WEATHER ITEM   OBSERVED TIME   RECORD YEAR NORMAL DEPARTURE LAST
                VALUE   (LST)  VALUE       VALUE  FROM      YEAR
                                                  NORMAL
..................................................................
TEMPERATURE (F)
 YESTERDAY
  MAXIMUM         35   1116 PM  63    2017  32      3       63
  MINIMUM         16    625 AM -18    2015  11      5       29
  AVERAGE         26                        22      4       46

PRECIPITATION (IN)
  YESTERDAY        0.10          0.59        0.07   0.03     0.00
  MONTH TO DATE    1.63                      1.68  -0.05     1.47
  SINCE DEC 1      6.43                      6.87  -0.44     5.83
  SINCE JAN 1      4.16                      4.13   0.03     3.24

DEGREE DAYS
 HEATING
  YESTERDAY       39                        43     -4       19
  MONTH TO DATE  928                      1050   -122      952
  SINCE DEC 1   3876                      3849     27     3499
  SINCE JUL 1   5510                      5695   -185     5088

 COOLING
  YESTERDAY        0                         0      0        0
  MONTH TO DATE    0                         0      0        0
  SINCE DEC 1      0                         0      0        0
  SINCE JAN 1      0                         0      0        0
..................................................................


WIND (MPH)
  HIGHEST WIND SPEED    23   HIGHEST WIND DIRECTION     S (160)
  HIGHEST GUST SPEED    30   HIGHEST GUST DIRECTION     S (190)
  AVERAGE WIND SPEED     8.3


SKY COVER
  AVERAGE SKY COVER 0.5


WEATHER CONDITIONS
 THE FOLLOWING WEATHER WAS RECORDED YESTERDAY.
  LIGHT RAIN
  FREEZING RAIN
  LT FREEZING RAIN
  FOG


RELATIVE HUMIDITY (PERCENT)
 HIGHEST   100           600 AM
 LOWEST     49          1100 AM
 AVERAGE    75

..........................................................


THE MONTPELIER VT CLIMATE NORMALS FOR TODAY
                         NORMAL    RECORD    YEAR
 MAXIMUM TEMPERATURE (F)   33        59      1985
 MINIMUM TEMPERATURE (F)   12       -23      2015


SUNRISE AND SUNSET
FEBRUARY 24 2018......SUNRISE   636 AM EST   SUNSET   532 PM EST
FEBRUARY 25 2018......SUNRISE   634 AM EST   SUNSET   533 PM EST


-  INDICATES NEGATIVE NUMBERS.
R  INDICATES RECORD WAS SET OR TIED.
MM INDICATES DATA IS MISSING.
T  INDICATES TRACE AMOUNT.




$$
