000
CDUS41 KBTV 260538
CLIMPV


CLIMATE REPORT
NATIONAL WEATHER SERVICE BURLINGTON VT
136 AM EDT MON JUN 26 2017


...................................

...THE MONTPELIER VT CLIMATE SUMMARY FOR JUNE 25 2017...

CLIMATE NORMAL PERIOD 1981 TO 2010
CLIMATE RECORD PERIOD 1948 TO 2017


WEATHER ITEM   OBSERVED TIME   RECORD YEAR NORMAL DEPARTURE LAST
                VALUE   (LST)  VALUE       VALUE  FROM      YEAR
                                                  NORMAL
..................................................................
TEMPERATURE (F)
 YESTERDAY
  MAXIMUM         73    133 PM  93    1995  77     -4       82
  MINIMUM         51    339 AM  36    1979  54     -3       47
  AVERAGE         62                        65     -3       65

PRECIPITATION (IN)
  YESTERDAY        0.07          1.59        0.12  -0.05     0.00
  MONTH TO DATE    5.99                      3.18   2.81     2.23
  SINCE JUN 1      5.99                      3.18   2.81     2.23
  SINCE JAN 1     21.19                     16.09   5.10    14.51

DEGREE DAYS
 HEATING
  YESTERDAY        3                         2      1        0
  MONTH TO DATE  120                       110     10      132
  SINCE JUN 1    120                       110     10      132
  SINCE JUL 1   7579                      8170   -591     7394

 COOLING
  YESTERDAY        0                         2     -2        0
  MONTH TO DATE   61                        39     22       13
  SINCE JUN 1     61                        39     22       13
  SINCE JAN 1     78                        49     29       42
..................................................................


WIND (MPH)
  HIGHEST WIND SPEED    16   HIGHEST WIND DIRECTION    SW (220)
  HIGHEST GUST SPEED    22   HIGHEST GUST DIRECTION    SW (230)
  AVERAGE WIND SPEED     4.4


SKY COVER
  AVERAGE SKY COVER 0.4


WEATHER CONDITIONS
 THE FOLLOWING WEATHER WAS RECORDED YESTERDAY.
  RAIN
  FOG


RELATIVE HUMIDITY (PERCENT)
 HIGHEST   100           400 AM
 LOWEST     49          1200 PM
 AVERAGE    75

..........................................................


THE MONTPELIER VT CLIMATE NORMALS FOR TODAY
                         NORMAL    RECORD    YEAR
 MAXIMUM TEMPERATURE (F)   77        92      2007
                                             2003
 MINIMUM TEMPERATURE (F)   54        34      1979


SUNRISE AND SUNSET
JUNE 26 2017..........SUNRISE   508 AM EDT   SUNSET   838 PM EDT
JUNE 27 2017..........SUNRISE   509 AM EDT   SUNSET   838 PM EDT


-  INDICATES NEGATIVE NUMBERS.
R  INDICATES RECORD WAS SET OR TIED.
MM INDICATES DATA IS MISSING.
T  INDICATES TRACE AMOUNT.




$$
