000
CDUS41 KBTV 310535
CLIMPV


CLIMATE REPORT
NATIONAL WEATHER SERVICE BURLINGTON VT
133 AM EDT THU JUL 31 2014


...................................

...THE MONTPELIER VT CLIMATE SUMMARY FOR JULY 30 2014...

CLIMATE NORMAL PERIOD 1981 TO 2010
CLIMATE RECORD PERIOD 1948 TO 2014


WEATHER ITEM   OBSERVED TIME   RECORD YEAR NORMAL DEPARTURE LAST
                VALUE   (LST)  VALUE       VALUE  FROM      YEAR
                                                  NORMAL
..................................................................
TEMPERATURE (F)
 YESTERDAY
  MAXIMUM         72    352 PM  92    1959  78     -6       72
  MINIMUM         49    335 AM  39    1952  56     -7       55
  AVERAGE         61                        67     -6       64

PRECIPITATION (IN)
  YESTERDAY        0.00          2.17        0.15  -0.15     0.00
  MONTH TO DATE    5.59                      3.93   1.66     5.34
  SINCE JUN 1      9.61                      7.73   1.88    13.69
  SINCE JAN 1     22.21                     20.64   1.57    22.96

DEGREE DAYS
 HEATING
  YESTERDAY        4                         1      3        1
  MONTH TO DATE   39                        36      3       15
  SINCE JUN 1    139                       157    -18      163
  SINCE JUL 1     39                        36      3       15

 COOLING
  YESTERDAY        0                         3     -3        0
  MONTH TO DATE  101                        94      7      161
  SINCE JUN 1    131                       147    -16      229
  SINCE JAN 1    132                       157    -25      240
..................................................................


WIND (MPH)
  HIGHEST WIND SPEED    10   HIGHEST WIND DIRECTION     S (170)
  HIGHEST GUST SPEED    14   HIGHEST GUST DIRECTION    SE (150)
  AVERAGE WIND SPEED     1.9


SKY COVER
  AVERAGE SKY COVER 0.6


WEATHER CONDITIONS
 THE FOLLOWING WEATHER WAS RECORDED YESTERDAY.
  FOG
  FOG W/VISIBILITY <= 1/4 MILE


RELATIVE HUMIDITY (PERCENT)
 HIGHEST   100          1200 AM
 LOWEST     49           300 PM
 AVERAGE    75

..........................................................


THE MONTPELIER VT CLIMATE NORMALS FOR TODAY
                         NORMAL    RECORD    YEAR
 MAXIMUM TEMPERATURE (F)   78        90      1975
 MINIMUM TEMPERATURE (F)   56        42      1966


SUNRISE AND SUNSET
JULY 31 2014..........SUNRISE   537 AM EDT   SUNSET   816 PM EDT
AUGUST  1 2014........SUNRISE   538 AM EDT   SUNSET   815 PM EDT


-  INDICATES NEGATIVE NUMBERS.
R  INDICATES RECORD WAS SET OR TIED.
MM INDICATES DATA IS MISSING.
T  INDICATES TRACE AMOUNT.




$$
