000
CDUS41 KBTV 240650
CLIMPV


CLIMATE REPORT
NATIONAL WEATHER SERVICE BURLINGTON VT
148 AM EST MON NOV 24 2014


...................................

...THE MONTPELIER VT CLIMATE SUMMARY FOR NOVEMBER 23 2014...

CLIMATE NORMAL PERIOD 1981 TO 2010
CLIMATE RECORD PERIOD 1948 TO 2014


WEATHER ITEM   OBSERVED TIME   RECORD YEAR NORMAL DEPARTURE LAST
                VALUE   (LST)  VALUE       VALUE  FROM      YEAR
                                                  NORMAL
..................................................................
TEMPERATURE (F)
 YESTERDAY
  MAXIMUM         51    152 PM  62    1953  41     10       40
  MINIMUM         38    948 PM  -1    1972  25     13       17
  AVERAGE         45                        32     13       29

PRECIPITATION (IN)
  YESTERDAY        0.01          1.08        0.10  -0.09     0.01
  MONTH TO DATE    1.08                      2.45  -1.37     1.53
  SINCE SEP 1      7.01                      9.01  -2.00     8.65
  SINCE JAN 1     32.10                     33.81  -1.71    33.94

DEGREE DAYS
 HEATING
  YESTERDAY       20                        32    -12       36
  MONTH TO DATE  707                       650     57      692
  SINCE SEP 1   1476                      1498    -22     1534
  SINCE JUL 1   1589                      1606    -17     1627

 COOLING
  YESTERDAY        0                         0      0        0
  MONTH TO DATE    0                         0      0        0
  SINCE SEP 1     22                        20      2       29
  SINCE JAN 1    188                       264    -76      323
..................................................................


WIND (MPH)
  HIGHEST WIND SPEED    14   HIGHEST WIND DIRECTION    SW (230)
  HIGHEST GUST SPEED    23   HIGHEST GUST DIRECTION    SW (210)
  AVERAGE WIND SPEED     4.5


SKY COVER
  AVERAGE SKY COVER 0.8


WEATHER CONDITIONS
 THE FOLLOWING WEATHER WAS RECORDED YESTERDAY.
  LIGHT RAIN
  FOG


RELATIVE HUMIDITY (PERCENT)
 HIGHEST    92           700 PM
 LOWEST     63           200 PM
 AVERAGE    78

..........................................................


THE MONTPELIER VT CLIMATE NORMALS FOR TODAY
                         NORMAL    RECORD    YEAR
 MAXIMUM TEMPERATURE (F)   40        60      1979
 MINIMUM TEMPERATURE (F)   24        -4      1989


SUNRISE AND SUNSET
NOVEMBER 24 2014......SUNRISE   657 AM EST   SUNSET   416 PM EST
NOVEMBER 25 2014......SUNRISE   658 AM EST   SUNSET   416 PM EST


-  INDICATES NEGATIVE NUMBERS.
R  INDICATES RECORD WAS SET OR TIED.
MM INDICATES DATA IS MISSING.
T  INDICATES TRACE AMOUNT.




$$
