000
CDUS41 KBTV 300531
CLIMPV


CLIMATE REPORT
NATIONAL WEATHER SERVICE BURLINGTON VT
126 AM EDT SAT APR 30 2016


...................................

...THE MONTPELIER VT CLIMATE SUMMARY FOR APRIL 29 2016...

CLIMATE NORMAL PERIOD 1981 TO 2010
CLIMATE RECORD PERIOD 1948 TO 2016


WEATHER ITEM   OBSERVED TIME   RECORD YEAR NORMAL DEPARTURE LAST
                VALUE   (LST)  VALUE       VALUE  FROM      YEAR
                                                  NORMAL
..................................................................
TEMPERATURE (F)
 YESTERDAY
  MAXIMUM         58    411 PM  83    1986  60     -2       58
  MINIMUM         23R   509 AM  24    2012  36    -13       36
                                      2006
                                      1989
  AVERAGE         41                        48     -7       47

PRECIPITATION (IN)
  YESTERDAY        0.00          0.80        0.10  -0.10     0.00
  MONTH TO DATE    2.27                      2.56  -0.29     2.06
  SINCE MAR 1      4.77                      4.95  -0.18     2.90
  SINCE JAN 1      9.94                      9.44   0.50     5.77

DEGREE DAYS
 HEATING
  YESTERDAY       24                        17      7       18
  MONTH TO DATE  780                       661    119      736
  SINCE MAR 1   1743                      1778    -35     2057
  SINCE JUL 1   6897                      7686   -789     8395

 COOLING
  YESTERDAY        0                         0      0        0
  MONTH TO DATE    0                         0      0        0
  SINCE MAR 1      0                         0      0        0
  SINCE JAN 1      0                         0      0        0
..................................................................


WIND (MPH)
  HIGHEST WIND SPEED    14   HIGHEST WIND DIRECTION    SE (150)
  HIGHEST GUST SPEED    22   HIGHEST GUST DIRECTION     S (200)
  AVERAGE WIND SPEED     2.2


SKY COVER
  AVERAGE SKY COVER 0.0


WEATHER CONDITIONS
 THE FOLLOWING WEATHER WAS RECORDED YESTERDAY.
  NO SIGNIFICANT WEATHER WAS OBSERVED.


RELATIVE HUMIDITY (PERCENT)
 HIGHEST    75           600 AM
 LOWEST     28           400 PM
 AVERAGE    52

..........................................................


THE MONTPELIER VT CLIMATE NORMALS FOR TODAY
                         NORMAL    RECORD    YEAR
 MAXIMUM TEMPERATURE (F)   60        81      2004
 MINIMUM TEMPERATURE (F)   37        25      1978


SUNRISE AND SUNSET
APRIL 30 2016.........SUNRISE   542 AM EDT   SUNSET   753 PM EDT
MAY  1 2016...........SUNRISE   541 AM EDT   SUNSET   755 PM EDT


-  INDICATES NEGATIVE NUMBERS.
R  INDICATES RECORD WAS SET OR TIED.
MM INDICATES DATA IS MISSING.
T  INDICATES TRACE AMOUNT.




$$
