000
CDUS41 KBTV 280557
CLIMPV


CLIMATE REPORT
NATIONAL WEATHER SERVICE BURLINGTON VT
1257 AM EST WED JAN 28 2015


...................................

...THE MONTPELIER VT CLIMATE SUMMARY FOR JANUARY 27 2015...

CLIMATE NORMAL PERIOD 1981 TO 2010
CLIMATE RECORD PERIOD 1948 TO 2015


WEATHER ITEM   OBSERVED TIME   RECORD YEAR NORMAL DEPARTURE LAST
                VALUE   (LST)  VALUE       VALUE  FROM      YEAR
                                                  NORMAL
..................................................................
TEMPERATURE (F)
 YESTERDAY
  MAXIMUM          9    619 AM  55    1974  27    -18       31
  MINIMUM          5   1159 PM -30    1994   7     -2        7
  AVERAGE          7                        17    -10       19

PRECIPITATION (IN)
  YESTERDAY        0.12          1.56        0.08   0.04      T
  MONTH TO DATE    1.75                      2.10  -0.35     1.83
  SINCE DEC 1      5.32                      4.84   0.48     3.88
  SINCE JAN 1      1.75                      2.10  -0.35     1.83

DEGREE DAYS
 HEATING
  YESTERDAY       58                        48     10       46
  MONTH TO DATE 1418                      1308    110     1337
  SINCE DEC 1   2617                      2610      7     2691
  SINCE JUL 1   4435                      4456    -21     4595

 COOLING
  YESTERDAY        0                         0      0        0
  MONTH TO DATE    0                         0      0        0
  SINCE DEC 1      0                         0      0        0
  SINCE JAN 1      0                         0      0        0
..................................................................


WIND (MPH)
  HIGHEST WIND SPEED    23   HIGHEST WIND DIRECTION     N (360)
  HIGHEST GUST SPEED    29   HIGHEST GUST DIRECTION     N (10)
  AVERAGE WIND SPEED    11.5


SKY COVER
  AVERAGE SKY COVER 0.9


WEATHER CONDITIONS
 THE FOLLOWING WEATHER WAS RECORDED YESTERDAY.
  HEAVY SNOW
  SNOW
  LIGHT SNOW
  FOG
  FOG W/VISIBILITY <= 1/4 MILE


RELATIVE HUMIDITY (PERCENT)
 HIGHEST    87           800 PM
 LOWEST     63           400 AM
 AVERAGE    75

..........................................................


THE MONTPELIER VT CLIMATE NORMALS FOR TODAY
                         NORMAL    RECORD    YEAR
 MAXIMUM TEMPERATURE (F)   27        51      2002
 MINIMUM TEMPERATURE (F)    7       -22      2003


SUNRISE AND SUNSET
JANUARY 28 2015.......SUNRISE   713 AM EST   SUNSET   454 PM EST
JANUARY 29 2015.......SUNRISE   712 AM EST   SUNSET   456 PM EST


-  INDICATES NEGATIVE NUMBERS.
R  INDICATES RECORD WAS SET OR TIED.
MM INDICATES DATA IS MISSING.
T  INDICATES TRACE AMOUNT.




$$
