000
CDUS43 KMPX 300816
CLIMPX


CLIMATE REPORT
NATIONAL WEATHER SERVICE CHANHASSEN MN
315 AM CDT THU OCT 30 2014


...................................

...THE CHANHASSEN MN CLIMATE SUMMARY FOR OCTOBER 29 2014...

CLIMATE NORMAL PERIOD 1981 TO 2010
CLIMATE RECORD PERIOD 1995 TO 2014


WEATHER ITEM   OBSERVED NORMAL DEPARTURE LAST
                VALUE   VALUE  FROM      YEAR
                               NORMAL
...............................................
TEMPERATURE (F)
 YESTERDAY
  MAXIMUM         43     51     -8       40
  MINIMUM         34     34      0       31
  AVERAGE         39     42     -3       36

PRECIPITATION (IN)
  YESTERDAY        0.00   0.06  -0.06     0.04
  MONTH TO DATE    1.07   2.38  -1.31     3.44
  SINCE SEP 1      2.22   5.81  -3.59     5.01
  SINCE JAN 1     34.73  27.81   6.92    33.22

SNOWFALL (IN)
  YESTERDAY        0.0    0.0    0.0      0.0
  MONTH TO DATE    T      0.3   -0.3       T
  SINCE SEP 1      T      0.3   -0.3       T
  SINCE JUL 1      T      0.3   -0.3       T
  SNOW DEPTH       0

DEGREE DAYS
 HEATING
  YESTERDAY       26     23      3       29
  MONTH TO DATE  474    490    -16      529
  SINCE SEP 1    641    666    -25      636
  SINCE JUL 1    657    689    -32      657

 COOLING
  YESTERDAY        0      0      0        0
  MONTH TO DATE    0      0      0        0
  SINCE SEP 1     35     47    -12       88
  SINCE JAN 1    514    600    -86      667
...............................................







THE CHANHASSEN MN CLIMATE NORMALS FOR TODAY
                         NORMAL
 MAXIMUM TEMPERATURE (F)   51
 MINIMUM TEMPERATURE (F)   33



-  INDICATES NEGATIVE NUMBERS.
R  INDICATES RECORD WAS SET OR TIED.
MM INDICATES DATA IS MISSING.
T  INDICATES TRACE AMOUNT.




$$
