000
CDUS43 KMPX 230834
CLIMPX


CLIMATE REPORT
NATIONAL WEATHER SERVICE CHANHASSEN MN
333 AM CDT MON OCT 23 2017


...................................

...THE CHANHASSEN MN CLIMATE SUMMARY FOR OCTOBER 22 2017...

CLIMATE NORMAL PERIOD 1981 TO 2010
CLIMATE RECORD PERIOD 1995 TO 2017


WEATHER ITEM   OBSERVED TIME   RECORD YEAR NORMAL DEPARTURE LAST
                VALUE   (LST)  VALUE       VALUE  FROM      YEAR
                                                  NORMAL
..................................................................
TEMPERATURE (F)
 YESTERDAY
  MAXIMUM         63        MM  MM      MM  55      8       64
  MINIMUM         45        MM  MM      MM  36      9       35
  AVERAGE         54                        46      8       50

PRECIPITATION (IN)
  YESTERDAY        0.00         MM      MM   0.07  -0.07     0.00
  MONTH TO DATE    5.02                      1.94   3.08     2.39
  SINCE SEP 1      7.20                      5.37   1.83     7.54
  SINCE JAN 1     36.74                     27.37   9.37    35.50

SNOWFALL (IN)
  YESTERDAY        0.0          MM      MM   0.0    0.0      0.0
  MONTH TO DATE    0.0                       0.2   -0.2      0.0
  SINCE SEP 1      T                         0.2   -0.2      0.0
  SINCE JUL 1      T                         0.2   -0.2      0.0
  SNOW DEPTH       0

DEGREE DAYS
 HEATING
  YESTERDAY       11                        19     -8       15
  MONTH TO DATE  259                       341    -82      275
  SINCE SEP 1    370                       517   -147      353
  SINCE JUL 1    391                       540   -149      366

 COOLING
  YESTERDAY        0                         0      0        0
  MONTH TO DATE    1                         0      1        0
  SINCE SEP 1     80                        47     33       45
  SINCE JAN 1    478                       600   -122      631
..................................................................


WIND (MPH)
  HIGHEST WIND SPEED    MM   HIGHEST WIND DIRECTION    MM
  HIGHEST GUST SPEED    MM   HIGHEST GUST DIRECTION    MM
  AVERAGE WIND SPEED    MM


SKY COVER
  POSSIBLE SUNSHINE  MM
  AVERAGE SKY COVER  MM


WEATHER CONDITIONS
 THE FOLLOWING WEATHER WAS RECORDED YESTERDAY.
  NO SIGNIFICANT WEATHER WAS OBSERVED.


RELATIVE HUMIDITY (PERCENT)
 HIGHEST    MM
 LOWEST     MM
 AVERAGE    MM

..........................................................


THE CHANHASSEN MN CLIMATE NORMALS FOR TODAY
                         NORMAL    RECORD    YEAR
 MAXIMUM TEMPERATURE (F)   55        MM        MM
 MINIMUM TEMPERATURE (F)   36        MM        MM


SUNRISE AND SUNSET
OCTOBER 23 2017.......SUNRISE   741 AM CDT   SUNSET   616 PM CDT
OCTOBER 24 2017.......SUNRISE   742 AM CDT   SUNSET   614 PM CDT


-  INDICATES NEGATIVE NUMBERS.
R  INDICATES RECORD WAS SET OR TIED.
MM INDICATES DATA IS MISSING.
T  INDICATES TRACE AMOUNT.




$$
