622
CDUS43 KMPX 220648
CLIMPX


CLIMATE REPORT
NATIONAL WEATHER SERVICE CHANHASSEN MN
1248 AM CST SUN JAN 22 2017


...................................

...THE CHANHASSEN MN CLIMATE SUMMARY FOR JANUARY 21 2017...

CLIMATE NORMAL PERIOD 1981 TO 2010
CLIMATE RECORD PERIOD 1995 TO 2017


WEATHER ITEM   OBSERVED TIME   RECORD YEAR NORMAL DEPARTURE LAST
                VALUE   (LST)  VALUE       VALUE  FROM      YEAR
                                                  NORMAL
..................................................................
TEMPERATURE (F)
 YESTERDAY
  MAXIMUM         37        MM  MM      MM  23     14       23
  MINIMUM         33        MM  MM      MM   5     28       19
  AVERAGE         35                        14     21       21

PRECIPITATION (IN)
  YESTERDAY        0.02         MM      MM   0.03  -0.01      T
  MONTH TO DATE    0.55                      0.61  -0.06     0.23
  SINCE DEC 1      2.80                      1.86   0.94     2.20
  SINCE JAN 1      0.55                      0.61  -0.06     0.23

SNOWFALL (IN)
  YESTERDAY        0.0          MM      MM   0.3   -0.3       T
  MONTH TO DATE    4.8                       6.8   -2.0      3.5
  SINCE DEC 1     23.2                      20.7    2.5     12.8
  SINCE JUL 1     28.3                      26.5    1.8     15.8
  SNOW DEPTH       2

DEGREE DAYS
 HEATING
  YESTERDAY       30                        51    -21       44
  MONTH TO DATE 1040                      1069    -29     1131
  SINCE DEC 1   2472                      2523    -51     2259
  SINCE JUL 1   3695                      4230   -535     3591

 COOLING
  YESTERDAY        0                         0      0        0
  MONTH TO DATE    0                         0      0        0
  SINCE DEC 1      0                         0      0        0
  SINCE JAN 1      0                         0      0        0
..................................................................


WIND (MPH)
  HIGHEST WIND SPEED    MM   HIGHEST WIND DIRECTION    MM
  HIGHEST GUST SPEED    MM   HIGHEST GUST DIRECTION    MM
  AVERAGE WIND SPEED    MM


SKY COVER
  POSSIBLE SUNSHINE  MM
  AVERAGE SKY COVER  MM


WEATHER CONDITIONS
 THE FOLLOWING WEATHER WAS RECORDED YESTERDAY.
  NO SIGNIFICANT WEATHER WAS OBSERVED.


RELATIVE HUMIDITY (PERCENT)
 HIGHEST    MM
 LOWEST     MM
 AVERAGE    MM

..........................................................


THE CHANHASSEN MN CLIMATE NORMALS FOR TODAY
                         NORMAL    RECORD    YEAR
 MAXIMUM TEMPERATURE (F)   23        MM        MM
 MINIMUM TEMPERATURE (F)    5        MM        MM


SUNRISE AND SUNSET
JANUARY 22 2017.......SUNRISE   743 AM CST   SUNSET   509 PM CST
JANUARY 23 2017.......SUNRISE   742 AM CST   SUNSET   510 PM CST


-  INDICATES NEGATIVE NUMBERS.
R  INDICATES RECORD WAS SET OR TIED.
MM INDICATES DATA IS MISSING.
T  INDICATES TRACE AMOUNT.




$$
