000
CDUS43 KMPX 310024
CLIMPX


CLIMATE REPORT
NATIONAL WEATHER SERVICE CHANHASSEN MN
724 PM CDT SAT JUL 30 2016


...................................

...THE CHANHASSEN MN CLIMATE SUMMARY FOR JULY 30 2016...
VALID TODAY AS OF 0700 PM LOCAL TIME.

CLIMATE NORMAL PERIOD 1981 TO 2010
CLIMATE RECORD PERIOD 1995 TO 2016


WEATHER ITEM   OBSERVED TIME   RECORD YEAR NORMAL DEPARTURE LAST
                VALUE   (LST)  VALUE       VALUE  FROM      YEAR
                                                  NORMAL
..................................................................
TEMPERATURE (F)
 TODAY
  MAXIMUM         80        MM  MM      MM  82     -2       83
  MINIMUM         60        MM  MM          62     -2       61
  AVERAGE         70                        72     -2       72

PRECIPITATION (IN)
  TODAY            0.11         MM      MM   0.12  -0.01     0.00
  MONTH TO DATE    5.43                      3.47   1.96     7.89
  SINCE JUN 1     10.01                      7.49   2.52    11.55
  SINCE JAN 1     18.26                     17.74   0.52    20.27

SNOWFALL (IN)
  TODAY            0.0          MM      MM   0.0    0.0      0.0
  MONTH TO DATE    0.0                       0.0    0.0      0.0
  SINCE JUN 1      T                         0.0    0.0       T
  SINCE JUL 1      0.0                       0.0    0.0      0.0
  SNOW DEPTH       0

DEGREE DAYS
 HEATING
  TODAY            0                         0      0        0
  MONTH TO DATE    3                         0      3       12
  SINCE JUN 1     24                        49    -25       30
  SINCE JUL 1      3                         0      3       12

 COOLING
  TODAY            5                         7     -2        7
  MONTH TO DATE  218                       214      4      187
  SINCE JUN 1    357                       341     16      290
  SINCE JAN 1    399                       374     25      298
..................................................................


WIND (MPH)
  HIGHEST WIND SPEED    MM   HIGHEST WIND DIRECTION    MM
  HIGHEST GUST SPEED    MM   HIGHEST GUST DIRECTION    MM
  AVERAGE WIND SPEED    MM


SKY COVER
  POSSIBLE SUNSHINE  MM
  AVERAGE SKY COVER  MM


WEATHER CONDITIONS
 THE FOLLOWING WEATHER WAS RECORDED TODAY.
  NO SIGNIFICANT WEATHER WAS OBSERVED.


RELATIVE HUMIDITY (PERCENT)
 HIGHEST    MM
 LOWEST     MM
 AVERAGE    MM

..........................................................


THE CHANHASSEN MN CLIMATE NORMALS FOR TOMORROW
                         NORMAL    RECORD    YEAR
 MAXIMUM TEMPERATURE (F)   82        MM        MM
 MINIMUM TEMPERATURE (F)   62        MM        MM


SUNRISE AND SUNSET
JULY 30 2016..........SUNRISE   558 AM CDT   SUNSET   842 PM CDT
JULY 31 2016..........SUNRISE   600 AM CDT   SUNSET   841 PM CDT


-  INDICATES NEGATIVE NUMBERS.
R  INDICATES RECORD WAS SET OR TIED.
MM INDICATES DATA IS MISSING.
T  INDICATES TRACE AMOUNT.




$$
