000
CDUS43 KMPX 090627
CLIMPX


CLIMATE REPORT
NATIONAL WEATHER SERVICE CHANHASSEN MN
1227 AM CST FRI DEC 9 2016


...................................

...THE CHANHASSEN MN CLIMATE SUMMARY FOR DECEMBER 8 2016...

CLIMATE NORMAL PERIOD 1981 TO 2010
CLIMATE RECORD PERIOD 1995 TO 2016


WEATHER ITEM   OBSERVED TIME   RECORD YEAR NORMAL DEPARTURE LAST
                VALUE   (LST)  VALUE       VALUE  FROM      YEAR
                                                  NORMAL
..................................................................
TEMPERATURE (F)
 YESTERDAY
  MAXIMUM         22        MM  47    1999  28     -6       40
  MINIMUM         12        MM  -7    2007  13     -1       27
  AVERAGE         17                        20     -3       34

PRECIPITATION (IN)
  YESTERDAY        0.01R         T    2005   0.05  -0.04     0.05
                                      2005
                                      2014
  MONTH TO DATE    0.20                      0.35  -0.15     0.09
  SINCE DEC 1      0.20                      0.35  -0.15     0.09
  SINCE JAN 1     38.48                     30.26   8.22    33.53

SNOWFALL (IN)
  YESTERDAY        0.3 R         T    2012   0.5   -0.2      0.0
                                      2005
                                      2000
  MONTH TO DATE    3.4                       3.4    0.0      0.3
  SINCE DEC 1      3.4                       3.4    0.0      0.3
  SINCE JUL 1      8.5                       9.2   -0.7      3.3
  SNOW DEPTH       T

DEGREE DAYS
 HEATING
  YESTERDAY       48                        45      3       31
  MONTH TO DATE  301                       344    -43      256
  SINCE DEC 1    301                       344    -43      256
  SINCE JUL 1   1524                      2051   -527     1588

 COOLING
  YESTERDAY        0                         0      0        0
  MONTH TO DATE    0                         0      0        0
  SINCE DEC 1      0                         0      0        0
  SINCE JAN 1    631                       605     26      551
..................................................................


WIND (MPH)
  HIGHEST WIND SPEED    MM   HIGHEST WIND DIRECTION    MM
  HIGHEST GUST SPEED    MM   HIGHEST GUST DIRECTION    MM
  AVERAGE WIND SPEED    MM


SKY COVER
  POSSIBLE SUNSHINE  MM
  AVERAGE SKY COVER  MM


WEATHER CONDITIONS
 THE FOLLOWING WEATHER WAS RECORDED YESTERDAY.
  NO SIGNIFICANT WEATHER WAS OBSERVED.


RELATIVE HUMIDITY (PERCENT)
 HIGHEST    MM
 LOWEST     MM
 AVERAGE    MM

..........................................................


THE CHANHASSEN MN CLIMATE NORMALS FOR TODAY
                         NORMAL    RECORD    YEAR
 MAXIMUM TEMPERATURE (F)   27        47      2006
 MINIMUM TEMPERATURE (F)   13        -7      2013


SUNRISE AND SUNSET
DECEMBER  9 2016......SUNRISE   741 AM CST   SUNSET   433 PM CST
DECEMBER 10 2016......SUNRISE   741 AM CST   SUNSET   433 PM CST


-  INDICATES NEGATIVE NUMBERS.
R  INDICATES RECORD WAS SET OR TIED.
MM INDICATES DATA IS MISSING.
T  INDICATES TRACE AMOUNT.




$$
