000
CDUS43 KMQT 160521
CLIMQT


CLIMATE REPORT
NATIONAL WEATHER SERVICE MARQUETTE MI
1216 AM EST SAT DEC 16 2017


...................................

...THE MARQUETTE MI CLIMATE SUMMARY FOR DECEMBER 15 2017...

CLIMATE NORMAL PERIOD 1981 TO 2010
CLIMATE RECORD PERIOD 1961 TO 2017


WEATHER ITEM   OBSERVED RECORD YEAR NORMAL DEPARTURE LAST
                VALUE   VALUE       VALUE  FROM      YEAR
                                           NORMAL
...........................................................
TEMPERATURE (F)
 YESTERDAY
  MAXIMUM         17     51    1997  26     -9       12
  MINIMUM          2    -10    2007  11     -9       -4
                               1972
                               1961
  AVERAGE         10                 18     -8        4

PRECIPITATION (IN)
  YESTERDAY        T      1.22 1983   0.08  -0.08     0.01
  MONTH TO DATE    1.60               1.35   0.25     0.81
  SINCE DEC 1      1.60               1.35   0.25     0.81
  SINCE JAN 1     42.17              34.46   7.71    38.89

SNOWFALL (IN)
  YESTERDAY        0.9   17.6  1983   1.4   -0.5      0.1
  MONTH TO DATE   21.8               20.4    1.4     16.6
  SINCE DEC 1     21.8               20.4    1.4     16.6
  SINCE JUL 1     46.8               50.9   -4.1     30.8
  SNOW DEPTH       7

DEGREE DAYS
 HEATING
  YESTERDAY       55                 47      8       61
  MONTH TO DATE  669                664      5      687
  SINCE DEC 1    669                664      5      687
  SINCE JUL 1   2796               2866    -70     2312

 COOLING
  YESTERDAY        0                  0      0        0
  MONTH TO DATE    0                  0      0        0
  SINCE DEC 1      0                  0      0        0
  SINCE JAN 1    145                242    -97      246
...........................................................


WIND (MPH)
  RESULTANT WIND SPEED  MM   RESULTANT WIND DIRECTION  MM
  HIGHEST WIND SPEED    MM   HIGHEST WIND DIRECTION    MM
  HIGHEST GUST SPEED    16   HIGHEST GUST DIRECTION     W (270)
  AVERAGE WIND SPEED    MM


SKY COVER
  POSSIBLE SUNSHINE  MM
  AVERAGE SKY COVER  MM


WEATHER CONDITIONS
 THE FOLLOWING WEATHER WAS RECORDED YESTERDAY.
  LIGHT SNOW


RELATIVE HUMIDITY (PERCENT)
 HIGHEST    MM
 LOWEST     MM
 AVERAGE    MM

..........................................................


THE MARQUETTE MI CLIMATE NORMALS FOR TODAY
                         NORMAL    RECORD    YEAR
 MAXIMUM TEMPERATURE (F)   26        47      1984
 MINIMUM TEMPERATURE (F)   11       -14      2008
                                             1985


SUNRISE AND SUNSET
DECEMBER 16 2017......SUNRISE   828 AM EST   SUNSET   504 PM EST
DECEMBER 17 2017......SUNRISE   829 AM EST   SUNSET   504 PM EST


-  INDICATES NEGATIVE NUMBERS.
R  INDICATES RECORD WAS SET OR TIED.
MM INDICATES DATA IS MISSING.
T  INDICATES TRACE AMOUNT.




$$
