000
CDUS43 KMQT 260534
CLIMQT


CLIMATE REPORT
NATIONAL WEATHER SERVICE MARQUETTE MI
130 AM EDT SUN MAR 26 2017


...................................

...THE MARQUETTE MI CLIMATE SUMMARY FOR MARCH 25 2017...

CLIMATE NORMAL PERIOD 1981 TO 2010
CLIMATE RECORD PERIOD 1961 TO 2017


WEATHER ITEM   OBSERVED RECORD YEAR NORMAL DEPARTURE LAST
                VALUE   VALUE       VALUE  FROM      YEAR
                                           NORMAL
...........................................................
TEMPERATURE (F)
 YESTERDAY
  MAXIMUM         32     59    1993  38     -6       45
                               1968
  MINIMUM         28    -12    1971  18     10        7
  AVERAGE         30                 28      2       26

PRECIPITATION (IN)
  YESTERDAY        T      1.12 1996   0.10  -0.10     0.00
  MONTH TO DATE    1.53               2.43  -0.90     2.41
  SINCE MAR 1      1.53               2.43  -0.90     2.41
  SINCE JAN 1      6.11               6.98  -0.87     7.03

SNOWFALL (IN)
  YESTERDAY        T     11.6  1996   1.0   -1.0      0.0
  MONTH TO DATE   19.9               29.8   -9.9     14.8
  SINCE MAR 1     19.9               29.8   -9.9     14.8
  SINCE JUL 1    141.0              182.2  -41.2    114.9
  SNOW DEPTH       7

DEGREE DAYS
 HEATING
  YESTERDAY       35                 37     -2       39
  MONTH TO DATE 1070               1048     22      918
  SINCE MAR 1   1070               1048     22      918
  SINCE JUL 1   6754               7672   -918     6685

 COOLING
  YESTERDAY        0                  0      0        0
  MONTH TO DATE    0                  0      0        0
  SINCE MAR 1      0                  0      0        0
  SINCE JAN 1      0                  0      0        0
...........................................................


WIND (MPH)
  HIGHEST WIND SPEED    MM   HIGHEST WIND DIRECTION    MM
  HIGHEST GUST SPEED    15   HIGHEST GUST DIRECTION    NE (45)
  AVERAGE WIND SPEED    MM


SKY COVER
  POSSIBLE SUNSHINE  MM
  AVERAGE SKY COVER  MM


WEATHER CONDITIONS
 THE FOLLOWING WEATHER WAS RECORDED YESTERDAY.
  LT FREEZING RAIN
  LIGHT SNOW
  FOG


RELATIVE HUMIDITY (PERCENT)
 HIGHEST    MM
 LOWEST     MM
 AVERAGE    MM

..........................................................


THE MARQUETTE MI CLIMATE NORMALS FOR TODAY
                         NORMAL    RECORD    YEAR
 MAXIMUM TEMPERATURE (F)   38        63      2007
 MINIMUM TEMPERATURE (F)   18       -15      1965


SUNRISE AND SUNSET
MARCH 26 2017.........SUNRISE   741 AM EDT   SUNSET   811 PM EDT
MARCH 27 2017.........SUNRISE   739 AM EDT   SUNSET   813 PM EDT


-  INDICATES NEGATIVE NUMBERS.
R  INDICATES RECORD WAS SET OR TIED.
MM INDICATES DATA IS MISSING.
T  INDICATES TRACE AMOUNT.




$$
JLA
