000
CDUS41 KLWX 220528
CLIMRB


CLIMATE REPORT
NATIONAL WEATHER SERVICE BALTIMORE MD/WASHINGTON DC
1228 AM EST MON JAN 22 2018


...................................

...THE MARTINSBURG WV CLIMATE SUMMARY FOR JANUARY 21 2018...

CLIMATE NORMAL PERIOD 1981 TO 2010
CLIMATE RECORD PERIOD 1926 TO 2018


WEATHER ITEM   OBSERVED TIME   NORMAL DEPARTURE LAST
                VALUE   (LST)  VALUE  FROM      YEAR
                                      NORMAL
......................................................
TEMPERATURE (F)
 YESTERDAY
  MAXIMUM         60    301 PM  39     21       47
  MINIMUM         40    728 AM  22     18       41
  AVERAGE         50            31     19       44

PRECIPITATION (IN)
  YESTERDAY        0.00          0.08  -0.08     0.00
  MONTH TO DATE    1.58          1.61  -0.03     2.05
  SINCE DEC 1      2.54          4.32  -1.78     3.84
  SINCE JAN 1      1.58          1.61  -0.03     2.05

DEGREE DAYS
 HEATING
  YESTERDAY       15            34    -19       21
  MONTH TO DATE  784           714     70      593
  SINCE DEC 1   1731          1670     61     1473
  SINCE JUL 1   2617          2740   -123     2277

 COOLING
  YESTERDAY        0             0      0        0
  MONTH TO DATE    0             0      0        0
  SINCE DEC 1      0             0      0        0
  SINCE JAN 1      0             0      0        0
......................................................


WIND (MPH)
  HIGHEST WIND SPEED    13   HIGHEST WIND DIRECTION     W (250)
  HIGHEST GUST SPEED    17   HIGHEST GUST DIRECTION     W (260)
  AVERAGE WIND SPEED     1.9


SKY COVER
  POSSIBLE SUNSHINE  MM
  AVERAGE SKY COVER 0.9


WEATHER CONDITIONS
 THE FOLLOWING WEATHER WAS RECORDED YESTERDAY.
  NO SIGNIFICANT WEATHER WAS OBSERVED.


RELATIVE HUMIDITY (PERCENT)
 HIGHEST    83          1000 PM
 LOWEST     51           300 PM
 AVERAGE    67

..........................................................


THE MARTINSBURG WV CLIMATE NORMALS FOR TODAY
                         NORMAL    RECORD    YEAR
 MAXIMUM TEMPERATURE (F)   40        66      1967
 MINIMUM TEMPERATURE (F)   22       -16      1984


SUNRISE AND SUNSET
JANUARY 22 2018.......SUNRISE   727 AM EST   SUNSET   521 PM EST
JANUARY 23 2018.......SUNRISE   726 AM EST   SUNSET   522 PM EST


-  INDICATES NEGATIVE NUMBERS.
R  INDICATES RECORD WAS SET OR TIED.
MM INDICATES DATA IS MISSING.
T  INDICATES TRACE AMOUNT.




$$
