000
CDUS41 KLWX 250521
CLIMRB


CLIMATE REPORT
NATIONAL WEATHER SERVICE BALTIMORE MD/WASHINGTON DC
121 AM EDT FRI JUL 25 2014


...................................

...THE MARTINSBURG WV CLIMATE SUMMARY FOR JULY 24 2014...

CLIMATE NORMAL PERIOD 1981 TO 2010
CLIMATE RECORD PERIOD 1926 TO 2014


WEATHER ITEM   OBSERVED TIME   RECORD YEAR NORMAL DEPARTURE LAST
                VALUE   (LST)  VALUE       VALUE  FROM      YEAR
                                                  NORMAL
..................................................................
TEMPERATURE (F)
 YESTERDAY
  MAXIMUM         80    418 PM 101    2010  86     -6       82
  MINIMUM         61   1159 PM  49    1947  64     -3       65
  AVERAGE         71                        75     -4       74

PRECIPITATION (IN)
  YESTERDAY        0.06          3.06 1999   0.12  -0.06     0.00
  MONTH TO DATE    4.22                      2.81   1.41     2.68
  SINCE JUN 1      6.90                      6.57   0.33     6.68
  SINCE JAN 1     21.77                     22.30  -0.53    17.94

DEGREE DAYS
 HEATING
  YESTERDAY        0                         0      0        0
  MONTH TO DATE    0                         0      0        0
  SINCE JUN 1      2                        24    -22        2
  SINCE JUL 1      0                         0      0        0

 COOLING
  YESTERDAY        6                        10     -4        9
  MONTH TO DATE  259                       236     23      328
  SINCE JUN 1    495                       419     76      556
  SINCE JAN 1    576                       476    100      667
..................................................................


WIND (MPH)
  HIGHEST WIND SPEED    13   HIGHEST WIND DIRECTION    NW (310)
  HIGHEST GUST SPEED    18   HIGHEST GUST DIRECTION    NW (310)
  AVERAGE WIND SPEED     6.1


SKY COVER
  POSSIBLE SUNSHINE  MM
  AVERAGE SKY COVER 0.5


WEATHER CONDITIONS
 THE FOLLOWING WEATHER WAS RECORDED YESTERDAY.
  LIGHT RAIN


RELATIVE HUMIDITY (PERCENT)
 HIGHEST    84           300 AM
 LOWEST     42           400 PM
 AVERAGE    63

..........................................................


THE MARTINSBURG WV CLIMATE NORMALS FOR TODAY
                         NORMAL    RECORD    YEAR
 MAXIMUM TEMPERATURE (F)   86       101      1933
 MINIMUM TEMPERATURE (F)   64        51      1957


SUNRISE AND SUNSET
JULY 25 2014..........SUNRISE   606 AM EDT   SUNSET   831 PM EDT
JULY 26 2014..........SUNRISE   606 AM EDT   SUNSET   830 PM EDT


-  INDICATES NEGATIVE NUMBERS.
R  INDICATES RECORD WAS SET OR TIED.
MM INDICATES DATA IS MISSING.
T  INDICATES TRACE AMOUNT.




$$
