000
CDUS41 KLWX 290535
CLIMRB


CLIMATE REPORT
NATIONAL WEATHER SERVICE BALTIMORE MD/WASHINGTON DC
134 AM EDT SAT APR 29 2017


...................................

...THE MARTINSBURG WV CLIMATE SUMMARY FOR APRIL 28 2017...

CLIMATE NORMAL PERIOD 1981 TO 2010
CLIMATE RECORD PERIOD 1926 TO 2017


WEATHER ITEM   OBSERVED TIME   RECORD YEAR NORMAL DEPARTURE LAST
                VALUE   (LST)  VALUE       VALUE  FROM      YEAR
                                                  NORMAL
..................................................................
TEMPERATURE (F)
 YESTERDAY
  MAXIMUM         83    231 PM  92    1935  68     15       52
  MINIMUM         55    549 AM  30    1947  44     11       46
  AVERAGE         69                        56     13       49

PRECIPITATION (IN)
  YESTERDAY        0.00          2.13 1928   0.11  -0.11     0.31
  MONTH TO DATE    2.35                      3.11  -0.76     1.01
  SINCE MAR 1      5.13                      6.63  -1.50     2.76
  SINCE JAN 1      9.51                     11.41  -1.90     6.85

DEGREE DAYS
 HEATING
  YESTERDAY        0                         9     -9       16
  MONTH TO DATE  202                       367   -165      353
  SINCE MAR 1    884                      1081   -197      846
  SINCE JUL 1   3962                      5037  -1075     4261

 COOLING
  YESTERDAY        4                         0      4        0
  MONTH TO DATE   32                         0     32       10
  SINCE MAR 1     35                         1     34       12
  SINCE JAN 1     35                         1     34       12
..................................................................


WIND (MPH)
  HIGHEST WIND SPEED    12   HIGHEST WIND DIRECTION    SE (130)
  HIGHEST GUST SPEED    19   HIGHEST GUST DIRECTION    SE (150)
  AVERAGE WIND SPEED     5.2


SKY COVER
  POSSIBLE SUNSHINE  MM
  AVERAGE SKY COVER 0.0


WEATHER CONDITIONS
 THE FOLLOWING WEATHER WAS RECORDED YESTERDAY.
  FOG
  HAZE


RELATIVE HUMIDITY (PERCENT)
 HIGHEST   100           600 AM
 LOWEST     39           200 PM
 AVERAGE    70

..........................................................


THE MARTINSBURG WV CLIMATE NORMALS FOR TODAY
                         NORMAL    RECORD    YEAR
 MAXIMUM TEMPERATURE (F)   68        93      1974
 MINIMUM TEMPERATURE (F)   45        29      1947


SUNRISE AND SUNSET
APRIL 29 2017.........SUNRISE   615 AM EDT   SUNSET   804 PM EDT
APRIL 30 2017.........SUNRISE   614 AM EDT   SUNSET   805 PM EDT


-  INDICATES NEGATIVE NUMBERS.
R  INDICATES RECORD WAS SET OR TIED.
MM INDICATES DATA IS MISSING.
T  INDICATES TRACE AMOUNT.




$$
