000
CDUS41 KLWX 200521
CLIMRB


CLIMATE REPORT
NATIONAL WEATHER SERVICE BALTIMORE MD/WASHINGTON DC
120 AM EDT SAT SEP 20 2014


...................................

...THE MARTINSBURG WV CLIMATE SUMMARY FOR SEPTEMBER 19 2014...

CLIMATE NORMAL PERIOD 1981 TO 2010
CLIMATE RECORD PERIOD 1926 TO 2014


WEATHER ITEM   OBSERVED TIME   RECORD YEAR NORMAL DEPARTURE LAST
                VALUE   (LST)  VALUE       VALUE  FROM      YEAR
                                                  NORMAL
..................................................................
TEMPERATURE (F)
 YESTERDAY
  MAXIMUM         73    140 PM  95    1983  76     -3       78
  MINIMUM         50    148 AM  35    1959  53     -3       46
  AVERAGE         62                        64     -2       62

PRECIPITATION (IN)
  YESTERDAY        0.00          1.79 2000   0.13  -0.13     0.00
  MONTH TO DATE    1.83                      2.27  -0.44     0.58
  SINCE SEP 1      1.83                      2.27  -0.44     0.58
  SINCE JAN 1     26.30                     28.51  -2.21    22.96

DEGREE DAYS
 HEATING
  YESTERDAY        3                         3      0        3
  MONTH TO DATE   24                        31     -7       40
  SINCE SEP 1     24                        31     -7       40
  SINCE JUL 1     27                        38    -11       44

 COOLING
  YESTERDAY        0                         2     -2        0
  MONTH TO DATE  112                        77     35       98
  SINCE SEP 1    112                        77     35       98
  SINCE JAN 1    940                       869     71     1016
..................................................................


WIND (MPH)
  HIGHEST WIND SPEED    12   HIGHEST WIND DIRECTION     E (80)
  HIGHEST GUST SPEED    16   HIGHEST GUST DIRECTION    SE (130)
  AVERAGE WIND SPEED     5.0


SKY COVER
  POSSIBLE SUNSHINE  MM
  AVERAGE SKY COVER 0.8


WEATHER CONDITIONS
 THE FOLLOWING WEATHER WAS RECORDED YESTERDAY.
  NO SIGNIFICANT WEATHER WAS OBSERVED.


RELATIVE HUMIDITY (PERCENT)
 HIGHEST    83           200 AM
 LOWEST     47           100 PM
 AVERAGE    65

..........................................................


THE MARTINSBURG WV CLIMATE NORMALS FOR TODAY
                         NORMAL    RECORD    YEAR
 MAXIMUM TEMPERATURE (F)   75        93      1983
 MINIMUM TEMPERATURE (F)   52        38      1959


SUNRISE AND SUNSET
SEPTEMBER 20 2014.....SUNRISE   658 AM EDT   SUNSET   712 PM EDT
SEPTEMBER 21 2014.....SUNRISE   659 AM EDT   SUNSET   711 PM EDT


-  INDICATES NEGATIVE NUMBERS.
R  INDICATES RECORD WAS SET OR TIED.
MM INDICATES DATA IS MISSING.
T  INDICATES TRACE AMOUNT.




$$
