000
CDUS41 KLWX 270534
CLIMRB


CLIMATE REPORT
NATIONAL WEATHER SERVICE BALTIMORE MD/WASHINGTON DC
1232 AM EST FRI FEB 27 2015


...................................

...THE MARTINSBURG WV CLIMATE SUMMARY FOR FEBRUARY 26 2015...

CLIMATE NORMAL PERIOD 1981 TO 2010
CLIMATE RECORD PERIOD 1926 TO 2015


WEATHER ITEM   OBSERVED TIME   RECORD YEAR NORMAL DEPARTURE LAST
                VALUE   (LST)  VALUE       VALUE  FROM      YEAR
                                                  NORMAL
..................................................................
TEMPERATURE (F)
 YESTERDAY
  MAXIMUM         36    502 PM  71    1951  46    -10       33
  MINIMUM         26   1127 PM   6    1970  26      0       17
  AVERAGE         31                        36     -5       25

PRECIPITATION (IN)
  YESTERDAY        T             1.40 1934   0.09  -0.09      T
  MONTH TO DATE    0.23                      2.16  -1.93     2.71
  SINCE DEC 1      5.06                      7.31  -2.25     8.65
  SINCE JAN 1      2.29                      4.60  -2.31     3.75

DEGREE DAYS
 HEATING
  YESTERDAY       34                        29      5       40
  MONTH TO DATE 1003                       817    186      837
  SINCE DEC 1   2882                      2830     52     2913
  SINCE JUL 1   3841                      3900    -59     4004

 COOLING
  YESTERDAY        0                         0      0        0
  MONTH TO DATE    0                         0      0        0
  SINCE DEC 1      0                         0      0        0
  SINCE JAN 1      0                         0      0        0
..................................................................


WIND (MPH)
  HIGHEST WIND SPEED    14   HIGHEST WIND DIRECTION     N (10)
  HIGHEST GUST SPEED    18   HIGHEST GUST DIRECTION     N (360)
  AVERAGE WIND SPEED     4.0


SKY COVER
  POSSIBLE SUNSHINE  MM
  AVERAGE SKY COVER 0.8


WEATHER CONDITIONS
 THE FOLLOWING WEATHER WAS RECORDED YESTERDAY.
  LIGHT SNOW
  FOG
  HAZE


RELATIVE HUMIDITY (PERCENT)
 HIGHEST    85           700 AM
 LOWEST     51          1200 AM
 AVERAGE    68

..........................................................


THE MARTINSBURG WV CLIMATE NORMALS FOR TODAY
                         NORMAL    RECORD    YEAR
 MAXIMUM TEMPERATURE (F)   47        75      1932
 MINIMUM TEMPERATURE (F)   27         5      1934


SUNRISE AND SUNSET
FEBRUARY 27 2015......SUNRISE   648 AM EST   SUNSET   602 PM EST
FEBRUARY 28 2015......SUNRISE   647 AM EST   SUNSET   603 PM EST


-  INDICATES NEGATIVE NUMBERS.
R  INDICATES RECORD WAS SET OR TIED.
MM INDICATES DATA IS MISSING.
T  INDICATES TRACE AMOUNT.




$$
