000
CDUS44 KHUN 270805
CLIMSL


CLIMATE REPORT
NATIONAL WEATHER SERVICE HUNTSVILLE AL
205 AM CST FRI FEB 27 2015


...................................

...THE MUSCLE SHOALS CLIMATE SUMMARY FOR FEBRUARY 26 2015...

CLIMATE NORMAL PERIOD 1981 TO 2010
CLIMATE RECORD PERIOD 1893 TO 2015


WEATHER ITEM   OBSERVED TIME   RECORD YEAR NORMAL DEPARTURE LAST
                VALUE   (LST)  VALUE       VALUE  FROM      YEAR
                                                  NORMAL
..................................................................
TEMPERATURE (F)
 YESTERDAY
  MAXIMUM         45    422 PM  80    1918  59    -14       42
  MINIMUM         22    551 AM  14    1894  38    -16       27
  AVERAGE         34                        48    -14       35

PRECIPITATION (IN)
  YESTERDAY       MM             2.63 1987   0.17  MM        0.00
  MONTH TO DATE    2.70                      4.32  -1.62     3.89
  SINCE DEC 1     12.00                     14.61  -2.61    10.36
  SINCE JAN 1      6.87                      8.93  -2.06     5.59

SNOWFALL (IN)
  YESTERDAY       MM
  MONTH TO DATE    T
  SINCE DEC 1      T
  SINCE JUL 1      T
  SNOW DEPTH       0

DEGREE DAYS
 HEATING
  YESTERDAY       31                        17     14       30
  MONTH TO DATE  738                       522    216      544
  SINCE DEC 1   2061                      1940    121     2100
  SINCE JUL 1   2713                      2502    211     2717

 COOLING
  YESTERDAY        0                         0      0        0
  MONTH TO DATE    0                         0      0        0
  SINCE DEC 1      0                         1     -1        8
  SINCE JAN 1      0                         0      0        0
..................................................................


WIND (MPH)
  HIGHEST WIND SPEED    15   HIGHEST WIND DIRECTION     N (340)
  HIGHEST GUST SPEED    23   HIGHEST GUST DIRECTION     N (350)
  AVERAGE WIND SPEED     6.7


SKY COVER
  POSSIBLE SUNSHINE  MM
  AVERAGE SKY COVER 0.8


WEATHER CONDITIONS
 THE FOLLOWING WEATHER WAS RECORDED YESTERDAY.
  FOG
  FOG W/VISIBILITY <= 1/4 MILE


RELATIVE HUMIDITY (PERCENT)
 HIGHEST    96           600 AM
 LOWEST     49           600 PM
 AVERAGE    73

..........................................................


THE MUSCLE SHOALS CLIMATE NORMALS FOR TODAY
                         NORMAL    RECORD    YEAR
 MAXIMUM TEMPERATURE (F)   59        82      1917
 MINIMUM TEMPERATURE (F)   38        10      1934


SUNRISE AND SUNSET
FEBRUARY 27 2015......SUNRISE   622 AM CST   SUNSET   544 PM CST
FEBRUARY 28 2015......SUNRISE   621 AM CST   SUNSET   545 PM CST


-  INDICATES NEGATIVE NUMBERS.
R  INDICATES RECORD WAS SET OR TIED.
MM INDICATES DATA IS MISSING.
T  INDICATES TRACE AMOUNT.




$$
