000
CDUS44 KHUN 260704
CLIMSL


CLIMATE REPORT
NATIONAL WEATHER SERVICE HUNTSVILLE AL
204 AM CDT TUE SEP 26 2017


...................................

...THE MUSCLE SHOALS CLIMATE SUMMARY FOR SEPTEMBER 25 2017...

CLIMATE NORMAL PERIOD 1981 TO 2010
CLIMATE RECORD PERIOD 1893 TO 2017


WEATHER ITEM   OBSERVED TIME   RECORD YEAR NORMAL DEPARTURE LAST
                VALUE   (LST)  VALUE       VALUE  FROM      YEAR
                                                  NORMAL
..................................................................
TEMPERATURE (F)
 YESTERDAY
  MAXIMUM         89   1240 PM  99    2016  81      8       99
  MINIMUM         64    500 AM  40    1928  58      6       62
  AVERAGE         77                        70      7       81

PRECIPITATION (IN)
  YESTERDAY        0.00          3.10 2005   0.13  -0.13     0.00
  MONTH TO DATE    3.51                      3.09   0.42     0.50
  SINCE SEP 1      3.51                      3.09   0.42     0.50
  SINCE JAN 1     37.33                     38.80  -1.47    32.13

SNOWFALL (IN)
  YESTERDAY        0.0
  MONTH TO DATE    0.0
  SINCE SEP 1      0.0
  SINCE JUL 1      0.0
  SNOW DEPTH       0

DEGREE DAYS
 HEATING
  YESTERDAY        0                         1     -1        0
  MONTH TO DATE   12                         7      5        0
  SINCE SEP 1     12                         7      5        0
  SINCE JUL 1     12                         7      5        0

 COOLING
  YESTERDAY       12                         6      6       16
  MONTH TO DATE  178                       236    -58      381
  SINCE SEP 1    178                       236    -58      381
  SINCE JAN 1   1803                      1779     24     2184
..................................................................


WIND (MPH)
  HIGHEST WIND SPEED    12   HIGHEST WIND DIRECTION    SE (120)
  HIGHEST GUST SPEED    14   HIGHEST GUST DIRECTION    SE (120)
  AVERAGE WIND SPEED     2.4


SKY COVER
  POSSIBLE SUNSHINE  MM
  AVERAGE SKY COVER 0.1


WEATHER CONDITIONS
 THE FOLLOWING WEATHER WAS RECORDED YESTERDAY.
  FOG
  FOG W/VISIBILITY <= 1/4 MILE


RELATIVE HUMIDITY (PERCENT)
 HIGHEST    93           300 AM
 LOWEST     43          1200 PM
 AVERAGE    68

..........................................................


THE MUSCLE SHOALS CLIMATE NORMALS FOR TODAY
                         NORMAL    RECORD    YEAR
 MAXIMUM TEMPERATURE (F)   81        98      1931
 MINIMUM TEMPERATURE (F)   58        37      1899


SUNRISE AND SUNSET
SEPTEMBER 26 2017.....SUNRISE   642 AM CDT   SUNSET   641 PM CDT
SEPTEMBER 27 2017.....SUNRISE   642 AM CDT   SUNSET   640 PM CDT


-  INDICATES NEGATIVE NUMBERS.
R  INDICATES RECORD WAS SET OR TIED.
MM INDICATES DATA IS MISSING.
T  INDICATES TRACE AMOUNT.




$$
