000
CDUS44 KHUN 182130
CLIMSL


CLIMATE REPORT
NATIONAL WEATHER SERVICE HUNTSVILLE AL
429 PM CDT THU SEP 18 2014


...................................

...THE MUSCLE SHOALS CLIMATE SUMMARY FOR SEPTEMBER 18 2014...
VALID TODAY AS OF 0400 PM LOCAL TIME.

CLIMATE NORMAL PERIOD 1981 TO 2010
CLIMATE RECORD PERIOD 1893 TO 2014


WEATHER ITEM   OBSERVED TIME   RECORD YEAR NORMAL DEPARTURE LAST
                VALUE   (LST)  VALUE       VALUE  FROM      YEAR
                                                  NORMAL
..................................................................
TEMPERATURE (F)
 TODAY
  MAXIMUM         84    202 PM 100    1927  84      0       86
  MINIMUM         60   1203 AM  40    1903  61     -1       67
  AVERAGE         72                        72      0       77

PRECIPITATION (IN)
  TODAY            0.00          1.40 1986   0.12  -0.12     0.00
  MONTH TO DATE    2.70                      2.20   0.50     0.60
  SINCE SEP 1      2.70                      2.20   0.50     0.60
  SINCE JAN 1     35.90                     37.91  -2.01    43.49

SNOWFALL (IN)
  TODAY            0.0
  MONTH TO DATE    0.0
  SINCE SEP 1      0.0
  SINCE JUL 1      0.0
  SNOW DEPTH       0

DEGREE DAYS
 HEATING
  TODAY            0                         0      0        0
  MONTH TO DATE    0                         0      0        0
  SINCE SEP 1      0                         0      0        0
  SINCE JUL 1      0                         0      0        0

 COOLING
  TODAY            7                         8     -1       12
  MONTH TO DATE  225                       189     36      227
  SINCE SEP 1    225                       189     36      227
  SINCE JAN 1   1678                      1732    -54     1708
..................................................................


WIND (MPH)
  HIGHEST WIND SPEED     8   HIGHEST WIND DIRECTION    NE (50)
  HIGHEST GUST SPEED    13   HIGHEST GUST DIRECTION    NE (60)
  AVERAGE WIND SPEED     1.5


SKY COVER
  POSSIBLE SUNSHINE  MM
  AVERAGE SKY COVER 0.6


WEATHER CONDITIONS
 THE FOLLOWING WEATHER WAS RECORDED TODAY.
  NO SIGNIFICANT WEATHER WAS OBSERVED.


RELATIVE HUMIDITY (PERCENT)
 HIGHEST    93           600 AM
 LOWEST     51           200 PM
 AVERAGE    72

..........................................................


THE MUSCLE SHOALS CLIMATE NORMALS FOR TOMORROW
                         NORMAL    RECORD    YEAR
 MAXIMUM TEMPERATURE (F)   84        99      1931
 MINIMUM TEMPERATURE (F)   60        38      1903


SUNRISE AND SUNSET
SEPTEMBER 18 2014.....SUNRISE   636 AM CDT   SUNSET   653 PM CDT
SEPTEMBER 19 2014.....SUNRISE   636 AM CDT   SUNSET   652 PM CDT


-  INDICATES NEGATIVE NUMBERS.
R  INDICATES RECORD WAS SET OR TIED.
MM INDICATES DATA IS MISSING.
T  INDICATES TRACE AMOUNT.




$$
