000
CDUS44 KHUN 272137
CLIMSL


CLIMATE REPORT
NATIONAL WEATHER SERVICE HUNTSVILLE AL
436 PM CDT SAT MAY 27 2017


...................................

...THE MUSCLE SHOALS CLIMATE SUMMARY FOR MAY 27 2017...
VALID TODAY AS OF 0400 PM LOCAL TIME.

CLIMATE NORMAL PERIOD 1981 TO 2010
CLIMATE RECORD PERIOD 1893 TO 2017


WEATHER ITEM   OBSERVED TIME   RECORD YEAR NORMAL DEPARTURE LAST
                VALUE   (LST)  VALUE       VALUE  FROM      YEAR
                                                  NORMAL
..................................................................
TEMPERATURE (F)
 TODAY
  MAXIMUM         87    331 PM  97    2012  84      3       87
  MINIMUM         70    527 AM  39    1961  62      8       69
  AVERAGE         79                        73      6       78

PRECIPITATION (IN)
  TODAY            0.00          2.32 1924   0.16  -0.16     0.00
  MONTH TO DATE    3.27                      4.44  -1.17     1.16
  SINCE MAR 1     12.04                     13.55  -1.51     9.35
  SINCE JAN 1     19.28                     22.82  -3.54    16.48

SNOWFALL (IN)
  TODAY            0.0
  MONTH TO DATE    0.0
  SINCE MAR 1      T
  SINCE JUL 1      T
  SNOW DEPTH       0

DEGREE DAYS
 HEATING
  TODAY            0                         0      0        0
  MONTH TO DATE   34                        29      5       26
  SINCE MAR 1    414                       567   -153      359
  SINCE JUL 1   2094                      3102  -1008     2360

 COOLING
  TODAY           14                         8      6       13
  MONTH TO DATE  144                       146     -2      129
  SINCE MAR 1    284                       210     74      213
  SINCE JAN 1    292                       211     81      213
..................................................................


WIND (MPH)
  HIGHEST WIND SPEED    16   HIGHEST WIND DIRECTION    SW (220)
  HIGHEST GUST SPEED    23   HIGHEST GUST DIRECTION    SW (220)
  AVERAGE WIND SPEED     8.4


SKY COVER
  POSSIBLE SUNSHINE  MM
  AVERAGE SKY COVER 0.6


WEATHER CONDITIONS
 THE FOLLOWING WEATHER WAS RECORDED TODAY.
  NO SIGNIFICANT WEATHER WAS OBSERVED.


RELATIVE HUMIDITY (PERCENT)
 HIGHEST    73          1200 AM
 LOWEST     55           200 PM
 AVERAGE    64

..........................................................


THE MUSCLE SHOALS CLIMATE NORMALS FOR TOMORROW
                         NORMAL    RECORD    YEAR
 MAXIMUM TEMPERATURE (F)   84        97      1962
 MINIMUM TEMPERATURE (F)   62        39      1961


SUNRISE AND SUNSET
MAY 27 2017...........SUNRISE   540 AM CDT   SUNSET   756 PM CDT
MAY 28 2017...........SUNRISE   540 AM CDT   SUNSET   756 PM CDT


-  INDICATES NEGATIVE NUMBERS.
R  INDICATES RECORD WAS SET OR TIED.
MM INDICATES DATA IS MISSING.
T  INDICATES TRACE AMOUNT.




$$
