000
CDUS44 KHUN 170804
CLIMSL


CLIMATE REPORT
NATIONAL WEATHER SERVICE HUNTSVILLE AL
202 AM CST SUN DEC 17 2017


...................................

...THE MUSCLE SHOALS CLIMATE SUMMARY FOR DECEMBER 16 2017...

CLIMATE NORMAL PERIOD 1981 TO 2010
CLIMATE RECORD PERIOD 1893 TO 2017


WEATHER ITEM   OBSERVED TIME   RECORD YEAR NORMAL DEPARTURE LAST
                VALUE   (LST)  VALUE       VALUE  FROM      YEAR
                                                  NORMAL
..................................................................
TEMPERATURE (F)
 YESTERDAY
  MAXIMUM         53    337 PM  76    1933  52      1       56
  MINIMUM         22    539 AM   0    1914  34    -12       24
  AVERAGE         38                        43     -5       40

PRECIPITATION (IN)
  YESTERDAY        0.00          2.02 1961   0.19  -0.19      T
  MONTH TO DATE    2.07                      3.23  -1.16     3.61
  SINCE DEC 1      2.07                      3.23  -1.16     3.61
  SINCE JAN 1     45.58                     50.75  -5.17    39.07

SNOWFALL (IN)
  YESTERDAY        0.0
  MONTH TO DATE    0.0
  SINCE DEC 1      0.0
  SINCE JUL 1      0.0
  SNOW DEPTH       0

DEGREE DAYS
 HEATING
  YESTERDAY       27                        22      5       25
  MONTH TO DATE  344                       325     19      353
  SINCE DEC 1    344                       325     19      353
  SINCE JUL 1    851                       887    -36      681

 COOLING
  YESTERDAY        0                         0      0        0
  MONTH TO DATE    0                         0      0        0
  SINCE DEC 1      0                         0      0        0
  SINCE JAN 1   1973                      1871    102     2366
..................................................................


WIND (MPH)
  HIGHEST WIND SPEED    13   HIGHEST WIND DIRECTION    SW (210)
  HIGHEST GUST SPEED    14   HIGHEST GUST DIRECTION     S (200)
  AVERAGE WIND SPEED     5.2


SKY COVER
  POSSIBLE SUNSHINE  MM
  AVERAGE SKY COVER 0.0


WEATHER CONDITIONS
 THE FOLLOWING WEATHER WAS RECORDED YESTERDAY.
  NO SIGNIFICANT WEATHER WAS OBSERVED.


RELATIVE HUMIDITY (PERCENT)
 HIGHEST    88          1200 AM
 LOWEST     35           300 PM
 AVERAGE    62

..........................................................


THE MUSCLE SHOALS CLIMATE NORMALS FOR TODAY
                         NORMAL    RECORD    YEAR
 MAXIMUM TEMPERATURE (F)   52        75      1933
 MINIMUM TEMPERATURE (F)   33         1      1914


SUNRISE AND SUNSET
DECEMBER 17 2017......SUNRISE   652 AM CST   SUNSET   442 PM CST
DECEMBER 18 2017......SUNRISE   652 AM CST   SUNSET   442 PM CST


-  INDICATES NEGATIVE NUMBERS.
R  INDICATES RECORD WAS SET OR TIED.
MM INDICATES DATA IS MISSING.
T  INDICATES TRACE AMOUNT.




$$
