000
CDUS44 KHUN 280802
CLIMSL


CLIMATE REPORT
NATIONAL WEATHER SERVICE HUNTSVILLE AL
202 AM CST TUE FEB 28 2017


...................................

...THE MUSCLE SHOALS CLIMATE SUMMARY FOR FEBRUARY 27 2017...

CLIMATE NORMAL PERIOD 1981 TO 2010
CLIMATE RECORD PERIOD 1893 TO 2017


WEATHER ITEM   OBSERVED TIME   RECORD YEAR NORMAL DEPARTURE LAST
                VALUE   (LST)  VALUE       VALUE  FROM      YEAR
                                                  NORMAL
..................................................................
TEMPERATURE (F)
 YESTERDAY
  MAXIMUM         61    234 PM  82    1917  59      2       64
  MINIMUM         45    807 AM  10    1934  38      7       28
  AVERAGE         53                        48      5       46

PRECIPITATION (IN)
  YESTERDAY        0.42          3.30 1913   0.17   0.25     0.00
  MONTH TO DATE    1.99                      4.49  -2.50     3.48
  SINCE DEC 1     12.05                     14.78  -2.73    14.07
  SINCE JAN 1      6.71                      9.10  -2.39     7.13

SNOWFALL (IN)
  YESTERDAY        0.0
  MONTH TO DATE    0.0
  SINCE DEC 1      T
  SINCE JUL 1      T
  SNOW DEPTH       0

DEGREE DAYS
 HEATING
  YESTERDAY       12                        17     -5       19
  MONTH TO DATE  323                       539   -216      507
  SINCE DEC 1   1351                      1957   -606     1621
  SINCE JUL 1   1679                      2519   -840     1986

 COOLING
  YESTERDAY        0                         0      0        0
  MONTH TO DATE    4                         0      4        0
  SINCE DEC 1     10                         1      9       22
  SINCE JAN 1      8                         0      8        0
..................................................................


WIND (MPH)
  HIGHEST WIND SPEED    20   HIGHEST WIND DIRECTION    SE (120)
  HIGHEST GUST SPEED    25   HIGHEST GUST DIRECTION    SE (120)
  AVERAGE WIND SPEED     7.1


SKY COVER
  POSSIBLE SUNSHINE  MM
  AVERAGE SKY COVER 0.4


WEATHER CONDITIONS
 THE FOLLOWING WEATHER WAS RECORDED YESTERDAY.
  HEAVY RAIN
  RAIN
  FOG


RELATIVE HUMIDITY (PERCENT)
 HIGHEST    89           800 AM
 LOWEST     41           100 AM
 AVERAGE    65

..........................................................


THE MUSCLE SHOALS CLIMATE NORMALS FOR TODAY
                         NORMAL    RECORD    YEAR
 MAXIMUM TEMPERATURE (F)   59        77      1904
 MINIMUM TEMPERATURE (F)   38        15      1935
                                             1920


SUNRISE AND SUNSET
FEBRUARY 28 2017......SUNRISE   621 AM CST   SUNSET   546 PM CST
MARCH  1 2017.........SUNRISE   619 AM CST   SUNSET   547 PM CST


-  INDICATES NEGATIVE NUMBERS.
R  INDICATES RECORD WAS SET OR TIED.
MM INDICATES DATA IS MISSING.
T  INDICATES TRACE AMOUNT.




$$
