000
CDUS43 KMKX 292128
CLIMSN


CLIMATE REPORT
NATIONAL WEATHER SERVICE IN MILWAUKEE
428 PM CDT SAT APR 29 2017


...................................

...THE MADISON WI CLIMATE SUMMARY FOR APRIL 29 2017...
VALID TODAY AS OF 0400 PM LOCAL TIME.

CLIMATE NORMAL PERIOD 1981 TO 2010
CLIMATE RECORD PERIOD 1871 TO 2017


WEATHER ITEM   OBSERVED TIME   RECORD YEAR NORMAL DEPARTURE LAST
                VALUE   (LST)  VALUE       VALUE  FROM      YEAR
                                                  NORMAL
..................................................................
TEMPERATURE (F)
 TODAY
  MAXIMUM         45    138 PM  87    1952  63    -18       53
  MINIMUM         39    536 AM  22    1977  41     -2       38
  AVERAGE         42                        52    -10       46

PRECIPITATION (IN)
  TODAY            0.01          1.74 1984   0.11  -0.10     0.08
  MONTH TO DATE    4.72                      3.28   1.44     1.69
  SINCE MAR 1      7.55                      5.48   2.07     5.65
  SINCE JAN 1     12.25                      8.16   4.09     7.15

SNOWFALL (IN)
  TODAY            0.0           1.0  1996   0.1   -0.1      0.0
  MONTH TO DATE    T                         2.6   -2.6      4.2
  SINCE MAR 1      8.3                       9.6   -1.3      8.2
  SINCE JUL 1     44.0                      50.7   -6.7     32.7
  SNOW DEPTH       0

DEGREE DAYS
 HEATING
  TODAY           23                        13     10       19
  MONTH TO DATE  419                       545   -126      549
  SINCE MAR 1   1368                      1508   -140     1319
  SINCE JUL 1   5880                      6994  -1114     5919

 COOLING
  TODAY            0                         0      0        0
  MONTH TO DATE    0                         0      0        0
  SINCE MAR 1      0                         0      0        0
  SINCE JAN 1      0                         0      0        0
..................................................................


WIND (MPH)
  HIGHEST WIND SPEED    24   HIGHEST WIND DIRECTION    NE (50)
  HIGHEST GUST SPEED    31   HIGHEST GUST DIRECTION    NE (60)
  AVERAGE WIND SPEED    14.1


SKY COVER
  POSSIBLE SUNSHINE  MM
  AVERAGE SKY COVER 0.9


WEATHER CONDITIONS
 THE FOLLOWING WEATHER WAS RECORDED TODAY.
  LIGHT RAIN


RELATIVE HUMIDITY (PERCENT)
 HIGHEST    83          1200 AM
 LOWEST     62           900 AM
 AVERAGE    73

..........................................................


THE MADISON WI CLIMATE NORMALS FOR TOMORROW
                         NORMAL    RECORD    YEAR
 MAXIMUM TEMPERATURE (F)   63        90      1952
 MINIMUM TEMPERATURE (F)   41        27      1956


SUNRISE AND SUNSET
APRIL 29 2017.........SUNRISE   553 AM CDT   SUNSET   757 PM CDT
APRIL 30 2017.........SUNRISE   552 AM CDT   SUNSET   758 PM CDT


-  INDICATES NEGATIVE NUMBERS.
R  INDICATES RECORD WAS SET OR TIED.
MM INDICATES DATA IS MISSING.
T  INDICATES TRACE AMOUNT.




$$
