000
CDUS43 KMKX 310654
CLIMSN


CLIMATE REPORT
NATIONAL WEATHER SERVICE IN MILWAUKEE
154 AM CDT TUE MAY 31 2016


...................................

...THE MADISON WI CLIMATE SUMMARY FOR MAY 30 2016...

CLIMATE NORMAL PERIOD 1981 TO 2010
CLIMATE RECORD PERIOD 1871 TO 2016


WEATHER ITEM   OBSERVED TIME   RECORD YEAR NORMAL DEPARTURE LAST
                VALUE   (LST)  VALUE       VALUE  FROM      YEAR
                                                  NORMAL
..................................................................
TEMPERATURE (F)
 YESTERDAY
  MAXIMUM         82    456 PM  92    1953  73      9       67
  MINIMUM         56    501 AM  30    1965  51      5       44
  AVERAGE         69                        62      7       56

PRECIPITATION (IN)
  YESTERDAY        0.00          2.15 1958   0.13  -0.13     0.15
  MONTH TO DATE    2.15                      3.42  -1.27     4.18
  SINCE MAR 1      8.22                      9.02  -0.80     9.32
  SINCE JAN 1      9.72                     11.70  -1.98    10.52

SNOWFALL (IN)
  YESTERDAY        0.0           T    1947   0.0    0.0      0.0
  MONTH TO DATE    0.0                       0.2   -0.2      0.0
  SINCE MAR 1      8.2                       9.8   -1.6      4.2
  SINCE JUL 1     32.7                      50.9  -18.2     33.7
  SNOW DEPTH       0

DEGREE DAYS
 HEATING
  YESTERDAY        0                         5     -5        9
  MONTH TO DATE  246                       261    -15      176
  SINCE MAR 1   1584                      1782   -198     1605
  SINCE JUL 1   6184                      7268  -1084     7316

 COOLING
  YESTERDAY        4                         2      2        0
  MONTH TO DATE   46                        22     24       50
  SINCE MAR 1     46                        26     20       50
  SINCE JAN 1     46                        26     20       50
..................................................................


WIND (MPH)
  HIGHEST WIND SPEED    12   HIGHEST WIND DIRECTION    NW (310)
  HIGHEST GUST SPEED    15   HIGHEST GUST DIRECTION    NW (330)
  AVERAGE WIND SPEED     3.4


SKY COVER
  POSSIBLE SUNSHINE  MM
  AVERAGE SKY COVER 0.3


WEATHER CONDITIONS
 THE FOLLOWING WEATHER WAS RECORDED YESTERDAY.
  FOG
  FOG W/VISIBILITY <= 1/4 MILE


RELATIVE HUMIDITY (PERCENT)
 HIGHEST   100           200 AM
 LOWEST     31           500 PM
 AVERAGE    66

..........................................................


THE MADISON WI CLIMATE NORMALS FOR TODAY
                         NORMAL    RECORD    YEAR
 MAXIMUM TEMPERATURE (F)   73       101      1934
 MINIMUM TEMPERATURE (F)   51        32      1966


SUNRISE AND SUNSET
MAY 31 2016...........SUNRISE   521 AM CDT   SUNSET   830 PM CDT
JUNE  1 2016..........SUNRISE   520 AM CDT   SUNSET   831 PM CDT


-  INDICATES NEGATIVE NUMBERS.
R  INDICATES RECORD WAS SET OR TIED.
MM INDICATES DATA IS MISSING.
T  INDICATES TRACE AMOUNT.




$$
