000
CDUS43 KMKX 140717
CLIMSN


CLIMATE REPORT
NATIONAL WEATHER SERVICE IN MILWAUKEE
116 AM CST THU DEC 14 2017


...................................

...THE MADISON WI CLIMATE SUMMARY FOR DECEMBER 13 2017...

CLIMATE NORMAL PERIOD 1981 TO 2010
CLIMATE RECORD PERIOD 1871 TO 2017


WEATHER ITEM   OBSERVED TIME   RECORD YEAR NORMAL DEPARTURE LAST
                VALUE   (LST)  VALUE       VALUE  FROM      YEAR
                                                  NORMAL
..................................................................
TEMPERATURE (F)
 YESTERDAY
  MAXIMUM         33    127 PM  60    2015  31      2       13
  MINIMUM         15   1159 PM -17    1903  16     -1        3
  AVERAGE         24                        24      0        8

PRECIPITATION (IN)
  YESTERDAY        T             1.45 2015   0.06  -0.06     0.00
  MONTH TO DATE    0.53                      0.88  -0.35     0.92
  SINCE DEC 1      0.53                      0.88  -0.35     0.92
  SINCE JAN 1     38.08                     33.62   4.46    44.45

SNOWFALL (IN)
  YESTERDAY        0.2           6.4  1892   0.5   -0.3      0.0
  MONTH TO DATE    1.5                       5.6   -4.1     13.8
  SINCE DEC 1      1.5                       5.6   -4.1     13.8
  SINCE JUL 1      1.8                       9.7   -7.9     13.8
  SNOW DEPTH       T

DEGREE DAYS
 HEATING
  YESTERDAY       41                        42     -1       57
  MONTH TO DATE  465                       510    -45      520
  SINCE DEC 1    465                       510    -45      520
  SINCE JUL 1   1824                      2089   -265     1542

 COOLING
  YESTERDAY        0                         0      0        0
  MONTH TO DATE    0                         0      0        0
  SINCE DEC 1      0                         0      0        0
  SINCE JAN 1    580                       568     12      780
..................................................................


WIND (MPH)
  HIGHEST WIND SPEED    25   HIGHEST WIND DIRECTION     N (10)
  HIGHEST GUST SPEED    35   HIGHEST GUST DIRECTION     N (20)
  AVERAGE WIND SPEED    13.7


SKY COVER
  POSSIBLE SUNSHINE  MM
  AVERAGE SKY COVER 0.9


WEATHER CONDITIONS
 THE FOLLOWING WEATHER WAS RECORDED YESTERDAY.
  LIGHT SNOW
  FOG


RELATIVE HUMIDITY (PERCENT)
 HIGHEST    84          1000 PM
 LOWEST     59           200 AM
 AVERAGE    72

..........................................................


THE MADISON WI CLIMATE NORMALS FOR TODAY
                         NORMAL    RECORD    YEAR
 MAXIMUM TEMPERATURE (F)   30        59      2015
                                             1975
 MINIMUM TEMPERATURE (F)   16       -17      1901


SUNRISE AND SUNSET
DECEMBER 14 2017......SUNRISE   722 AM CST   SUNSET   423 PM CST
DECEMBER 15 2017......SUNRISE   722 AM CST   SUNSET   423 PM CST


-  INDICATES NEGATIVE NUMBERS.
R  INDICATES RECORD WAS SET OR TIED.
MM INDICATES DATA IS MISSING.
T  INDICATES TRACE AMOUNT.




$$
