994
CDUS45 KMSO 240740
CLIMSO


CLIMATE REPORT
NATIONAL WEATHER SERVICE MISSOULA, MT
139 AM MDT FRI MAR 24 2017


...................................

...THE MISSOULA MT CLIMATE SUMMARY FOR MARCH 23 2017...

CLIMATE NORMAL PERIOD 1981 TO 2010
CLIMATE RECORD PERIOD 1893 TO 2017


WEATHER ITEM   OBSERVED TIME   RECORD YEAR NORMAL DEPARTURE LAST
                VALUE   (LST)  VALUE       VALUE  FROM      YEAR
                                                  NORMAL
..................................................................
TEMPERATURE (F)
 YESTERDAY
  MAXIMUM         52    245 PM  71    1939  53     -1       51
  MINIMUM         30   1159 PM  -1    1964  30      0       31
  AVERAGE         41                        41      0       41

PRECIPITATION (IN)
  YESTERDAY        0.00          0.29 1998   0.04  -0.04     0.01
  MONTH TO DATE    1.74                      0.71   1.03     0.81
  SINCE OCT 1      9.66                      5.19   4.47     5.28
  SINCE JAN 1      5.00                      2.26   2.74     1.89

SNOWFALL (IN)
  YESTERDAY        0.0
  MONTH TO DATE    9.5
  SINCE JAN 1     34.6
  SINCE JUL 1     63.7
  SNOW DEPTH       0

DEGREE DAYS
 HEATING
  YESTERDAY       24                        24      0       24
  MONTH TO DATE  587                       629    -42      578
  SINCE MAR 1    587                       629    -42      578
  SINCE JUL 1   6363                      5998    365     5762

 COOLING
  YESTERDAY        0                         0      0        0
  MONTH TO DATE    0                         0      0        0
  SINCE MAR 1      0                         0      0        0
  SINCE JAN 1      0                         0      0        0
..................................................................


WIND (MPH)
  HIGHEST WIND SPEED    20   HIGHEST WIND DIRECTION    NW (310)
  HIGHEST GUST SPEED    25   HIGHEST GUST DIRECTION     N (360)
  AVERAGE WIND SPEED     8.0


SKY COVER
  POSSIBLE SUNSHINE  MM
  AVERAGE SKY COVER 0.4


WEATHER CONDITIONS
 THE FOLLOWING WEATHER WAS RECORDED YESTERDAY.
  NO SIGNIFICANT WEATHER WAS OBSERVED.


RELATIVE HUMIDITY (PERCENT)
 HIGHEST    92           500 AM
 LOWEST     32           500 PM
 AVERAGE    62

..........................................................


THE MISSOULA MT CLIMATE NORMALS FOR TODAY
                         NORMAL    RECORD    YEAR
 MAXIMUM TEMPERATURE (F)   53        71      2007
 MINIMUM TEMPERATURE (F)   30        -2      1964


SUNRISE AND SUNSET
MARCH 24 2017.........SUNRISE   731 AM MDT   SUNSET   755 PM MDT
MARCH 25 2017.........SUNRISE   729 AM MDT   SUNSET   756 PM MDT


-  INDICATES NEGATIVE NUMBERS.
R  INDICATES RECORD WAS SET OR TIED.
MM INDICATES DATA IS MISSING.
T  INDICATES TRACE AMOUNT.




$$
