000
CDUS45 KMSO 280758
CLIMSO


CLIMATE REPORT
NATIONAL WEATHER SERVICE MISSOULA, MT
157 AM MDT WED SEP 28 2016


...................................

...THE MISSOULA MT CLIMATE SUMMARY FOR SEPTEMBER 27 2016...

CLIMATE NORMAL PERIOD 1981 TO 2010
CLIMATE RECORD PERIOD 1893 TO 2016


WEATHER ITEM   OBSERVED TIME   RECORD YEAR NORMAL DEPARTURE LAST
                VALUE   (LST)  VALUE       VALUE  FROM      YEAR
                                                  NORMAL
..................................................................
TEMPERATURE (F)
 YESTERDAY
  MAXIMUM         84    413 PM  89    1957  68     16       68
  MINIMUM         41    706 AM  24    1964  38      3       40
  AVERAGE         63                        53     10       54

PRECIPITATION (IN)
  YESTERDAY        0.00          0.84 1982   0.03  -0.03     0.00
  MONTH TO DATE    1.13                      1.07   0.06     0.52
  SINCE OCT 1     12.72                     14.03  -1.31    11.98
  SINCE JAN 1      9.33                     11.10  -1.77     6.67

SNOWFALL (IN)
  YESTERDAY        0.0
  MONTH TO DATE    0.0
  SINCE JAN 1     13.1
  SINCE JUL 1      0.0
  SNOW DEPTH       0

DEGREE DAYS
 HEATING
  YESTERDAY        2                        12    -10       11
  MONTH TO DATE  258                       203     55      202
  SINCE SEP 1    258                       203     55      202
  SINCE JUL 1    356                       287     69      262

 COOLING
  YESTERDAY        0                         0      0        0
  MONTH TO DATE    4                        13     -9        1
  SINCE SEP 1      4                        13     -9        1
  SINCE JAN 1    286                       330    -44      401
..................................................................


WIND (MPH)
  HIGHEST WIND SPEED     9   HIGHEST WIND DIRECTION    NW (320)
  HIGHEST GUST SPEED    10   HIGHEST GUST DIRECTION    NW (300)
  AVERAGE WIND SPEED     0.9


SKY COVER
  POSSIBLE SUNSHINE  MM
  AVERAGE SKY COVER 0.0


WEATHER CONDITIONS
 THE FOLLOWING WEATHER WAS RECORDED YESTERDAY.
  NO SIGNIFICANT WEATHER WAS OBSERVED.


RELATIVE HUMIDITY (PERCENT)
 HIGHEST    96           700 AM
 LOWEST     24           400 PM
 AVERAGE    60

..........................................................


THE MISSOULA MT CLIMATE NORMALS FOR TODAY
                         NORMAL    RECORD    YEAR
 MAXIMUM TEMPERATURE (F)   67        88      1967
 MINIMUM TEMPERATURE (F)   38        22      1984


SUNRISE AND SUNSET
SEPTEMBER 28 2016.....SUNRISE   732 AM MDT   SUNSET   721 PM MDT
SEPTEMBER 29 2016.....SUNRISE   733 AM MDT   SUNSET   719 PM MDT


-  INDICATES NEGATIVE NUMBERS.
R  INDICATES RECORD WAS SET OR TIED.
MM INDICATES DATA IS MISSING.
T  INDICATES TRACE AMOUNT.




$$
