000
CDUS45 KMSO 130914
CLIMSO


CLIMATE REPORT
NATIONAL WEATHER SERVICE MISSOULA, MT
213 AM MST SAT FEB 13 2016


...................................

...THE MISSOULA MT CLIMATE SUMMARY FOR FEBRUARY 12 2016...

CLIMATE NORMAL PERIOD 1981 TO 2010
CLIMATE RECORD PERIOD 1893 TO 2016


WEATHER ITEM   OBSERVED TIME   RECORD YEAR NORMAL DEPARTURE LAST
                VALUE   (LST)  VALUE       VALUE  FROM      YEAR
                                                  NORMAL
..................................................................
TEMPERATURE (F)
 YESTERDAY
  MAXIMUM         44    253 PM  55    2011  38      6       53
  MINIMUM         34   1138 PM -27    1905  21     13       30
  AVERAGE         39                        29     10       42

PRECIPITATION (IN)
  YESTERDAY        0.06          0.80 1936   0.02   0.04     0.00
  MONTH TO DATE    0.22                      0.29  -0.07     0.80
  SINCE OCT 1      4.21                      4.07   0.14     7.33
  SINCE JAN 1      0.82                      1.14  -0.32     2.02

SNOWFALL (IN)
  YESTERDAY        0.0
  MONTH TO DATE    4.6
  SINCE JAN 1     11.2
  SINCE JUL 1     28.3
  SNOW DEPTH       1

DEGREE DAYS
 HEATING
  YESTERDAY       26                        36    -10       23
  MONTH TO DATE  414                       439    -25      322
  SINCE DEC 1   2888                      2932    -44     2712
  SINCE JUL 1   4741                      4828    -87     4468

 COOLING
  YESTERDAY        0                         0      0        0
  MONTH TO DATE    0                         0      0        0
  SINCE DEC 1      0                         0      0        0
  SINCE JAN 1      0                         0      0        0
..................................................................


WIND (MPH)
  HIGHEST WIND SPEED     8   HIGHEST WIND DIRECTION    SW (240)
  HIGHEST GUST SPEED     8   HIGHEST GUST DIRECTION     W (260)
  AVERAGE WIND SPEED     2.0


SKY COVER
  POSSIBLE SUNSHINE  MM
  AVERAGE SKY COVER 0.8


WEATHER CONDITIONS
 THE FOLLOWING WEATHER WAS RECORDED YESTERDAY.
  LIGHT RAIN
  FOG
  FOG W/VISIBILITY <= 1/4 MILE


RELATIVE HUMIDITY (PERCENT)
 HIGHEST   100           200 AM
 LOWEST     76           300 PM
 AVERAGE    88

..........................................................


THE MISSOULA MT CLIMATE NORMALS FOR TODAY
                         NORMAL    RECORD    YEAR
 MAXIMUM TEMPERATURE (F)   38        57      1924
 MINIMUM TEMPERATURE (F)   21       -20      1895


SUNRISE AND SUNSET
FEBRUARY 13 2016......SUNRISE   744 AM MST   SUNSET   557 PM MST
FEBRUARY 14 2016......SUNRISE   743 AM MST   SUNSET   559 PM MST


-  INDICATES NEGATIVE NUMBERS.
R  INDICATES RECORD WAS SET OR TIED.
MM INDICATES DATA IS MISSING.
T  INDICATES TRACE AMOUNT.




$$
