000
CDUS45 KMSO 200840
CLIMSO


CLIMATE REPORT
NATIONAL WEATHER SERVICE MISSOULA, MT
140 AM MST MON FEB 20 2017


...................................

...THE MISSOULA MT CLIMATE SUMMARY FOR FEBRUARY 19 2017...

CLIMATE NORMAL PERIOD 1981 TO 2010
CLIMATE RECORD PERIOD 1893 TO 2017


WEATHER ITEM   OBSERVED TIME   RECORD YEAR NORMAL DEPARTURE LAST
                VALUE   (LST)  VALUE       VALUE  FROM      YEAR
                                                  NORMAL
..................................................................
TEMPERATURE (F)
 YESTERDAY
  MAXIMUM         46    159 PM  59    1995  40      6       51
  MINIMUM         33   1159 PM  -2    2006  22     11       34
                                      1932
  AVERAGE         40                        31      9       43

PRECIPITATION (IN)
  YESTERDAY        0.05          0.29 1968   0.02   0.03     0.04
  MONTH TO DATE    1.47                      0.46   1.01     0.41
  SINCE OCT 1      7.11                      4.24   2.87     4.40
  SINCE JAN 1      2.45                      1.31   1.14     1.01

SNOWFALL (IN)
  YESTERDAY        T
  MONTH TO DATE    9.2
  SINCE JAN 1     23.0
  SINCE JUL 1     52.1
  SNOW DEPTH       5

DEGREE DAYS
 HEATING
  YESTERDAY       25                        34     -9       22
  MONTH TO DATE  716                       684     32      580
  SINCE DEC 1   3713                      3177    536     3054
  SINCE JUL 1   5467                      5073    394     4907

 COOLING
  YESTERDAY        0                         0      0        0
  MONTH TO DATE    0                         0      0        0
  SINCE DEC 1      0                         0      0        0
  SINCE JAN 1      0                         0      0        0
..................................................................


WIND (MPH)
  HIGHEST WIND SPEED    24   HIGHEST WIND DIRECTION     W (290)
  HIGHEST GUST SPEED    36   HIGHEST GUST DIRECTION     W (280)
  AVERAGE WIND SPEED     5.6


SKY COVER
  POSSIBLE SUNSHINE  MM
  AVERAGE SKY COVER 0.8


WEATHER CONDITIONS
 THE FOLLOWING WEATHER WAS RECORDED YESTERDAY.
  LIGHT RAIN
  LIGHT SNOW
  FOG


RELATIVE HUMIDITY (PERCENT)
 HIGHEST   100          1100 PM
 LOWEST     53           200 PM
 AVERAGE    77

..........................................................


THE MISSOULA MT CLIMATE NORMALS FOR TODAY
                         NORMAL    RECORD    YEAR
 MAXIMUM TEMPERATURE (F)   40        59      1995
 MINIMUM TEMPERATURE (F)   22        -3      1918


SUNRISE AND SUNSET
FEBRUARY 20 2017......SUNRISE   732 AM MST   SUNSET   609 PM MST
FEBRUARY 21 2017......SUNRISE   730 AM MST   SUNSET   611 PM MST


-  INDICATES NEGATIVE NUMBERS.
R  INDICATES RECORD WAS SET OR TIED.
MM INDICATES DATA IS MISSING.
T  INDICATES TRACE AMOUNT.




$$
