000
CDUS45 KMSO 192243
CLIMSO


CLIMATE REPORT
NATIONAL WEATHER SERVICE MISSOULA, MT
443 PM MDT FRI SEP 19 2014


...................................

...THE MISSOULA MT CLIMATE SUMMARY FOR SEPTEMBER 19 2014...
VALID TODAY AS OF 0400 PM LOCAL TIME.

CLIMATE NORMAL PERIOD 1981 TO 2010
CLIMATE RECORD PERIOD 1893 TO 2014


WEATHER ITEM   OBSERVED TIME   RECORD YEAR NORMAL DEPARTURE LAST
                VALUE   (LST)  VALUE       VALUE  FROM      YEAR
                                                  NORMAL
..................................................................
TEMPERATURE (F)
 TODAY
  MAXIMUM         73    200 PM  89    1938  72      1       69
  MINIMUM         60   1226 AM  23    1964  41     19       43
  AVERAGE         67                        56     11       56

PRECIPITATION (IN)
  TODAY            0.00          0.96 1925   0.04  -0.04     0.00
  MONTH TO DATE    0.07                      0.79  -0.72     0.34
  SINCE OCT 1     11.80                     13.75  -1.95    11.44
  SINCE JAN 1     10.09                     10.82  -0.73     6.65

SNOWFALL (IN)
  TODAY            0.0
  MONTH TO DATE    0.0
  SINCE JAN 1     51.9
  SINCE JUL 1      0.0
  SNOW DEPTH       0

DEGREE DAYS
 HEATING
  TODAY            0                         9     -9        9
  MONTH TO DATE  142                       117     25       28
  SINCE SEP 1    142                       117     25       28
  SINCE JUL 1    184                       201    -17       36

 COOLING
  TODAY            2                         0      2        0
  MONTH TO DATE    4                        13     -9       87
  SINCE SEP 1      4                        13     -9       87
  SINCE JAN 1    382                       330     52      579
..................................................................


WIND (MPH)
  HIGHEST WIND SPEED    20   HIGHEST WIND DIRECTION    SW (240)
  HIGHEST GUST SPEED    27   HIGHEST GUST DIRECTION    SW (230)
  AVERAGE WIND SPEED     7.7


SKY COVER
  POSSIBLE SUNSHINE  MM
  AVERAGE SKY COVER 0.9


WEATHER CONDITIONS
 THE FOLLOWING WEATHER WAS RECORDED TODAY.
  NO SIGNIFICANT WEATHER WAS OBSERVED.


RELATIVE HUMIDITY (PERCENT)
 HIGHEST    60           700 AM
 LOWEST     38          1100 AM
 AVERAGE    49

..........................................................


THE MISSOULA MT CLIMATE NORMALS FOR TOMORROW
                         NORMAL    RECORD    YEAR
 MAXIMUM TEMPERATURE (F)   71        91      1938
 MINIMUM TEMPERATURE (F)   40        24      1983


SUNRISE AND SUNSET
SEPTEMBER 19 2014.....SUNRISE   719 AM MDT   SUNSET   740 PM MDT
SEPTEMBER 20 2014.....SUNRISE   721 AM MDT   SUNSET   738 PM MDT


-  INDICATES NEGATIVE NUMBERS.
R  INDICATES RECORD WAS SET OR TIED.
MM INDICATES DATA IS MISSING.
T  INDICATES TRACE AMOUNT.




$$
