000
CDUS45 KMSO 290739
CLIMSO


CLIMATE REPORT
NATIONAL WEATHER SERVICE MISSOULA, MT
139 AM MDT THU JUN 29 2017


...................................

...THE MISSOULA MT CLIMATE SUMMARY FOR JUNE 28 2017...

CLIMATE NORMAL PERIOD 1981 TO 2010
CLIMATE RECORD PERIOD 1893 TO 2017


WEATHER ITEM   OBSERVED TIME   RECORD YEAR NORMAL DEPARTURE LAST
                VALUE   (LST)  VALUE       VALUE  FROM      YEAR
                                                  NORMAL
..................................................................
TEMPERATURE (F)
 YESTERDAY
  MAXIMUM         81    320 PM 102    2015  80      1       93
  MINIMUM         48    525 AM  32    1965  49     -1       61
  AVERAGE         65                        64      1       77

PRECIPITATION (IN)
  YESTERDAY        0.00          0.91 1969   0.05  -0.05     0.03
  MONTH TO DATE    2.02                      1.97   0.05     0.76
  SINCE OCT 1     14.71                     10.68   4.03     9.25
  SINCE JAN 1     10.05                      7.75   2.30     5.86

SNOWFALL (IN)
  YESTERDAY        0.0
  MONTH TO DATE    T
  SINCE JAN 1     38.2
  SINCE JUL 1     67.3
  SNOW DEPTH       0

DEGREE DAYS
 HEATING
  YESTERDAY        0                         3     -3        0
  MONTH TO DATE  115                       155    -40      119
  SINCE JUN 1    115                       155    -40      119
  SINCE JUL 1   7593                      7279    314     6848

 COOLING
  YESTERDAY        0                         2     -2       12
  MONTH TO DATE   39                        36      3       52
  SINCE JUN 1     39                        36      3       52
  SINCE JAN 1     48                        42      6       52
..................................................................


WIND (MPH)
  HIGHEST WIND SPEED    24   HIGHEST WIND DIRECTION     W (290)
  HIGHEST GUST SPEED    34   HIGHEST GUST DIRECTION     W (270)
  AVERAGE WIND SPEED     7.1


SKY COVER
  POSSIBLE SUNSHINE  MM
  AVERAGE SKY COVER 0.1


WEATHER CONDITIONS
 THE FOLLOWING WEATHER WAS RECORDED YESTERDAY.
  NO SIGNIFICANT WEATHER WAS OBSERVED.


RELATIVE HUMIDITY (PERCENT)
 HIGHEST    74           600 AM
 LOWEST     18           300 PM
 AVERAGE    46

..........................................................


THE MISSOULA MT CLIMATE NORMALS FOR TODAY
                         NORMAL    RECORD    YEAR
 MAXIMUM TEMPERATURE (F)   80       100      1937
 MINIMUM TEMPERATURE (F)   49        34      1975
                                             1964
                                             1893


SUNRISE AND SUNSET
JUNE 29 2017..........SUNRISE   545 AM MDT   SUNSET   935 PM MDT
JUNE 30 2017..........SUNRISE   545 AM MDT   SUNSET   935 PM MDT


-  INDICATES NEGATIVE NUMBERS.
R  INDICATES RECORD WAS SET OR TIED.
MM INDICATES DATA IS MISSING.
T  INDICATES TRACE AMOUNT.




$$
