000
CDUS45 KMSO 290740
CLIMSO


CLIMATE REPORT
NATIONAL WEATHER SERVICE MISSOULA, MT
140 AM MDT MON AUG 29 2016


...................................

...THE MISSOULA MT CLIMATE SUMMARY FOR AUGUST 28 2016...

CLIMATE NORMAL PERIOD 1981 TO 2010
CLIMATE RECORD PERIOD 1893 TO 2016


WEATHER ITEM   OBSERVED TIME   RECORD YEAR NORMAL DEPARTURE LAST
                VALUE   (LST)  VALUE       VALUE  FROM      YEAR
                                                  NORMAL
..................................................................
TEMPERATURE (F)
 YESTERDAY
  MAXIMUM         85    446 PM  97    1986  81      4       78
  MINIMUM         57   1133 PM  32    1960  48      9       48
  AVERAGE         71                        64      7       63

PRECIPITATION (IN)
  YESTERDAY        0.00          0.69 1964   0.04  -0.04     0.00
  MONTH TO DATE    0.28                      1.06  -0.78     0.17
  SINCE OCT 1     11.59                     12.83  -1.24    11.43
  SINCE JAN 1      8.20                      9.90  -1.70     6.12

SNOWFALL (IN)
  YESTERDAY        0.0
  MONTH TO DATE    0.0
  SINCE JAN 1     13.1
  SINCE JUL 1      0.0
  SNOW DEPTH       0

DEGREE DAYS
 HEATING
  YESTERDAY        0                         3     -3        2
  MONTH TO DATE   41                        38      3       26
  SINCE JUN 1    217                       236    -19       94
  SINCE JUL 1     98                        76     22       47

 COOLING
  YESTERDAY        6                         2      4        0
  MONTH TO DATE   80                       118    -38      114
  SINCE JUN 1    268                       306    -38      397
  SINCE JAN 1    268                       312    -44      397
..................................................................


WIND (MPH)
  HIGHEST WIND SPEED    20   HIGHEST WIND DIRECTION     N (340)
  HIGHEST GUST SPEED    27   HIGHEST GUST DIRECTION     N (20)
  AVERAGE WIND SPEED     6.9


SKY COVER
  POSSIBLE SUNSHINE  MM
  AVERAGE SKY COVER 0.1


WEATHER CONDITIONS
 THE FOLLOWING WEATHER WAS RECORDED YESTERDAY.
  HAZE


RELATIVE HUMIDITY (PERCENT)
 HIGHEST    56           700 AM
 LOWEST     13           500 PM
 AVERAGE    35

..........................................................


THE MISSOULA MT CLIMATE NORMALS FOR TODAY
                         NORMAL    RECORD    YEAR
 MAXIMUM TEMPERATURE (F)   81        94      2006
                                             1998
                                             1948
 MINIMUM TEMPERATURE (F)   47        32      1980


SUNRISE AND SUNSET
AUGUST 29 2016........SUNRISE   653 AM MDT   SUNSET   820 PM MDT
AUGUST 30 2016........SUNRISE   654 AM MDT   SUNSET   819 PM MDT


-  INDICATES NEGATIVE NUMBERS.
R  INDICATES RECORD WAS SET OR TIED.
MM INDICATES DATA IS MISSING.
T  INDICATES TRACE AMOUNT.




$$
