000
CDUS43 KMPX 220722
CLIMSP


CLIMATE REPORT
NATIONAL WEATHER SERVICE CHANHASSEN MN
121 AM CST SAT NOV 22 2014


...................................

...THE TWIN CITIES MN CLIMATE SUMMARY FOR NOVEMBER 21 2014...

CLIMATE NORMAL PERIOD 1981 TO 2010
CLIMATE RECORD PERIOD 1871 TO 2014


WEATHER ITEM   OBSERVED TIME   RECORD YEAR NORMAL DEPARTURE LAST
                VALUE   (LST)  VALUE       VALUE  FROM      YEAR
                                                  NORMAL
..................................................................
TEMPERATURE (F)
 YESTERDAY
  MAXIMUM         34   1159 PM  67    1990  38     -4       39
  MINIMUM          3    239 AM -11    1880  23    -20       25
  AVERAGE         19                        30    -11       32

PRECIPITATION (IN)
  YESTERDAY        0.00          0.54 1994   0.06  -0.06     0.01
  MONTH TO DATE    0.56                      1.28  -0.72     0.52
  SINCE SEP 1      3.23                      6.79  -3.56     4.87
  SINCE JAN 1     34.23                     28.96   5.27    31.31

SNOWFALL (IN)
  YESTERDAY        0.0           4.8  1989   0.4   -0.4       T
  MONTH TO DATE    5.5                       5.6   -0.1      1.1
  SINCE SEP 1      5.5                       6.2   -0.7      1.1
  SINCE JUL 1      5.5                       6.2   -0.7      1.1
  SNOW DEPTH       4

DEGREE DAYS
 HEATING
  YESTERDAY       46                        35     11       33
  MONTH TO DATE  794                       604    190      573
  SINCE SEP 1   1401                      1265    136     1118
  SINCE JUL 1   1408                      1284    124     1126

 COOLING
  YESTERDAY        0                         0      0        0
  MONTH TO DATE    0                         0      0        0
  SINCE SEP 1     63                        72     -9      134
  SINCE JAN 1    759                       753      6      983
..................................................................


WIND (MPH)
  HIGHEST WIND SPEED    23   HIGHEST WIND DIRECTION     S (170)
  HIGHEST GUST SPEED    28   HIGHEST GUST DIRECTION     S (180)
  AVERAGE WIND SPEED    10.9


SKY COVER
  POSSIBLE SUNSHINE  MM
  AVERAGE SKY COVER 0.6


WEATHER CONDITIONS
 THE FOLLOWING WEATHER WAS RECORDED YESTERDAY.
  HAZE


RELATIVE HUMIDITY (PERCENT)
 HIGHEST    86           300 AM
 LOWEST     63           100 PM
 AVERAGE    75

..........................................................


THE TWIN CITIES MN CLIMATE NORMALS FOR TODAY
                         NORMAL    RECORD    YEAR
 MAXIMUM TEMPERATURE (F)   37        60      2012
 MINIMUM TEMPERATURE (F)   23        -6      1880


SUNRISE AND SUNSET
NOVEMBER 22 2014......SUNRISE   719 AM CST   SUNSET   438 PM CST
NOVEMBER 23 2014......SUNRISE   721 AM CST   SUNSET   437 PM CST


-  INDICATES NEGATIVE NUMBERS.
R  INDICATES RECORD WAS SET OR TIED.
MM INDICATES DATA IS MISSING.
T  INDICATES TRACE AMOUNT.




$$
