000
CDUS43 KMPX 270704
CLIMSP


CLIMATE REPORT
NATIONAL WEATHER SERVICE CHANHASSEN MN
203 AM CDT TUE JUN 27 2017


...................................

...THE TWIN CITIES MN CLIMATE SUMMARY FOR JUNE 26 2017...

CLIMATE NORMAL PERIOD 1981 TO 2010
CLIMATE RECORD PERIOD 1871 TO 2017


WEATHER ITEM   OBSERVED TIME   RECORD YEAR NORMAL DEPARTURE LAST
                VALUE   (LST)  VALUE       VALUE  FROM      YEAR
                                                  NORMAL
..................................................................
TEMPERATURE (F)
 YESTERDAY
  MAXIMUM         73    259 PM  99    1931  82     -9       88
  MINIMUM         50    452 AM  46    1926  62    -12       67
  AVERAGE         62                        72    -10       78

PRECIPITATION (IN)
  YESTERDAY        0.00          2.54 1998   0.14  -0.14     0.00
  MONTH TO DATE    3.21                      3.67  -0.46     4.39
  SINCE JUN 1      3.21                      3.67  -0.46     4.39
  SINCE JAN 1     14.76                     13.25   1.51    13.31

SNOWFALL (IN)
  YESTERDAY        0.0           0.0    MM   0.0    0.0      0.0
  MONTH TO DATE    T                         0.0    0.0      0.0
  SINCE JUN 1      T                         0.0    0.0      0.0
  SINCE JUL 1     32.0                      54.4  -22.4     36.7
  SNOW DEPTH       0

DEGREE DAYS
 HEATING
  YESTERDAY        3                         0      3        0
  MONTH TO DATE   12                        44    -32        7
  SINCE JUN 1     12                        44    -32        7
  SINCE JUL 1   6310                      7580  -1270     6283

 COOLING
  YESTERDAY        0                         8     -8       13
  MONTH TO DATE  190                       127     63      184
  SINCE JUN 1    190                       127     63      184
  SINCE JAN 1    211                       169     42      260
..................................................................


WIND (MPH)
  HIGHEST WIND SPEED    18   HIGHEST WIND DIRECTION    NW (320)
  HIGHEST GUST SPEED    24   HIGHEST GUST DIRECTION    NE (30)
  AVERAGE WIND SPEED     7.0


SKY COVER
  POSSIBLE SUNSHINE  MM
  AVERAGE SKY COVER 0.2


WEATHER CONDITIONS
 THE FOLLOWING WEATHER WAS RECORDED YESTERDAY.
  NO SIGNIFICANT WEATHER WAS OBSERVED.


RELATIVE HUMIDITY (PERCENT)
 HIGHEST    71           100 AM
 LOWEST     35           300 PM
 AVERAGE    53

..........................................................


THE TWIN CITIES MN CLIMATE NORMALS FOR TODAY
                         NORMAL    RECORD    YEAR
 MAXIMUM TEMPERATURE (F)   82       104      1934
 MINIMUM TEMPERATURE (F)   62        44      1925


SUNRISE AND SUNSET
JUNE 27 2017..........SUNRISE   529 AM CDT   SUNSET   903 PM CDT
JUNE 28 2017..........SUNRISE   529 AM CDT   SUNSET   903 PM CDT


-  INDICATES NEGATIVE NUMBERS.
R  INDICATES RECORD WAS SET OR TIED.
MM INDICATES DATA IS MISSING.
T  INDICATES TRACE AMOUNT.




$$
