000
CDUS43 KMPX 290639
CLIMSP


CLIMATE REPORT
NATIONAL WEATHER SERVICE CHANHASSEN MN
136 AM CDT WED JUL 29 2015


...................................

...THE TWIN CITIES MN CLIMATE SUMMARY FOR JULY 28 2015...

CLIMATE NORMAL PERIOD 1981 TO 2010
CLIMATE RECORD PERIOD 1871 TO 2015


WEATHER ITEM   OBSERVED TIME   RECORD YEAR NORMAL DEPARTURE LAST
                VALUE   (LST)  VALUE       VALUE  FROM      YEAR
                                                  NORMAL
..................................................................
TEMPERATURE (F)
 YESTERDAY
  MAXIMUM         84    501 PM 100    1955  83      1       77
  MINIMUM         70    634 AM  50    1981  64      6       63
  AVERAGE         77                        73      4       70

PRECIPITATION (IN)
  YESTERDAY        1.29          1.48 1942   0.13   1.16     0.00
  MONTH TO DATE    7.32                      3.62   3.70     2.27
  SINCE JUN 1     11.72                      7.87   3.85    13.63
  SINCE JAN 1     19.05                     17.45   1.60    28.10

SNOWFALL (IN)
  YESTERDAY        0.0           0.0    MM   0.0    0.0      0.0
  MONTH TO DATE    0.0                       0.0    0.0      0.0
  SINCE JUN 1      0.0                       0.0    0.0      0.0
  SINCE JUL 1      0.0                       0.0    0.0      0.0
  SNOW DEPTH       0

DEGREE DAYS
 HEATING
  YESTERDAY        0                         0      0        0
  MONTH TO DATE    2                         0      2        7
  SINCE JUN 1      9                        44    -35       28
  SINCE JUL 1      2                         0      2        7

 COOLING
  YESTERDAY       12                         9      3        5
  MONTH TO DATE  240                       250    -10      196
  SINCE JUN 1    396                       408    -12      358
  SINCE JAN 1    423                       450    -27      410
..................................................................


WIND (MPH)
  HIGHEST WIND SPEED    21   HIGHEST WIND DIRECTION     W (280)
  HIGHEST GUST SPEED    28   HIGHEST GUST DIRECTION    SE (150)
  AVERAGE WIND SPEED    12.2


SKY COVER
  POSSIBLE SUNSHINE  MM
  AVERAGE SKY COVER 0.7


WEATHER CONDITIONS
 THE FOLLOWING WEATHER WAS RECORDED YESTERDAY.
  THUNDERSTORM
  HEAVY RAIN
  RAIN
  LIGHT RAIN
  FOG


RELATIVE HUMIDITY (PERCENT)
 HIGHEST    93           600 AM
 LOWEST     54           800 PM
 AVERAGE    74

..........................................................


THE TWIN CITIES MN CLIMATE NORMALS FOR TODAY
                         NORMAL    RECORD    YEAR
 MAXIMUM TEMPERATURE (F)   83        98      1999
                                             1975
                                             1933
 MINIMUM TEMPERATURE (F)   64        47      1971


SUNRISE AND SUNSET
JULY 29 2015..........SUNRISE   555 AM CDT   SUNSET   843 PM CDT
JULY 30 2015..........SUNRISE   556 AM CDT   SUNSET   842 PM CDT


-  INDICATES NEGATIVE NUMBERS.
R  INDICATES RECORD WAS SET OR TIED.
MM INDICATES DATA IS MISSING.
T  INDICATES TRACE AMOUNT.




$$
