000
CDUS43 KMPX 140625
CLIMSP


CLIMATE REPORT
NATIONAL WEATHER SERVICE CHANHASSEN MN
1224 AM CST SUN FEB 14 2016


...................................

...THE TWIN CITIES MN CLIMATE SUMMARY FOR FEBRUARY 13 2016...

CLIMATE NORMAL PERIOD 1981 TO 2010
CLIMATE RECORD PERIOD 1871 TO 2016


WEATHER ITEM   OBSERVED TIME   RECORD YEAR NORMAL DEPARTURE LAST
                VALUE   (LST)  VALUE       VALUE  FROM      YEAR
                                                  NORMAL
..................................................................
TEMPERATURE (F)
 YESTERDAY
  MAXIMUM         10    426 PM  51    1890  28    -18       30
  MINIMUM         -6    758 AM -23    1905  12    -18        6
  AVERAGE          2                        20    -18       18

PRECIPITATION (IN)
  YESTERDAY        0.00          0.60 1915   0.02  -0.02      T
  MONTH TO DATE    0.61                      0.30   0.31     0.23
  SINCE DEC 1      3.24                      2.36   0.88     1.43
  SINCE JAN 1      0.92                      1.20  -0.28     0.57

SNOWFALL (IN)
  YESTERDAY        0.0           5.2  1909   0.2   -0.2       T
  MONTH TO DATE   11.0                       3.4    7.6      3.3
  SINCE DEC 1     24.6                      27.5   -2.9     14.3
  SINCE JUL 1     29.7                      37.4   -7.7     23.7
  SNOW DEPTH       2

DEGREE DAYS
 HEATING
  YESTERDAY       63                        45     18       47
  MONTH TO DATE  623                       607     16      631
  SINCE DEC 1   3157                      3542   -385     3302
  SINCE JUL 1   4332                      5161   -829     5095

 COOLING
  YESTERDAY        0                         0      0        0
  MONTH TO DATE    0                         0      0        0
  SINCE DEC 1      0                         0      0        0
  SINCE JAN 1      0                         0      0        0
..................................................................


WIND (MPH)
  HIGHEST WIND SPEED    13   HIGHEST WIND DIRECTION    SE (140)
  HIGHEST GUST SPEED    16   HIGHEST GUST DIRECTION    SE (140)
  AVERAGE WIND SPEED     6.1


SKY COVER
  POSSIBLE SUNSHINE  MM
  AVERAGE SKY COVER 0.2


WEATHER CONDITIONS
 THE FOLLOWING WEATHER WAS RECORDED YESTERDAY.
  NO SIGNIFICANT WEATHER WAS OBSERVED.


RELATIVE HUMIDITY (PERCENT)
 HIGHEST    72           300 AM
 LOWEST     41           400 PM
 AVERAGE    57

..........................................................


THE TWIN CITIES MN CLIMATE NORMALS FOR TODAY
                         NORMAL    RECORD    YEAR
 MAXIMUM TEMPERATURE (F)   29        50      1882
 MINIMUM TEMPERATURE (F)   12       -25      1875


SUNRISE AND SUNSET
FEBRUARY 14 2016......SUNRISE   716 AM CST   SUNSET   539 PM CST
FEBRUARY 15 2016......SUNRISE   714 AM CST   SUNSET   540 PM CST


-  INDICATES NEGATIVE NUMBERS.
R  INDICATES RECORD WAS SET OR TIED.
MM INDICATES DATA IS MISSING.
T  INDICATES TRACE AMOUNT.




$$
