000
CDUS41 KBTV 110619
CLIMSS


CLIMATE REPORT
NATIONAL WEATHER SERVICE BURLINGTON VT
117 AM EST MON DEC 11 2017


...................................

...THE MASSENA NY CLIMATE SUMMARY FOR DECEMBER 10 2017...

CLIMATE NORMAL PERIOD 1981 TO 2010
CLIMATE RECORD PERIOD 1948 TO 2017


WEATHER ITEM   OBSERVED TIME   RECORD YEAR NORMAL DEPARTURE LAST
                VALUE   (LST)  VALUE       VALUE  FROM      YEAR
                                                  NORMAL
..................................................................
TEMPERATURE (F)
 YESTERDAY
  MAXIMUM         30   1141 PM  56    1952  33     -3       24
  MINIMUM         25    952 AM -12    1958  17      8        9
  AVERAGE         28                        24      4       17

PRECIPITATION (IN)
  YESTERDAY        T             0.86        0.09  -0.09     0.00
  MONTH TO DATE    0.21                      0.87  -0.66     0.65
  SINCE DEC 1      0.21                      0.87  -0.66     0.65
  SINCE JAN 1     38.26                     33.40   4.86    28.53

DEGREE DAYS
 HEATING
  YESTERDAY       37                        40     -3       48
  MONTH TO DATE  300                       384    -84      332
  SINCE DEC 1    300                       384    -84      332
  SINCE JUL 1   1699                      2153   -454     1738

 COOLING
  YESTERDAY        0                         0      0        0
  MONTH TO DATE    0                         0      0        0
  SINCE DEC 1      0                         0      0        0
  SINCE JAN 1    399                       363     36      527
..................................................................


WIND (MPH)
  HIGHEST WIND SPEED    20   HIGHEST WIND DIRECTION     W (260)
  HIGHEST GUST SPEED    27   HIGHEST GUST DIRECTION     W (290)
  AVERAGE WIND SPEED     9.7


SKY COVER
  AVERAGE SKY COVER 1.0


WEATHER CONDITIONS
 THE FOLLOWING WEATHER WAS RECORDED YESTERDAY.
  LIGHT SNOW
  FOG


RELATIVE HUMIDITY (PERCENT)
 HIGHEST    92           300 AM
 LOWEST     58           300 PM
 AVERAGE    75

..........................................................


THE MASSENA NY CLIMATE NORMALS FOR TODAY
                         NORMAL    RECORD    YEAR
 MAXIMUM TEMPERATURE (F)   32        60      2015
                                             1979
 MINIMUM TEMPERATURE (F)   16       -19      1977


SUNRISE AND SUNSET
DECEMBER 11 2017......SUNRISE   727 AM EST   SUNSET   418 PM EST
DECEMBER 12 2017......SUNRISE   728 AM EST   SUNSET   418 PM EST


-  INDICATES NEGATIVE NUMBERS.
R  INDICATES RECORD WAS SET OR TIED.
MM INDICATES DATA IS MISSING.
T  INDICATES TRACE AMOUNT.




$$
