000
CDUS41 KBTV 250541
CLIMSS


CLIMATE REPORT
NATIONAL WEATHER SERVICE BURLINGTON VT
1240 AM EST SUN FEB 25 2018


...................................

...THE MASSENA NY CLIMATE SUMMARY FOR FEBRUARY 24 2018...

CLIMATE NORMAL PERIOD 1981 TO 2010
CLIMATE RECORD PERIOD 1948 TO 2018


WEATHER ITEM   OBSERVED TIME   RECORD YEAR NORMAL DEPARTURE LAST
                VALUE   (LST)  VALUE       VALUE  FROM      YEAR
                                                  NORMAL
..................................................................
TEMPERATURE (F)
 YESTERDAY
  MAXIMUM         42    106 AM  55    1984  30     12       42
  MINIMUM         26    955 PM -21    2015  10     16       34
  AVERAGE         34                        20     14       38

PRECIPITATION (IN)
  YESTERDAY        T             1.47        0.06  -0.06     0.05
  MONTH TO DATE    1.42                      1.48  -0.06     1.35
  SINCE DEC 1      4.03                      6.09  -2.06     5.25
  SINCE JAN 1      3.06                      3.66  -0.60     2.92

DEGREE DAYS
 HEATING
  YESTERDAY       31                        45    -14       27
  MONTH TO DATE 1015                      1148   -133      960
  SINCE DEC 1   3703                      4042   -339     3403
  SINCE JUL 1   5102                      5811   -709     4809

 COOLING
  YESTERDAY        0                         0      0        0
  MONTH TO DATE    0                         0      0        0
  SINCE DEC 1      0                         0      0        0
  SINCE JAN 1      0                         0      0        0
..................................................................


WIND (MPH)
  HIGHEST WIND SPEED    18   HIGHEST WIND DIRECTION     W (290)
  HIGHEST GUST SPEED    23   HIGHEST GUST DIRECTION     W (290)
  AVERAGE WIND SPEED     8.6


SKY COVER
  AVERAGE SKY COVER 0.7


WEATHER CONDITIONS
 THE FOLLOWING WEATHER WAS RECORDED YESTERDAY.
  LIGHT RAIN


RELATIVE HUMIDITY (PERCENT)
 HIGHEST   100           200 AM
 LOWEST     64           100 PM
 AVERAGE    82

..........................................................


THE MASSENA NY CLIMATE NORMALS FOR TODAY
                         NORMAL    RECORD    YEAR
 MAXIMUM TEMPERATURE (F)   31        50      2017
                                             1956
 MINIMUM TEMPERATURE (F)   10       -21      1972


SUNRISE AND SUNSET
FEBRUARY 25 2018......SUNRISE   644 AM EST   SUNSET   541 PM EST
FEBRUARY 26 2018......SUNRISE   642 AM EST   SUNSET   543 PM EST


-  INDICATES NEGATIVE NUMBERS.
R  INDICATES RECORD WAS SET OR TIED.
MM INDICATES DATA IS MISSING.
T  INDICATES TRACE AMOUNT.




$$
