000
CDUS41 KBTV 310535
CLIMSS


CLIMATE REPORT
NATIONAL WEATHER SERVICE BURLINGTON VT
134 AM EDT FRI JUL 31 2015


...................................

...THE MASSENA NY CLIMATE SUMMARY FOR JULY 30 2015...

CLIMATE NORMAL PERIOD 1981 TO 2010
CLIMATE RECORD PERIOD 1948 TO 2015


WEATHER ITEM   OBSERVED TIME   RECORD YEAR NORMAL DEPARTURE LAST
                VALUE   (LST)  VALUE       VALUE  FROM      YEAR
                                                  NORMAL
..................................................................
TEMPERATURE (F)
 YESTERDAY
  MAXIMUM         85    319 PM  91    1990  80      5       75
  MINIMUM         65   1111 PM  41    1952  58      7       52
  AVERAGE         75                        69      6       64

PRECIPITATION (IN)
  YESTERDAY        0.31          0.41        0.12   0.19     0.00
  MONTH TO DATE    3.42                      3.46  -0.04     5.09
  SINCE JUN 1      8.54                      6.98   1.56    10.02
  SINCE JAN 1     14.53                     18.91  -4.38    19.95

DEGREE DAYS
 HEATING
  YESTERDAY        0                         1     -1        1
  MONTH TO DATE   22                        30     -8       18
  SINCE JUN 1    123                       126     -3       56
  SINCE JUL 1     22                        30     -8       18

 COOLING
  YESTERDAY       10                         4      6        0
  MONTH TO DATE  150                       146      4      107
  SINCE JUN 1    197                       221    -24      191
  SINCE JAN 1    242                       235      7      206
..................................................................


WIND (MPH)
  HIGHEST WIND SPEED    21   HIGHEST WIND DIRECTION    SW (220)
  HIGHEST GUST SPEED    27   HIGHEST GUST DIRECTION    SW (220)
  AVERAGE WIND SPEED     8.5


SKY COVER
  AVERAGE SKY COVER 0.2


WEATHER CONDITIONS
 THE FOLLOWING WEATHER WAS RECORDED YESTERDAY.
  HEAVY RAIN
  RAIN
  LIGHT RAIN
  FOG
  HAZE


RELATIVE HUMIDITY (PERCENT)
 HIGHEST    93           900 AM
 LOWEST     51           300 PM
 AVERAGE    72

..........................................................


THE MASSENA NY CLIMATE NORMALS FOR TODAY
                         NORMAL    RECORD    YEAR
 MAXIMUM TEMPERATURE (F)   80        95      1975
 MINIMUM TEMPERATURE (F)   58        41      1978


SUNRISE AND SUNSET
JULY 31 2015..........SUNRISE   543 AM EDT   SUNSET   827 PM EDT
AUGUST  1 2015........SUNRISE   545 AM EDT   SUNSET   826 PM EDT


-  INDICATES NEGATIVE NUMBERS.
R  INDICATES RECORD WAS SET OR TIED.
MM INDICATES DATA IS MISSING.
T  INDICATES TRACE AMOUNT.




$$
