000
CDUS41 KBTV 250556
CLIMSS

CLIMATE REPORT
NATIONAL WEATHER SERVICE BURLINGTON VT
153 AM EDT WED MAY 25 2016

...................................

...THE MASSENA NY CLIMATE SUMMARY FOR MAY 24 2016...

CLIMATE NORMAL PERIOD 1981 TO 2010
CLIMATE RECORD PERIOD 1948 TO 2016


WEATHER ITEM   OBSERVED TIME   RECORD YEAR NORMAL DEPARTURE LAST
                VALUE   (LST)  VALUE       VALUE  FROM      YEAR
                                                  NORMAL
..................................................................
TEMPERATURE (F)
 YESTERDAY
  MAXIMUM         85    421 PM  88    1966  69     16       80
  MINIMUM         42    426 AM  29    1956  46     -4       53
  AVERAGE         64                        58      6       67

PRECIPITATION (IN)
  YESTERDAY        0.00          1.14        0.11  -0.11      T
  MONTH TO DATE    0.79                      2.36  -1.57     0.54
  SINCE MAR 1      4.68                      7.27  -2.59     3.56
  SINCE JAN 1      9.34                     11.22  -1.88     4.98

DEGREE DAYS
 HEATING
  YESTERDAY        1                         8     -7        0
  MONTH TO DATE  286                       270     16      159
  SINCE MAR 1   2052                      2065    -13     2094
  SINCE JUL 1   7098                      8052   -954     8260

 COOLING
  YESTERDAY        0                         1     -1        2
  MONTH TO DATE    0                         5     -5       22
  SINCE MAR 1      0                         6     -6       22
  SINCE JAN 1      0                         6     -6       22
..................................................................


WIND (MPH)
  HIGHEST WIND SPEED    13   HIGHEST WIND DIRECTION     W (280)
  HIGHEST GUST SPEED    16   HIGHEST GUST DIRECTION     W (290)
  AVERAGE WIND SPEED     4.9


SKY COVER
  AVERAGE SKY COVER 0.0


WEATHER CONDITIONS
 THE FOLLOWING WEATHER WAS RECORDED YESTERDAY.
  FOG
  FOG W/VISIBILITY <= 1/4 MILE


RELATIVE HUMIDITY (PERCENT)
 HIGHEST    93           100 AM
 LOWEST     19           400 PM
 AVERAGE    56

..........................................................


THE MASSENA NY CLIMATE NORMALS FOR TODAY
                         NORMAL    RECORD    YEAR
 MAXIMUM TEMPERATURE (F)   69        89      2010
 MINIMUM TEMPERATURE (F)   47        28      2002


SUNRISE AND SUNSET
MAY 25 2016...........SUNRISE   521 AM EDT   SUNSET   833 PM EDT
MAY 26 2016...........SUNRISE   520 AM EDT   SUNSET   834 PM EDT


-  INDICATES NEGATIVE NUMBERS.
R  INDICATES RECORD WAS SET OR TIED.
MM INDICATES DATA IS MISSING.
T  INDICATES TRACE AMOUNT.

$$
