000
CDUS41 KBTV 200534
CLIMSS


CLIMATE REPORT
NATIONAL WEATHER SERVICE BURLINGTON VT
132 AM EDT FRI OCT 20 2017


...................................

...THE MASSENA NY CLIMATE SUMMARY FOR OCTOBER 19 2017...

CLIMATE NORMAL PERIOD 1981 TO 2010
CLIMATE RECORD PERIOD 1948 TO 2017


WEATHER ITEM   OBSERVED TIME   RECORD YEAR NORMAL DEPARTURE LAST
                VALUE   (LST)  VALUE       VALUE  FROM      YEAR
                                                  NORMAL
..................................................................
TEMPERATURE (F)
 YESTERDAY
  MAXIMUM         70    125 PM  81    2007  55     15       65
  MINIMUM         42   1212 AM  18    2015  35      7       40
  AVERAGE         56                        45     11       53

PRECIPITATION (IN)
  YESTERDAY        0.00          1.46        0.11  -0.11     0.00
  MONTH TO DATE    2.74                      2.07   0.67     1.25
  SINCE SEP 1      3.53                      5.72  -2.19     2.63
  SINCE JAN 1     32.90                     28.26   4.64    23.74

DEGREE DAYS
 HEATING
  YESTERDAY        9                        20    -11       12
  MONTH TO DATE  174                       317   -143      197
  SINCE SEP 1    299                       542   -243      336
  SINCE JUL 1    351                       617   -266      347

 COOLING
  YESTERDAY        0                         0      0        0
  MONTH TO DATE    4                         0      4        0
  SINCE SEP 1     73                        25     48       47
  SINCE JAN 1    399                       361     38      527
..................................................................


WIND (MPH)
  HIGHEST WIND SPEED    31   HIGHEST WIND DIRECTION    SW (220)
  HIGHEST GUST SPEED    42   HIGHEST GUST DIRECTION    SW (220)
  AVERAGE WIND SPEED    14.4


SKY COVER
  AVERAGE SKY COVER 0.0


WEATHER CONDITIONS
 THE FOLLOWING WEATHER WAS RECORDED YESTERDAY.
  NO SIGNIFICANT WEATHER WAS OBSERVED.


RELATIVE HUMIDITY (PERCENT)
 HIGHEST    96          1200 AM
 LOWEST     43          1100 PM
 AVERAGE    70

..........................................................


THE MASSENA NY CLIMATE NORMALS FOR TODAY
                         NORMAL    RECORD    YEAR
 MAXIMUM TEMPERATURE (F)   55        78      1995
 MINIMUM TEMPERATURE (F)   35        16      1972


SUNRISE AND SUNSET
OCTOBER 20 2017.......SUNRISE   722 AM EDT   SUNSET   606 PM EDT
OCTOBER 21 2017.......SUNRISE   723 AM EDT   SUNSET   604 PM EDT


-  INDICATES NEGATIVE NUMBERS.
R  INDICATES RECORD WAS SET OR TIED.
MM INDICATES DATA IS MISSING.
T  INDICATES TRACE AMOUNT.




$$
