668
CDUS41 KBTV 300531
CLIMSS


CLIMATE REPORT
NATIONAL WEATHER SERVICE BURLINGTON VT
126 AM EDT SAT APR 30 2016


...................................

...THE MASSENA NY CLIMATE SUMMARY FOR APRIL 29 2016...

CLIMATE NORMAL PERIOD 1981 TO 2010
CLIMATE RECORD PERIOD 1948 TO 2016


WEATHER ITEM   OBSERVED TIME   RECORD YEAR NORMAL DEPARTURE LAST
                VALUE   (LST)  VALUE       VALUE  FROM      YEAR
                                                  NORMAL
..................................................................
TEMPERATURE (F)
 YESTERDAY
  MAXIMUM         55    306 PM  82    1990  61     -6       69
  MINIMUM         28    334 AM  24    2001  38    -10       33
  AVERAGE         42                        50     -8       51

PRECIPITATION (IN)
  YESTERDAY        0.00          0.65        0.10  -0.10     0.00
  MONTH TO DATE    1.66                      2.72  -1.06     2.48
  SINCE MAR 1      3.89                      4.81  -0.92     3.02
  SINCE JAN 1      8.55                      8.76  -0.21     4.44

DEGREE DAYS
 HEATING
  YESTERDAY       23                        16      7       14
  MONTH TO DATE  738                       635    103      627
  SINCE MAR 1   1744                      1779    -35     1922
  SINCE JUL 1   6790                      7766   -976     8088

 COOLING
  YESTERDAY        0                         0      0        0
  MONTH TO DATE    0                         0      0        0
  SINCE MAR 1      0                         0      0        0
  SINCE JAN 1      0                         0      0        0
..................................................................


WIND (MPH)
  HIGHEST WIND SPEED    20   HIGHEST WIND DIRECTION    NE (40)
  HIGHEST GUST SPEED    26   HIGHEST GUST DIRECTION    NE (40)
  AVERAGE WIND SPEED     8.9


SKY COVER
  AVERAGE SKY COVER 0.0


WEATHER CONDITIONS
 THE FOLLOWING WEATHER WAS RECORDED YESTERDAY.
  NO SIGNIFICANT WEATHER WAS OBSERVED.


RELATIVE HUMIDITY (PERCENT)
 HIGHEST    69           400 AM
 LOWEST     24           200 PM
 AVERAGE    47

..........................................................


THE MASSENA NY CLIMATE NORMALS FOR TODAY
                         NORMAL    RECORD    YEAR
 MAXIMUM TEMPERATURE (F)   61        82      2004
 MINIMUM TEMPERATURE (F)   38        24      2012


SUNRISE AND SUNSET
APRIL 30 2016.........SUNRISE   550 AM EDT   SUNSET   804 PM EDT
MAY  1 2016...........SUNRISE   548 AM EDT   SUNSET   805 PM EDT


-  INDICATES NEGATIVE NUMBERS.
R  INDICATES RECORD WAS SET OR TIED.
MM INDICATES DATA IS MISSING.
T  INDICATES TRACE AMOUNT.




$$
