000
CDUS41 KBTV 010616
CLIMSS


CLIMATE REPORT
NATIONAL WEATHER SERVICE BURLINGTON VT
114 AM EST WED MAR 1 2017


...................................

...THE MASSENA NY CLIMATE SUMMARY FOR FEBRUARY 28 2017...

CLIMATE NORMAL PERIOD 1981 TO 2010
CLIMATE RECORD PERIOD 1948 TO 2017


WEATHER ITEM   OBSERVED TIME   RECORD YEAR NORMAL DEPARTURE LAST
                VALUE   (LST)  VALUE       VALUE  FROM      YEAR
                                                  NORMAL
..................................................................
TEMPERATURE (F)
 YESTERDAY
  MAXIMUM         49   1215 PM  51    1983  32     17       37
  MINIMUM         20    659 AM -22    1993  11      9       18
  AVERAGE         35                        21     14       28

PRECIPITATION (IN)
  YESTERDAY        T             0.62        0.07  -0.07     0.05
  MONTH TO DATE    1.86                      1.77   0.09     3.85
  SINCE DEC 1      5.76                      6.38  -0.62     7.03
  SINCE JAN 1      3.43                      3.95  -0.52     4.38

DEGREE DAYS
 HEATING
  YESTERDAY       30                        44    -14       37
  MONTH TO DATE 1077                      1325   -248     1252
  SINCE DEC 1   3520                      4218   -698     3537
  SINCE JUL 1   4926                      5987  -1061     5011

 COOLING
  YESTERDAY        0                         0      0        0
  MONTH TO DATE    0                         0      0        0
  SINCE DEC 1      0                         0      0        0
  SINCE JAN 1      0                         0      0        0
..................................................................


WIND (MPH)
  HIGHEST WIND SPEED    14   HIGHEST WIND DIRECTION    NE (50)
  HIGHEST GUST SPEED    16   HIGHEST GUST DIRECTION    NE (50)
  AVERAGE WIND SPEED     4.2


SKY COVER
  AVERAGE SKY COVER 0.4


WEATHER CONDITIONS
 THE FOLLOWING WEATHER WAS RECORDED YESTERDAY.
  LIGHT RAIN


RELATIVE HUMIDITY (PERCENT)
 HIGHEST    92          1200 AM
 LOWEST     46           200 PM
 AVERAGE    69

..........................................................


THE MASSENA NY CLIMATE NORMALS FOR TODAY
                         NORMAL    RECORD    YEAR
 MAXIMUM TEMPERATURE (F)   32        49      1954
 MINIMUM TEMPERATURE (F)   12       -11      1980


SUNRISE AND SUNSET
MARCH  1 2017.........SUNRISE   637 AM EST   SUNSET   547 PM EST
MARCH  2 2017.........SUNRISE   635 AM EST   SUNSET   549 PM EST


-  INDICATES NEGATIVE NUMBERS.
R  INDICATES RECORD WAS SET OR TIED.
MM INDICATES DATA IS MISSING.
T  INDICATES TRACE AMOUNT.




$$
