000
CDUS41 KBTV 200527
CLIMSS


CLIMATE REPORT
NATIONAL WEATHER SERVICE BURLINGTON VT
126 AM EDT SUN APR 20 2014


...................................

...THE MASSENA NY CLIMATE SUMMARY FOR APRIL 19 2014...

CLIMATE NORMAL PERIOD 1981 TO 2010
CLIMATE RECORD PERIOD 1948 TO 2014


WEATHER ITEM   OBSERVED TIME   RECORD YEAR NORMAL DEPARTURE LAST
                VALUE   (LST)  VALUE       VALUE  FROM      YEAR
                                                  NORMAL
..................................................................
TEMPERATURE (F)
 YESTERDAY
  MAXIMUM         50    517 PM  81    1987  56     -6       77
  MINIMUM         28   1159 PM  19    1970  35     -7       43
  AVERAGE         39                        45     -6       60

PRECIPITATION (IN)
  YESTERDAY        0.02          0.55        0.09  -0.07     0.11
  MONTH TO DATE    2.43                      1.78   0.65     1.42
  SINCE MAR 1      3.34                      3.87  -0.53     1.89
  SINCE JAN 1      6.08                      7.82  -1.74     4.14

DEGREE DAYS
 HEATING
  YESTERDAY       26                        20      6        5
  MONTH TO DATE  493                       461     32      461
  SINCE MAR 1   1921                      1605    316     1543
  SINCE JUL 1   8090                      7592    498     6993

 COOLING
  YESTERDAY        0                         0      0        0
  MONTH TO DATE    0                         0      0        0
  SINCE MAR 1      0                         0      0        0
  SINCE JAN 1      0                         0      0        0
..................................................................


WIND (MPH)
  HIGHEST WIND SPEED    20   HIGHEST WIND DIRECTION    NW (300)
  HIGHEST GUST SPEED    22   HIGHEST GUST DIRECTION    NW (310)
  AVERAGE WIND SPEED     7.4


SKY COVER
  AVERAGE SKY COVER 0.5


WEATHER CONDITIONS
 THE FOLLOWING WEATHER WAS RECORDED YESTERDAY.
  LIGHT RAIN
  FOG


RELATIVE HUMIDITY (PERCENT)
 HIGHEST    96           100 AM
 LOWEST     29           500 PM
 AVERAGE    63

..........................................................


THE MASSENA NY CLIMATE NORMALS FOR TODAY
                         NORMAL    RECORD    YEAR
 MAXIMUM TEMPERATURE (F)   57        82      1987
 MINIMUM TEMPERATURE (F)   35        20      1974


SUNRISE AND SUNSET
APRIL 20 2014.........SUNRISE   606 AM EDT   SUNSET   751 PM EDT
APRIL 21 2014.........SUNRISE   605 AM EDT   SUNSET   752 PM EDT


-  INDICATES NEGATIVE NUMBERS.
R  INDICATES RECORD WAS SET OR TIED.
MM INDICATES DATA IS MISSING.
T  INDICATES TRACE AMOUNT.




$$
