000
CDUS41 KBTV 070547
CLIMSS


CLIMATE REPORT
NATIONAL WEATHER SERVICE BURLINGTON VT
1239 AM EST SUN FEB 7 2016


...................................

...THE MASSENA NY CLIMATE SUMMARY FOR FEBRUARY 6 2016...

CLIMATE NORMAL PERIOD 1981 TO 2010
CLIMATE RECORD PERIOD 1948 TO 2016


WEATHER ITEM   OBSERVED TIME   RECORD YEAR NORMAL DEPARTURE LAST
                VALUE   (LST)  VALUE       VALUE  FROM      YEAR
                                                  NORMAL
..................................................................
TEMPERATURE (F)
 YESTERDAY
  MAXIMUM         34   1159 PM  46    1953  26      8       23
  MINIMUM         25   1206 AM -33    1993   5     20      -24
  AVERAGE         30                        16     14        0

PRECIPITATION (IN)
  YESTERDAY        0.03          0.45        0.06  -0.03      T
  MONTH TO DATE    0.59                      0.35   0.24     0.10
  SINCE DEC 1      3.77                      4.96  -1.19     2.36
  SINCE JAN 1      1.12                      2.53  -1.41     1.38

DEGREE DAYS
 HEATING
  YESTERDAY       35                        49    -14       65
  MONTH TO DATE  182                       298   -116      374
  SINCE DEC 1   2467                      3192   -725     3233
  SINCE JUL 1   3941                      4961  -1020     4794

 COOLING
  YESTERDAY        0                         0      0        0
  MONTH TO DATE    0                         0      0        0
  SINCE DEC 1      0                         0      0        0
  SINCE JAN 1      0                         0      0        0
..................................................................


WIND (MPH)
  HIGHEST WIND SPEED    21   HIGHEST WIND DIRECTION    SW (220)
  HIGHEST GUST SPEED    27   HIGHEST GUST DIRECTION    SW (230)
  AVERAGE WIND SPEED    11.6


SKY COVER
  AVERAGE SKY COVER 1.0


WEATHER CONDITIONS
 THE FOLLOWING WEATHER WAS RECORDED YESTERDAY.
  SNOW
  LIGHT SNOW
  FOG


RELATIVE HUMIDITY (PERCENT)
 HIGHEST    85           800 AM
 LOWEST     69           200 AM
 AVERAGE    77

..........................................................


THE MASSENA NY CLIMATE NORMALS FOR TODAY
                         NORMAL    RECORD    YEAR
 MAXIMUM TEMPERATURE (F)   26        49      2005
 MINIMUM TEMPERATURE (F)    6       -38      1993


SUNRISE AND SUNSET
FEBRUARY  7 2016......SUNRISE   712 AM EST   SUNSET   515 PM EST
FEBRUARY  8 2016......SUNRISE   711 AM EST   SUNSET   517 PM EST


-  INDICATES NEGATIVE NUMBERS.
R  INDICATES RECORD WAS SET OR TIED.
MM INDICATES DATA IS MISSING.
T  INDICATES TRACE AMOUNT.




$$
