000
CDUS42 KKEY 232018
CLIMTH


CLIMATE REPORT
NATIONAL WEATHER SERVICE KEY WEST, FL
418 PM EDT MON OCT 23 2017


...................................

...THE MARATHON CLIMATE SUMMARY FOR OCTOBER 23 2017...
VALID TODAY AS OF 0400 PM LOCAL TIME.

CLIMATE NORMAL PERIOD 1981 TO 2010


WEATHER ITEM   OBSERVED TIME   NORMAL DEPARTURE LAST
                VALUE   (LST)  VALUE  FROM      YEAR
                                      NORMAL
......................................................
TEMPERATURE (F)
 TODAY
  MAXIMUM         88    121 PM  84      4       81
  MINIMUM         80    217 AM  75      5       71
  AVERAGE         84            79      5       76

PRECIPITATION (IN)
  TODAY            0.01          0.15  -0.14     0.00
  MONTH TO DATE    6.34          3.66   2.68     1.04
  SINCE SEP 1      9.87         11.39  -1.52     4.82
  SINCE JAN 1     28.54         40.21 -11.67    34.01

SNOWFALL (IN)
  TODAY            0.0
  MONTH TO DATE    0.0
  SINCE SEP 1      0.0
  SINCE JUL 1      0.0
  SNOW DEPTH       0

DEGREE DAYS
 HEATING
  TODAY            0             0      0        0
  MONTH TO DATE    0             0      0        0
  SINCE SEP 1      0             0      0        0
  SINCE JUL 1      0             0      0        0

 COOLING
  TODAY           19            14      5       11
  MONTH TO DATE  430           377     53      394
  SINCE SEP 1    989           945     44      991
  SINCE JAN 1   4936          4331    605     4471
......................................................


WIND (MPH)
  HIGHEST WIND SPEED    16   HIGHEST WIND DIRECTION    SE (120)
  HIGHEST GUST SPEED    28   HIGHEST GUST DIRECTION    SE (120)
  AVERAGE WIND SPEED    11.0


SKY COVER
  POSSIBLE SUNSHINE  MM
  AVERAGE SKY COVER 0.2


WEATHER CONDITIONS
 THE FOLLOWING WEATHER WAS RECORDED TODAY.
  LIGHT RAIN


RELATIVE HUMIDITY (PERCENT)
 HIGHEST    79
 LOWEST     63
 AVERAGE    71

..........................................................


THE MARATHON CLIMATE NORMALS FOR TOMORROW
                         NORMAL
 MAXIMUM TEMPERATURE (F)   84
 MINIMUM TEMPERATURE (F)   75


SUNRISE AND SUNSET
OCTOBER 23 2017.......SUNRISE   726 AM EDT   SUNSET   650 PM EDT
OCTOBER 24 2017.......SUNRISE   727 AM EDT   SUNSET   650 PM EDT


-  INDICATES NEGATIVE NUMBERS.
R  INDICATES RECORD WAS SET OR TIED.
MM INDICATES DATA IS MISSING.
T  INDICATES TRACE AMOUNT.




$$
