838
CDUS42 KKEY 260529
CLIMTH


CLIMATE REPORT
NATIONAL WEATHER SERVICE KEY WEST, FL
128 AM EDT MON JUN 26 2017

...................................

...THE MARATHON CLIMATE SUMMARY FOR JUNE 25 2017...

CLIMATE NORMAL PERIOD 1981 TO 2010

WEATHER ITEM   OBSERVED TIME   NORMAL DEPARTURE LAST
               VALUE    (LST)  VALUE  FROM      YEAR
                                      NORMAL
......................................................
TEMPERATURE (F)
 YESTERDAY
  MAXIMUM         91   1203 PM  91      0       91
  MINIMUM         80   1210 AM  79      1       78
  AVERAGE         86            85      1       85

PRECIPITATION (IN)
  YESTERDAY        0.01          0.21  -0.20     0.04
  MONTH TO DATE    6.67          4.60   2.07     2.37
  SINCE JUN 1      6.67          4.60   2.07     2.37
  SINCE JAN 1     12.83         16.54  -3.71    15.17

SNOWFALL (IN)
  YESTERDAY        0.0
  MONTH TO DATE    0.0
  SINCE JUN 1      0.0
  SINCE JUL 1      0.0
  SNOW DEPTH       0

DEGREE DAYS
 HEATING
  YESTERDAY        0             0      0        0
  MONTH TO DATE    0             0      0        0
  SINCE JUN 1      0             0      0        0
  SINCE JUL 1      3            81    -78       49

 COOLING
  YESTERDAY       21            20      1       20
  MONTH TO DATE  489           495     -6      490
  SINCE JUN 1    489           495     -6      490
  SINCE JAN 1   2485          2038    447     2105
......................................................

WIND (MPH)
  HIGHEST WIND SPEED    15   HIGHEST WIND DIRECTION     E (80)
  HIGHEST GUST SPEED    20   HIGHEST GUST DIRECTION     E (80)
  AVERAGE WIND SPEED     8.0

SKY COVER
  POSSIBLE SUNSHINE  MM
  AVERAGE SKY COVER 0.2

WEATHER CONDITIONS
 THE FOLLOWING WEATHER WAS RECORDED YESTERDAY.
  LIGHT RAIN
  FOG

RELATIVE HUMIDITY (PERCENT)
 HIGHEST    91
 LOWEST     68
 AVERAGE    80

..........................................................

THE MARATHON CLIMATE NORMALS FOR TODAY
                         NORMAL
 MAXIMUM TEMPERATURE (F)   91
 MINIMUM TEMPERATURE (F)   79

SUNRISE AND SUNSET
JUNE 26 2017..........SUNRISE   637 AM EDT   SUNSET   817 PM EDT
JUNE 27 2017..........SUNRISE   638 AM EDT   SUNSET   817 PM EDT

-  INDICATES NEGATIVE NUMBERS.
R  INDICATES RECORD WAS SET OR TIED.
MM INDICATES DATA IS MISSING.
T  INDICATES TRACE AMOUNT.

$$
