000
CDUS42 KKEY 100541
CLIMTH

CLIMATE REPORT
NATIONAL WEATHER SERVICE KEY WEST, FL
1239 AM EST WED FEB 10 2016


...................................

...THE MARATHON CLIMATE SUMMARY FOR FEBRUARY 9 2016...

CLIMATE NORMAL PERIOD 1981 TO 2010


WEATHER ITEM   OBSERVED TIME   NORMAL DEPARTURE LAST
                VALUE   (LST)  VALUE  FROM      YEAR
                                      NORMAL
......................................................
TEMPERATURE (F)
 YESTERDAY
  MAXIMUM         69    150 PM  77     -8       79
  MINIMUM         64   1159 PM  66     -2       67
  AVERAGE         67            71     -4       73

PRECIPITATION (IN)
  YESTERDAY        0.00          0.08  -0.08     0.14
  MONTH TO DATE    2.59          0.59   2.00     0.75
  SINCE DEC 1     15.76          4.22  11.54     2.49
  SINCE JAN 1      7.82          2.20   5.62     0.95

SNOWFALL (IN)
  YESTERDAY        0.0
  MONTH TO DATE    0.0
  SINCE DEC 1      0.0
  SINCE JUL 1      0.0
  SNOW DEPTH       0

DEGREE DAYS
 HEATING
  YESTERDAY        0             1     -1        0
  MONTH TO DATE    8             5      3        0
  SINCE DEC 1     35            63    -28       18
  SINCE JUL 1     35            64    -29       24

 COOLING
  YESTERDAY        2             7     -5        8
  MONTH TO DATE   59            58      1       62
  SINCE DEC 1    589           467    122      533
  SINCE JAN 1    193           239    -46      294
......................................................


WIND (MPH)
  HIGHEST WIND SPEED    20   HIGHEST WIND DIRECTION    NW (320)
  HIGHEST GUST SPEED    30   HIGHEST GUST DIRECTION    NW (300)
  AVERAGE WIND SPEED    10.4


SKY COVER
  POSSIBLE SUNSHINE  MM
  AVERAGE SKY COVER 0.4


WEATHER CONDITIONS
 THE FOLLOWING WEATHER WAS RECORDED YESTERDAY.
  NO SIGNIFICANT WEATHER WAS OBSERVED.


RELATIVE HUMIDITY (PERCENT)
 HIGHEST    81
 LOWEST     57
 AVERAGE    69

..........................................................


THE MARATHON CLIMATE NORMALS FOR TODAY
                         NORMAL
 MAXIMUM TEMPERATURE (F)   77
 MINIMUM TEMPERATURE (F)   66


SUNRISE AND SUNSET
FEBRUARY 10 2016......SUNRISE   702 AM EST   SUNSET   615 PM EST
FEBRUARY 11 2016......SUNRISE   701 AM EST   SUNSET   616 PM EST


-  INDICATES NEGATIVE NUMBERS.
R  INDICATES RECORD WAS SET OR TIED.
MM INDICATES DATA IS MISSING.
T  INDICATES TRACE AMOUNT.




$$
