000
CDUS43 KILX 230656
CLIMTO


CLIMATE REPORT
NATIONAL WEATHER SERVICE LINCOLN IL
155 AM CDT SAT AUG 23 2014


...................................

...THE MATTOON IL AIRPORT CLIMATE SUMMARY FOR AUGUST 22 2014...

CLIMATE NORMAL PERIOD 1981 TO 2010
CLIMATE RECORD PERIOD 9999 TO 9999


WEATHER ITEM   OBSERVED TIME   RECORD YEAR NORMAL DEPARTURE LAST
                VALUE   (LST)  VALUE       VALUE  FROM      YEAR
                                                  NORMAL
..................................................................
TEMPERATURE (F)
 YESTERDAY
  MAXIMUM         86    202 PM  MM      MM  85      1       88
  MINIMUM         76   1115 PM  MM      MM  62     14       69
  AVERAGE         81                        74      7       79

PRECIPITATION (IN)
  YESTERDAY        0.00         MM      MM   0.10  -0.10      T
  MONTH TO DATE    2.28                      2.12   0.16     0.34
  SINCE JUN 1     10.82                     10.61   0.21    15.57
  SINCE JAN 1     20.99                     24.96  -3.97    38.22

DEGREE DAYS
 HEATING
  YESTERDAY        0                         0      0        0
  MONTH TO DATE    1                         0      1        8
  SINCE JUN 1      8                        18    -10       21
  SINCE JUL 1      5                         1      4       10

 COOLING
  YESTERDAY       16                         9      7       14
  MONTH TO DATE  154                       210    -56      110
  SINCE JUN 1    582                       763   -181      571
  SINCE JAN 1    712                       851   -139      680
..................................................................


WIND (MPH)
  HIGHEST WIND SPEED    14   HIGHEST WIND DIRECTION    SW (210)
  HIGHEST GUST SPEED    20   HIGHEST GUST DIRECTION    SW (220)
  AVERAGE WIND SPEED     6.1


SKY COVER
  POSSIBLE SUNSHINE  MM
  AVERAGE SKY COVER 0.2


WEATHER CONDITIONS
 THE FOLLOWING WEATHER WAS RECORDED YESTERDAY.
  FOG


RELATIVE HUMIDITY (PERCENT)
 HIGHEST   100          1000 PM
 LOWEST     70           200 PM
 AVERAGE    85

..........................................................


THE MATTOON IL AIRPORT CLIMATE NORMALS FOR TODAY
                         NORMAL    RECORD    YEAR
 MAXIMUM TEMPERATURE (F)   85        MM        MM
 MINIMUM TEMPERATURE (F)   62        MM        MM


SUNRISE AND SUNSET
AUGUST 23 2014........SUNRISE   613 AM CDT   SUNSET   738 PM CDT
AUGUST 24 2014........SUNRISE   614 AM CDT   SUNSET   736 PM CDT


-  INDICATES NEGATIVE NUMBERS.
R  INDICATES RECORD WAS SET OR TIED.
MM INDICATES DATA IS MISSING.
T  INDICATES TRACE AMOUNT.




$$
