000
CDUS43 KILX 270637
CLIMTO


CLIMATE REPORT
NATIONAL WEATHER SERVICE LINCOLN IL
135 AM CDT FRI MAY 27 2016


...................................

...THE MATTOON IL AIRPORT CLIMATE SUMMARY FOR MAY 26 2016...

CLIMATE NORMAL PERIOD 1981 TO 2010
CLIMATE RECORD PERIOD 9999 TO 9999


WEATHER ITEM   OBSERVED TIME   RECORD YEAR NORMAL DEPARTURE LAST
                VALUE   (LST)  VALUE       VALUE  FROM      YEAR
                                                  NORMAL
..................................................................
TEMPERATURE (F)
 YESTERDAY
  MAXIMUM         77    145 PM  MM      MM  76      1       78
  MINIMUM         64    851 AM  MM      MM  56      8       65
  AVERAGE         71                        66      5       72

PRECIPITATION (IN)
  YESTERDAY        0.74         MM      MM   0.12   0.62     0.24
  MONTH TO DATE    2.31                      3.82  -1.51     1.94
  SINCE MAR 1     10.79                      9.82   0.97     8.25
  SINCE JAN 1     11.52                     13.80  -2.28     9.60

DEGREE DAYS
 HEATING
  YESTERDAY        0                         2     -2        0
  MONTH TO DATE  156                       119     37       80
  SINCE MAR 1   1012                      1177   -165     1200
  SINCE JUL 1   4534                      5381   -847     5893

 COOLING
  YESTERDAY        6                         4      2        7
  MONTH TO DATE   25                        55    -30      102
  SINCE MAR 1     32                        69    -37      104
  SINCE JAN 1     32                        69    -37      104
..................................................................


WIND (MPH)
  HIGHEST WIND SPEED    23   HIGHEST WIND DIRECTION     N (340)
  HIGHEST GUST SPEED    29   HIGHEST GUST DIRECTION     N (340)
  AVERAGE WIND SPEED     9.5


SKY COVER
  POSSIBLE SUNSHINE  MM
  AVERAGE SKY COVER 0.2


WEATHER CONDITIONS
 THE FOLLOWING WEATHER WAS RECORDED YESTERDAY.
  THUNDERSTORM
  HEAVY RAIN
  RAIN
  LIGHT RAIN
  FOG


RELATIVE HUMIDITY (PERCENT)
 HIGHEST    93           200 AM
 LOWEST     69          1200 PM
 AVERAGE    81

..........................................................


THE MATTOON IL AIRPORT CLIMATE NORMALS FOR TODAY
                         NORMAL    RECORD    YEAR
 MAXIMUM TEMPERATURE (F)   77        MM        MM
 MINIMUM TEMPERATURE (F)   56        MM        MM


SUNRISE AND SUNSET
MAY 27 2016...........SUNRISE   530 AM CDT   SUNSET   811 PM CDT
MAY 28 2016...........SUNRISE   530 AM CDT   SUNSET   812 PM CDT


-  INDICATES NEGATIVE NUMBERS.
R  INDICATES RECORD WAS SET OR TIED.
MM INDICATES DATA IS MISSING.
T  INDICATES TRACE AMOUNT.




$$
