000
CDUS43 KILX 290659
CLIMTO


CLIMATE REPORT
NATIONAL WEATHER SERVICE LINCOLN IL
157 AM CDT SAT APR 29 2017


...................................

...THE MATTOON IL AIRPORT CLIMATE SUMMARY FOR APRIL 28 2017...

CLIMATE NORMAL PERIOD 1981 TO 2010
CLIMATE RECORD PERIOD 9999 TO 9999


WEATHER ITEM   OBSERVED TIME   RECORD YEAR NORMAL DEPARTURE LAST
                VALUE   (LST)  VALUE       VALUE  FROM      YEAR
                                                  NORMAL
..................................................................
TEMPERATURE (F)
 YESTERDAY
  MAXIMUM         56   1147 PM  MM      MM  68    -12       70
  MINIMUM         44   1203 AM  MM      MM  48     -4       51
  AVERAGE         50                        58     -8       61

PRECIPITATION (IN)
  YESTERDAY        0.95         MM      MM   0.15   0.80     0.56
  MONTH TO DATE    3.54                      3.09   0.45     4.02
  SINCE MAR 1      4.95                      5.66  -0.71     7.83
  SINCE JAN 1      6.78                      9.64  -2.86     8.56

DEGREE DAYS
 HEATING
  YESTERDAY       15                         8      7        4
  MONTH TO DATE  234                       346   -112      333
  SINCE MAR 1    882                      1045   -163      841
  SINCE JUL 1   4263                      5249   -986     4363

 COOLING
  YESTERDAY        0                         1     -1        0
  MONTH TO DATE   21                         9     12        7
  SINCE MAR 1     21                        10     11        7
  SINCE JAN 1     21                        10     11        7
..................................................................


WIND (MPH)
  HIGHEST WIND SPEED    18   HIGHEST WIND DIRECTION    SE (130)
  HIGHEST GUST SPEED    24   HIGHEST GUST DIRECTION    SE (140)
  AVERAGE WIND SPEED     7.9


SKY COVER
  POSSIBLE SUNSHINE  MM
  AVERAGE SKY COVER 0.7


WEATHER CONDITIONS
 THE FOLLOWING WEATHER WAS RECORDED YESTERDAY.
  THUNDERSTORM
  HEAVY RAIN
  RAIN
  LIGHT RAIN
  FOG


RELATIVE HUMIDITY (PERCENT)
 HIGHEST   100          1200 AM
 LOWEST     83           800 AM
 AVERAGE    92

..........................................................


THE MATTOON IL AIRPORT CLIMATE NORMALS FOR TODAY
                         NORMAL    RECORD    YEAR
 MAXIMUM TEMPERATURE (F)   68        MM        MM
 MINIMUM TEMPERATURE (F)   48        MM        MM


SUNRISE AND SUNSET
APRIL 29 2017.........SUNRISE   556 AM CDT   SUNSET   745 PM CDT
APRIL 30 2017.........SUNRISE   555 AM CDT   SUNSET   746 PM CDT


-  INDICATES NEGATIVE NUMBERS.
R  INDICATES RECORD WAS SET OR TIED.
MM INDICATES DATA IS MISSING.
T  INDICATES TRACE AMOUNT.




$$
