000
CDUS43 KILX 252133
CLIMTO


CLIMATE REPORT
NATIONAL WEATHER SERVICE LINCOLN IL
432 PM CDT FRI JUL 25 2014


...................................

...THE MATTOON IL AIRPORT CLIMATE SUMMARY FOR JULY 25 2014...
VALID TODAY AS OF 0400 PM LOCAL TIME.

CLIMATE NORMAL PERIOD 1981 TO 2010
CLIMATE RECORD PERIOD 9999 TO 9999


WEATHER ITEM   OBSERVED TIME   RECORD YEAR NORMAL DEPARTURE LAST
                VALUE   (LST)  VALUE       VALUE  FROM      YEAR
                                                  NORMAL
..................................................................
TEMPERATURE (F)
 TODAY
  MAXIMUM         68    259 PM  MM      MM  86    -18       78
  MINIMUM         56    415 AM  MM      MM  65     -9       54
  AVERAGE         62                        75    -13       66

PRECIPITATION (IN)
  TODAY            0.03         MM      MM   0.12  -0.09     0.00
  MONTH TO DATE    2.28                      3.62  -1.34     6.47
  SINCE JUN 1      7.72                      7.86  -0.14    14.84
  SINCE JAN 1     17.89                     22.21  -4.32    37.49

DEGREE DAYS
 HEATING
  TODAY            3                         0      3        0
  MONTH TO DATE    6                         0      6        0
  SINCE JUN 1      9                        17     -8       11
  SINCE JUL 1      6                         0      6        0

 COOLING
  TODAY            0                        10    -10        1
  MONTH TO DATE  132                       272   -140      233
  SINCE JUN 1    396                       495    -99      449
  SINCE JAN 1    526                       583    -57      558
..................................................................


WIND (MPH)
  HIGHEST WIND SPEED    21   HIGHEST WIND DIRECTION     S (190)
  HIGHEST GUST SPEED    28   HIGHEST GUST DIRECTION     S (180)
  AVERAGE WIND SPEED     5.0


SKY COVER
  POSSIBLE SUNSHINE  MM
  AVERAGE SKY COVER 0.1


WEATHER CONDITIONS
 THE FOLLOWING WEATHER WAS RECORDED TODAY.
  LIGHT RAIN
  FOG


RELATIVE HUMIDITY (PERCENT)
 HIGHEST    93           200 AM
 LOWEST     73           800 AM
 AVERAGE    83

..........................................................


THE MATTOON IL AIRPORT CLIMATE NORMALS FOR TOMORROW
                         NORMAL    RECORD    YEAR
 MAXIMUM TEMPERATURE (F)   86        MM        MM
 MINIMUM TEMPERATURE (F)   65        MM        MM


SUNRISE AND SUNSET
JULY 25 2014..........SUNRISE   547 AM CDT   SUNSET   812 PM CDT
JULY 26 2014..........SUNRISE   547 AM CDT   SUNSET   811 PM CDT


-  INDICATES NEGATIVE NUMBERS.
R  INDICATES RECORD WAS SET OR TIED.
MM INDICATES DATA IS MISSING.
T  INDICATES TRACE AMOUNT.




$$
