000
CDUS41 KBTV 240537
CLIMVL


CLIMATE REPORT
NATIONAL WEATHER SERVICE BURLINGTON VT
136 AM EDT SUN JUL 24 2016


...................................

...THE MORRISVILLE VT CLIMATE SUMMARY FOR JULY 23 2016...

CLIMATE NORMAL PERIOD 1981 TO 2010
CLIMATE RECORD PERIOD 9999 TO 9999


WEATHER ITEM   OBSERVED TIME   NORMAL DEPARTURE LAST
                VALUE   (LST)  VALUE  FROM      YEAR
                                      NORMAL
......................................................
TEMPERATURE (F)
 YESTERDAY
  MAXIMUM         81   1258 PM  80      1       76
  MINIMUM         60   1153 PM  56      4       59
  AVERAGE         71            68      3       68

PRECIPITATION (IN)
  YESTERDAY        0.37          0.12   0.25      T
  MONTH TO DATE    3.14          3.18  -0.04     2.30
  SINCE JUN 1      5.03          7.16  -2.13     9.21
  SINCE JAN 1     12.08         18.78  -6.70    14.46

DEGREE DAYS
 HEATING
  YESTERDAY        0             1     -1        0
  MONTH TO DATE   31            24      7       23
  SINCE JUN 1    162           147     15      128
  SINCE JUL 1     31            24      7       23

 COOLING
  YESTERDAY        6             4      2        3
  MONTH TO DATE   82            85     -3       95
  SINCE JUN 1    115           133    -18      135
  SINCE JAN 1    144           141      3      188
......................................................


WIND (MPH)
  HIGHEST WIND SPEED    21   HIGHEST WIND DIRECTION     N (10)
  HIGHEST GUST SPEED    26   HIGHEST GUST DIRECTION     N (20)
  AVERAGE WIND SPEED     2.0


SKY COVER
  AVERAGE SKY COVER 0.7


WEATHER CONDITIONS
 THE FOLLOWING WEATHER WAS RECORDED YESTERDAY.
  HEAVY RAIN
  RAIN
  LIGHT RAIN
  FOG
  FOG W/VISIBILITY <= 1/4 MILE
  HAZE


RELATIVE HUMIDITY (PERCENT)
 HIGHEST   100          1200 AM
 LOWEST     54           100 PM
 AVERAGE    77

..........................................................


THE MORRISVILLE VT CLIMATE NORMALS FOR TODAY
                         NORMAL    RECORD    YEAR
 MAXIMUM TEMPERATURE (F)   80        90      2001
 MINIMUM TEMPERATURE (F)   56        47      2002


SUNRISE AND SUNSET
JULY 24 2016..........SUNRISE   529 AM EDT   SUNSET   824 PM EDT
JULY 25 2016..........SUNRISE   530 AM EDT   SUNSET   823 PM EDT


-  INDICATES NEGATIVE NUMBERS.
R  INDICATES RECORD WAS SET OR TIED.
MM INDICATES DATA IS MISSING.
T  INDICATES TRACE AMOUNT.




$$
