000
CDUS41 KBTV 190552
CLIMVL


CLIMATE REPORT
NATIONAL WEATHER SERVICE BURLINGTON VT
1251 AM EST FRI JAN 19 2018


...................................

...THE MORRISVILLE VT CLIMATE SUMMARY FOR JANUARY 18 2018...

CLIMATE NORMAL PERIOD 1981 TO 2010
CLIMATE RECORD PERIOD 9999 TO 9999


WEATHER ITEM   OBSERVED TIME   NORMAL DEPARTURE LAST
                VALUE   (LST)  VALUE  FROM      YEAR
                                      NORMAL
......................................................
TEMPERATURE (F)
 YESTERDAY
  MAXIMUM         27        MM  26      1       34
  MINIMUM          1        MM   5     -4       30
  AVERAGE         14            15     -1       32

PRECIPITATION (IN)
  YESTERDAY        0.06          0.08  -0.02     0.06
  MONTH TO DATE    2.60          1.58   1.02     0.75
  SINCE DEC 1      3.45          4.22  -0.77     3.96
  SINCE JAN 1      2.60          1.58   1.02     0.75

DEGREE DAYS
 HEATING
  YESTERDAY       51            50      1       33
  MONTH TO DATE  836           878    -42      777
  SINCE DEC 1   2319          2188    131     2047
  SINCE JUL 1   3960          4016    -56     3638

 COOLING
  YESTERDAY        0             0      0        0
  MONTH TO DATE    0             0      0        0
  SINCE DEC 1      0             0      0        0
  SINCE JAN 1      0             0      0        0
......................................................


WIND (MPH)
  HIGHEST WIND SPEED    10   HIGHEST WIND DIRECTION    SW (220)
  HIGHEST GUST SPEED    17   HIGHEST GUST DIRECTION     N (340)
  AVERAGE WIND SPEED     2.8


SKY COVER
  AVERAGE SKY COVER 0.5


WEATHER CONDITIONS
 THE FOLLOWING WEATHER WAS RECORDED YESTERDAY.
  LIGHT SNOW
  FOG


RELATIVE HUMIDITY (PERCENT)
 HIGHEST    92          1200 AM
 LOWEST     63           100 PM
 AVERAGE    78

..........................................................


THE MORRISVILLE VT CLIMATE NORMALS FOR TODAY
                         NORMAL    RECORD    YEAR
 MAXIMUM TEMPERATURE (F)   26        41      1990
 MINIMUM TEMPERATURE (F)    4       -33      1997


SUNRISE AND SUNSET
JANUARY 19 2018.......SUNRISE   721 AM EST   SUNSET   442 PM EST
JANUARY 20 2018.......SUNRISE   720 AM EST   SUNSET   443 PM EST


-  INDICATES NEGATIVE NUMBERS.
R  INDICATES RECORD WAS SET OR TIED.
MM INDICATES DATA IS MISSING.
T  INDICATES TRACE AMOUNT.




$$
