000
CDUS41 KBTV 240523
CLIMVL


CLIMATE REPORT
NATIONAL WEATHER SERVICE BURLINGTON VT
120 AM EDT SAT JUN 24 2017


...................................

...THE MORRISVILLE VT CLIMATE SUMMARY FOR JUNE 23 2017...

CLIMATE NORMAL PERIOD 1981 TO 2010
CLIMATE RECORD PERIOD 9999 TO 9999


WEATHER ITEM   OBSERVED TIME   NORMAL DEPARTURE LAST
                VALUE   (LST)  VALUE  FROM      YEAR
                                      NORMAL
......................................................
TEMPERATURE (F)
 YESTERDAY
  MAXIMUM         81   1257 PM  77      4       74
  MINIMUM         58    541 AM  53      5       46
  AVERAGE         70            65      5       60

PRECIPITATION (IN)
  YESTERDAY        1.14          0.14   1.00      T
  MONTH TO DATE    3.94          2.96   0.98     1.50
  SINCE JUN 1      3.94          2.96   0.98     1.50
  SINCE JAN 1     16.69         14.58   2.11     8.55

DEGREE DAYS
 HEATING
  YESTERDAY        0             2     -2        5
  MONTH TO DATE  125           111     14      124
  SINCE JUN 1    125           111     14      124
  SINCE JUL 1   7658          8242   -584     6826

 COOLING
  YESTERDAY        5             2      3        0
  MONTH TO DATE   41            31     10       15
  SINCE JUN 1     41            31     10       15
  SINCE JAN 1     50            39     11       44
......................................................


WIND (MPH)
  HIGHEST WIND SPEED    14   HIGHEST WIND DIRECTION     N (10)
  HIGHEST GUST SPEED    19   HIGHEST GUST DIRECTION    SW (210)
  AVERAGE WIND SPEED     3.4


SKY COVER
  AVERAGE SKY COVER 0.9


WEATHER CONDITIONS
 THE FOLLOWING WEATHER WAS RECORDED YESTERDAY.
  HEAVY RAIN
  RAIN
  LIGHT RAIN
  FOG


RELATIVE HUMIDITY (PERCENT)
 HIGHEST   100           700 AM
 LOWEST     67           100 PM
 AVERAGE    84

..........................................................


THE MORRISVILLE VT CLIMATE NORMALS FOR TODAY
                         NORMAL    RECORD    YEAR
 MAXIMUM TEMPERATURE (F)   77        93      2003
 MINIMUM TEMPERATURE (F)   53        36      1988


SUNRISE AND SUNSET
JUNE 24 2017..........SUNRISE   506 AM EDT   SUNSET   839 PM EDT
JUNE 25 2017..........SUNRISE   507 AM EDT   SUNSET   839 PM EDT


-  INDICATES NEGATIVE NUMBERS.
R  INDICATES RECORD WAS SET OR TIED.
MM INDICATES DATA IS MISSING.
T  INDICATES TRACE AMOUNT.




$$
