000
CDUS41 KBTV 300613
CLIMVL


CLIMATE REPORT
NATIONAL WEATHER SERVICE BURLINGTON VT
211 AM EDT SAT AUG 30 2014


...................................

...THE MORRISVILLE VT CLIMATE SUMMARY FOR AUGUST 29 2014...

CLIMATE NORMAL PERIOD 1981 TO 2010
CLIMATE RECORD PERIOD 9999 TO 9999


WEATHER ITEM   OBSERVED TIME   NORMAL DEPARTURE LAST
                VALUE   (LST)  VALUE  FROM      YEAR
                                      NORMAL
......................................................
TEMPERATURE (F)
 YESTERDAY
  MAXIMUM         75    230 PM  76     -1       79
  MINIMUM         50   1142 PM  51     -1       62
  AVERAGE         63            64     -1       71

PRECIPITATION (IN)
  YESTERDAY        0.00          0.11  -0.11     0.41
  MONTH TO DATE    2.48          3.82  -1.34     2.81
  SINCE JUN 1     12.53         11.93   0.60    18.03
  SINCE JAN 1     26.13         23.55   2.58    30.04

DEGREE DAYS
 HEATING
  YESTERDAY        2             3     -1        0
  MONTH TO DATE   41            59    -18       56
  SINCE JUN 1    142           212    -70      199
  SINCE JUL 1     70            89    -19       69

 COOLING
  YESTERDAY        0             2     -2        6
  MONTH TO DATE   54            74    -20       66
  SINCE JUN 1    203           234    -31      328
  SINCE JAN 1    208           242    -34      348
......................................................


WIND (MPH)
  HIGHEST WIND SPEED     7   HIGHEST WIND DIRECTION     N (350)
  HIGHEST GUST SPEED    10   HIGHEST GUST DIRECTION     N (360)
  AVERAGE WIND SPEED     1.2


SKY COVER
  AVERAGE SKY COVER 0.3


WEATHER CONDITIONS
 THE FOLLOWING WEATHER WAS RECORDED YESTERDAY.
  FOG


RELATIVE HUMIDITY (PERCENT)
 HIGHEST    93           700 AM
 LOWEST     46           300 PM
 AVERAGE    70

..........................................................


THE MORRISVILLE VT CLIMATE NORMALS FOR TODAY
                         NORMAL    RECORD    YEAR
 MAXIMUM TEMPERATURE (F)   75        MM        MM
 MINIMUM TEMPERATURE (F)   51        MM        MM


SUNRISE AND SUNSET
AUGUST 30 2014........SUNRISE   611 AM EDT   SUNSET   731 PM EDT
AUGUST 31 2014........SUNRISE   612 AM EDT   SUNSET   729 PM EDT


-  INDICATES NEGATIVE NUMBERS.
R  INDICATES RECORD WAS SET OR TIED.
MM INDICATES DATA IS MISSING.
T  INDICATES TRACE AMOUNT.




$$
