000
CDUS41 KBTV 010533
CLIMVL


CLIMATE REPORT
NATIONAL WEATHER SERVICE BURLINGTON VT
131 AM EDT SAT AUG 1 2015


...................................

...THE MORRISVILLE VT CLIMATE SUMMARY FOR JULY 31 2015...

CLIMATE NORMAL PERIOD 1981 TO 2010
CLIMATE RECORD PERIOD 9999 TO 9999


WEATHER ITEM   OBSERVED TIME   NORMAL DEPARTURE LAST
                VALUE   (LST)  VALUE  FROM      YEAR
                                      NORMAL
......................................................
TEMPERATURE (F)
 YESTERDAY
  MAXIMUM         81    240 PM  80      1       72
  MINIMUM         60    416 AM  55      5       52
  AVERAGE         71            67      4       62

PRECIPITATION (IN)
  YESTERDAY        0.00          0.12  -0.12     0.00
  MONTH TO DATE    2.62          4.13  -1.51     6.16
  SINCE JUN 1      9.53          8.11   1.42    10.05
  SINCE JAN 1     14.78         19.73  -4.95    23.65

DEGREE DAYS
 HEATING
  YESTERDAY        0             1     -1        3
  MONTH TO DATE   23            32     -9       29
  SINCE JUN 1    128           153    -25      101
  SINCE JUL 1     23            30     -7       29

 COOLING
  YESTERDAY        6             4      2        0
  MONTH TO DATE  157           112     45      109
  SINCE JUN 1    197           160     37      149
  SINCE JAN 1    250           168     82      154
......................................................


WIND (MPH)
  HIGHEST WIND SPEED    13   HIGHEST WIND DIRECTION     W (260)
  HIGHEST GUST SPEED    21   HIGHEST GUST DIRECTION     W (250)
  AVERAGE WIND SPEED     4.2


SKY COVER
  AVERAGE SKY COVER 0.3


WEATHER CONDITIONS
 THE FOLLOWING WEATHER WAS RECORDED YESTERDAY.
  NO SIGNIFICANT WEATHER WAS OBSERVED.


RELATIVE HUMIDITY (PERCENT)
 HIGHEST    84           200 AM
 LOWEST     42           300 PM
 AVERAGE    63

..........................................................


THE MORRISVILLE VT CLIMATE NORMALS FOR TODAY
                         NORMAL    RECORD    YEAR
 MAXIMUM TEMPERATURE (F)   79        92      2006
 MINIMUM TEMPERATURE (F)   55        39      1987


SUNRISE AND SUNSET
AUGUST  1 2015........SUNRISE   537 AM EDT   SUNSET   816 PM EDT
AUGUST  2 2015........SUNRISE   538 AM EDT   SUNSET   815 PM EDT


-  INDICATES NEGATIVE NUMBERS.
R  INDICATES RECORD WAS SET OR TIED.
MM INDICATES DATA IS MISSING.
T  INDICATES TRACE AMOUNT.




$$
