575
CDUS41 KBTV 280622
CLIMVL


CLIMATE REPORT
NATIONAL WEATHER SERVICE BURLINGTON VT
120 AM EST TUE FEB 28 2017


...................................

...THE MORRISVILLE VT CLIMATE SUMMARY FOR FEBRUARY 27 2017...

CLIMATE NORMAL PERIOD 1981 TO 2010
CLIMATE RECORD PERIOD 9999 TO 9999


WEATHER ITEM   OBSERVED TIME   NORMAL DEPARTURE LAST
                VALUE   (LST)  VALUE  FROM      YEAR
                                      NORMAL
......................................................
TEMPERATURE (F)
 YESTERDAY
  MAXIMUM         44    426 PM  34     10       36
  MINIMUM         22   1203 AM  11     11        3
  AVERAGE         33            22     11       20

PRECIPITATION (IN)
  YESTERDAY        0.00          0.06  -0.06      T
  MONTH TO DATE    1.14          1.68  -0.54     2.34
  SINCE DEC 1      6.28          6.86  -0.58     4.97
  SINCE JAN 1      3.07          4.22  -1.15     3.03

DEGREE DAYS
 HEATING
  YESTERDAY       32            43    -11       45
  MONTH TO DATE 1092          1255   -163      910
  SINCE DEC 1   3604          4089   -485     3100
  SINCE JUL 1   5195          5917   -722     4515

 COOLING
  YESTERDAY        0             0      0        0
  MONTH TO DATE    0             0      0        0
  SINCE DEC 1      0             0      0        0
  SINCE JAN 1      0             0      0        0
......................................................


WIND (MPH)
  HIGHEST WIND SPEED    20   HIGHEST WIND DIRECTION    SW (210)
  HIGHEST GUST SPEED    29   HIGHEST GUST DIRECTION    SW (210)
  AVERAGE WIND SPEED     8.5


SKY COVER
  AVERAGE SKY COVER 0.7


WEATHER CONDITIONS
 THE FOLLOWING WEATHER WAS RECORDED YESTERDAY.
  NO SIGNIFICANT WEATHER WAS OBSERVED.


RELATIVE HUMIDITY (PERCENT)
 HIGHEST    71          1200 AM
 LOWEST     40          1000 AM
 AVERAGE    56

..........................................................


THE MORRISVILLE VT CLIMATE NORMALS FOR TODAY
                         NORMAL    RECORD    YEAR
 MAXIMUM TEMPERATURE (F)   34        53      1998
 MINIMUM TEMPERATURE (F)   11       -19      2015


SUNRISE AND SUNSET
FEBRUARY 28 2017......SUNRISE   629 AM EST   SUNSET   537 PM EST
MARCH  1 2017.........SUNRISE   627 AM EST   SUNSET   539 PM EST


-  INDICATES NEGATIVE NUMBERS.
R  INDICATES RECORD WAS SET OR TIED.
MM INDICATES DATA IS MISSING.
T  INDICATES TRACE AMOUNT.




$$
