000
CDUS41 KBTV 170637
CLIMVL


CLIMATE REPORT
NATIONAL WEATHER SERVICE BURLINGTON VT
135 AM EST FRI NOV 17 2017


...................................

...THE MORRISVILLE VT CLIMATE SUMMARY FOR NOVEMBER 16 2017...

CLIMATE NORMAL PERIOD 1981 TO 2010
CLIMATE RECORD PERIOD 9999 TO 9999


WEATHER ITEM   OBSERVED TIME   NORMAL DEPARTURE LAST
                VALUE   (LST)  VALUE  FROM      YEAR
                                      NORMAL
......................................................
TEMPERATURE (F)
 YESTERDAY
  MAXIMUM         MM        MM  44     MM       47
  MINIMUM         MM        MM  26     MM       43
  AVERAGE         MM            35     MM       45

PRECIPITATION (IN)
  YESTERDAY        0.05          0.11  -0.06      T
  MONTH TO DATE    1.28          1.62  -0.34     0.35
  SINCE SEP 1      7.88          8.10  -0.22     2.43
  SINCE JAN 1     34.84         31.86   2.98    18.07

DEGREE DAYS
 HEATING
  YESTERDAY       MM            30     MM       20
  MONTH TO DATE  452           435     17      400
  SINCE SEP 1   1005          1271   -266     1102
  SINCE JUL 1   1167          1366   -199     1161

 COOLING
  YESTERDAY       MM             0     MM        0
  MONTH TO DATE    0             0      0        0
  SINCE SEP 1     48            18     30       34
  SINCE JAN 1    192           265    -73      322
......................................................


WIND (MPH)
  HIGHEST WIND SPEED    16   HIGHEST WIND DIRECTION     S (180)
  HIGHEST GUST SPEED    30   HIGHEST GUST DIRECTION     S (180)
  AVERAGE WIND SPEED     7.1


SKY COVER
  AVERAGE SKY COVER 0.9


WEATHER CONDITIONS
 THE FOLLOWING WEATHER WAS RECORDED YESTERDAY.
  LIGHT RAIN
  LIGHT SNOW


RELATIVE HUMIDITY (PERCENT)
 HIGHEST   100           200 PM
 LOWEST     70          1200 AM
 AVERAGE    85

..........................................................


THE MORRISVILLE VT CLIMATE NORMALS FOR TODAY
                         NORMAL    RECORD    YEAR
 MAXIMUM TEMPERATURE (F)   43        68      2006
 MINIMUM TEMPERATURE (F)   26         9      1997


SUNRISE AND SUNSET
NOVEMBER 17 2017......SUNRISE   650 AM EST   SUNSET   421 PM EST
NOVEMBER 18 2017......SUNRISE   651 AM EST   SUNSET   420 PM EST


-  INDICATES NEGATIVE NUMBERS.
R  INDICATES RECORD WAS SET OR TIED.
MM INDICATES DATA IS MISSING.
T  INDICATES TRACE AMOUNT.




$$
