901
CDUS41 KBTV 250536
CLIMVL


CLIMATE REPORT
NATIONAL WEATHER SERVICE BURLINGTON VT
136 AM EDT TUE APR 25 2017


...................................

...THE MORRISVILLE VT CLIMATE SUMMARY FOR APRIL 24 2017...

CLIMATE NORMAL PERIOD 1981 TO 2010
CLIMATE RECORD PERIOD 9999 TO 9999


WEATHER ITEM   OBSERVED TIME   NORMAL DEPARTURE LAST
                VALUE   (LST)  VALUE  FROM      YEAR
                                      NORMAL
......................................................
TEMPERATURE (F)
 YESTERDAY
  MAXIMUM         57    413 PM  59     -2       50
  MINIMUM         32   1157 PM  33     -1       22
  AVERAGE         45            46     -1       36

PRECIPITATION (IN)
  YESTERDAY        0.00          0.07  -0.07     0.00
  MONTH TO DATE    3.46          1.95   1.51     1.55
  SINCE MAR 1      4.46          3.62   0.84     2.68
  SINCE JAN 1      7.53          7.90  -0.37     5.83

DEGREE DAYS
 HEATING
  YESTERDAY       20            19      1       29
  MONTH TO DATE  506           587    -81      650
  SINCE MAR 1   1814          1714    100     1606
  SINCE JUL 1   7037          7674   -637     6179

 COOLING
  YESTERDAY        0             0      0        0
  MONTH TO DATE    0             0      0        0
  SINCE MAR 1      0             0      0        0
  SINCE JAN 1      0             0      0        0
......................................................


WIND (MPH)
  HIGHEST WIND SPEED    14   HIGHEST WIND DIRECTION     N (20)
  HIGHEST GUST SPEED    17   HIGHEST GUST DIRECTION     N (20)
  AVERAGE WIND SPEED     5.8


SKY COVER
  AVERAGE SKY COVER 0.2


WEATHER CONDITIONS
 THE FOLLOWING WEATHER WAS RECORDED YESTERDAY.
  NO SIGNIFICANT WEATHER WAS OBSERVED.


RELATIVE HUMIDITY (PERCENT)
 HIGHEST    92           600 AM
 LOWEST     40           400 PM
 AVERAGE    66

..........................................................


THE MORRISVILLE VT CLIMATE NORMALS FOR TODAY
                         NORMAL    RECORD    YEAR
 MAXIMUM TEMPERATURE (F)   59        85      2009
 MINIMUM TEMPERATURE (F)   34        22      2016


SUNRISE AND SUNSET
APRIL 25 2017.........SUNRISE   550 AM EDT   SUNSET   748 PM EDT
APRIL 26 2017.........SUNRISE   548 AM EDT   SUNSET   749 PM EDT


-  INDICATES NEGATIVE NUMBERS.
R  INDICATES RECORD WAS SET OR TIED.
MM INDICATES DATA IS MISSING.
T  INDICATES TRACE AMOUNT.




$$
