000
CDUS45 KBOI 110933
CLIMYL


CLIMATE REPORT
NATIONAL WEATHER SERVICE BOISE ID
232 AM MST SUN DEC 11 2016


...................................

...THE MCCALL ID CLIMATE SUMMARY FOR DECEMBER 10 2016...

CLIMATE NORMAL PERIOD 1981 TO 2010
CLIMATE RECORD PERIOD 1930 TO 2016


WEATHER ITEM   OBSERVED TIME   RECORD YEAR NORMAL DEPARTURE LAST
                VALUE   (LST)  VALUE       VALUE  FROM      YEAR
                                                  NORMAL
..................................................................
TEMPERATURE (F)
 YESTERDAY
  MAXIMUM         36    240 PM  49    1990  27      9       37
  MINIMUM         11   1159 PM -17    1972  10      1       26
  AVERAGE         24                        19      5       32

PRECIPITATION (IN)
  YESTERDAY        0.09          0.91 1996   0.06   0.03     0.45
  MONTH TO DATE    1.11                      0.57   0.54     2.97
  SINCE OCT 1      5.84                      4.69   1.15     6.77
  SINCE JAN 1     21.55                     18.61   2.94    20.97

DEGREE DAYS
 HEATING
  YESTERDAY       41                        46     -5       33
  MONTH TO DATE  473                       449     24      354
  SINCE DEC 1    473                       449     24      354
  SINCE JUL 1   2510                      3087   -577     2455

 COOLING
  YESTERDAY        0                         0      0        0
  MONTH TO DATE    0                         0      0        0
  SINCE DEC 1      0                         0      0        0
  SINCE JAN 1    108                        25     83      169
..................................................................


WIND (MPH)
  HIGHEST WIND SPEED    14   HIGHEST WIND DIRECTION     S (190)
  HIGHEST GUST SPEED    19   HIGHEST GUST DIRECTION     S (180)
  AVERAGE WIND SPEED     5.2


SKY COVER
  AVERAGE SKY COVER 0.8


WEATHER CONDITIONS
 THE FOLLOWING WEATHER WAS RECORDED YESTERDAY.
  LIGHT SNOW
  FOG


RELATIVE HUMIDITY (PERCENT)
 HIGHEST    92          1200 AM
 LOWEST     75           900 AM
 AVERAGE    84

..........................................................


THE MCCALL ID CLIMATE NORMALS FOR TODAY
                         NORMAL    RECORD    YEAR
 MAXIMUM TEMPERATURE (F)   27        55      1939
 MINIMUM TEMPERATURE (F)   10       -12      1961


SUNRISE AND SUNSET
DECEMBER 11 2016......SUNRISE   813 AM MST   SUNSET   503 PM MST
DECEMBER 12 2016......SUNRISE   813 AM MST   SUNSET   503 PM MST


-  INDICATES NEGATIVE NUMBERS.
R  INDICATES RECORD WAS SET OR TIED.
MM INDICATES DATA IS MISSING.
T  INDICATES TRACE AMOUNT.




$$
