000
CDUS45 KBOI 240931
CLIMYL


CLIMATE REPORT
NATIONAL WEATHER SERVICE BOISE ID
330 AM MDT SUN JUL 24 2016


...................................

...THE MCCALL ID CLIMATE SUMMARY FOR JULY 23 2016...

CLIMATE NORMAL PERIOD 1981 TO 2010
CLIMATE RECORD PERIOD 1930 TO 2016


WEATHER ITEM   OBSERVED TIME   RECORD YEAR NORMAL DEPARTURE LAST
                VALUE   (LST)  VALUE       VALUE  FROM      YEAR
                                                  NORMAL
..................................................................
TEMPERATURE (F)
 YESTERDAY
  MAXIMUM         76    534 PM  98    2006  80     -4       77
  MINIMUM         48    620 AM  34    1987  44      4       51
  AVERAGE         62                        62      0       64

PRECIPITATION (IN)
  YESTERDAY        0.00          0.42 1993   0.01  -0.01      T
  MONTH TO DATE    1.40                      0.57   0.83     2.22
  SINCE OCT 1     25.23                     18.39   6.84    20.56
  SINCE JAN 1     14.66                     12.21   2.45    11.80

DEGREE DAYS
 HEATING
  YESTERDAY        3                         4     -1        1
  MONTH TO DATE  113                       123    -10       34
  SINCE JUN 1    339                       490   -151      143
  SINCE JUL 1    113                       123    -10       34

 COOLING
  YESTERDAY        0                         1     -1        0
  MONTH TO DATE    8                         8      0       43
  SINCE JUN 1     43                         9     34      109
  SINCE JAN 1     43                         9     34      109
..................................................................


WIND (MPH)
  HIGHEST WIND SPEED    13   HIGHEST WIND DIRECTION    NW (310)
  HIGHEST GUST SPEED    18   HIGHEST GUST DIRECTION     W (260)
  AVERAGE WIND SPEED     6.0


SKY COVER
  AVERAGE SKY COVER 0.0


WEATHER CONDITIONS
 THE FOLLOWING WEATHER WAS RECORDED YESTERDAY.
  NO SIGNIFICANT WEATHER WAS OBSERVED.


RELATIVE HUMIDITY (PERCENT)
 HIGHEST    57           100 AM
 LOWEST     19           600 PM
 AVERAGE    38

..........................................................


THE MCCALL ID CLIMATE NORMALS FOR TODAY
                         NORMAL    RECORD    YEAR
 MAXIMUM TEMPERATURE (F)   80        97      2006
 MINIMUM TEMPERATURE (F)   44        34      1944


SUNRISE AND SUNSET
JULY 24 2016..........SUNRISE   622 AM MDT   SUNSET   919 PM MDT
JULY 25 2016..........SUNRISE   623 AM MDT   SUNSET   918 PM MDT


-  INDICATES NEGATIVE NUMBERS.
R  INDICATES RECORD WAS SET OR TIED.
MM INDICATES DATA IS MISSING.
T  INDICATES TRACE AMOUNT.




$$
