000
CDUS45 KBOI 270931
CLIMYL


CLIMATE REPORT
NATIONAL WEATHER SERVICE BOISE ID
331 AM MDT WED MAY 27 2015


...................................

...THE MCCALL ID CLIMATE SUMMARY FOR MAY 26 2015...

CLIMATE NORMAL PERIOD 1981 TO 2010
CLIMATE RECORD PERIOD 1930 TO 2015


WEATHER ITEM   OBSERVED TIME   RECORD YEAR NORMAL DEPARTURE LAST
                VALUE   (LST)  VALUE       VALUE  FROM      YEAR
                                                  NORMAL
..................................................................
TEMPERATURE (F)
 YESTERDAY
  MAXIMUM         67    440 PM  85    1966  62      5       70
  MINIMUM         38    435 AM  21    1964  35      3       43
  AVERAGE         53                        48      5       57

PRECIPITATION (IN)
  YESTERDAY        0.00          0.91 1993   0.08  -0.08     0.00
  MONTH TO DATE    2.15                      1.84   0.31     1.09
  SINCE OCT 1     17.94                     15.61   2.33    18.45
  SINCE JAN 1      9.18                      9.43  -0.25    14.38

DEGREE DAYS
 HEATING
  YESTERDAY       12                        17     -5        8
  MONTH TO DATE  390                       513   -123      410
  SINCE MAR 1   1944                      2473   -529     2210
  SINCE JUL 1   7315                      9148  -1833     8204

 COOLING
  YESTERDAY        0                         0      0        0
  MONTH TO DATE    0                         0      0        0
  SINCE MAR 1      0                         0      0        0
  SINCE JAN 1      0                         0      0        0
..................................................................


WIND (MPH)
  HIGHEST WIND SPEED    15   HIGHEST WIND DIRECTION     S (170)
  HIGHEST GUST SPEED    20   HIGHEST GUST DIRECTION     S (170)
  AVERAGE WIND SPEED     5.0


SKY COVER
  AVERAGE SKY COVER 0.4


WEATHER CONDITIONS
 THE FOLLOWING WEATHER WAS RECORDED YESTERDAY.
  FOG


RELATIVE HUMIDITY (PERCENT)
 HIGHEST   100           200 AM
 LOWEST     24           200 PM
 AVERAGE    62

..........................................................


THE MCCALL ID CLIMATE NORMALS FOR TODAY
                         NORMAL    RECORD    YEAR
 MAXIMUM TEMPERATURE (F)   62        85      1966
 MINIMUM TEMPERATURE (F)   35        25      1932


SUNRISE AND SUNSET
MAY 27 2015...........SUNRISE   605 AM MDT   SUNSET   919 PM MDT
MAY 28 2015...........SUNRISE   604 AM MDT   SUNSET   920 PM MDT


-  INDICATES NEGATIVE NUMBERS.
R  INDICATES RECORD WAS SET OR TIED.
MM INDICATES DATA IS MISSING.
T  INDICATES TRACE AMOUNT.




$$
