000
CDUS45 KBOI 030932
CLIMYL


CLIMATE REPORT
NATIONAL WEATHER SERVICE BOISE ID
332 AM MDT THU SEP 3 2015


...................................

...THE MCCALL ID CLIMATE SUMMARY FOR SEPTEMBER 2 2015...

CLIMATE NORMAL PERIOD 1981 TO 2010
CLIMATE RECORD PERIOD 1930 TO 2015


WEATHER ITEM   OBSERVED TIME   RECORD YEAR NORMAL DEPARTURE LAST
                VALUE   (LST)  VALUE       VALUE  FROM      YEAR
                                                  NORMAL
..................................................................
TEMPERATURE (F)
 YESTERDAY
  MAXIMUM         72    409 PM  91    1945  73     -1       75
  MINIMUM         46    521 AM  23    1975  38      8       37
  AVERAGE         59                        55      4       56

PRECIPITATION (IN)
  YESTERDAY        T             0.77 2000   0.02  -0.02     0.00
  MONTH TO DATE    T                         0.05  -0.05     0.00
  SINCE OCT 1     20.90                     19.27   1.63    20.69
  SINCE JAN 1     12.14                     13.09  -0.95    16.62

DEGREE DAYS
 HEATING
  YESTERDAY        6                        10     -4        9
  MONTH TO DATE   12                        19     -7       22
  SINCE SEP 1     12                        19     -7       22
  SINCE JUL 1    162                       347   -185      138

 COOLING
  YESTERDAY        0                         0      0        0
  MONTH TO DATE    0                         0      0        0
  SINCE SEP 1      0                         0      0        0
  SINCE JAN 1    169                        25    144      185
..................................................................


WIND (MPH)
  HIGHEST WIND SPEED    23   HIGHEST WIND DIRECTION     S (180)
  HIGHEST GUST SPEED    30   HIGHEST GUST DIRECTION     S (200)
  AVERAGE WIND SPEED     7.1


SKY COVER
  AVERAGE SKY COVER 0.3


WEATHER CONDITIONS
 THE FOLLOWING WEATHER WAS RECORDED YESTERDAY.
  LIGHT RAIN


RELATIVE HUMIDITY (PERCENT)
 HIGHEST    71           300 AM
 LOWEST     23           300 PM
 AVERAGE    47

..........................................................


THE MCCALL ID CLIMATE NORMALS FOR TODAY
                         NORMAL    RECORD    YEAR
 MAXIMUM TEMPERATURE (F)   72        93      1988
 MINIMUM TEMPERATURE (F)   38        25      1989


SUNRISE AND SUNSET
SEPTEMBER  3 2015.....SUNRISE   709 AM MDT   SUNSET   818 PM MDT
SEPTEMBER  4 2015.....SUNRISE   710 AM MDT   SUNSET   816 PM MDT


-  INDICATES NEGATIVE NUMBERS.
R  INDICATES RECORD WAS SET OR TIED.
MM INDICATES DATA IS MISSING.
T  INDICATES TRACE AMOUNT.




$$
