000
CDUS45 KBOI 170932
CLIMYL


CLIMATE REPORT
NATIONAL WEATHER SERVICE BOISE ID
332 AM MDT THU APR 17 2014


...................................

...THE MCCALL ID CLIMATE SUMMARY FOR APRIL 16 2014...

CLIMATE NORMAL PERIOD 1981 TO 2010
CLIMATE RECORD PERIOD 1930 TO 2014


WEATHER ITEM   OBSERVED TIME   RECORD YEAR NORMAL DEPARTURE LAST
                VALUE   (LST)  VALUE       VALUE  FROM      YEAR
                                                  NORMAL
..................................................................
TEMPERATURE (F)
 YESTERDAY
  MAXIMUM         49    513 PM  71    1994  48      1       40
  MINIMUM         22    613 AM   9    1982  25     -3       24
  AVERAGE         36                        37     -1       32

PRECIPITATION (IN)
  YESTERDAY        0.00          0.69 1935   0.06  -0.06     0.00
  MONTH TO DATE    0.39                      1.07  -0.68     1.30
  SINCE OCT 1     15.41                     12.92   2.49    20.49
  SINCE JAN 1     11.34                      6.74   4.60     7.00

DEGREE DAYS
 HEATING
  YESTERDAY       29                        28      1       33
  MONTH TO DATE  423                       484    -61      439
  SINCE MAR 1   1435                      1598   -163     1502
  SINCE JUL 1   7429                      8273   -844     7531

 COOLING
  YESTERDAY        0                         0      0        0
  MONTH TO DATE    0                         0      0        0
  SINCE MAR 1      0                         0      0        0
  SINCE JAN 1      0                         0      0        0
..................................................................


WIND (MPH)
  HIGHEST WIND SPEED    13   HIGHEST WIND DIRECTION     W (250)
  HIGHEST GUST SPEED    17   HIGHEST GUST DIRECTION     W (260)
  AVERAGE WIND SPEED     2.5


SKY COVER
  AVERAGE SKY COVER 0.5


WEATHER CONDITIONS
 THE FOLLOWING WEATHER WAS RECORDED YESTERDAY.
  NO SIGNIFICANT WEATHER WAS OBSERVED.


RELATIVE HUMIDITY (PERCENT)
 HIGHEST    81           600 AM
 LOWEST     26           200 PM
 AVERAGE    54

..........................................................


THE MCCALL ID CLIMATE NORMALS FOR TODAY
                         NORMAL    RECORD    YEAR
 MAXIMUM TEMPERATURE (F)   49        74      1994
 MINIMUM TEMPERATURE (F)   25        11      1972


SUNRISE AND SUNSET
APRIL 17 2014.........SUNRISE   656 AM MDT   SUNSET   832 PM MDT
APRIL 18 2014.........SUNRISE   655 AM MDT   SUNSET   834 PM MDT


-  INDICATES NEGATIVE NUMBERS.
R  INDICATES RECORD WAS SET OR TIED.
MM INDICATES DATA IS MISSING.
T  INDICATES TRACE AMOUNT.




$$
