000
CDUS45 KBOI 210931
CLIMYL


CLIMATE REPORT
NATIONAL WEATHER SERVICE BOISE ID
331 AM MDT THU SEP 21 2017


...................................

...THE MCCALL ID CLIMATE SUMMARY FOR SEPTEMBER 20 2017...

CLIMATE NORMAL PERIOD 1981 TO 2010
CLIMATE RECORD PERIOD 1930 TO 2017


WEATHER ITEM   OBSERVED TIME   RECORD YEAR NORMAL DEPARTURE LAST
                VALUE   (LST)  VALUE       VALUE  FROM      YEAR
                                                  NORMAL
..................................................................
TEMPERATURE (F)
 YESTERDAY
  MAXIMUM         47    505 PM  88    1930  66    -19       66
  MINIMUM         35   1159 PM  20    1983  32      3       42
  AVERAGE         41                        49     -8       54

PRECIPITATION (IN)
  YESTERDAY        0.28          1.01 1982   0.03   0.25      T
  MONTH TO DATE    0.78                      0.56   0.22     0.16
  SINCE OCT 1     30.63                     19.78  10.85    25.39
  SINCE JAN 1     22.14                     13.60   8.54    14.82

DEGREE DAYS
 HEATING
  YESTERDAY       24                        16      8       11
  MONTH TO DATE  134                       253   -119      253
  SINCE SEP 1    134                       253   -119      253
  SINCE JUL 1    164                       581   -417      446

 COOLING
  YESTERDAY        0                         0      0        0
  MONTH TO DATE   31                         0     31        0
  SINCE SEP 1     31                         0     31        0
  SINCE JAN 1    229                        25    204      108
..................................................................


WIND (MPH)
  HIGHEST WIND SPEED    22   HIGHEST WIND DIRECTION     S (200)
  HIGHEST GUST SPEED    29   HIGHEST GUST DIRECTION     S (190)
  AVERAGE WIND SPEED     7.0


SKY COVER
  AVERAGE SKY COVER 0.8


WEATHER CONDITIONS
 THE FOLLOWING WEATHER WAS RECORDED YESTERDAY.
  RAIN
  LIGHT RAIN
  FOG


RELATIVE HUMIDITY (PERCENT)
 HIGHEST    92          1200 AM
 LOWEST     65           500 PM
 AVERAGE    79

..........................................................


THE MCCALL ID CLIMATE NORMALS FOR TODAY
                         NORMAL    RECORD    YEAR
 MAXIMUM TEMPERATURE (F)   65        84      1936
 MINIMUM TEMPERATURE (F)   32        18      1993


SUNRISE AND SUNSET
SEPTEMBER 21 2017.....SUNRISE   731 AM MDT   SUNSET   743 PM MDT
SEPTEMBER 22 2017.....SUNRISE   732 AM MDT   SUNSET   741 PM MDT


-  INDICATES NEGATIVE NUMBERS.
R  INDICATES RECORD WAS SET OR TIED.
MM INDICATES DATA IS MISSING.
T  INDICATES TRACE AMOUNT.




$$
