000
CDUS45 KBOI 240931
CLIMYL


CLIMATE REPORT
NATIONAL WEATHER SERVICE BOISE ID
331 AM MDT MON APR 24 2017


...................................

...THE MCCALL ID CLIMATE SUMMARY FOR APRIL 23 2017...

CLIMATE NORMAL PERIOD 1981 TO 2010
CLIMATE RECORD PERIOD 1930 TO 2017


WEATHER ITEM   OBSERVED TIME   RECORD YEAR NORMAL DEPARTURE LAST
                VALUE   (LST)  VALUE       VALUE  FROM      YEAR
                                                  NORMAL
..................................................................
TEMPERATURE (F)
 YESTERDAY
  MAXIMUM         49    201 PM  78    2012  51     -2       47
                                      1977
  MINIMUM         37   1159 PM  16    2011  27     10       40
  AVERAGE         43                        39      4       44

PRECIPITATION (IN)
  YESTERDAY        0.35          0.84 1996   0.06   0.29     0.16
  MONTH TO DATE    2.87                      1.49   1.38     1.13
  SINCE OCT 1     25.54                     13.34  12.20    21.18
  SINCE JAN 1     17.05                      7.16   9.89    10.61

DEGREE DAYS
 HEATING
  YESTERDAY       22                        26     -4       21
  MONTH TO DATE  625                       673    -48      452
  SINCE MAR 1   1581                      1787   -206     1445
  SINCE JUL 1   7784                      8462   -678     7314

 COOLING
  YESTERDAY        0                         0      0        0
  MONTH TO DATE    0                         0      0        0
  SINCE MAR 1      0                         0      0        0
  SINCE JAN 1      0                         0      0        0
..................................................................


WIND (MPH)
  HIGHEST WIND SPEED    24   HIGHEST WIND DIRECTION     S (190)
  HIGHEST GUST SPEED    30   HIGHEST GUST DIRECTION     S (190)
  AVERAGE WIND SPEED     3.8


SKY COVER
  AVERAGE SKY COVER 0.8


WEATHER CONDITIONS
 THE FOLLOWING WEATHER WAS RECORDED YESTERDAY.
  RAIN
  LIGHT RAIN
  FOG


RELATIVE HUMIDITY (PERCENT)
 HIGHEST    92           400 AM
 LOWEST     60          1100 AM
 AVERAGE    76

..........................................................


THE MCCALL ID CLIMATE NORMALS FOR TODAY
                         NORMAL    RECORD    YEAR
 MAXIMUM TEMPERATURE (F)   52        80      1977
 MINIMUM TEMPERATURE (F)   27        12      1950


SUNRISE AND SUNSET
APRIL 24 2017.........SUNRISE   644 AM MDT   SUNSET   841 PM MDT
APRIL 25 2017.........SUNRISE   643 AM MDT   SUNSET   843 PM MDT


-  INDICATES NEGATIVE NUMBERS.
R  INDICATES RECORD WAS SET OR TIED.
MM INDICATES DATA IS MISSING.
T  INDICATES TRACE AMOUNT.




$$
