000
CDUS45 KBOI 260931
CLIMYL


CLIMATE REPORT
NATIONAL WEATHER SERVICE BOISE ID
331 AM MDT FRI MAY 26 2017


...................................

...THE MCCALL ID CLIMATE SUMMARY FOR MAY 25 2017...

CLIMATE NORMAL PERIOD 1981 TO 2010
CLIMATE RECORD PERIOD 1930 TO 2017


WEATHER ITEM   OBSERVED TIME   RECORD YEAR NORMAL DEPARTURE LAST
                VALUE   (LST)  VALUE       VALUE  FROM      YEAR
                                                  NORMAL
..................................................................
TEMPERATURE (F)
 YESTERDAY
  MAXIMUM         55    101 PM  87    1928  61     -6       62
  MINIMUM         32    554 AM  18    1975  35     -3       32
  AVERAGE         44                        48     -4       47

PRECIPITATION (IN)
  YESTERDAY        0.25          0.59 1981   0.07   0.18     0.00
  MONTH TO DATE    1.90                      1.76   0.14     1.29
  SINCE OCT 1     28.17                     15.53  12.64    23.00
  SINCE JAN 1     19.68                      9.35  10.33    12.43

DEGREE DAYS
 HEATING
  YESTERDAY       21                        17      4       18
  MONTH TO DATE  451                       496    -45      388
  SINCE MAR 1   2219                      2456   -237     1982
  SINCE JUL 1   8422                      9131   -709     7851

 COOLING
  YESTERDAY        0                         0      0        0
  MONTH TO DATE    0                         0      0        0
  SINCE MAR 1      0                         0      0        0
  SINCE JAN 1      0                         0      0        0
..................................................................


WIND (MPH)
  HIGHEST WIND SPEED    17   HIGHEST WIND DIRECTION     W (250)
  HIGHEST GUST SPEED    23   HIGHEST GUST DIRECTION    NW (320)
  AVERAGE WIND SPEED     6.5


SKY COVER
  AVERAGE SKY COVER 0.6


WEATHER CONDITIONS
 THE FOLLOWING WEATHER WAS RECORDED YESTERDAY.
  RAIN
  LIGHT RAIN
  FOG


RELATIVE HUMIDITY (PERCENT)
 HIGHEST    89           800 PM
 LOWEST     38          1100 AM
 AVERAGE    64

..........................................................


THE MCCALL ID CLIMATE NORMALS FOR TODAY
                         NORMAL    RECORD    YEAR
 MAXIMUM TEMPERATURE (F)   62        85      1966
 MINIMUM TEMPERATURE (F)   35        21      1964


SUNRISE AND SUNSET
MAY 26 2017...........SUNRISE   605 AM MDT   SUNSET   918 PM MDT
MAY 27 2017...........SUNRISE   604 AM MDT   SUNSET   919 PM MDT


-  INDICATES NEGATIVE NUMBERS.
R  INDICATES RECORD WAS SET OR TIED.
MM INDICATES DATA IS MISSING.
T  INDICATES TRACE AMOUNT.




$$
