000
CDUS45 KBOI 210933
CLIMYL


CLIMATE REPORT
NATIONAL WEATHER SERVICE BOISE ID
332 AM MDT FRI JUL 21 2017


...................................

...THE MCCALL ID CLIMATE SUMMARY FOR JULY 20 2017...

CLIMATE NORMAL PERIOD 1981 TO 2010
CLIMATE RECORD PERIOD 1930 TO 2017


WEATHER ITEM   OBSERVED TIME   RECORD YEAR NORMAL DEPARTURE LAST
                VALUE   (LST)  VALUE       VALUE  FROM      YEAR
                                                  NORMAL
..................................................................
TEMPERATURE (F)
 YESTERDAY
  MAXIMUM         82    425 PM  98    1936  80      2       81
  MINIMUM         47    546 AM  32    1996  44      3       50
  AVERAGE         65                        62      3       66

PRECIPITATION (IN)
  YESTERDAY        0.00          0.90 1922   0.02  -0.02     0.00
  MONTH TO DATE    T                         0.53  -0.53     1.40
  SINCE OCT 1     29.77                     18.35  11.42    25.23
  SINCE JAN 1     21.28                     12.17   9.11    14.66

DEGREE DAYS
 HEATING
  YESTERDAY        0                         4     -4        0
  MONTH TO DATE    1                       111   -110      107
  SINCE JUN 1    237                       478   -241      333
  SINCE JUL 1      1                       111   -110      107

 COOLING
  YESTERDAY        0                         1     -1        1
  MONTH TO DATE   76                         5     71        5
  SINCE JUN 1     82                         6     76       40
  SINCE JAN 1     82                         6     76       40
..................................................................


WIND (MPH)
  HIGHEST WIND SPEED    20   HIGHEST WIND DIRECTION     S (180)
  HIGHEST GUST SPEED    24   HIGHEST GUST DIRECTION     S (190)
  AVERAGE WIND SPEED     4.5


SKY COVER
  AVERAGE SKY COVER 0.0


WEATHER CONDITIONS
 THE FOLLOWING WEATHER WAS RECORDED YESTERDAY.
  NO SIGNIFICANT WEATHER WAS OBSERVED.


RELATIVE HUMIDITY (PERCENT)
 HIGHEST    71           500 AM
 LOWEST     13           700 PM
 AVERAGE    42

..........................................................


THE MCCALL ID CLIMATE NORMALS FOR TODAY
                         NORMAL    RECORD    YEAR
 MAXIMUM TEMPERATURE (F)   80        99      1936
 MINIMUM TEMPERATURE (F)   44        30      1924


SUNRISE AND SUNSET
JULY 21 2017..........SUNRISE   619 AM MDT   SUNSET   922 PM MDT
JULY 22 2017..........SUNRISE   620 AM MDT   SUNSET   922 PM MDT


-  INDICATES NEGATIVE NUMBERS.
R  INDICATES RECORD WAS SET OR TIED.
MM INDICATES DATA IS MISSING.
T  INDICATES TRACE AMOUNT.




$$
