000
CDUS45 KBOI 030931
CLIMYL


CLIMATE REPORT
NATIONAL WEATHER SERVICE BOISE ID
331 AM MDT TUE MAY 3 2016


...................................

...THE MCCALL ID CLIMATE SUMMARY FOR MAY 2 2016...

CLIMATE NORMAL PERIOD 1981 TO 2010
CLIMATE RECORD PERIOD 1930 TO 2016


WEATHER ITEM   OBSERVED TIME   RECORD YEAR NORMAL DEPARTURE LAST
                VALUE   (LST)  VALUE       VALUE  FROM      YEAR
                                                  NORMAL
..................................................................
TEMPERATURE (F)
 YESTERDAY
  MAXIMUM         68    448 PM  78    1985  55     13       67
  MINIMUM         33    614 AM  14    1948  29      4       39
  AVERAGE         51                        42      9       53

PRECIPITATION (IN)
  YESTERDAY        0.00          1.26 1938   0.07  -0.07     0.00
  MONTH TO DATE    0.00                      0.13  -0.13     0.00
  SINCE OCT 1     21.71                     13.90   7.81    15.79
  SINCE JAN 1     11.14                      7.72   3.42     7.03

DEGREE DAYS
 HEATING
  YESTERDAY       14                        23     -9       12
  MONTH TO DATE   31                        46    -15       30
  SINCE MAR 1   1625                      2006   -381     1584
  SINCE JUL 1   7494                      8681  -1187     6906

 COOLING
  YESTERDAY        0                         0      0        0
  MONTH TO DATE    0                         0      0        0
  SINCE MAR 1      0                         0      0        0
  SINCE JAN 1      0                         0      0        0
..................................................................


WIND (MPH)
  HIGHEST WIND SPEED    15   HIGHEST WIND DIRECTION     W (290)
  HIGHEST GUST SPEED    24   HIGHEST GUST DIRECTION     W (270)
  AVERAGE WIND SPEED     3.6


SKY COVER
  AVERAGE SKY COVER 0.0


WEATHER CONDITIONS
 THE FOLLOWING WEATHER WAS RECORDED YESTERDAY.
  NO SIGNIFICANT WEATHER WAS OBSERVED.


RELATIVE HUMIDITY (PERCENT)
 HIGHEST    89           400 AM
 LOWEST     20          1200 PM
 AVERAGE    55

..........................................................


THE MCCALL ID CLIMATE NORMALS FOR TODAY
                         NORMAL    RECORD    YEAR
 MAXIMUM TEMPERATURE (F)   55        81      1966
 MINIMUM TEMPERATURE (F)   30        16      1950


SUNRISE AND SUNSET
MAY  3 2016...........SUNRISE   630 AM MDT   SUNSET   853 PM MDT
MAY  4 2016...........SUNRISE   629 AM MDT   SUNSET   854 PM MDT


-  INDICATES NEGATIVE NUMBERS.
R  INDICATES RECORD WAS SET OR TIED.
MM INDICATES DATA IS MISSING.
T  INDICATES TRACE AMOUNT.




$$
