000
CDUS44 KLIX 280706
CLINEW


CLIMATE REPORT
NATIONAL WEATHER SERVICE NEW ORLEANS
203 AM CDT SAT MAR 28 2015


...................................

...THE NEW ORLEANS CLIMATE SUMMARY FOR MARCH 27 2015...

CLIMATE NORMAL PERIOD 1981 TO 2010
CLIMATE RECORD PERIOD 1946 TO 2015


WEATHER ITEM   OBSERVED TIME   RECORD YEAR NORMAL DEPARTURE LAST
                VALUE   (LST)  VALUE       VALUE  FROM      YEAR
                                                  NORMAL
..................................................................
TEMPERATURE (F)
 YESTERDAY
  MAXIMUM         70    342 PM  85    2011  74     -4       69
  MINIMUM         51    628 AM  30    1955  55     -4       54
  AVERAGE         61                        65     -4       62

PRECIPITATION (IN)
  YESTERDAY        0.00          2.53 1960   0.15  -0.15     0.14
  MONTH TO DATE    6.36                      3.94   2.42     1.30
  SINCE MAR 1      6.36                      3.94   2.42     1.30
  SINCE JAN 1     14.06                     14.39  -0.33    10.33

SNOWFALL (IN)
  YESTERDAY        0.0
  MONTH TO DATE    0.0
  SINCE MAR 1      0.0
  SINCE JUL 1      0.0
  SNOW DEPTH       0

DEGREE DAYS
 HEATING
  YESTERDAY        4                         3      1        3
  MONTH TO DATE   65                       125    -60      178
  SINCE MAR 1     65                       125    -60      178
  SINCE JUL 1   1269                      1234     35     1531

 COOLING
  YESTERDAY        0                         3     -3        0
  MONTH TO DATE  109                        51     58       18
  SINCE MAR 1    109                        51     58       18
  SINCE JAN 1    127                        88     39       42
..................................................................


WIND (MPH)
  HIGHEST WIND SPEED    23   HIGHEST WIND DIRECTION     N (340)
  HIGHEST GUST SPEED    29   HIGHEST GUST DIRECTION     N (340)
  AVERAGE WIND SPEED    12.9


SKY COVER
  POSSIBLE SUNSHINE  MM
  AVERAGE SKY COVER 0.5


WEATHER CONDITIONS
 THE FOLLOWING WEATHER WAS RECORDED YESTERDAY.
  NO SIGNIFICANT WEATHER WAS OBSERVED.


RELATIVE HUMIDITY (PERCENT)
 HIGHEST    80          1200 AM
 LOWEST     31           300 PM
 AVERAGE    56

..........................................................


THE NEW ORLEANS CLIMATE NORMALS FOR TODAY
                         NORMAL    RECORD    YEAR
 MAXIMUM TEMPERATURE (F)   74        84      1972
 MINIMUM TEMPERATURE (F)   56        38      1955


SUNRISE AND SUNSET
MARCH 28 2015.........SUNRISE   655 AM CDT   SUNSET   717 PM CDT
MARCH 29 2015.........SUNRISE   654 AM CDT   SUNSET   718 PM CDT


-  INDICATES NEGATIVE NUMBERS.
R  INDICATES RECORD WAS SET OR TIED.
MM INDICATES DATA IS MISSING.
T  INDICATES TRACE AMOUNT.




$$
