000
CDUS44 KLIX 260716
CLINEW


CLIMATE REPORT
NATIONAL WEATHER SERVICE NEW ORLEANS
216 AM CDT TUE MAY 26 2015


...................................

...THE NEW ORLEANS CLIMATE SUMMARY FOR MAY 25 2015...

CLIMATE NORMAL PERIOD 1981 TO 2010
CLIMATE RECORD PERIOD 1946 TO 2015


WEATHER ITEM   OBSERVED TIME   RECORD YEAR NORMAL DEPARTURE LAST
                VALUE   (LST)  VALUE       VALUE  FROM      YEAR
                                                  NORMAL
..................................................................
TEMPERATURE (F)
 YESTERDAY
  MAXIMUM         87   1146 AM  94    2010  87      0       89
                                      1953
  MINIMUM         72    649 PM  58    1985  70      2       68
                                      1967
  AVERAGE         80                        79      1       79

PRECIPITATION (IN)
  YESTERDAY        1.74R         1.43 2002   0.16   1.58     0.00
  MONTH TO DATE    7.29                      3.55   3.74     3.97
  SINCE MAR 1     25.62                     12.71  12.91    11.53
  SINCE JAN 1     33.32                     23.16  10.16    20.56

SNOWFALL (IN)
  YESTERDAY        0.0
  MONTH TO DATE    0.0
  SINCE MAR 1      0.0
  SINCE JUL 1      0.0
  SNOW DEPTH       0

DEGREE DAYS
 HEATING
  YESTERDAY        0                         0      0        0
  MONTH TO DATE    0                         0      0        0
  SINCE MAR 1     70                       170   -100      228
  SINCE JUL 1   1274                      1279     -5     1581

 COOLING
  YESTERDAY       15                        14      1       14
  MONTH TO DATE  337                       275     62      243
  SINCE MAR 1    729                       495    234      422
  SINCE JAN 1    747                       532    215      446
..................................................................


WIND (MPH)
  HIGHEST WIND SPEED    28   HIGHEST WIND DIRECTION     W (270)
  HIGHEST GUST SPEED    32   HIGHEST GUST DIRECTION     W (280)
  AVERAGE WIND SPEED     9.6


SKY COVER
  POSSIBLE SUNSHINE  MM
  AVERAGE SKY COVER 0.8


WEATHER CONDITIONS
 THE FOLLOWING WEATHER WAS RECORDED YESTERDAY.
  THUNDERSTORM
  HEAVY RAIN
  RAIN
  LIGHT RAIN
  FOG
  HAZE


RELATIVE HUMIDITY (PERCENT)
 HIGHEST    88           500 AM
 LOWEST     63          1100 AM
 AVERAGE    76

..........................................................


THE NEW ORLEANS CLIMATE NORMALS FOR TODAY
                         NORMAL    RECORD    YEAR
 MAXIMUM TEMPERATURE (F)   87        93      2012
                                             1980
 MINIMUM TEMPERATURE (F)   70        48      1979


SUNRISE AND SUNSET
MAY 26 2015...........SUNRISE   602 AM CDT   SUNSET   754 PM CDT
MAY 27 2015...........SUNRISE   602 AM CDT   SUNSET   755 PM CDT


-  INDICATES NEGATIVE NUMBERS.
R  INDICATES RECORD WAS SET OR TIED.
MM INDICATES DATA IS MISSING.
T  INDICATES TRACE AMOUNT.




$$
