000
CDUS44 KLIX 222116
CLINEW


CLIMATE REPORT
NATIONAL WEATHER SERVICE NEW ORLEANS
415 PM CDT TUE JUL 22 2014


...................................

...THE NEW ORLEANS CLIMATE SUMMARY FOR JULY 22 2014...
VALID TODAY AS OF 0400 PM LOCAL TIME.

CLIMATE NORMAL PERIOD 1981 TO 2010
CLIMATE RECORD PERIOD 1946 TO 2014


WEATHER ITEM   OBSERVED TIME   RECORD YEAR NORMAL DEPARTURE LAST
                VALUE   (LST)  VALUE       VALUE  FROM      YEAR
                                                  NORMAL
..................................................................
TEMPERATURE (F)
 TODAY
  MAXIMUM         89    259 PM  99    1981  91     -2       91
  MINIMUM         76    529 AM  68    1972  75      1       78
  AVERAGE         83                        83      0       85

PRECIPITATION (IN)
  TODAY            T             1.92 1965   0.18  -0.18      T
  MONTH TO DATE    4.38                      4.35   0.03     3.90
  SINCE JUN 1     12.41                     12.41   0.00     8.29
  SINCE JAN 1     37.35                     36.65   0.70    43.02

SNOWFALL (IN)
  TODAY            0.0
  MONTH TO DATE    0.0
  SINCE JUN 1      0.0
  SINCE JUL 1      0.0
  SNOW DEPTH       0

DEGREE DAYS
 HEATING
  TODAY            0                         0      0        0
  MONTH TO DATE    0                         0      0        0
  SINCE JUN 1      0                         0      0        0
  SINCE JUL 1      0                         0      0        0

 COOLING
  TODAY           18                        18      0       20
  MONTH TO DATE  384                       396    -12      372
  SINCE JUN 1    888                       891     -3      913
  SINCE JAN 1   1411                      1510    -99     1406
..................................................................


WIND (MPH)
  HIGHEST WIND SPEED    14   HIGHEST WIND DIRECTION    SE (140)
  HIGHEST GUST SPEED    16   HIGHEST GUST DIRECTION    SE (130)
  AVERAGE WIND SPEED     3.2


SKY COVER
  POSSIBLE SUNSHINE  MM
  AVERAGE SKY COVER 0.7


WEATHER CONDITIONS
 THE FOLLOWING WEATHER WAS RECORDED TODAY.
  THUNDERSTORM
  LIGHT RAIN
  FOG
  HAZE


RELATIVE HUMIDITY (PERCENT)
 HIGHEST    88           300 AM
 LOWEST     59          1200 PM
 AVERAGE    74

..........................................................


THE NEW ORLEANS CLIMATE NORMALS FOR TOMORROW
                         NORMAL    RECORD    YEAR
 MAXIMUM TEMPERATURE (F)   91       101      1981
 MINIMUM TEMPERATURE (F)   75        67      1947


SUNRISE AND SUNSET
JULY 22 2014..........SUNRISE   614 AM CDT   SUNSET   800 PM CDT
JULY 23 2014..........SUNRISE   615 AM CDT   SUNSET   800 PM CDT


-  INDICATES NEGATIVE NUMBERS.
R  INDICATES RECORD WAS SET OR TIED.
MM INDICATES DATA IS MISSING.
T  INDICATES TRACE AMOUNT.




$$
