971
CDUS44 KLIX 182121
CLINEW


CLIMATE REPORT
NATIONAL WEATHER SERVICE NEW ORLEANS
421 PM CDT FRI AUG 18 2017


...................................

...THE NEW ORLEANS CLIMATE SUMMARY FOR AUGUST 18 2017...
VALID TODAY AS OF 0400 PM LOCAL TIME.

CLIMATE NORMAL PERIOD 1981 TO 2010
CLIMATE RECORD PERIOD 1946 TO 2017


WEATHER ITEM   OBSERVED TIME   RECORD YEAR NORMAL DEPARTURE LAST
                VALUE   (LST)  VALUE       VALUE  FROM      YEAR
                                                  NORMAL
..................................................................
TEMPERATURE (F)
 TODAY
  MAXIMUM         95    247 PM  98    2011  91      4       92
  MINIMUM         77    558 AM  67    1967  75      2       78
  AVERAGE         86                        83      3       85

PRECIPITATION (IN)
  TODAY            0.00          1.95 1988   0.20  -0.20     0.77
  MONTH TO DATE    9.41                      3.50   5.91     8.23
  SINCE JUN 1     31.39                     17.49  13.90    22.46
  SINCE JAN 1     57.29                     41.73  15.56    51.79

SNOWFALL (IN)
  TODAY            0.0
  MONTH TO DATE    0.0
  SINCE JUN 1      0.0
  SINCE JUL 1      0.0
  SNOW DEPTH       0

DEGREE DAYS
 HEATING
  TODAY            0                         0      0        0
  MONTH TO DATE    0                         0      0        0
  SINCE JUN 1      0                         0      0        0
  SINCE JUL 1      0                         0      0        0

 COOLING
  TODAY           21                        18      3       20
  MONTH TO DATE  326                       324      2      369
  SINCE JUN 1   1357                      1385    -28     1635
  SINCE JAN 1   2112                      2004    108     2415
..................................................................


WIND (MPH)
  HIGHEST WIND SPEED     9   HIGHEST WIND DIRECTION     N (340)
  HIGHEST GUST SPEED    13   HIGHEST GUST DIRECTION     N (350)
  AVERAGE WIND SPEED     4.6


SKY COVER
  POSSIBLE SUNSHINE  MM
  AVERAGE SKY COVER 0.2


WEATHER CONDITIONS
 THE FOLLOWING WEATHER WAS RECORDED TODAY.
  NO SIGNIFICANT WEATHER WAS OBSERVED.


RELATIVE HUMIDITY (PERCENT)
 HIGHEST    97          1200 AM
 LOWEST     49           300 PM
 AVERAGE    73

..........................................................


THE NEW ORLEANS CLIMATE NORMALS FOR TOMORROW
                         NORMAL    RECORD    YEAR
 MAXIMUM TEMPERATURE (F)   91        98      1995
                                             1990
 MINIMUM TEMPERATURE (F)   75        69      1992
                                             1972
                                             1948


SUNRISE AND SUNSET
AUGUST 18 2017........SUNRISE   630 AM CDT   SUNSET   739 PM CDT
AUGUST 19 2017........SUNRISE   631 AM CDT   SUNSET   738 PM CDT


-  INDICATES NEGATIVE NUMBERS.
R  INDICATES RECORD WAS SET OR TIED.
MM INDICATES DATA IS MISSING.
T  INDICATES TRACE AMOUNT.




$$
