000
CDUS46 KMTR 280825
CLINUQ


CLIMATE REPORT
NATIONAL WEATHER SERVICE SAN FRANCISCO BAY AREA
1225 AM PST TUE FEB 28 2017


...................................

...THE MOFFETT FIELD CLIMATE SUMMARY FOR FEBRUARY 27 2017...

CLIMATE NORMAL PERIOD 1981 TO 2010
CLIMATE RECORD PERIOD 1945 TO 2017


WEATHER ITEM   OBSERVED TIME   RECORD YEAR NORMAL DEPARTURE LAST
                VALUE   (LST)  VALUE       VALUE  FROM      YEAR
                                                  NORMAL
..................................................................
TEMPERATURE (F)
 YESTERDAY
  MAXIMUM         55    323 PM  77    1992  63     -8       67
  MINIMUM         41    636 AM  30    1962  47     -6       54
  AVERAGE         48                        55     -7       61

PRECIPITATION (IN)
  YESTERDAY        0.03          1.29 1955   0.11  -0.08     0.00
  MONTH TO DATE    5.22                      2.96   2.26     0.38
  SINCE OCT 1     15.19                     10.55   4.64     8.36
  SINCE JAN 1     10.62                      5.71   4.91     3.96

DEGREE DAYS
 HEATING
  YESTERDAY       17                                         4
  MONTH TO DATE  288                                       205
  SINCE DEC 1   1225                                      1033
  SINCE JUL 1   1512                                      1376

 COOLING
  YESTERDAY        0                                         0
  MONTH TO DATE    0                                         2
  SINCE DEC 1      0                                         2
  SINCE JAN 1      0                                         2
..................................................................


WIND (MPH)
  RESULTANT WIND SPEED   4   RESULTANT WIND DIRECTION  NW (330)
  HIGHEST WIND SPEED    14   HIGHEST WIND DIRECTION    NW (330)
  HIGHEST GUST SPEED    20   HIGHEST GUST DIRECTION     N (350)
  AVERAGE WIND SPEED     4.9


SKY COVER
  POSSIBLE SUNSHINE  MM
  AVERAGE SKY COVER 0.2


WEATHER CONDITIONS
 THE FOLLOWING WEATHER WAS RECORDED YESTERDAY.
  LIGHT RAIN
  FOG


RELATIVE HUMIDITY (PERCENT)
 HIGHEST    96           600 AM
 LOWEST     50           100 PM
 AVERAGE    73

..........................................................


THE MOFFETT FIELD CLIMATE NORMALS FOR TODAY
                         NORMAL    RECORD    YEAR
 MAXIMUM TEMPERATURE (F)   64        77      1992
 MINIMUM TEMPERATURE (F)   47        32      1955


SUNRISE AND SUNSET
FEBRUARY 28 2017......SUNRISE   640 AM PST   SUNSET   601 PM PST
MARCH  1 2017.........SUNRISE   639 AM PST   SUNSET   602 PM PST


-  INDICATES NEGATIVE NUMBERS.
R  INDICATES RECORD WAS SET OR TIED.
MM INDICATES DATA IS MISSING.
T  INDICATES TRACE AMOUNT.




$$
