000
CDUS46 KMTR 260909
CLINUQ


CLIMATE REPORT
NATIONAL WEATHER SERVICE SAN FRANCISCO BAY AREA
209 AM PDT FRI AUG 26 2016


...................................

...THE MOFFETT FIELD CLIMATE SUMMARY FOR AUGUST 25 2016...

CLIMATE NORMAL PERIOD 1981 TO 2010
CLIMATE RECORD PERIOD 1945 TO 2016


WEATHER ITEM   OBSERVED TIME   RECORD YEAR NORMAL DEPARTURE LAST
                VALUE   (LST)  VALUE       VALUE  FROM      YEAR
                                                  NORMAL
..................................................................
TEMPERATURE (F)
 YESTERDAY
  MAXIMUM         72    304 PM  93    1988  78     -6       76
  MINIMUM         60    712 AM  49    1963  59      1       59
  AVERAGE         66                        68     -2       68

PRECIPITATION (IN)
  YESTERDAY        0.00          0.00 2009   0.00   0.00     0.00
  MONTH TO DATE    0.00                      0.01  -0.01     0.01
  SINCE OCT 1     13.15                     14.50  -1.35    14.24
  SINCE JAN 1      8.75                      9.66  -0.91     4.25

DEGREE DAYS
 HEATING
  YESTERDAY        0                                         0
  MONTH TO DATE    2                                         0
  SINCE JUN 1     15                                        16
  SINCE JUL 1      7                                         0

 COOLING
  YESTERDAY        1                                         3
  MONTH TO DATE   66                                       128
  SINCE JUN 1    258                                       357
  SINCE JAN 1    318                                       375
..................................................................


WIND (MPH)
  RESULTANT WIND SPEED   5   RESULTANT WIND DIRECTION   N (360)
  HIGHEST WIND SPEED    16   HIGHEST WIND DIRECTION     N (350)
  HIGHEST GUST SPEED    21   HIGHEST GUST DIRECTION     N (350)
  AVERAGE WIND SPEED     6.8


SKY COVER
  POSSIBLE SUNSHINE  MM
  AVERAGE SKY COVER 0.5


WEATHER CONDITIONS
 THE FOLLOWING WEATHER WAS RECORDED YESTERDAY.
  NO SIGNIFICANT WEATHER WAS OBSERVED.


RELATIVE HUMIDITY (PERCENT)
 HIGHEST    84          1200 AM
 LOWEST     57           200 PM
 AVERAGE    71

..........................................................


THE MOFFETT FIELD CLIMATE NORMALS FOR TODAY
                         NORMAL    RECORD    YEAR
 MAXIMUM TEMPERATURE (F)   78        94      1993
 MINIMUM TEMPERATURE (F)   59        50      1970


SUNRISE AND SUNSET
AUGUST 26 2016........SUNRISE   634 AM PDT   SUNSET   745 PM PDT
AUGUST 27 2016........SUNRISE   635 AM PDT   SUNSET   743 PM PDT


-  INDICATES NEGATIVE NUMBERS.
R  INDICATES RECORD WAS SET OR TIED.
MM INDICATES DATA IS MISSING.
T  INDICATES TRACE AMOUNT.




$$
