000
CDUS46 KMTR 180827
CLINUQ


CLIMATE REPORT
NATIONAL WEATHER SERVICE SAN FRANCISCO BAY AREA
127 AM PDT FRI APR 18 2014


...................................

...THE MOFFETT FIELD CLIMATE SUMMARY FOR APRIL 17 2014...

CLIMATE NORMAL PERIOD 1981 TO 2010
CLIMATE RECORD PERIOD 1945 TO 2014


WEATHER ITEM   OBSERVED TIME   RECORD YEAR NORMAL DEPARTURE LAST
                VALUE   (LST)  VALUE       VALUE  FROM      YEAR
                                                  NORMAL
..................................................................
TEMPERATURE (F)
 YESTERDAY
  MAXIMUM         70    320 PM  83    1954  69      1       70
  MINIMUM         53    436 AM  38    1975  50      3       48
  AVERAGE         62                        59      3       59

PRECIPITATION (IN)
  YESTERDAY        0.00          0.47 1957   0.04  -0.04     0.00
  MONTH TO DATE    0.58                      0.61  -0.03     0.27
  SINCE JUL 1      6.16                     13.74  -7.58     9.55
  SINCE JAN 1      4.90                      8.69  -3.79     1.78

DEGREE DAYS
 HEATING
  YESTERDAY        3                                         6
  MONTH TO DATE   75                                        87
  SINCE MAR 1    229                                       322
  SINCE JUL 1   1687                                      1999

 COOLING
  YESTERDAY        0                                         0
  MONTH TO DATE    7                                         5
  SINCE MAR 1     11                                         6
  SINCE JAN 1     11                                         6
..................................................................


WIND (MPH)
  RESULTANT WIND SPEED   6   RESULTANT WIND DIRECTION   N (340)
  HIGHEST WIND SPEED    24   HIGHEST WIND DIRECTION     N (350)
  HIGHEST GUST SPEED    28   HIGHEST GUST DIRECTION     N (350)
  AVERAGE WIND SPEED     6.9


SKY COVER
  POSSIBLE SUNSHINE  MM
  AVERAGE SKY COVER 0.0


WEATHER CONDITIONS
 THE FOLLOWING WEATHER WAS RECORDED YESTERDAY.
  NO SIGNIFICANT WEATHER WAS OBSERVED.


RELATIVE HUMIDITY (PERCENT)
 HIGHEST    83          1200 AM
 LOWEST     44           600 PM
 AVERAGE    64

..........................................................


THE MOFFETT FIELD CLIMATE NORMALS FOR TODAY
                         NORMAL    RECORD    YEAR
 MAXIMUM TEMPERATURE (F)   69        83      1950
 MINIMUM TEMPERATURE (F)   50        42      2004


SUNRISE AND SUNSET
APRIL 18 2014.........SUNRISE   629 AM PDT   SUNSET   746 PM PDT
APRIL 19 2014.........SUNRISE   628 AM PDT   SUNSET   747 PM PDT


-  INDICATES NEGATIVE NUMBERS.
R  INDICATES RECORD WAS SET OR TIED.
MM INDICATES DATA IS MISSING.
T  INDICATES TRACE AMOUNT.




$$
