000
CDUS46 KMTR 240826
CLINUQ


CLIMATE REPORT
NATIONAL WEATHER SERVICE SAN FRANCISCO BAY AREA
125 AM PDT THU APR 24 2014


...................................

...THE MOFFETT FIELD CLIMATE SUMMARY FOR APRIL 23 2014...

CLIMATE NORMAL PERIOD 1981 TO 2010
CLIMATE RECORD PERIOD 1945 TO 2014


WEATHER ITEM   OBSERVED TIME   RECORD YEAR NORMAL DEPARTURE LAST
                VALUE   (LST)  VALUE       VALUE  FROM      YEAR
                                                  NORMAL
..................................................................
TEMPERATURE (F)
 YESTERDAY
  MAXIMUM         68    348 PM  86    1946  70     -2       82
  MINIMUM         50    436 AM  38    1986  50      0       54
  AVERAGE         59                        60     -1       68

PRECIPITATION (IN)
  YESTERDAY        0.00          0.59 1983   0.03  -0.03     0.00
  MONTH TO DATE    0.58                      0.79  -0.21     0.27
  SINCE JUL 1      6.16                     13.92  -7.76     9.55
  SINCE JAN 1      4.90                      8.87  -3.97     1.78

DEGREE DAYS
 HEATING
  YESTERDAY        6                                         0
  MONTH TO DATE  101                                        91
  SINCE MAR 1    255                                       326
  SINCE JUL 1   1713                                      2003

 COOLING
  YESTERDAY        0                                         3
  MONTH TO DATE    8                                        18
  SINCE MAR 1     12                                        19
  SINCE JAN 1     12                                        19
..................................................................


WIND (MPH)
  RESULTANT WIND SPEED   7   RESULTANT WIND DIRECTION  NW (330)
  HIGHEST WIND SPEED    22   HIGHEST WIND DIRECTION     N (350)
  HIGHEST GUST SPEED    25   HIGHEST GUST DIRECTION     N (350)
  AVERAGE WIND SPEED     8.2


SKY COVER
  POSSIBLE SUNSHINE  MM
  AVERAGE SKY COVER 0.0


WEATHER CONDITIONS
 THE FOLLOWING WEATHER WAS RECORDED YESTERDAY.
  NO SIGNIFICANT WEATHER WAS OBSERVED.


RELATIVE HUMIDITY (PERCENT)
 HIGHEST    72          1000 PM
 LOWEST     39          1100 AM
 AVERAGE    56

..........................................................


THE MOFFETT FIELD CLIMATE NORMALS FOR TODAY
                         NORMAL    RECORD    YEAR
 MAXIMUM TEMPERATURE (F)   70        84      2004
 MINIMUM TEMPERATURE (F)   50        38      1960


SUNRISE AND SUNSET
APRIL 24 2014.........SUNRISE   621 AM PDT   SUNSET   752 PM PDT
APRIL 25 2014.........SUNRISE   620 AM PDT   SUNSET   753 PM PDT


-  INDICATES NEGATIVE NUMBERS.
R  INDICATES RECORD WAS SET OR TIED.
MM INDICATES DATA IS MISSING.
T  INDICATES TRACE AMOUNT.




$$
