000
CDUS46 KMTR 060029
CLINUQ


CLIMATE REPORT
NATIONAL WEATHER SERVICE SAN FRANCISCO BAY AREA
429 PM PST FRI FEB 5 2016


...................................

...THE MOFFETT FIELD CLIMATE SUMMARY FOR FEBRUARY 5 2016...
VALID TODAY AS OF 0400 PM LOCAL TIME.

CLIMATE NORMAL PERIOD 1981 TO 2010
CLIMATE RECORD PERIOD 1945 TO 2016


WEATHER ITEM   OBSERVED TIME   RECORD YEAR NORMAL DEPARTURE LAST
                VALUE   (LST)  VALUE       VALUE  FROM      YEAR
                                                  NORMAL
..................................................................
TEMPERATURE (F)
 TODAY
  MAXIMUM         63    339 PM  76    2011  61      2       65
  MINIMUM         40    744 AM  32    1946  44     -4       49
  AVERAGE         52                        52      0       57

PRECIPITATION (IN)
  TODAY            0.00          0.94 1960   0.11  -0.11     0.00
  MONTH TO DATE    0.06                      0.50  -0.44     0.00
  SINCE OCT 1      8.04                      8.09  -0.05     9.99
  SINCE JAN 1      3.64                      3.25   0.39     0.00

DEGREE DAYS
 HEATING
  TODAY           13                                         8
  MONTH TO DATE   72                                        42
  SINCE DEC 1    900                                       722
  SINCE JUL 1   1243                                       949

 COOLING
  TODAY            0                                         0
  MONTH TO DATE    0                                         0
  SINCE DEC 1      0                                         0
  SINCE JAN 1      0                                         0
..................................................................


WIND (MPH)
  RESULTANT WIND SPEED   1   RESULTANT WIND DIRECTION   N (20)
  HIGHEST WIND SPEED     8   HIGHEST WIND DIRECTION     N (360)
  HIGHEST GUST SPEED     9   HIGHEST GUST DIRECTION     N (10)
  AVERAGE WIND SPEED     1.9


SKY COVER
  POSSIBLE SUNSHINE  MM
  AVERAGE SKY COVER 0.0


WEATHER CONDITIONS
 THE FOLLOWING WEATHER WAS RECORDED TODAY.
  NO SIGNIFICANT WEATHER WAS OBSERVED.


RELATIVE HUMIDITY (PERCENT)
 HIGHEST    89           300 AM
 LOWEST     51           100 PM
 AVERAGE    70

..........................................................


THE MOFFETT FIELD CLIMATE NORMALS FOR TOMORROW
                         NORMAL    RECORD    YEAR
 MAXIMUM TEMPERATURE (F)   61        77      2011
 MINIMUM TEMPERATURE (F)   44        29      1989


SUNRISE AND SUNSET
FEBRUARY  5 2016......SUNRISE   708 AM PST   SUNSET   537 PM PST
FEBRUARY  6 2016......SUNRISE   707 AM PST   SUNSET   538 PM PST


-  INDICATES NEGATIVE NUMBERS.
R  INDICATES RECORD WAS SET OR TIED.
MM INDICATES DATA IS MISSING.
T  INDICATES TRACE AMOUNT.




$$
