000
CDUS46 KMTR 280835
CLINUQ


CLIMATE REPORT
NATIONAL WEATHER SERVICE SAN FRANCISCO BAY AREA
1235 AM PST SAT FEB 28 2015


...................................

...THE MOFFETT FIELD CLIMATE SUMMARY FOR FEBRUARY 27 2015...

CLIMATE NORMAL PERIOD 1981 TO 2010
CLIMATE RECORD PERIOD 1945 TO 2015


WEATHER ITEM   OBSERVED TIME   RECORD YEAR NORMAL DEPARTURE LAST
                VALUE   (LST)  VALUE       VALUE  FROM      YEAR
                                                  NORMAL
..................................................................
TEMPERATURE (F)
 YESTERDAY
  MAXIMUM         63    103 PM  77    1992  63      0       66
  MINIMUM         52   1159 PM  30    1962  47      5       54
  AVERAGE         58                        55      3       60

PRECIPITATION (IN)
  YESTERDAY        0.00          1.29 1955   0.11  -0.11     0.02
  MONTH TO DATE    2.40                      2.96  -0.56     1.70
  SINCE OCT 1     12.39                     10.55   1.84     2.54
  SINCE JAN 1      2.40                      5.71  -3.31     1.78

DEGREE DAYS
 HEATING
  YESTERDAY        7                                         5
  MONTH TO DATE  186                                       255
  SINCE DEC 1    866                                      1080
  SINCE JUL 1   1093                                      1452

 COOLING
  YESTERDAY        0                                         0
  MONTH TO DATE    0                                         0
  SINCE DEC 1      0                                         0
  SINCE JAN 1      0                                         0
..................................................................


WIND (MPH)
  RESULTANT WIND SPEED   8   RESULTANT WIND DIRECTION   W (290)
  HIGHEST WIND SPEED    17   HIGHEST WIND DIRECTION     W (280)
  HIGHEST GUST SPEED    28   HIGHEST GUST DIRECTION     W (280)
  AVERAGE WIND SPEED     8.4


SKY COVER
  POSSIBLE SUNSHINE  MM
  AVERAGE SKY COVER 0.3


WEATHER CONDITIONS
 THE FOLLOWING WEATHER WAS RECORDED YESTERDAY.
  NO SIGNIFICANT WEATHER WAS OBSERVED.


RELATIVE HUMIDITY (PERCENT)
 HIGHEST    83           500 AM
 LOWEST     51           300 PM
 AVERAGE    67

..........................................................


THE MOFFETT FIELD CLIMATE NORMALS FOR TODAY
                         NORMAL    RECORD    YEAR
 MAXIMUM TEMPERATURE (F)   64        77      1992
 MINIMUM TEMPERATURE (F)   47        32      1955


SUNRISE AND SUNSET
FEBRUARY 28 2015......SUNRISE   641 AM PST   SUNSET   601 PM PST
MARCH  1 2015.........SUNRISE   640 AM PST   SUNSET   602 PM PST


-  INDICATES NEGATIVE NUMBERS.
R  INDICATES RECORD WAS SET OR TIED.
MM INDICATES DATA IS MISSING.
T  INDICATES TRACE AMOUNT.




$$
