000
CDUS46 KMTR 220829
CLINUQ


CLIMATE REPORT
NATIONAL WEATHER SERVICE SAN FRANCISCO BAY AREA
129 AM PDT SAT JUL 22 2017


...................................

...THE MOFFETT FIELD CLIMATE SUMMARY FOR JULY 21 2017...

CLIMATE NORMAL PERIOD 1981 TO 2010
CLIMATE RECORD PERIOD 1945 TO 2017


WEATHER ITEM   OBSERVED TIME   RECORD YEAR NORMAL DEPARTURE LAST
                VALUE   (LST)  VALUE       VALUE  FROM      YEAR
                                                  NORMAL
..................................................................
TEMPERATURE (F)
 YESTERDAY
  MAXIMUM         77    314 PM  90    2006  77      0       75
  MINIMUM         56    335 AM  51    1973  59     -3       57
  AVERAGE         67                        68     -1       66

PRECIPITATION (IN)
  YESTERDAY        0.00          0.09 1979   0.00   0.00     0.00
  MONTH TO DATE    0.00                      0.02  -0.02     0.00
  SINCE OCT 1     18.15                     14.49   3.66    13.15
  SINCE JAN 1     13.58                      9.65   3.93     8.75

DEGREE DAYS
 HEATING
  YESTERDAY        0                                         0
  MONTH TO DATE    2                                         5
  SINCE JUN 1     29                                        13
  SINCE JUL 1      2                                         5

 COOLING
  YESTERDAY        2                                         1
  MONTH TO DATE   88                                        37
  SINCE JUN 1    177                                       141
  SINCE JAN 1    230                                       201
..................................................................


WIND (MPH)
  RESULTANT WIND SPEED   7   RESULTANT WIND DIRECTION   N (10)
  HIGHEST WIND SPEED    20   HIGHEST WIND DIRECTION     N (360)
  HIGHEST GUST SPEED    23   HIGHEST GUST DIRECTION     N (360)
  AVERAGE WIND SPEED     7.5


SKY COVER
  POSSIBLE SUNSHINE  MM
  AVERAGE SKY COVER 0.0


WEATHER CONDITIONS
 THE FOLLOWING WEATHER WAS RECORDED YESTERDAY.
  NO SIGNIFICANT WEATHER WAS OBSERVED.


RELATIVE HUMIDITY (PERCENT)
 HIGHEST    86           400 AM
 LOWEST     53          1200 PM
 AVERAGE    70

..........................................................


THE MOFFETT FIELD CLIMATE NORMALS FOR TODAY
                         NORMAL    RECORD    YEAR
 MAXIMUM TEMPERATURE (F)   77       101      2006
 MINIMUM TEMPERATURE (F)   59        50      1970


SUNRISE AND SUNSET
JULY 22 2017..........SUNRISE   605 AM PDT   SUNSET   824 PM PDT
JULY 23 2017..........SUNRISE   606 AM PDT   SUNSET   823 PM PDT


-  INDICATES NEGATIVE NUMBERS.
R  INDICATES RECORD WAS SET OR TIED.
MM INDICATES DATA IS MISSING.
T  INDICATES TRACE AMOUNT.




$$
