000
CDUS41 KOKX 280618
CLINYC


CLIMATE REPORT
NATIONAL WEATHER SERVICE NEW YORK NY
118 AM EST TUE FEB 28 2017


...................................

...THE CENTRAL PARK NY CLIMATE SUMMARY FOR FEBRUARY 27 2017...

CLIMATE NORMAL PERIOD 1981 TO 2010
CLIMATE RECORD PERIOD 1869 TO 2017


WEATHER ITEM   OBSERVED TIME   RECORD YEAR NORMAL DEPARTURE LAST
                VALUE   (LST)  VALUE       VALUE  FROM      YEAR
                                                  NORMAL
..................................................................
TEMPERATURE (F)
 YESTERDAY
  MAXIMUM         54    406 PM  72    1997  44     10       41
  MINIMUM         35    600 AM   5    1900  31      4       26
  AVERAGE         45                        38      7       34

PRECIPITATION (IN)
  YESTERDAY        0.00          1.56 2013   0.12  -0.12     0.00
  MONTH TO DATE    2.48                      2.97  -0.49     4.35
  SINCE DEC 1     10.20                     10.62  -0.42    13.48
  SINCE JAN 1      7.31                      6.62   0.69     8.76

SNOWFALL (IN)
  YESTERDAY        0.0           4.0  1873   0.2   -0.2      0.0
  MONTH TO DATE    9.4                       8.9    0.5      4.0
  SINCE OCT 1     20.5                      21.0   -0.5     31.9
  SINCE JUL 1     20.5                      21.0   -0.5     31.9
  SNOW DEPTH       0

DEGREE DAYS
 HEATING
  YESTERDAY       20                        27     -7       31
  MONTH TO DATE  636                       805   -169      758
  SINCE DEC 1   2284                      2661   -377     2132
  SINCE JUL 1   2971                      3494   -523     2720

 COOLING
  YESTERDAY        0                         0      0        0
  MONTH TO DATE    0                         0      0        0
  SINCE DEC 1      0                         0      0        3
  SINCE JAN 1      0                         0      0        0
..................................................................


WIND (MPH)
  HIGHEST WIND SPEED    16   HIGHEST WIND DIRECTION     W (250)
  HIGHEST GUST SPEED    26   HIGHEST GUST DIRECTION     W (250)
  AVERAGE WIND SPEED     5.5


SKY COVER
  AVERAGE SKY COVER 0.2


WEATHER CONDITIONS
 THE FOLLOWING WEATHER WAS RECORDED YESTERDAY.
  NO SIGNIFICANT WEATHER WAS OBSERVED.


RELATIVE HUMIDITY (PERCENT)
 HIGHEST    52           600 AM
 LOWEST     26           300 PM
 AVERAGE    39

..........................................................


THE CENTRAL PARK NY CLIMATE NORMALS FOR TODAY
                         NORMAL    RECORD    YEAR
 MAXIMUM TEMPERATURE (F)   45        67      1976
 MINIMUM TEMPERATURE (F)   31         5      1934


SUNRISE AND SUNSET
FEBRUARY 28 2017......SUNRISE   631 AM EST   SUNSET   546 PM EST
MARCH  1 2017.........SUNRISE   629 AM EST   SUNSET   547 PM EST


-  INDICATES NEGATIVE NUMBERS.
R  INDICATES RECORD WAS SET OR TIED.
MM INDICATES DATA IS MISSING.
T  INDICATES TRACE AMOUNT.




$$
