000
CDUS41 KOKX 300623
CLINYC


CLIMATE REPORT
NATIONAL WEATHER SERVICE NEW YORK NY
223 AM EDT SAT JUL 30 2016


...................................

...THE CENTRAL PARK NY CLIMATE SUMMARY FOR JULY 29 2016...

CLIMATE NORMAL PERIOD 1981 TO 2010
CLIMATE RECORD PERIOD 1869 TO 2016


WEATHER ITEM   OBSERVED TIME   RECORD YEAR NORMAL DEPARTURE LAST
                VALUE   (LST)  VALUE       VALUE  FROM      YEAR
                                                  NORMAL
..................................................................
TEMPERATURE (F)
 YESTERDAY
  MAXIMUM         85    436 PM  99    1949  84      1       96
  MINIMUM         69    738 AM  59    1914  69      0       78
  AVERAGE         77                        77      0       87

PRECIPITATION (IN)
  YESTERDAY        1.09          3.47 1980   0.17   0.92     0.00
  MONTH TO DATE    5.69                      4.26   1.43     2.03
  SINCE JUN 1      8.29                      8.67  -0.38     6.82
  SINCE JAN 1     23.63                     28.46  -4.83    22.75

SNOWFALL (IN)
  YESTERDAY        0.0           0.0  2002   0.0    0.0      0.0
                                      2001
  MONTH TO DATE    0.0                       0.0    0.0      0.0
  SINCE OCT 1     32.8                      25.8    7.0     50.3
  SINCE JUL 1      0.0                       0.0    0.0      0.0
  SNOW DEPTH       0

DEGREE DAYS
 HEATING
  YESTERDAY        0                         0      0        0
  MONTH TO DATE    0                         0      0        0
  SINCE JUN 1      7                        19    -12       33
  SINCE JUL 1      0                         0      0        0

 COOLING
  YESTERDAY       12                        12      0       22
  MONTH TO DATE  408                       336     72      404
  SINCE JUN 1    640                       548     92      632
  SINCE JAN 1    759                       617    142      791
..................................................................


WIND (MPH)
  HIGHEST WIND SPEED    13   HIGHEST WIND DIRECTION    NE (60)
  HIGHEST GUST SPEED    18   HIGHEST GUST DIRECTION    NE (60)
  AVERAGE WIND SPEED     4.2


SKY COVER
  AVERAGE SKY COVER 0.4


WEATHER CONDITIONS
 THE FOLLOWING WEATHER WAS RECORDED YESTERDAY.
  HEAVY RAIN
  RAIN
  LIGHT RAIN
  FOG
  HAZE


RELATIVE HUMIDITY (PERCENT)
 HIGHEST    97           500 AM
 LOWEST     63           300 PM
 AVERAGE    80

..........................................................


THE CENTRAL PARK NY CLIMATE NORMALS FOR TODAY
                         NORMAL    RECORD    YEAR
 MAXIMUM TEMPERATURE (F)   84        98      1988
                                             1940
                                             1933
 MINIMUM TEMPERATURE (F)   69        57      1956


SUNRISE AND SUNSET
JULY 30 2016..........SUNRISE   551 AM EDT   SUNSET   813 PM EDT
JULY 31 2016..........SUNRISE   552 AM EDT   SUNSET   812 PM EDT


-  INDICATES NEGATIVE NUMBERS.
R  INDICATES RECORD WAS SET OR TIED.
MM INDICATES DATA IS MISSING.
T  INDICATES TRACE AMOUNT.




$$
