000
CDUS41 KOKX 062038
CLINYC


CLIMATE REPORT
NATIONAL WEATHER SERVICE NEW YORK NY
438 PM EDT FRI MAY 6 2016


...................................

...THE CENTRAL PARK NY CLIMATE SUMMARY FOR MAY 6 2016...
VALID TODAY AS OF 0400 PM LOCAL TIME.

CLIMATE NORMAL PERIOD 1981 TO 2010
CLIMATE RECORD PERIOD 1869 TO 2016


WEATHER ITEM   OBSERVED TIME   RECORD YEAR NORMAL DEPARTURE LAST
                VALUE   (LST)  VALUE       VALUE  FROM      YEAR
                                                  NORMAL
..................................................................
TEMPERATURE (F)
 TODAY
  MAXIMUM         54    259 PM  92    1986  68    -14       73
                                      1949
  MINIMUM         48   1037 AM  32    1891  51     -3       59
  AVERAGE         51                        60     -9       66

PRECIPITATION (IN)
  TODAY            0.54          1.46 1907   0.13   0.41      T
  MONTH TO DATE    1.36                      0.76   0.60      T
  SINCE MAR 1      4.14                      9.62  -5.48     6.80
  SINCE JAN 1     12.95                     16.36  -3.41    14.07

SNOWFALL (IN)
  TODAY            0.0           0.0  2002   0.0    0.0      0.0
                                      2001
  MONTH TO DATE    0.0                       0.0    0.0      0.0
  SINCE OCT 1     32.8                      25.8    7.0     50.3
  SINCE JUL 1     32.8                      25.8    7.0     50.3
  SNOW DEPTH       0

DEGREE DAYS
 HEATING
  TODAY           14                         6      8        0
  MONTH TO DATE   82                        42     40       13
  SINCE MAR 1    935                      1113   -178     1158
  SINCE JUL 1   3682                      4635   -953     4917

 COOLING
  TODAY            0                         1     -1        1
  MONTH TO DATE    0                         6     -6       19
  SINCE MAR 1     19                        18      1       24
  SINCE JAN 1     19                        18      1       24
..................................................................


WIND (MPH)
  HIGHEST WIND SPEED    18   HIGHEST WIND DIRECTION     E (80)
  HIGHEST GUST SPEED    28   HIGHEST GUST DIRECTION    NE (60)
  AVERAGE WIND SPEED     8.1


SKY COVER
  AVERAGE SKY COVER 1.0


WEATHER CONDITIONS
 THE FOLLOWING WEATHER WAS RECORDED TODAY.
  HEAVY RAIN
  RAIN
  LIGHT RAIN
  FOG


RELATIVE HUMIDITY (PERCENT)
 HIGHEST    89           100 PM
 LOWEST     71          1200 AM
 AVERAGE    80

..........................................................


THE CENTRAL PARK NY CLIMATE NORMALS FOR TOMORROW
                         NORMAL    RECORD    YEAR
 MAXIMUM TEMPERATURE (F)   68        93      2000
 MINIMUM TEMPERATURE (F)   51        37      1891


SUNRISE AND SUNSET
MAY  6 2016...........SUNRISE   548 AM EDT   SUNSET   758 PM EDT
MAY  7 2016...........SUNRISE   547 AM EDT   SUNSET   759 PM EDT


-  INDICATES NEGATIVE NUMBERS.
R  INDICATES RECORD WAS SET OR TIED.
MM INDICATES DATA IS MISSING.
T  INDICATES TRACE AMOUNT.




$$
