882
CDUS41 KOKX 110618
CLINYC


CLIMATE REPORT
NATIONAL WEATHER SERVICE NEW YORK NY
118 AM EST THU FEB 11 2016


...................................

...THE CENTRAL PARK NY CLIMATE SUMMARY FOR FEBRUARY 10 2016...

CLIMATE NORMAL PERIOD 1981 TO 2010
CLIMATE RECORD PERIOD 1869 TO 2016


WEATHER ITEM   OBSERVED TIME   RECORD YEAR NORMAL DEPARTURE LAST
                VALUE   (LST)  VALUE       VALUE  FROM      YEAR
                                                  NORMAL
..................................................................
TEMPERATURE (F)
 YESTERDAY
  MAXIMUM         39    207 PM  61    2001  41     -2       40
                                      1990
  MINIMUM         31   1159 PM  -6    1899  28      3       26
  AVERAGE         35                        34      1       33

PRECIPITATION (IN)
  YESTERDAY        0.01          2.63 1970   0.11  -0.10     0.01
  MONTH TO DATE    1.33                      1.08   0.25     1.17
  SINCE DEC 1     10.46                      8.73   1.73    12.44
  SINCE JAN 1      5.74                      4.73   1.01     6.40

SNOWFALL (IN)
  YESTERDAY        T            10.4  1926   0.3   -0.3      0.1
  MONTH TO DATE    2.6                       3.2   -0.6      5.4
  SINCE OCT 1     29.8                      15.3   14.5     23.5
  SINCE JUL 1     29.8                      15.3   14.5     23.5
  SNOW DEPTH       0

DEGREE DAYS
 HEATING
  YESTERDAY       30                        31     -1       32
  MONTH TO DATE  237                       313    -76      370
  SINCE DEC 1   1611                      2169   -558     2201
  SINCE JUL 1   2199                      3002   -803     2986

 COOLING
  YESTERDAY        0                         0      0        0
  MONTH TO DATE    0                         0      0        0
  SINCE DEC 1      3                         0      3        0
  SINCE JAN 1      0                         0      0        0
..................................................................


WIND (MPH)
  HIGHEST WIND SPEED    16   HIGHEST WIND DIRECTION     W (250)
  HIGHEST GUST SPEED    24   HIGHEST GUST DIRECTION    SW (240)
  AVERAGE WIND SPEED     5.7


SKY COVER
  AVERAGE SKY COVER 0.9


WEATHER CONDITIONS
 THE FOLLOWING WEATHER WAS RECORDED YESTERDAY.
  LIGHT SNOW
  FOG
  HAZE


RELATIVE HUMIDITY (PERCENT)
 HIGHEST    82           400 AM
 LOWEST     44           400 PM
 AVERAGE    63

..........................................................


THE CENTRAL PARK NY CLIMATE NORMALS FOR TODAY
                         NORMAL    RECORD    YEAR
 MAXIMUM TEMPERATURE (F)   41        65      2009
                                             1960
 MINIMUM TEMPERATURE (F)   28        -2      1899
                                             1885


SUNRISE AND SUNSET
FEBRUARY 11 2016......SUNRISE   656 AM EST   SUNSET   525 PM EST
FEBRUARY 12 2016......SUNRISE   654 AM EST   SUNSET   526 PM EST


-  INDICATES NEGATIVE NUMBERS.
R  INDICATES RECORD WAS SET OR TIED.
MM INDICATES DATA IS MISSING.
T  INDICATES TRACE AMOUNT.




$$
