000
CDUS41 KOKX 150631
CLINYC


CLIMATE REPORT
NATIONAL WEATHER SERVICE NEW YORK NY
131 AM EST FRI DEC 15 2017


...................................

...THE CENTRAL PARK NY CLIMATE SUMMARY FOR DECEMBER 14 2017...

CLIMATE NORMAL PERIOD 1981 TO 2010
CLIMATE RECORD PERIOD 1869 TO 2017


WEATHER ITEM   OBSERVED TIME   RECORD YEAR NORMAL DEPARTURE LAST
                VALUE   (LST)  VALUE       VALUE  FROM      YEAR
                                                  NORMAL
..................................................................
TEMPERATURE (F)
 YESTERDAY
  MAXIMUM         32    145 PM  67    2015  43    -11       42
                                      1881
  MINIMUM         22   1159 PM  12    1976  32    -10       34
  AVERAGE         27                        38    -11       38

PRECIPITATION (IN)
  YESTERDAY        0.09          2.22 1897   0.13  -0.04     0.00
  MONTH TO DATE    1.30                      1.92  -0.62     1.23
  SINCE DEC 1      1.30                      1.92  -0.62     1.23
  SINCE JAN 1     44.13                     47.86  -3.73    40.51

SNOWFALL (IN)
  YESTERDAY        1.2           5.8  2003   0.1    1.1      0.0
  MONTH TO DATE    5.8                       1.5    4.3      0.4
  SINCE OCT 1      5.8                       1.8    4.0      0.4
  SINCE JUL 1      5.8                       1.8    4.0      0.4
  SNOW DEPTH       1

DEGREE DAYS
 HEATING
  YESTERDAY       38                        27     11       27
  MONTH TO DATE  347                       348     -1      345
  SINCE DEC 1    347                       348     -1      345
  SINCE JUL 1   1009                      1181   -172     1032

 COOLING
  YESTERDAY        0                         0      0        0
  MONTH TO DATE    0                         0      0        0
  SINCE DEC 1      0                         0      0        0
  SINCE JAN 1   1265                      1105    160     1489
..................................................................


WIND (MPH)
  HIGHEST WIND SPEED    16   HIGHEST WIND DIRECTION    NW (310)
  HIGHEST GUST SPEED    24   HIGHEST GUST DIRECTION    NW (310)
  AVERAGE WIND SPEED     5.9


SKY COVER
  AVERAGE SKY COVER 0.5


WEATHER CONDITIONS
 THE FOLLOWING WEATHER WAS RECORDED YESTERDAY.
  LIGHT SNOW
  FOG
  HAZE


RELATIVE HUMIDITY (PERCENT)
 HIGHEST    92           800 AM
 LOWEST     42           400 PM
 AVERAGE    67

..........................................................


THE CENTRAL PARK NY CLIMATE NORMALS FOR TODAY
                         NORMAL    RECORD    YEAR
 MAXIMUM TEMPERATURE (F)   43        68      2015
 MINIMUM TEMPERATURE (F)   32         6      1874


SUNRISE AND SUNSET
DECEMBER 15 2017......SUNRISE   713 AM EST   SUNSET   429 PM EST
DECEMBER 16 2017......SUNRISE   714 AM EST   SUNSET   429 PM EST


-  INDICATES NEGATIVE NUMBERS.
R  INDICATES RECORD WAS SET OR TIED.
MM INDICATES DATA IS MISSING.
T  INDICATES TRACE AMOUNT.




$$
