691
CDUS41 KOKX 170618
CLINYC


CLIMATE REPORT
NATIONAL WEATHER SERVICE NEW YORK NY
218 AM EDT TUE OCT 17 2017


...................................

...THE CENTRAL PARK NY CLIMATE SUMMARY FOR OCTOBER 16 2017...

CLIMATE NORMAL PERIOD 1981 TO 2010
CLIMATE RECORD PERIOD 1869 TO 2017


WEATHER ITEM   OBSERVED TIME   RECORD YEAR NORMAL DEPARTURE LAST
                VALUE   (LST)  VALUE       VALUE  FROM      YEAR
                                                  NORMAL
..................................................................
TEMPERATURE (F)
 YESTERDAY
  MAXIMUM         69        MM  87    1897  64      5       69
  MINIMUM         46        MM  34    1876  50     -4       53
  AVERAGE         58                        57      1       61

PRECIPITATION (IN)
  YESTERDAY        0.01          2.15 1974   0.14  -0.13     0.00
  MONTH TO DATE    0.70                      2.31  -1.61     0.78
  SINCE SEP 1      2.70                      6.59  -3.89     3.57
  SINCE JAN 1     37.77                     39.83  -2.06    30.50

SNOWFALL (IN)
  YESTERDAY       MM             0.0  2002   0.0   MM        0.0
                                      2001
  MONTH TO DATE    0.0                       0.0    0.0      0.0
  SINCE OCT 1      0.0                       0.0    0.0      0.0
  SINCE JUL 1      0.0                       0.0    0.0      0.0
  SNOW DEPTH       0

DEGREE DAYS
 HEATING
  YESTERDAY        7                         9     -2        4
  MONTH TO DATE   26                       106    -80       79
  SINCE SEP 1     43                       149   -106       96
  SINCE JUL 1     43                       151   -108       96

 COOLING
  YESTERDAY        0                         0      0        0
  MONTH TO DATE   68                        13     55        2
  SINCE SEP 1    258                       146    112      230
  SINCE JAN 1   1252                      1100    152     1462
..................................................................


WIND (MPH)
  HIGHEST WIND SPEED    13   HIGHEST WIND DIRECTION    NW (300)
  HIGHEST GUST SPEED    20   HIGHEST GUST DIRECTION     E (99)
  AVERAGE WIND SPEED     6.8


SKY COVER
  AVERAGE SKY COVER 0.3


WEATHER CONDITIONS
 THE FOLLOWING WEATHER WAS RECORDED YESTERDAY.
  LIGHT RAIN


RELATIVE HUMIDITY (PERCENT)
 HIGHEST    87           100 AM
 LOWEST     46           700 PM
 AVERAGE    67

..........................................................


THE CENTRAL PARK NY CLIMATE NORMALS FOR TODAY
                         NORMAL    RECORD    YEAR
 MAXIMUM TEMPERATURE (F)   63        90      1938
 MINIMUM TEMPERATURE (F)   50        33      1886


SUNRISE AND SUNSET
OCTOBER 17 2017.......SUNRISE   709 AM EDT   SUNSET   612 PM EDT
OCTOBER 18 2017.......SUNRISE   711 AM EDT   SUNSET   611 PM EDT


-  INDICATES NEGATIVE NUMBERS.
R  INDICATES RECORD WAS SET OR TIED.
MM INDICATES DATA IS MISSING.
T  INDICATES TRACE AMOUNT.




$$
