000
CDUS45 KPSR 300816 RRA
CLINYL

CDUS45 KPSR DDHHMM
CLINYL

CLIMATE REPORT
NATIONAL WEATHER SERVICE PHOENIX AZ
114 AM MST MON MAR 30 2015


...................................

...THE YUMA AZ CLIMATE SUMMARY FOR MARCH 29 2015...

CLIMATE NORMAL PERIOD 1981 TO 2010
CLIMATE RECORD PERIOD 1876 TO 2015


WEATHER ITEM   OBSERVED TIME   RECORD YEAR NORMAL DEPARTURE LAST
                VALUE   (LST)  VALUE       VALUE  FROM      YEAR
                                                  NORMAL
..................................................................
TEMPERATURE (F)
 YESTERDAY
  MAXIMUM         98    442 PM 100    1879  82     16       88
  MINIMUM         67    727 AM  40    1907  56     11       56
                                      1892
  AVERAGE         83                        69     14       72

PRECIPITATION (IN)
  YESTERDAY        0.00          0.07 1967   0.01  -0.01     0.00
  MONTH TO DATE    0.32                      0.32   0.00     0.07
  SINCE OCT 1      0.95                      2.02  -1.07     1.18
  SINCE JAN 1      0.51                      1.08  -0.57     0.07

DEGREE DAYS
 HEATING
  YESTERDAY        0                         1     -1        0
  MONTH TO DATE   23                        49    -26        4
  SINCE MAR 1     23                        49    -26        4
  SINCE JUL 1     83                       672   -589      365

 COOLING
  YESTERDAY       18                         5     13        7
  MONTH TO DATE  263                       107    156      171
  SINCE MAR 1    263                       107    156      171
  SINCE JAN 1    374                       143    231      285
..................................................................


WIND (MPH)
  HIGHEST WIND SPEED    13   HIGHEST WIND DIRECTION     S (190)
  HIGHEST GUST SPEED    14   HIGHEST GUST DIRECTION     S (170)
  AVERAGE WIND SPEED     3.8


SKY COVER
  AVERAGE SKY COVER 0.0


WEATHER CONDITIONS
 THE FOLLOWING WEATHER WAS RECORDED YESTERDAY.
  NO SIGNIFICANT WEATHER WAS OBSERVED.


RELATIVE HUMIDITY (PERCENT)
 HIGHEST    37
 LOWEST      8
 AVERAGE    23

..........................................................


THE YUMA AZ CLIMATE NORMALS FOR TODAY
                         NORMAL    RECORD    YEAR
 MAXIMUM TEMPERATURE (F)   83        99      1934
 MINIMUM TEMPERATURE (F)   56        39      1897


SUNRISE AND SUNSET
MARCH 30 2015.........SUNRISE   629 AM MST   SUNSET   657 PM MST
MARCH 31 2015.........SUNRISE   628 AM MST   SUNSET   658 PM MST


-  INDICATES NEGATIVE NUMBERS.
R  INDICATES RECORD WAS SET OR TIED.
MM INDICATES DATA IS MISSING.
T  INDICATES TRACE AMOUNT.

$$
