544
CDUS45 KPSR 270023 RRA
CLINYL

CLIMATE REPORT
NATIONAL WEATHER SERVICE PHOENIX AZ
522 PM MST TUE JUL 26 2016


...................................

...THE YUMA AZ CLIMATE SUMMARY FOR JULY 26 2016...
VALID TODAY AS OF 0500 PM LOCAL TIME.

CLIMATE NORMAL PERIOD 1981 TO 2010
CLIMATE RECORD PERIOD 1876 TO 2016


WEATHER ITEM   OBSERVED TIME   RECORD YEAR NORMAL DEPARTURE LAST
                VALUE   (LST)  VALUE       VALUE  FROM      YEAR
                                                  NORMAL
..................................................................
TEMPERATURE (F)
 TODAY
  MAXIMUM        107    459 PM 118    1995 107      0      109
  MINIMUM         84    640 AM  67    1949  83      1       84
  AVERAGE         96                        95      1       97

PRECIPITATION (IN)
  TODAY            0.01          0.20 1976   0.02  -0.01     0.00
  MONTH TO DATE    0.38                      0.20   0.18     0.09
  SINCE OCT 1      1.50                      2.47  -0.97     1.68
  SINCE JAN 1      1.36                      1.53  -0.17     1.24

DEGREE DAYS
 HEATING
  TODAY            0                         0      0        0
  MONTH TO DATE    0                         0      0        0
  SINCE JUN 1      0                         0      0        0
  SINCE JUL 1      0                         0      0        0

 COOLING
  TODAY           31                        30      1       32
  MONTH TO DATE  819                       764     55      737
  SINCE JUN 1   1652                      1485    167     1527
  SINCE JAN 1   2653                      2397    256     2606
..................................................................


WIND (MPH)
  HIGHEST WIND SPEED    21   HIGHEST WIND DIRECTION     S (160)
  HIGHEST GUST SPEED    25   HIGHEST GUST DIRECTION     S (160)
  AVERAGE WIND SPEED     9.1


SKY COVER
  AVERAGE SKY COVER 0.4


WEATHER CONDITIONS
 THE FOLLOWING WEATHER WAS RECORDED TODAY.
  THUNDERSTORM
  RAIN


RELATIVE HUMIDITY (PERCENT)
 HIGHEST    74
 LOWEST     24
 AVERAGE    49

..........................................................


THE YUMA AZ CLIMATE NORMALS FOR TOMORROW
                         NORMAL    RECORD    YEAR
 MAXIMUM TEMPERATURE (F)  107       118      1998
 MINIMUM TEMPERATURE (F)   83        61      1913


SUNRISE AND SUNSET
JULY 26 2016..........SUNRISE   549 AM MST   SUNSET   741 PM MST
JULY 27 2016..........SUNRISE   550 AM MST   SUNSET   740 PM MST


-  INDICATES NEGATIVE NUMBERS.
R  INDICATES RECORD WAS SET OR TIED.
MM INDICATES DATA IS MISSING.
T  INDICATES TRACE AMOUNT.

$$
