000
CDUS45 KPSR 110012
CLINYL

CLIMATE REPORT
NATIONAL WEATHER SERVICE PHOENIX AZ
510 PM MST SAT DEC 10 2016


...................................

...THE YUMA AZ CLIMATE SUMMARY FOR DECEMBER 10 2016...
VALID TODAY AS OF 0500 PM LOCAL TIME.

CLIMATE NORMAL PERIOD 1981 TO 2010
CLIMATE RECORD PERIOD 1876 TO 2016


WEATHER ITEM   OBSERVED TIME   RECORD YEAR NORMAL DEPARTURE LAST
                VALUE   (LST)  VALUE       VALUE  FROM      YEAR
                                                  NORMAL
..................................................................
TEMPERATURE (F)
 TODAY
  MAXIMUM         76    304 PM  85    1950  69      7       79
  MINIMUM         50    750 AM  28    1892  47      3       49
  AVERAGE         63                        58      5       64

PRECIPITATION (IN)
  TODAY            0.00          0.81 1926   0.02  -0.02     0.00
  MONTH TO DATE    0.00                      0.14  -0.14     0.00
  SINCE OCT 1      0.04                      0.57  -0.53     0.08
  SINCE JAN 1      1.91                      3.19  -1.28     2.27

DEGREE DAYS
 HEATING
  TODAY            2                         7     -5        1
  MONTH TO DATE   56                        64     -8       32
  SINCE DEC 1     56                        64     -8       32
  SINCE JUL 1    102                       132    -30      102

 COOLING
  TODAY            0                         0      0        0
  MONTH TO DATE    0                         0      0        2
  SINCE DEC 1      0                         0      0        2
  SINCE JAN 1   5073                      4649    424     5176
..................................................................


WIND (MPH)
  HIGHEST WIND SPEED    13   HIGHEST WIND DIRECTION     N (20)
  HIGHEST GUST SPEED    16   HIGHEST GUST DIRECTION     N (20)
  AVERAGE WIND SPEED     4.1


SKY COVER
  AVERAGE SKY COVER 0.0


WEATHER CONDITIONS
 THE FOLLOWING WEATHER WAS RECORDED TODAY.
  NO SIGNIFICANT WEATHER WAS OBSERVED.


RELATIVE HUMIDITY (PERCENT)
 HIGHEST    38
 LOWEST     23
 AVERAGE    31

..........................................................


THE YUMA AZ CLIMATE NORMALS FOR TOMORROW
                         NORMAL    RECORD    YEAR
 MAXIMUM TEMPERATURE (F)   68        85      1950
 MINIMUM TEMPERATURE (F)   47        32      1898


SUNRISE AND SUNSET
DECEMBER 10 2016......SUNRISE   730 AM MST   SUNSET   533 PM MST
DECEMBER 11 2016......SUNRISE   731 AM MST   SUNSET   533 PM MST


-  INDICATES NEGATIVE NUMBERS.
R  INDICATES RECORD WAS SET OR TIED.
MM INDICATES DATA IS MISSING.
T  INDICATES TRACE AMOUNT.

$$
