000
CDUS45 KPSR 270807
CLINYL

CDUS45 KPSR DDHHMM
CLINYL

CLIMATE REPORT
NATIONAL WEATHER SERVICE PHOENIX AZ
106 AM MST WED MAY 27 2015

...................................

...THE YUMA AZ CLIMATE SUMMARY FOR MAY 26 2015...

CLIMATE NORMAL PERIOD 1981 TO 2010
CLIMATE RECORD PERIOD 1876 TO 2015


WEATHER ITEM   OBSERVED TIME   RECORD YEAR NORMAL DEPARTURE LAST
                VALUE   (LST)  VALUE       VALUE  FROM      YEAR
                                                  NORMAL
..................................................................
TEMPERATURE (F)
 YESTERDAY
  MAXIMUM         94    529 PM 115    1951  98     -4      106
  MINIMUM         67    605 AM  50    1916  69     -2       76
                                      1911
  AVERAGE         81                        84     -3       91

PRECIPITATION (IN)
  YESTERDAY        0.00          T    1979   0.00   0.00     0.00
                                      1961
                                      1885
  MONTH TO DATE    0.31                      0.07   0.24     0.00
  SINCE OCT 1      1.26                      2.25  -0.99     1.18
  SINCE JAN 1      0.82                      1.31  -0.49     0.07

DEGREE DAYS
 HEATING
  YESTERDAY        0                         0      0        0
  MONTH TO DATE    3                         0      3        0
  SINCE MAR 1     26                        63    -37        9
  SINCE JUL 1     86                       686   -600      370

 COOLING
  YESTERDAY       16                        19     -3       26
  MONTH TO DATE  284                       408   -124      416
  SINCE MAR 1    863                       778     85      914
  SINCE JAN 1    974                       814    160     1028
..................................................................


WIND (MPH)
  HIGHEST WIND SPEED    16   HIGHEST WIND DIRECTION     S (190)
  HIGHEST GUST SPEED    20   HIGHEST GUST DIRECTION     S (180)
  AVERAGE WIND SPEED     7.3


SKY COVER
  AVERAGE SKY COVER 0.4


WEATHER CONDITIONS
 THE FOLLOWING WEATHER WAS RECORDED YESTERDAY.
  NO SIGNIFICANT WEATHER WAS OBSERVED.


RELATIVE HUMIDITY (PERCENT)
 HIGHEST    44
 LOWEST     15
 AVERAGE    30

..........................................................


THE YUMA AZ CLIMATE NORMALS FOR TODAY
                         NORMAL    RECORD    YEAR
 MAXIMUM TEMPERATURE (F)   99       114      1951
 MINIMUM TEMPERATURE (F)   70        49      1911


SUNRISE AND SUNSET
MAY 27 2015...........SUNRISE   533 AM MST   SUNSET   738 PM MST
MAY 28 2015...........SUNRISE   533 AM MST   SUNSET   739 PM MST


-  INDICATES NEGATIVE NUMBERS.
R  INDICATES RECORD WAS SET OR TIED.
MM INDICATES DATA IS MISSING.
T  INDICATES TRACE AMOUNT.

$$
