000
CDUS45 KPSR 050826
CLINYL

CDUS45 KPSR DDHHMM
CLINYL

CLIMATE REPORT
NATIONAL WEATHER SERVICE PHOENIX AZ
123 AM MST SUN JUL 5 2015


...................................

...THE YUMA AZ CLIMATE SUMMARY FOR JULY 4 2015...

CLIMATE NORMAL PERIOD 1981 TO 2010
CLIMATE RECORD PERIOD 1876 TO 2015


WEATHER ITEM   OBSERVED TIME   RECORD YEAR NORMAL DEPARTURE LAST
                VALUE   (LST)  VALUE       VALUE  FROM      YEAR
                                                  NORMAL
..................................................................
TEMPERATURE (F)
 YESTERDAY
  MAXIMUM        109    315 PM 117    1957 107      2      104
  MINIMUM         87    728 AM  61    1912  80      7       84
                                      1900
  AVERAGE         98                        93      5       94

PRECIPITATION (IN)
  YESTERDAY        0.00          0.20 2014   0.00   0.00     0.20
                                      1880
  MONTH TO DATE    0.06                      0.01   0.05     0.20
  SINCE OCT 1      1.65                      2.28  -0.63     1.38
  SINCE JAN 1      1.21                      1.34  -0.13     0.27

DEGREE DAYS
 HEATING
  YESTERDAY        0                         0      0        0
  MONTH TO DATE    0                         0      0        0
  SINCE JUN 1      0                         0      0        0
  SINCE JUL 1      0                         0      0        0

 COOLING
  YESTERDAY       33                        28      5       29
  MONTH TO DATE  117                       112      5      124
  SINCE JUN 1    907                       833     74      933
  SINCE JAN 1   1986                      1745    241     2095
..................................................................


WIND (MPH)
  HIGHEST WIND SPEED    24   HIGHEST WIND DIRECTION     S (200)
  HIGHEST GUST SPEED    31   HIGHEST GUST DIRECTION     S (190)
  AVERAGE WIND SPEED    10.4


SKY COVER
  AVERAGE SKY COVER 0.0


WEATHER CONDITIONS
 THE FOLLOWING WEATHER WAS RECORDED YESTERDAY.
  NO SIGNIFICANT WEATHER WAS OBSERVED.


RELATIVE HUMIDITY (PERCENT)
 HIGHEST    44
 LOWEST     17
 AVERAGE    31

..........................................................


THE YUMA AZ CLIMATE NORMALS FOR TODAY
                         NORMAL    RECORD    YEAR
 MAXIMUM TEMPERATURE (F)  107       116      1905
 MINIMUM TEMPERATURE (F)   81        64      1921
                                             1912


SUNRISE AND SUNSET
JULY  5 2015..........SUNRISE   536 AM MST   SUNSET   750 PM MST
JULY  6 2015..........SUNRISE   537 AM MST   SUNSET   750 PM MST


-  INDICATES NEGATIVE NUMBERS.
R  INDICATES RECORD WAS SET OR TIED.
MM INDICATES DATA IS MISSING.
T  INDICATES TRACE AMOUNT.

$$
