000
CDUS45 KPSR 300012
CLINYL

CLIMATE REPORT
NATIONAL WEATHER SERVICE PHOENIX AZ
510 PM MST SAT AUG 29 2015


...................................

...THE YUMA AZ CLIMATE SUMMARY FOR AUGUST 29 2015...
VALID TODAY AS OF 0500 PM LOCAL TIME.

CLIMATE NORMAL PERIOD 1981 TO 2010
CLIMATE RECORD PERIOD 1876 TO 2015


WEATHER ITEM   OBSERVED TIME   RECORD YEAR NORMAL DEPARTURE LAST
                VALUE   (LST)  VALUE       VALUE  FROM      YEAR
                                                  NORMAL
..................................................................
TEMPERATURE (F)
 TODAY
  MAXIMUM        113    414 PM 117    1954 106      7      113
  MINIMUM         88    649 AM  64    1947  81      7       81
  AVERAGE        101                        93      8       97

PRECIPITATION (IN)
  TODAY            0.00          0.93 1931   0.01  -0.01     0.00
  MONTH TO DATE    T                         0.44  -0.44     0.49
  SINCE OCT 1      1.68                      3.00  -1.32     1.95
  SINCE JAN 1      1.24                      2.06  -0.82     0.84

DEGREE DAYS
 HEATING
  TODAY            0                         0      0        0
  MONTH TO DATE    0                         0      0        0
  SINCE JUN 1      0                         0      0        0
  SINCE JUL 1      0                         0      0        0

 COOLING
  TODAY           36                        28      8       32
  MONTH TO DATE  958                       852    106      820
  SINCE JUN 1   2643                      2486    157     2607
  SINCE JAN 1   3722                      3398    324     3769
..................................................................


WIND (MPH)
  RESULTANT WIND SPEED   6   RESULTANT WIND DIRECTION   S (190)
  HIGHEST WIND SPEED    16   HIGHEST WIND DIRECTION     S (190)
  HIGHEST GUST SPEED    21   HIGHEST GUST DIRECTION     S (190)
  AVERAGE WIND SPEED     7.0


SKY COVER
  AVERAGE SKY COVER 0.0


WEATHER CONDITIONS
 THE FOLLOWING WEATHER WAS RECORDED TODAY.
  NO SIGNIFICANT WEATHER WAS OBSERVED.


RELATIVE HUMIDITY (PERCENT)
 HIGHEST    47
 LOWEST     18
 AVERAGE    33

..........................................................


THE YUMA AZ CLIMATE NORMALS FOR TOMORROW
                         NORMAL    RECORD    YEAR
 MAXIMUM TEMPERATURE (F)  106       114      1998
                                             1984
                                             1950
 MINIMUM TEMPERATURE (F)   81        58      1907


SUNRISE AND SUNSET
AUGUST 29 2015........SUNRISE   611 AM MST   SUNSET   707 PM MST
AUGUST 30 2015........SUNRISE   612 AM MST   SUNSET   706 PM MST


-  INDICATES NEGATIVE NUMBERS.
R  INDICATES RECORD WAS SET OR TIED.
MM INDICATES DATA IS MISSING.
T  INDICATES TRACE AMOUNT.

$$
