000
CDUS45 KPSR 270832
CLINYL

CLIMATE REPORT
NATIONAL WEATHER SERVICE PHOENIX AZ
130 AM MST FRI FEB 27 2015


...................................

...THE YUMA AZ CLIMATE SUMMARY FOR FEBRUARY 26 2015...

CLIMATE NORMAL PERIOD 1981 TO 2010
CLIMATE RECORD PERIOD 1876 TO 2015


WEATHER ITEM   OBSERVED TIME   RECORD YEAR NORMAL DEPARTURE LAST
                VALUE   (LST)  VALUE       VALUE  FROM      YEAR
                                                  NORMAL
..................................................................
TEMPERATURE (F)
 YESTERDAY
  MAXIMUM         82    334 PM  96    1986  76      6       80
  MINIMUM         51    734 AM  32    1912  52     -1       54
  AVERAGE         67                        64      3       67

PRECIPITATION (IN)
  YESTERDAY        0.00          0.26 1987   0.01  -0.01     0.00
  MONTH TO DATE    0.00                      0.36  -0.36     0.00
  SINCE OCT 1      0.63                      1.67  -1.04     1.11
  SINCE JAN 1      0.19                      0.73  -0.54      T

DEGREE DAYS
 HEATING
  YESTERDAY        0                         3     -3        0
  MONTH TO DATE    6                       108   -102       54
  SINCE DEC 1     45                       548   -503      322
  SINCE JUL 1     60                       616   -556      361

 COOLING
  YESTERDAY        2                         2      0        2
  MONTH TO DATE  109                        30     79       86
  SINCE DEC 1    111                        38     73      103
  SINCE JAN 1    111                        36     75      102
..................................................................


WIND (MPH)
  HIGHEST WIND SPEED    13   HIGHEST WIND DIRECTION    SW (210)
  HIGHEST GUST SPEED    15   HIGHEST GUST DIRECTION    SW (210)
  AVERAGE WIND SPEED     4.1


SKY COVER
  AVERAGE SKY COVER 0.3


WEATHER CONDITIONS
 THE FOLLOWING WEATHER WAS RECORDED YESTERDAY.
  NO SIGNIFICANT WEATHER WAS OBSERVED.


RELATIVE HUMIDITY (PERCENT)
 HIGHEST    59
 LOWEST     10
 AVERAGE    35

..........................................................


THE YUMA AZ CLIMATE NORMALS FOR TODAY
                         NORMAL    RECORD    YEAR
 MAXIMUM TEMPERATURE (F)   76        95      1986
 MINIMUM TEMPERATURE (F)   52        33      1964


SUNRISE AND SUNSET
FEBRUARY 27 2015......SUNRISE   709 AM MST   SUNSET   634 PM MST
FEBRUARY 28 2015......SUNRISE   708 AM MST   SUNSET   635 PM MST


-  INDICATES NEGATIVE NUMBERS.
R  INDICATES RECORD WAS SET OR TIED.
MM INDICATES DATA IS MISSING.
T  INDICATES TRACE AMOUNT.

$$
