000
CDUS46 KMTR 110837
CLIOAK


CLIMATE REPORT
NATIONAL WEATHER SERVICE SAN FRANCISCO BAY AREA
1237 AM PST SUN DEC 11 2016


...................................

...THE OAKLAND AIRPORT CLIMATE SUMMARY FOR DECEMBER 10 2016...

CLIMATE NORMAL PERIOD 1981 TO 2010
CLIMATE RECORD PERIOD 1948 TO 2016


WEATHER ITEM   OBSERVED TIME   RECORD YEAR NORMAL DEPARTURE LAST
                VALUE   (LST)  VALUE       VALUE  FROM      YEAR
                                                  NORMAL
..................................................................
TEMPERATURE (F)
 YESTERDAY
  MAXIMUM         61   1206 AM  71    2012  57      4       62
                                      1958
  MINIMUM         52   1053 PM  27    1972  42     10       49
  AVERAGE         57                        49      8       56

PRECIPITATION (IN)
  YESTERDAY        0.98R         0.74 2006   0.11   0.87     0.30
  MONTH TO DATE    1.76                      1.00   0.76     0.56
  SINCE OCT 1      6.05                      4.65   1.40     1.67
  SINCE JAN 1     17.39                     18.15  -0.76     5.03

SNOWFALL (IN)
  YESTERDAY        0.0                                       0.0
  MONTH TO DATE    0.0                                       0.0
  SINCE DEC 1      0.0                                       0.0
  SINCE JUL 1      0.0                                       0.0

DEGREE DAYS
 HEATING
  YESTERDAY        8                        16     -8        9
  MONTH TO DATE  118                       151    -33      127
  SINCE DEC 1    118                       151    -33      127
  SINCE JUL 1    488                       826   -338      524

 COOLING
  YESTERDAY        0                         0      0        0
  MONTH TO DATE    0                         0      0        0
  SINCE DEC 1      0                         0      0        0
  SINCE JAN 1    168                       138     30      356
..................................................................


WIND (MPH)
  RESULTANT WIND SPEED   6   RESULTANT WIND DIRECTION   S (200)
  HIGHEST WIND SPEED    17   HIGHEST WIND DIRECTION    SW (230)
  HIGHEST GUST SPEED    22   HIGHEST GUST DIRECTION    SW (230)
  AVERAGE WIND SPEED     8.3


SKY COVER
  POSSIBLE SUNSHINE  MM
  AVERAGE SKY COVER 0.9


WEATHER CONDITIONS
 THE FOLLOWING WEATHER WAS RECORDED YESTERDAY.
  HEAVY RAIN
  RAIN
  LIGHT RAIN
  FOG


RELATIVE HUMIDITY (PERCENT)
 HIGHEST   100           800 AM
 LOWEST     86           900 PM
 AVERAGE    93

..........................................................


THE OAKLAND AIRPORT CLIMATE NORMALS FOR TODAY
                         NORMAL    RECORD    YEAR
 MAXIMUM TEMPERATURE (F)   57        71      1958
 MINIMUM TEMPERATURE (F)   42        26      1972


SUNRISE AND SUNSET
DECEMBER 11 2016......SUNRISE   714 AM PST   SUNSET   450 PM PST
DECEMBER 12 2016......SUNRISE   715 AM PST   SUNSET   451 PM PST


-  INDICATES NEGATIVE NUMBERS.
R  INDICATES RECORD WAS SET OR TIED.
MM INDICATES DATA IS MISSING.
T  INDICATES TRACE AMOUNT.




$$
