000
CDUS46 KMTR 190033
CLIOAK


CLIMATE REPORT
NATIONAL WEATHER SERVICE SAN FRANCISCO BAY AREA
432 PM PST SAT NOV 18 2017


...................................

...THE OAKLAND AIRPORT CLIMATE SUMMARY FOR NOVEMBER 18 2017...
VALID TODAY AS OF 0400 PM LOCAL TIME.

CLIMATE NORMAL PERIOD 1981 TO 2010
CLIMATE RECORD PERIOD 1948 TO 2017


WEATHER ITEM   OBSERVED TIME   RECORD YEAR NORMAL DEPARTURE LAST
                VALUE   (LST)  VALUE       VALUE  FROM      YEAR
                                                  NORMAL
..................................................................
TEMPERATURE (F)
 TODAY
  MAXIMUM         60    316 PM  71    1971  63     -3       69
  MINIMUM         39    701 AM  32    2000  45     -6       43
  AVERAGE         50                        54     -4       56

PRECIPITATION (IN)
  TODAY            0.00          1.86 1950   0.10  -0.10      T
  MONTH TO DATE    2.62                      1.42   1.20      T
  SINCE OCT 1      2.75                      2.62   0.13     2.89
  SINCE JAN 1     22.87                     16.12   6.75    14.23

SNOWFALL (IN)
  TODAY            0.0           0.0  1985
  MONTH TO DATE    0.0
  SINCE SEP 1      0.0
  SINCE JUL 1      0.0

DEGREE DAYS
 HEATING
  TODAY           15                        11      4        9
  MONTH TO DATE  162                       167     -5       78
  SINCE SEP 1    303                       379    -76      181
  SINCE JUL 1    355                       519   -164      237

 COOLING
  TODAY            0                         0      0        0
  MONTH TO DATE    0                         0      0        0
  SINCE SEP 1    144                        57     87       70
  SINCE JAN 1    312                       137    175      168
..................................................................


WIND (MPH)
  RESULTANT WIND SPEED   2   RESULTANT WIND DIRECTION  NW (320)
  HIGHEST WIND SPEED    14   HIGHEST WIND DIRECTION    NW (300)
  HIGHEST GUST SPEED    16   HIGHEST GUST DIRECTION    NW (320)
  AVERAGE WIND SPEED     5.4


SKY COVER
  POSSIBLE SUNSHINE  MM
  AVERAGE SKY COVER 0.2


WEATHER CONDITIONS
 THE FOLLOWING WEATHER WAS RECORDED TODAY.
  NO SIGNIFICANT WEATHER WAS OBSERVED.


RELATIVE HUMIDITY (PERCENT)
 HIGHEST    92           300 AM
 LOWEST     51           100 PM
 AVERAGE    72

..........................................................


THE OAKLAND AIRPORT CLIMATE NORMALS FOR TOMORROW
                         NORMAL    RECORD    YEAR
 MAXIMUM TEMPERATURE (F)   62        74      2005
 MINIMUM TEMPERATURE (F)   45        35      2000


SUNRISE AND SUNSET
NOVEMBER 18 2017......SUNRISE   653 AM PST   SUNSET   455 PM PST
NOVEMBER 19 2017......SUNRISE   654 AM PST   SUNSET   455 PM PST


-  INDICATES NEGATIVE NUMBERS.
R  INDICATES RECORD WAS SET OR TIED.
MM INDICATES DATA IS MISSING.
T  INDICATES TRACE AMOUNT.




$$
