000
CDUS46 KMTR 250836
CLIOAK


CLIMATE REPORT
NATIONAL WEATHER SERVICE SAN FRANCISCO BAY AREA
136 AM PDT MON SEP 25 2017


...................................

...THE OAKLAND AIRPORT CLIMATE SUMMARY FOR SEPTEMBER 24 2017...

CLIMATE NORMAL PERIOD 1981 TO 2010
CLIMATE RECORD PERIOD 1948 TO 2017


WEATHER ITEM   OBSERVED TIME   RECORD YEAR NORMAL DEPARTURE LAST
                VALUE   (LST)  VALUE       VALUE  FROM      YEAR
                                                  NORMAL
..................................................................
TEMPERATURE (F)
 YESTERDAY
  MAXIMUM         77    324 PM  93    1997  74      3       82
  MINIMUM         49    629 AM  46    2005  54     -5       55
  AVERAGE         63                        64     -1       69

PRECIPITATION (IN)
  YESTERDAY        0.00          0.29 2001   0.01  -0.01     0.00
  MONTH TO DATE    0.07                      0.13  -0.06     0.00
  SINCE OCT 1     28.55                     20.72   7.83    16.56
  SINCE JAN 1     20.12                     13.41   6.71    11.34

SNOWFALL (IN)
  YESTERDAY        0.0                                       0.0
  MONTH TO DATE    0.0                                       0.0
  SINCE SEP 1      0.0                                       0.0
  SINCE JUL 1      0.0                                       0.0

DEGREE DAYS
 HEATING
  YESTERDAY        2                         2      0        0
  MONTH TO DATE   17                        46    -29       26
  SINCE SEP 1     17                        46    -29       26
  SINCE JUL 1     69                       186   -117       82

 COOLING
  YESTERDAY        0                         1     -1        4
  MONTH TO DATE  105                        41     64       29
  SINCE SEP 1    105                        41     64       29
  SINCE JAN 1    273                       121    152      127
..................................................................


WIND (MPH)
  RESULTANT WIND SPEED   2   RESULTANT WIND DIRECTION   W (290)
  HIGHEST WIND SPEED    20   HIGHEST WIND DIRECTION     W (270)
  HIGHEST GUST SPEED    22   HIGHEST GUST DIRECTION     W (270)
  AVERAGE WIND SPEED     5.8


SKY COVER
  POSSIBLE SUNSHINE  MM
  AVERAGE SKY COVER 0.3


WEATHER CONDITIONS
 THE FOLLOWING WEATHER WAS RECORDED YESTERDAY.
  NO SIGNIFICANT WEATHER WAS OBSERVED.


RELATIVE HUMIDITY (PERCENT)
 HIGHEST    89           400 AM
 LOWEST     33           100 PM
 AVERAGE    61

..........................................................


THE OAKLAND AIRPORT CLIMATE NORMALS FOR TODAY
                         NORMAL    RECORD    YEAR
 MAXIMUM TEMPERATURE (F)   74        94      2016
                                             2010
 MINIMUM TEMPERATURE (F)   54        44      1948


SUNRISE AND SUNSET
SEPTEMBER 25 2017.....SUNRISE   700 AM PDT   SUNSET   701 PM PDT
SEPTEMBER 26 2017.....SUNRISE   700 AM PDT   SUNSET   659 PM PDT


-  INDICATES NEGATIVE NUMBERS.
R  INDICATES RECORD WAS SET OR TIED.
MM INDICATES DATA IS MISSING.
T  INDICATES TRACE AMOUNT.




$$
