000
CDUS46 KMTR 220028
CLIOAK


CLIMATE REPORT
NATIONAL WEATHER SERVICE SAN FRANCISCO BAY AREA
428 PM PST SAT JAN 21 2017


...................................

...THE OAKLAND AIRPORT CLIMATE SUMMARY FOR JANUARY 21 2017...
VALID TODAY AS OF 0400 PM LOCAL TIME.

CLIMATE NORMAL PERIOD 1981 TO 2010
CLIMATE RECORD PERIOD 1948 TO 2017


WEATHER ITEM   OBSERVED TIME   RECORD YEAR NORMAL DEPARTURE LAST
                VALUE   (LST)  VALUE       VALUE  FROM      YEAR
                                                  NORMAL
..................................................................
TEMPERATURE (F)
 TODAY
  MAXIMUM         56    316 PM  69    2007  57     -1       62
  MINIMUM         49    326 AM  32    1963  42      7       50
  AVERAGE         53                        50      3       56

PRECIPITATION (IN)
  TODAY            0.14          2.44 1967   0.08   0.06     0.00
  MONTH TO DATE    6.60                      3.21   3.39     4.87
  SINCE OCT 1     15.03                     10.52   4.51    10.09
  SINCE JAN 1      6.60                      3.21   3.39     4.87

SNOWFALL (IN)
  TODAY           MM             0.0  1985
  MONTH TO DATE    0.0
  SINCE DEC 1      0.0
  SINCE JUL 1      0.0

DEGREE DAYS
 HEATING
  TODAY           12                        15     -3        9
  MONTH TO DATE  290                       339    -49      255
  SINCE DEC 1    729                       836   -107      742
  SINCE JUL 1   1099                      1511   -412     1139

 COOLING
  TODAY            0                         0      0        0
  MONTH TO DATE    0                         0      0        0
  SINCE DEC 1      0                         0      0        0
  SINCE JAN 1      0                         0      0        0
..................................................................


WIND (MPH)
  RESULTANT WIND SPEED  10   RESULTANT WIND DIRECTION  SW (230)
  HIGHEST WIND SPEED    25   HIGHEST WIND DIRECTION     W (250)
  HIGHEST GUST SPEED    31   HIGHEST GUST DIRECTION     W (250)
  AVERAGE WIND SPEED    11.6


SKY COVER
  POSSIBLE SUNSHINE  MM
  AVERAGE SKY COVER 0.8


WEATHER CONDITIONS
 THE FOLLOWING WEATHER WAS RECORDED TODAY.
  LIGHT RAIN
  FOG


RELATIVE HUMIDITY (PERCENT)
 HIGHEST    83           400 AM
 LOWEST     72          1100 AM
 AVERAGE    78

..........................................................


THE OAKLAND AIRPORT CLIMATE NORMALS FOR TOMORROW
                         NORMAL    RECORD    YEAR
 MAXIMUM TEMPERATURE (F)   58        74      1968
 MINIMUM TEMPERATURE (F)   42        31      1962


SUNRISE AND SUNSET
JANUARY 21 2017.......SUNRISE   720 AM PST   SUNSET   521 PM PST
JANUARY 22 2017.......SUNRISE   720 AM PST   SUNSET   522 PM PST


-  INDICATES NEGATIVE NUMBERS.
R  INDICATES RECORD WAS SET OR TIED.
MM INDICATES DATA IS MISSING.
T  INDICATES TRACE AMOUNT.




$$
