000
CDUS43 KOAX 192245
CLIOAX


CLIMATE REPORT
NATIONAL WEATHER SERVICE OMAHA NEBRASKA
444 PM CST MON FEB 19 2018


...................................

...THE VALLEY  NWS, NEBRASKA CLIMATE SUMMARY FOR FEBRUARY 19 2018...
VALID TODAY AS OF 0400 PM LOCAL TIME.

CLIMATE NORMAL PERIOD 1981 TO 2010
CLIMATE RECORD PERIOD 1997 TO 2018


WEATHER ITEM   OBSERVED TIME   NORMAL DEPARTURE LAST
                VALUE   (LST)  VALUE  FROM      YEAR
                                      NORMAL
......................................................
TEMPERATURE (F)
 TODAY
  MAXIMUM         33   1200 AM  38     -5       70
  MINIMUM         21   1037 AM  19      2       41
  AVERAGE         27            28     -1       56

PRECIPITATION (IN)
  TODAY            0.10          0.04   0.06     0.00
  MONTH TO DATE    0.49          0.61  -0.12     0.29
  SINCE DEC 1      2.17          2.51  -0.34     2.55
  SINCE JAN 1      1.79          1.40   0.39     1.24

SNOWFALL (IN)
  TODAY            0.0                           0.0
  MONTH TO DATE    6.9                           4.0
  SINCE JUL 1     17.4                           9.0
  SNOW DEPTH       0

DEGREE DAYS
 HEATING
  TODAY           38            37      1        9
  MONTH TO DATE  834           741     93      539
  SINCE DEC 1   3275          3245     30     2873
  SINCE JUL 1   4350          4515   -165     3662

 COOLING
  TODAY            0             0      0        0
  MONTH TO DATE    0             0      0        0
  SINCE DEC 1      0             0      0        0
  SINCE JAN 1      0             0      0        0
......................................................


WIND (MPH)
  HIGHEST WIND SPEED    MM   HIGHEST WIND DIRECTION    MM
  HIGHEST GUST SPEED    20   HIGHEST GUST DIRECTION    MM



WEATHER CONDITIONS
 THE FOLLOWING WEATHER WAS RECORDED TODAY.
  NO SIGNIFICANT WEATHER WAS OBSERVED.


..........................................................


THE VALLEY  NWS, NEBRASKA CLIMATE NORMALS FOR TOMORROW
                         NORMAL
 MAXIMUM TEMPERATURE (F)   38
 MINIMUM TEMPERATURE (F)   19


SUNRISE AND SUNSET
FEBRUARY 19 2018......SUNRISE   715 AM CST   SUNSET   604 PM CST
FEBRUARY 20 2018......SUNRISE   713 AM CST   SUNSET   606 PM CST


-  INDICATES NEGATIVE NUMBERS.
R  INDICATES RECORD WAS SET OR TIED.
MM INDICATES DATA IS MISSING.
T  INDICATES TRACE AMOUNT.




$$
