000
CDUS43 KOAX 310638
CLIOAX


CLIMATE REPORT
NATIONAL WEATHER SERVICE OMAHA NEBRASKA
136 AM CDT FRI OCT 31 2014


...................................

...THE VALLEY  NWS, NEBRASKA CLIMATE SUMMARY FOR OCTOBER 30 2014...

CLIMATE NORMAL PERIOD 1981 TO 2010
CLIMATE RECORD PERIOD 1997 TO 2014


WEATHER ITEM   OBSERVED TIME   NORMAL DEPARTURE LAST
                VALUE   (LST)  VALUE  FROM      YEAR
                                      NORMAL
......................................................
TEMPERATURE (F)
 YESTERDAY
  MAXIMUM         62    143 PM  58      4       53
  MINIMUM         38    545 AM  36      2       39
  AVERAGE         50            47      3       46

PRECIPITATION (IN)
  YESTERDAY        0.00          0.05  -0.05     0.02
  MONTH TO DATE    1.50          2.23  -0.73     4.82
  SINCE SEP 1      6.10          5.08   1.02     6.36
  SINCE JAN 1     36.15         30.00   6.15    27.40

SNOWFALL (IN)
  YESTERDAY        0.0                           0.0
  MONTH TO DATE    0.0                           0.0
  SINCE JUL 1      0.0                           0.0
  SNOW DEPTH       0

DEGREE DAYS
 HEATING
  YESTERDAY       15            18     -3       19
  MONTH TO DATE  266           366   -100      372
  SINCE SEP 1    348           456   -108      387
  SINCE JUL 1    349           462   -113      392

 COOLING
  YESTERDAY        0             0      0        0
  MONTH TO DATE    6            13     -7       21
  SINCE SEP 1    114           121     -7      225
  SINCE JAN 1   1039          1072    -33     1237
......................................................


WIND (MPH)
  HIGHEST WIND SPEED    MM   HIGHEST WIND DIRECTION    MM
  HIGHEST GUST SPEED    40   HIGHEST GUST DIRECTION    MM


SKY COVER
  POSSIBLE SUNSHINE  MM


WEATHER CONDITIONS
 THE FOLLOWING WEATHER WAS RECORDED YESTERDAY.
  NO SIGNIFICANT WEATHER WAS OBSERVED.


..........................................................


THE VALLEY  NWS, NEBRASKA CLIMATE NORMALS FOR TODAY
                         NORMAL
 MAXIMUM TEMPERATURE (F)   57
 MINIMUM TEMPERATURE (F)   36


SUNRISE AND SUNSET
OCTOBER 31 2014.......SUNRISE   756 AM CDT   SUNSET   622 PM CDT
NOVEMBER  1 2014......SUNRISE   757 AM CDT   SUNSET   621 PM CDT


-  INDICATES NEGATIVE NUMBERS.
R  INDICATES RECORD WAS SET OR TIED.
MM INDICATES DATA IS MISSING.
T  INDICATES TRACE AMOUNT.




$$
