000
CDUS43 KOAX 282201
CLIOAX


CLIMATE REPORT
NATIONAL WEATHER SERVICE OMAHA NEBRASKA
459 PM CDT TUE MAR 28 2017


...................................

...THE VALLEY  NWS, NEBRASKA CLIMATE SUMMARY FOR MARCH 28 2017...
VALID TODAY AS OF 0400 PM LOCAL TIME.

CLIMATE NORMAL PERIOD 1981 TO 2010
CLIMATE RECORD PERIOD 1997 TO 2017


WEATHER ITEM   OBSERVED TIME   NORMAL DEPARTURE LAST
                VALUE   (LST)  VALUE  FROM      YEAR
                                      NORMAL
......................................................
TEMPERATURE (F)
 TODAY
  MAXIMUM         49    230 PM  54     -5       68
  MINIMUM         40    105 AM  33      7       32
  AVERAGE         45            44      1       50

PRECIPITATION (IN)
  TODAY            0.00          0.09  -0.09     0.00
  MONTH TO DATE    1.57          1.72  -0.15     1.03
  SINCE MAR 1      1.57          1.72  -0.15     1.03
  SINCE JAN 1      3.28          3.43  -0.15     2.77

SNOWFALL (IN)
  TODAY            0.0                           0.0
  MONTH TO DATE    0.5                           0.2
  SINCE JUL 1     11.8                          28.7
  SNOW DEPTH       0

DEGREE DAYS
 HEATING
  TODAY           20            22     -2       15
  MONTH TO DATE  620           766   -146      519
  SINCE MAR 1    620           766   -146      519
  SINCE JUL 1   4497          5597  -1100     4507

 COOLING
  TODAY            0             0      0        0
  MONTH TO DATE    0             0      0        0
  SINCE MAR 1      0             0      0        0
  SINCE JAN 1      0             0      0        0
......................................................


WIND (MPH)
  HIGHEST WIND SPEED    MM   HIGHEST WIND DIRECTION    MM
  HIGHEST GUST SPEED    20   HIGHEST GUST DIRECTION    MM



WEATHER CONDITIONS
 THE FOLLOWING WEATHER WAS RECORDED TODAY.
  NO SIGNIFICANT WEATHER WAS OBSERVED.


..........................................................


THE VALLEY  NWS, NEBRASKA CLIMATE NORMALS FOR TOMORROW
                         NORMAL
 MAXIMUM TEMPERATURE (F)   55
 MINIMUM TEMPERATURE (F)   33


SUNRISE AND SUNSET
MARCH 28 2017.........SUNRISE   715 AM CDT   SUNSET   747 PM CDT
MARCH 29 2017.........SUNRISE   713 AM CDT   SUNSET   748 PM CDT


-  INDICATES NEGATIVE NUMBERS.
R  INDICATES RECORD WAS SET OR TIED.
MM INDICATES DATA IS MISSING.
T  INDICATES TRACE AMOUNT.




$$
