000
CDUS43 KOAX 170711
CLIOAX


CLIMATE REPORT
NATIONAL WEATHER SERVICE OMAHA NEBRASKA
110 AM CST TUE JAN 17 2017


...................................

...THE VALLEY  NWS, NEBRASKA CLIMATE SUMMARY FOR JANUARY 16 2017...

CLIMATE NORMAL PERIOD 1981 TO 2010
CLIMATE RECORD PERIOD 1997 TO 2017


WEATHER ITEM   OBSERVED TIME   NORMAL DEPARTURE LAST
                VALUE   (LST)  VALUE  FROM      YEAR
                                      NORMAL
......................................................
TEMPERATURE (F)
 YESTERDAY
  MAXIMUM         33    222 PM  32      1       27
  MINIMUM         31   1202 AM  14     17        6
  AVERAGE         32            23      9       17

PRECIPITATION (IN)
  YESTERDAY        0.49          0.03   0.46     0.02
  MONTH TO DATE    0.79          0.37   0.42     0.49
  SINCE DEC 1      2.10          1.48   0.62     5.60
  SINCE JAN 1      0.79          0.37   0.42     0.49

SNOWFALL (IN)
  YESTERDAY        0.0                           0.4
  MONTH TO DATE    0.5                           1.8
  SINCE JUL 1      3.1                          14.2
  SNOW DEPTH       0

DEGREE DAYS
 HEATING
  YESTERDAY       33            42     -9       48
  MONTH TO DATE  698           672     26      651
  SINCE DEC 1   1876          1882     -6     1615
  SINCE JUL 1   2665          3152   -487     2500

 COOLING
  YESTERDAY        0             0      0        0
  MONTH TO DATE    0             0      0        0
  SINCE DEC 1      0             0      0        0
  SINCE JAN 1      0             0      0        0
......................................................


WIND (MPH)
  HIGHEST WIND SPEED    MM   HIGHEST WIND DIRECTION    MM
  HIGHEST GUST SPEED    18   HIGHEST GUST DIRECTION    MM


SKY COVER
  POSSIBLE SUNSHINE  MM


WEATHER CONDITIONS
 THE FOLLOWING WEATHER WAS RECORDED YESTERDAY.
  RAIN
  LIGHT RAIN
  LT FREEZING RAIN
  FOG


..........................................................


THE VALLEY  NWS, NEBRASKA CLIMATE NORMALS FOR TODAY
                         NORMAL
 MAXIMUM TEMPERATURE (F)   32
 MINIMUM TEMPERATURE (F)   14


SUNRISE AND SUNSET
JANUARY 17 2017.......SUNRISE   748 AM CST   SUNSET   524 PM CST
JANUARY 18 2017.......SUNRISE   747 AM CST   SUNSET   525 PM CST


-  INDICATES NEGATIVE NUMBERS.
R  INDICATES RECORD WAS SET OR TIED.
MM INDICATES DATA IS MISSING.
T  INDICATES TRACE AMOUNT.




$$
