000
CDUS43 KOAX 220633
CLIOAX


CLIMATE REPORT
NATIONAL WEATHER SERVICE OMAHA NEBRASKA
1231 AM CST WED FEB 22 2017


...................................

...THE VALLEY  NWS, NEBRASKA CLIMATE SUMMARY FOR FEBRUARY 21 2017...

CLIMATE NORMAL PERIOD 1981 TO 2010
CLIMATE RECORD PERIOD 1997 TO 2017


WEATHER ITEM   OBSERVED TIME   NORMAL DEPARTURE LAST
                VALUE   (LST)  VALUE  FROM      YEAR
                                      NORMAL
......................................................
TEMPERATURE (F)
 YESTERDAY
  MAXIMUM         73    344 PM  38     35       53
  MINIMUM         32    651 AM  19     13       34
  AVERAGE         53            29     24       44

PRECIPITATION (IN)
  YESTERDAY        0.00          0.03  -0.03      T
  MONTH TO DATE    0.30          0.67  -0.37     0.94
  SINCE DEC 1      2.56          2.57  -0.01     6.80
  SINCE JAN 1      1.25          1.46  -0.21     1.69

SNOWFALL (IN)
  YESTERDAY        0.0                           0.0
  MONTH TO DATE    4.0                           9.1
  SINCE JUL 1      9.0                          27.9
  SNOW DEPTH       0

DEGREE DAYS
 HEATING
  YESTERDAY       12            36    -24       21
  MONTH TO DATE  565           813   -248      703
  SINCE DEC 1   2899          3317   -418     2909
  SINCE JUL 1   3688          4587   -899     3794

 COOLING
  YESTERDAY        0             0      0        0
  MONTH TO DATE    0             0      0        0
  SINCE DEC 1      0             0      0        0
  SINCE JAN 1      0             0      0        0
......................................................


WIND (MPH)
  HIGHEST WIND SPEED    MM   HIGHEST WIND DIRECTION    MM
  HIGHEST GUST SPEED    25   HIGHEST GUST DIRECTION    MM


SKY COVER
  POSSIBLE SUNSHINE  MM


WEATHER CONDITIONS
 THE FOLLOWING WEATHER WAS RECORDED YESTERDAY.
  FOG


..........................................................


THE VALLEY  NWS, NEBRASKA CLIMATE NORMALS FOR TODAY
                         NORMAL
 MAXIMUM TEMPERATURE (F)   39
 MINIMUM TEMPERATURE (F)   20


SUNRISE AND SUNSET
FEBRUARY 22 2017......SUNRISE   710 AM CST   SUNSET   608 PM CST
FEBRUARY 23 2017......SUNRISE   709 AM CST   SUNSET   610 PM CST


-  INDICATES NEGATIVE NUMBERS.
R  INDICATES RECORD WAS SET OR TIED.
MM INDICATES DATA IS MISSING.
T  INDICATES TRACE AMOUNT.




$$
