865
CDUS43 KOAX 220634
CLIOAX


CLIMATE REPORT
NATIONAL WEATHER SERVICE OMAHA NEBRASKA
1233 AM CST WED NOV 22 2017


...................................

...THE VALLEY  NWS, NEBRASKA CLIMATE SUMMARY FOR NOVEMBER 21 2017...

CLIMATE NORMAL PERIOD 1981 TO 2010
CLIMATE RECORD PERIOD 1997 TO 2017


WEATHER ITEM   OBSERVED TIME   NORMAL DEPARTURE LAST
                VALUE   (LST)  VALUE  FROM      YEAR
                                      NORMAL
......................................................
TEMPERATURE (F)
 YESTERDAY
  MAXIMUM         43    428 AM  46     -3       47
  MINIMUM         20   1154 PM  26     -6       30
  AVERAGE         32            36     -4       39

PRECIPITATION (IN)
  YESTERDAY        T             0.05  -0.05     0.00
  MONTH TO DATE    0.57          1.06  -0.49     0.06
  SINCE SEP 1     10.92          6.20   4.72     4.39
  SINCE JAN 1     36.14         31.12   5.02    41.83

SNOWFALL (IN)
  YESTERDAY        0.0                           0.0
  MONTH TO DATE    T                              T
  SINCE JUL 1      T                              T
  SNOW DEPTH       0

DEGREE DAYS
 HEATING
  YESTERDAY       33            29      4       26
  MONTH TO DATE  533           502     31      306
  SINCE SEP 1    893           977    -84      571
  SINCE JUL 1    893           983    -90      573

 COOLING
  YESTERDAY        0             0      0        0
  MONTH TO DATE    0             0      0        0
  SINCE SEP 1    200           124     76      187
  SINCE JAN 1   1205          1075    130     1284
......................................................


WIND (MPH)
  HIGHEST WIND SPEED    MM   HIGHEST WIND DIRECTION    MM
  HIGHEST GUST SPEED    48   HIGHEST GUST DIRECTION    MM


SKY COVER
  POSSIBLE SUNSHINE  MM


WEATHER CONDITIONS
 THE FOLLOWING WEATHER WAS RECORDED YESTERDAY.
  LIGHT RAIN


..........................................................


THE VALLEY  NWS, NEBRASKA CLIMATE NORMALS FOR TODAY
                         NORMAL
 MAXIMUM TEMPERATURE (F)   45
 MINIMUM TEMPERATURE (F)   26


SUNRISE AND SUNSET
NOVEMBER 22 2017......SUNRISE   722 AM CST   SUNSET   501 PM CST
NOVEMBER 23 2017......SUNRISE   723 AM CST   SUNSET   500 PM CST


-  INDICATES NEGATIVE NUMBERS.
R  INDICATES RECORD WAS SET OR TIED.
MM INDICATES DATA IS MISSING.
T  INDICATES TRACE AMOUNT.




$$
