000
CDUS43 KGID 290634
CLIODX


CLIMATE REPORT
NATIONAL WEATHER SERVICE HASTINGS NE
132 AM CDT SAT AUG 29 2015


...................................

...THE ORD NE CLIMATE SUMMARY FOR AUGUST 28 2015...

CLIMATE NORMAL PERIOD 1981 TO 2010
CLIMATE RECORD PERIOD 1895 TO 2015


WEATHER ITEM   OBSERVED TIME   NORMAL DEPARTURE LAST
                VALUE   (LST)  VALUE  FROM      YEAR
                                      NORMAL
......................................................
TEMPERATURE (F)
 YESTERDAY
  MAXIMUM         77    527 PM  84     -7       82
  MINIMUM         56   1112 PM  58     -2       63
  AVERAGE         67            71     -4       73

PRECIPITATION (IN)
  YESTERDAY        0.00          0.09  -0.09     0.17
  MONTH TO DATE    2.13          2.91  -0.78     5.25
  SINCE JUN 1      8.08         10.00  -1.92    15.40
  SINCE JAN 1     14.54         18.66  -4.12    17.62

DEGREE DAYS
 HEATING
  YESTERDAY        0             1     -1        0
  MONTH TO DATE   18             1     17        0
  SINCE JUN 1     29            43    -14       51
  SINCE JUL 1     23             6     17       19

 COOLING
  YESTERDAY        2             6     -4        8
  MONTH TO DATE  171           240    -69      222
  SINCE JUN 1    631           699    -68      553
  SINCE JAN 1    640           740   -100      622
......................................................


WIND (MPH)
  HIGHEST WIND SPEED    16   HIGHEST WIND DIRECTION     N (360)
  HIGHEST GUST SPEED    22   HIGHEST GUST DIRECTION     N (350)
  AVERAGE WIND SPEED     7.9


SKY COVER
  AVERAGE SKY COVER 0.7


WEATHER CONDITIONS
 THE FOLLOWING WEATHER WAS RECORDED YESTERDAY.
  FOG


RELATIVE HUMIDITY (PERCENT)
 HIGHEST   100           200 AM
 LOWEST     60           200 PM
 AVERAGE    80

..........................................................


THE ORD NE CLIMATE NORMALS FOR TODAY
                         NORMAL
 MAXIMUM TEMPERATURE (F)   84
 MINIMUM TEMPERATURE (F)   57


SUNRISE AND SUNSET
AUGUST 29 2015........SUNRISE   659 AM CDT   SUNSET   814 PM CDT
AUGUST 30 2015........SUNRISE   700 AM CDT   SUNSET   813 PM CDT


-  INDICATES NEGATIVE NUMBERS.
R  INDICATES RECORD WAS SET OR TIED.
MM INDICATES DATA IS MISSING.
T  INDICATES TRACE AMOUNT.

$$

HALBLAUB
