000
CDUS43 KGID 090632
CLIODX


CLIMATE REPORT
NATIONAL WEATHER SERVICE HASTINGS NE
1229 AM CST FRI DEC 9 2016


...................................

...THE ORD NE CLIMATE SUMMARY FOR DECEMBER 8 2016...

CLIMATE NORMAL PERIOD 1981 TO 2010
CLIMATE RECORD PERIOD 1895 TO 2016


WEATHER ITEM   OBSERVED TIME   NORMAL DEPARTURE LAST
                VALUE   (LST)  VALUE  FROM      YEAR
                                      NORMAL
......................................................
TEMPERATURE (F)
 YESTERDAY
  MAXIMUM         23    320 PM  38    -15       61
  MINIMUM         -3   1042 PM  14    -17       33
  AVERAGE         10            26    -16       47

PRECIPITATION (IN)
  YESTERDAY        0.00          0.03  -0.03     0.00
  MONTH TO DATE    0.00          0.34  -0.34      T
  SINCE DEC 1      0.00          0.34  -0.34      T
  SINCE JAN 1     30.21         24.69   5.52    22.65

DEGREE DAYS
 HEATING
  YESTERDAY       55            39     16       18
  MONTH TO DATE  305           301      4      240
  SINCE DEC 1    305           301      4      240
  SINCE JUL 1   1421          1782   -361     1379

 COOLING
  YESTERDAY        0             0      0        0
  MONTH TO DATE    0             0      0        0
  SINCE DEC 1      0             0      0        0
  SINCE JAN 1    887           845     42      818
......................................................


WIND (MPH)
  HIGHEST WIND SPEED    24   HIGHEST WIND DIRECTION    NW (320)
  HIGHEST GUST SPEED    31   HIGHEST GUST DIRECTION    NW (310)
  AVERAGE WIND SPEED    12.0


SKY COVER
  AVERAGE SKY COVER 0.0


WEATHER CONDITIONS
 THE FOLLOWING WEATHER WAS RECORDED YESTERDAY.
  NO SIGNIFICANT WEATHER WAS OBSERVED.


RELATIVE HUMIDITY (PERCENT)
 HIGHEST    79           900 PM
 LOWEST     39           200 PM
 AVERAGE    59

..........................................................


THE ORD NE CLIMATE NORMALS FOR TODAY
                         NORMAL
 MAXIMUM TEMPERATURE (F)   38
 MINIMUM TEMPERATURE (F)   14


SUNRISE AND SUNSET
DECEMBER  9 2016......SUNRISE   751 AM CST   SUNSET   505 PM CST
DECEMBER 10 2016......SUNRISE   752 AM CST   SUNSET   506 PM CST


-  INDICATES NEGATIVE NUMBERS.
R  INDICATES RECORD WAS SET OR TIED.
MM INDICATES DATA IS MISSING.
T  INDICATES TRACE AMOUNT.

$$

KELLEY
