000
CDUS43 KGID 282229
CLIODX


CLIMATE REPORT
NATIONAL WEATHER SERVICE HASTINGS NE
529 PM CDT FRI APR 28 2017


...................................

...THE ORD NE CLIMATE SUMMARY FOR APRIL 28 2017...
VALID TODAY AS OF 0500 PM LOCAL TIME.

CLIMATE NORMAL PERIOD 1981 TO 2010
CLIMATE RECORD PERIOD 1895 TO 2017


WEATHER ITEM   OBSERVED TIME   NORMAL DEPARTURE LAST
                VALUE   (LST)  VALUE  FROM      YEAR
                                      NORMAL
......................................................
TEMPERATURE (F)
 TODAY
  MAXIMUM         46   1251 AM  66    -20       47
  MINIMUM         33    911 AM  40     -7       39
  AVERAGE         40            53    -13       43

PRECIPITATION (IN)
  TODAY            0.48          0.11   0.37      T
  MONTH TO DATE    2.52          2.37   0.15     7.37
  SINCE MAR 1      4.35          3.82   0.53     8.72
  SINCE JAN 1      6.29          4.63   1.66     9.87

DEGREE DAYS
 HEATING
  TODAY           25            12     13       22
  MONTH TO DATE  399           465    -66      394
  SINCE MAR 1   1128          1311   -183     1075
  SINCE JUL 1   5639          6328   -689     5424

 COOLING
  TODAY            0             0      0        0
  MONTH TO DATE    0             0      0        0
  SINCE MAR 1      0             0      0        0
  SINCE JAN 1      0             0      0        0
......................................................


WIND (MPH)
  HIGHEST WIND SPEED    22   HIGHEST WIND DIRECTION     N (20)
  HIGHEST GUST SPEED    27   HIGHEST GUST DIRECTION     N (20)
  AVERAGE WIND SPEED    13.5


SKY COVER
  AVERAGE SKY COVER 1.0


WEATHER CONDITIONS
 THE FOLLOWING WEATHER WAS RECORDED TODAY.
  RAIN
  LIGHT RAIN
  LIGHT SNOW
  FOG


RELATIVE HUMIDITY (PERCENT)
 HIGHEST    89           800 AM
 LOWEST     70           200 AM
 AVERAGE    80

..........................................................


THE ORD NE CLIMATE NORMALS FOR TOMORROW
                         NORMAL
 MAXIMUM TEMPERATURE (F)   66
 MINIMUM TEMPERATURE (F)   41


SUNRISE AND SUNSET
APRIL 28 2017.........SUNRISE   636 AM CDT   SUNSET   831 PM CDT
APRIL 29 2017.........SUNRISE   635 AM CDT   SUNSET   832 PM CDT


-  INDICATES NEGATIVE NUMBERS.
R  INDICATES RECORD WAS SET OR TIED.
MM INDICATES DATA IS MISSING.
T  INDICATES TRACE AMOUNT.




$$
