000
CDUS43 KGID 222227
CLIODX


CLIMATE REPORT
NATIONAL WEATHER SERVICE HASTINGS NE
527 PM CDT FRI MAY 22 2015


...................................

...THE ORD NE CLIMATE SUMMARY FOR MAY 22 2015...
VALID TODAY AS OF 0500 PM LOCAL TIME.

CLIMATE NORMAL PERIOD 1981 TO 2010
CLIMATE RECORD PERIOD 1895 TO 2015


WEATHER ITEM   OBSERVED TIME   NORMAL DEPARTURE LAST
                VALUE   (LST)  VALUE  FROM      YEAR
                                      NORMAL
......................................................
TEMPERATURE (F)
 TODAY
  MAXIMUM         56   1158 AM  74    -18       75
  MINIMUM         36    404 AM  49    -13       55
  AVERAGE         46            61    -15       65

PRECIPITATION (IN)
  TODAY            0.12          0.14  -0.02     0.16
  MONTH TO DATE    2.60          2.51   0.09     0.49
  SINCE MAR 1      5.34          6.55  -1.21     1.95
  SINCE JAN 1      6.08          7.36  -1.28     2.20

DEGREE DAYS
 HEATING
  TODAY           19             5     14        0
  MONTH TO DATE  203           181     22      255
  SINCE MAR 1   1352          1517   -165     1701
  SINCE JUL 1   6484          6534    -50     6854

 COOLING
  TODAY            0             2     -2        0
  MONTH TO DATE    5            21    -16       11
  SINCE MAR 1      9            23    -14       12
  SINCE JAN 1      9            23    -14       12
......................................................


WIND (MPH)
  HIGHEST WIND SPEED    21   HIGHEST WIND DIRECTION     S (190)
  HIGHEST GUST SPEED    25   HIGHEST GUST DIRECTION     S (190)
  AVERAGE WIND SPEED     2.9


SKY COVER
  AVERAGE SKY COVER 0.3


WEATHER CONDITIONS
 THE FOLLOWING WEATHER WAS RECORDED TODAY.
  LIGHT RAIN


RELATIVE HUMIDITY (PERCENT)
 HIGHEST   100           600 AM
 LOWEST     61          1200 PM
 AVERAGE    81

..........................................................


THE ORD NE CLIMATE NORMALS FOR TOMORROW
                         NORMAL
 MAXIMUM TEMPERATURE (F)   74
 MINIMUM TEMPERATURE (F)   50


SUNRISE AND SUNSET
MAY 22 2015...........SUNRISE   610 AM CDT   SUNSET   855 PM CDT
MAY 23 2015...........SUNRISE   610 AM CDT   SUNSET   856 PM CDT


-  INDICATES NEGATIVE NUMBERS.
R  INDICATES RECORD WAS SET OR TIED.
MM INDICATES DATA IS MISSING.
T  INDICATES TRACE AMOUNT.




$$
