000
CDUS43 KGID 280630
CLIODX


CLIMATE REPORT
NATIONAL WEATHER SERVICE HASTINGS NE
129 AM CDT THU AUG 28 2014


...................................

...THE ORD NE CLIMATE SUMMARY FOR AUGUST 27 2014...

CLIMATE NORMAL PERIOD 1981 TO 2010
CLIMATE RECORD PERIOD 1895 TO 2014


WEATHER ITEM   OBSERVED TIME   NORMAL DEPARTURE LAST
                VALUE   (LST)  VALUE  FROM      YEAR
                                      NORMAL
......................................................
TEMPERATURE (F)
 YESTERDAY
  MAXIMUM         76    439 PM  84     -8       95
  MINIMUM         66    140 AM  58      8       66
  AVERAGE         71            71      0       81

PRECIPITATION (IN)
  YESTERDAY        0.54          0.08   0.46     0.00
  MONTH TO DATE    5.08          2.82   2.26     3.75
  SINCE JUN 1     15.23          9.91   5.32     9.27
  SINCE JAN 1     17.45         18.57  -1.12    19.41

DEGREE DAYS
 HEATING
  YESTERDAY        0             0      0        0
  MONTH TO DATE    0             0      0        0
  SINCE JUN 1     51            42      9       54
  SINCE JUL 1     19             5     14        7

 COOLING
  YESTERDAY        6             7     -1       16
  MONTH TO DATE  214           234    -20      218
  SINCE JUN 1    545           693   -148      659
  SINCE JAN 1    614           734   -120      706
......................................................


WIND (MPH)
  HIGHEST WIND SPEED    14   HIGHEST WIND DIRECTION    SE (150)
  HIGHEST GUST SPEED    18   HIGHEST GUST DIRECTION    SE (150)
  AVERAGE WIND SPEED     6.6


SKY COVER
  AVERAGE SKY COVER 0.8


WEATHER CONDITIONS
 THE FOLLOWING WEATHER WAS RECORDED YESTERDAY.
  THUNDERSTORM
  HEAVY RAIN
  RAIN
  LIGHT RAIN
  FOG


RELATIVE HUMIDITY (PERCENT)
 HIGHEST   100           500 AM
 LOWEST     74           500 PM
 AVERAGE    87

..........................................................


THE ORD NE CLIMATE NORMALS FOR TODAY
                         NORMAL
 MAXIMUM TEMPERATURE (F)   84
 MINIMUM TEMPERATURE (F)   58


SUNRISE AND SUNSET
AUGUST 28 2014........SUNRISE   658 AM CDT   SUNSET   815 PM CDT
AUGUST 29 2014........SUNRISE   659 AM CDT   SUNSET   814 PM CDT


-  INDICATES NEGATIVE NUMBERS.
R  INDICATES RECORD WAS SET OR TIED.
MM INDICATES DATA IS MISSING.
T  INDICATES TRACE AMOUNT.




$$
