000
CDUS43 KGID 160635
CLIODX


CLIMATE REPORT
NATIONAL WEATHER SERVICE HASTINGS NE
1234 AM CST MON JAN 16 2017


...................................

...THE ORD NE CLIMATE SUMMARY FOR JANUARY 15 2017...

CLIMATE NORMAL PERIOD 1981 TO 2010
CLIMATE RECORD PERIOD 1895 TO 2017


WEATHER ITEM   OBSERVED TIME   NORMAL DEPARTURE LAST
                VALUE   (LST)  VALUE  FROM      YEAR
                                      NORMAL
......................................................
TEMPERATURE (F)
 YESTERDAY
  MAXIMUM         33    411 PM  37     -4       35
  MINIMUM         18   1210 AM  12      6       23
  AVERAGE         26            25      1       29

PRECIPITATION (IN)
  YESTERDAY        0.10          0.02   0.08     0.00
  MONTH TO DATE    0.49          0.15   0.34     0.03
  SINCE DEC 1      0.90          0.74   0.16     0.72
  SINCE JAN 1      0.49          0.15   0.34     0.03

DEGREE DAYS
 HEATING
  YESTERDAY       39            40     -1       36
  MONTH TO DATE  734           613    121      597
  SINCE DEC 1   2014          1856    158     1708
  SINCE JUL 1   3130          3337   -207     2847

 COOLING
  YESTERDAY        0             0      0        0
  MONTH TO DATE    0             0      0        0
  SINCE DEC 1      0             0      0        0
  SINCE JAN 1      0             0      0        0
......................................................


WIND (MPH)
  HIGHEST WIND SPEED     9   HIGHEST WIND DIRECTION    SE (150)
  HIGHEST GUST SPEED    11   HIGHEST GUST DIRECTION    SE (150)
  AVERAGE WIND SPEED     2.8


SKY COVER
  AVERAGE SKY COVER 1.0


WEATHER CONDITIONS
 THE FOLLOWING WEATHER WAS RECORDED YESTERDAY.
  LT FREEZING RAIN
  FOG
  HAZE


RELATIVE HUMIDITY (PERCENT)
 HIGHEST    92           700 PM
 LOWEST     56           200 PM
 AVERAGE    74

..........................................................


THE ORD NE CLIMATE NORMALS FOR TODAY
                         NORMAL
 MAXIMUM TEMPERATURE (F)   37
 MINIMUM TEMPERATURE (F)   12


SUNRISE AND SUNSET
JANUARY 16 2017.......SUNRISE   800 AM CST   SUNSET   532 PM CST
JANUARY 17 2017.......SUNRISE   759 AM CST   SUNSET   533 PM CST


-  INDICATES NEGATIVE NUMBERS.
R  INDICATES RECORD WAS SET OR TIED.
MM INDICATES DATA IS MISSING.
T  INDICATES TRACE AMOUNT.




$$
