365
CDUS43 KGID 130639
CLIODX


CLIMATE REPORT
NATIONAL WEATHER SERVICE HASTINGS NE
1237 AM CST SAT FEB 13 2016


...................................

...THE ORD NE CLIMATE SUMMARY FOR FEBRUARY 12 2016...

CLIMATE NORMAL PERIOD 1981 TO 2010
CLIMATE RECORD PERIOD 1895 TO 2016


WEATHER ITEM   OBSERVED TIME   NORMAL DEPARTURE LAST
                VALUE   (LST)  VALUE  FROM      YEAR
                                      NORMAL
......................................................
TEMPERATURE (F)
 YESTERDAY
  MAXIMUM         29    942 AM  39    -10       27
  MINIMUM         17   1159 PM  15      2        8
  AVERAGE         23            27     -4       18

PRECIPITATION (IN)
  YESTERDAY        0.00          0.02  -0.02     0.00
  MONTH TO DATE    0.85          0.22   0.63     0.49
  SINCE DEC 1      1.84          1.18   0.66     2.22
  SINCE JAN 1      1.15          0.59   0.56     0.66

DEGREE DAYS
 HEATING
  YESTERDAY       42            38      4       47
  MONTH TO DATE  449           465    -16      446
  SINCE DEC 1   2763          2960   -197     2833
  SINCE JUL 1   3902          4441   -539     4419

 COOLING
  YESTERDAY        0             0      0        0
  MONTH TO DATE    0             0      0        0
  SINCE DEC 1      0             0      0        0
  SINCE JAN 1      0             0      0        0
......................................................


WIND (MPH)
  HIGHEST WIND SPEED    16   HIGHEST WIND DIRECTION    NE (30)
  HIGHEST GUST SPEED    19   HIGHEST GUST DIRECTION    NE (30)
  AVERAGE WIND SPEED     8.5


SKY COVER
  AVERAGE SKY COVER 0.9


WEATHER CONDITIONS
 THE FOLLOWING WEATHER WAS RECORDED YESTERDAY.
  FOG


RELATIVE HUMIDITY (PERCENT)
 HIGHEST    92          1200 AM
 LOWEST     63           400 PM
 AVERAGE    78

..........................................................


THE ORD NE CLIMATE NORMALS FOR TODAY
                         NORMAL
 MAXIMUM TEMPERATURE (F)   39
 MINIMUM TEMPERATURE (F)   15


SUNRISE AND SUNSET
FEBRUARY 13 2016......SUNRISE   734 AM CST   SUNSET   606 PM CST
FEBRUARY 14 2016......SUNRISE   733 AM CST   SUNSET   607 PM CST


-  INDICATES NEGATIVE NUMBERS.
R  INDICATES RECORD WAS SET OR TIED.
MM INDICATES DATA IS MISSING.
T  INDICATES TRACE AMOUNT.

$$

HALBLAUB
