000
CDUS43 KGID 190631
CLIODX


CLIMATE REPORT
NATIONAL WEATHER SERVICE HASTINGS NE
130 AM CDT SAT APR 19 2014


...................................

...THE ORD NE CLIMATE SUMMARY FOR APRIL 18 2014...

CLIMATE NORMAL PERIOD 1981 TO 2010
CLIMATE RECORD PERIOD 1895 TO 2014


WEATHER ITEM   OBSERVED TIME   NORMAL DEPARTURE LAST
                VALUE   (LST)  VALUE  FROM      YEAR
                                      NORMAL
......................................................
TEMPERATURE (F)
 YESTERDAY
  MAXIMUM         70    558 PM  62      8       33
  MINIMUM         33    348 AM  37     -4       26
  AVERAGE         52            50      2       30

PRECIPITATION (IN)
  YESTERDAY        0.00          0.09  -0.09     0.09
  MONTH TO DATE    0.63          1.35  -0.72     2.13
  SINCE MAR 1      0.83          2.80  -1.97     2.74
  SINCE JAN 1      1.08          3.61  -2.53     4.36

DEGREE DAYS
 HEATING
  YESTERDAY       13                            35
  MONTH TO DATE  363                           450

 COOLING
  YESTERDAY        0                             0
  MONTH TO DATE    0                             0
  SINCE MAR 1      0                             0
  SINCE JAN 1      0                             0
......................................................


WIND (MPH)
  HIGHEST WIND SPEED    30   HIGHEST WIND DIRECTION     S (180)
  HIGHEST GUST SPEED    41   HIGHEST GUST DIRECTION     S (180)
  AVERAGE WIND SPEED    16.2


SKY COVER
  AVERAGE SKY COVER 0.0


WEATHER CONDITIONS
 THE FOLLOWING WEATHER WAS RECORDED YESTERDAY.
  NO SIGNIFICANT WEATHER WAS OBSERVED.


RELATIVE HUMIDITY (PERCENT)
 HIGHEST    89           700 AM
 LOWEST     33           300 PM
 AVERAGE    61

..........................................................


THE ORD NE CLIMATE NORMALS FOR TODAY
                         NORMAL
 MAXIMUM TEMPERATURE (F)   63
 MINIMUM TEMPERATURE (F)   37


SUNRISE AND SUNSET
APRIL 19 2014.........SUNRISE   650 AM CDT   SUNSET   821 PM CDT
APRIL 20 2014.........SUNRISE   648 AM CDT   SUNSET   822 PM CDT


-  INDICATES NEGATIVE NUMBERS.
R  INDICATES RECORD WAS SET OR TIED.
MM INDICATES DATA IS MISSING.
T  INDICATES TRACE AMOUNT.




$$
