000
CDUS43 KGID 210630
CLIODX


CLIMATE REPORT
NATIONAL WEATHER SERVICE HASTINGS NE
129 AM CDT SUN SEP 21 2014


...................................

...THE ORD NE CLIMATE SUMMARY FOR SEPTEMBER 20 2014...

CLIMATE NORMAL PERIOD 1981 TO 2010
CLIMATE RECORD PERIOD 1895 TO 2014


WEATHER ITEM   OBSERVED TIME   NORMAL DEPARTURE LAST
                VALUE   (LST)  VALUE  FROM      YEAR
                                      NORMAL
......................................................
TEMPERATURE (F)
 YESTERDAY
  MAXIMUM         84    330 PM  77      7       73
  MINIMUM         51   1159 PM  47      4       41
  AVERAGE         68            62      6       57

PRECIPITATION (IN)
  YESTERDAY        0.07          0.09  -0.02     0.00
  MONTH TO DATE    1.20          1.75  -0.55     0.39
  SINCE SEP 1      1.20          1.75  -0.55     0.39
  SINCE JAN 1     18.84         20.66  -1.82    19.82

DEGREE DAYS
 HEATING
  YESTERDAY        0             5     -5        8
  MONTH TO DATE  120            51     69       22
  SINCE SEP 1    120            51     69       22
  SINCE JUL 1    139            65     74       29

 COOLING
  YESTERDAY        3             2      1        0
  MONTH TO DATE   35            71    -36      133
  SINCE SEP 1     35            71    -36      133
  SINCE JAN 1    670           828   -158      893
......................................................


WIND (MPH)
  HIGHEST WIND SPEED    21   HIGHEST WIND DIRECTION    NW (300)
  HIGHEST GUST SPEED    27   HIGHEST GUST DIRECTION    NW (300)
  AVERAGE WIND SPEED     7.5


SKY COVER
  AVERAGE SKY COVER 0.0


WEATHER CONDITIONS
 THE FOLLOWING WEATHER WAS RECORDED YESTERDAY.
  THUNDERSTORM


RELATIVE HUMIDITY (PERCENT)
 HIGHEST    90           500 AM
 LOWEST     31           400 PM
 AVERAGE    61

..........................................................


THE ORD NE CLIMATE NORMALS FOR TODAY
                         NORMAL
 MAXIMUM TEMPERATURE (F)   76
 MINIMUM TEMPERATURE (F)   46


SUNRISE AND SUNSET
SEPTEMBER 21 2014.....SUNRISE   722 AM CDT   SUNSET   735 PM CDT
SEPTEMBER 22 2014.....SUNRISE   723 AM CDT   SUNSET   733 PM CDT


-  INDICATES NEGATIVE NUMBERS.
R  INDICATES RECORD WAS SET OR TIED.
MM INDICATES DATA IS MISSING.
T  INDICATES TRACE AMOUNT.




$$
