149
CDUS43 KOAX 210740
CLIOFK


CLIMATE REPORT
NATIONAL WEATHER SERVICE OMAHA NEBRASKA
139 AM CST SAT JAN 21 2017


...................................

...THE NORFOLK, NEBRASKA CLIMATE SUMMARY FOR JANUARY 20 2017...

CLIMATE NORMAL PERIOD 1981 TO 2010
CLIMATE RECORD PERIOD 1888 TO 2017


WEATHER ITEM   OBSERVED TIME   RECORD YEAR NORMAL DEPARTURE LAST
                VALUE   (LST)  VALUE       VALUE  FROM      YEAR
                                                  NORMAL
..................................................................
TEMPERATURE (F)
 YESTERDAY
  MAXIMUM         41    322 PM  66    1944  33      8       29
  MINIMUM         37    807 AM -26    1962  12     25       22
  AVERAGE         39                        22     17       26

PRECIPITATION (IN)
  YESTERDAY        0.03          0.60 1990   0.02   0.01     0.00
  MONTH TO DATE    0.69                      0.37   0.32     0.50
  SINCE DEC 1      1.53                      1.12   0.41     2.77
  SINCE JAN 1      0.69                      0.37   0.32     0.50

SNOWFALL (IN)
  YESTERDAY        0.0                       0.2   -0.2      0.0
  MONTH TO DATE    2.4                       3.9   -1.5      4.4
  SINCE JUL 1      8.5                      14.8   -6.3     24.4
  SNOW DEPTH       0

DEGREE DAYS
 HEATING
  YESTERDAY       26                        42    -16       39
  MONTH TO DATE  889                       859     30      894
  SINCE DEC 1   2174                      2120     54     1956
  SINCE JUL 1   3219                      3565   -346     2977

 COOLING
  YESTERDAY        0                         0      0        0
  MONTH TO DATE    0                         0      0        0
  SINCE DEC 1      0                         0      0        0
  SINCE JAN 1      0                         0      0        0
..................................................................


WIND (MPH)
  HIGHEST WIND SPEED    13   HIGHEST WIND DIRECTION     S (170)
  HIGHEST GUST SPEED    15   HIGHEST GUST DIRECTION    SE (140)
  AVERAGE WIND SPEED     7.9


SKY COVER
  POSSIBLE SUNSHINE  MM
  AVERAGE SKY COVER 1.0


WEATHER CONDITIONS
 THE FOLLOWING WEATHER WAS RECORDED YESTERDAY.
  LIGHT RAIN
  FOG
  FOG W/VISIBILITY <= 1/4 MILE


RELATIVE HUMIDITY (PERCENT)
 HIGHEST   100          1200 AM
 LOWEST     92           100 AM
 AVERAGE    96

..........................................................


THE NORFOLK, NEBRASKA CLIMATE NORMALS FOR TODAY
                         NORMAL    RECORD    YEAR
 MAXIMUM TEMPERATURE (F)   33        62      1992
 MINIMUM TEMPERATURE (F)   12       -18      1966
                                             1930


SUNRISE AND SUNSET
JANUARY 21 2017.......SUNRISE   752 AM CST   SUNSET   531 PM CST
JANUARY 22 2017.......SUNRISE   751 AM CST   SUNSET   532 PM CST


-  INDICATES NEGATIVE NUMBERS.
R  INDICATES RECORD WAS SET OR TIED.
MM INDICATES DATA IS MISSING.
T  INDICATES TRACE AMOUNT.




$$
