000
CDUS43 KOAX 200636
CLIOFK


CLIMATE REPORT
NATIONAL WEATHER SERVICE OMAHA NEBRASKA
1234 AM CST MON FEB 20 2017


...................................

...THE NORFOLK, NEBRASKA CLIMATE SUMMARY FOR FEBRUARY 19 2017...

CLIMATE NORMAL PERIOD 1981 TO 2010
CLIMATE RECORD PERIOD 1888 TO 2017


WEATHER ITEM   OBSERVED TIME   RECORD YEAR NORMAL DEPARTURE LAST
                VALUE   (LST)  VALUE       VALUE  FROM      YEAR
                                                  NORMAL
..................................................................
TEMPERATURE (F)
 YESTERDAY
  MAXIMUM         70    411 PM  72    1930  38     32       67
  MINIMUM         39    634 AM -25    1936  18     21       38
  AVERAGE         55                        28     27       53

PRECIPITATION (IN)
  YESTERDAY        0.00          0.64 1971   0.02  -0.02     0.00
  MONTH TO DATE    0.45                      0.48  -0.03     1.49
  SINCE DEC 1      2.54                      1.82   0.72     4.33
  SINCE JAN 1      1.70                      1.07   0.63     2.06

SNOWFALL (IN)
  YESTERDAY        0.0                       0.2   -0.2      0.0
  MONTH TO DATE    5.0                       3.9    1.1     16.3
  SINCE JUL 1     22.1                      21.2    0.9     40.8
  SNOW DEPTH       0

DEGREE DAYS
 HEATING
  YESTERDAY       10                        37    -27       12
  MONTH TO DATE  595                       750   -155      677
  SINCE DEC 1   3148                      3327   -179     3020
  SINCE JUL 1   4193                      4772   -579     4041

 COOLING
  YESTERDAY        0                         0      0        0
  MONTH TO DATE    0                         0      0        0
  SINCE DEC 1      0                         0      0        0
  SINCE JAN 1      0                         0      0        0
..................................................................


WIND (MPH)
  HIGHEST WIND SPEED    28   HIGHEST WIND DIRECTION     S (170)
  HIGHEST GUST SPEED    39   HIGHEST GUST DIRECTION    SE (150)
  AVERAGE WIND SPEED    15.3


SKY COVER
  POSSIBLE SUNSHINE  MM
  AVERAGE SKY COVER 0.0


WEATHER CONDITIONS
 THE FOLLOWING WEATHER WAS RECORDED YESTERDAY.
  NO SIGNIFICANT WEATHER WAS OBSERVED.


RELATIVE HUMIDITY (PERCENT)
 HIGHEST    89           800 AM
 LOWEST     47           400 PM
 AVERAGE    68

..........................................................


THE NORFOLK, NEBRASKA CLIMATE NORMALS FOR TODAY
                         NORMAL    RECORD    YEAR
 MAXIMUM TEMPERATURE (F)   38        66      1930
 MINIMUM TEMPERATURE (F)   18       -16      1918


SUNRISE AND SUNSET
FEBRUARY 20 2017......SUNRISE   718 AM CST   SUNSET   609 PM CST
FEBRUARY 21 2017......SUNRISE   717 AM CST   SUNSET   611 PM CST


-  INDICATES NEGATIVE NUMBERS.
R  INDICATES RECORD WAS SET OR TIED.
MM INDICATES DATA IS MISSING.
T  INDICATES TRACE AMOUNT.




$$
