000
CDUS43 KOAX 220620
CLIOFK


CLIMATE REPORT
NATIONAL WEATHER SERVICE OMAHA NEBRASKA
119 AM CDT TUE JUL 22 2014


...................................

...THE NORFOLK, NEBRASKA CLIMATE SUMMARY FOR JULY 21 2014...

CLIMATE NORMAL PERIOD 1981 TO 2010
CLIMATE RECORD PERIOD 1888 TO 2014


WEATHER ITEM   OBSERVED TIME   RECORD YEAR NORMAL DEPARTURE LAST
                VALUE   (LST)  VALUE       VALUE  FROM      YEAR
                                                  NORMAL
..................................................................
TEMPERATURE (F)
 YESTERDAY
  MAXIMUM         94    247 PM 108    1934  87      7       91
  MINIMUM         71    552 AM  47    1944  64      7       62
  AVERAGE         83                        75      8       77

PRECIPITATION (IN)
  YESTERDAY        0.00          2.23 1978   0.10  -0.10     0.02
  MONTH TO DATE    0.92                      2.29  -1.37     0.59
  SINCE JUN 1     12.31                      6.55   5.76     2.77
  SINCE JAN 1     17.80                     16.25   1.55    14.19

SNOWFALL (IN)
  YESTERDAY        0.0                       0.0    0.0      0.0
  MONTH TO DATE    0.0                       0.0    0.0      0.0
  SINCE JUL 1      0.0                       0.0    0.0      0.0
  SNOW DEPTH       0

DEGREE DAYS
 HEATING
  YESTERDAY        0                         0      0        0
  MONTH TO DATE   12                         0     12        0
  SINCE JUN 1     37                        30      7       42
  SINCE JUL 1     12                         0     12        0

 COOLING
  YESTERDAY       18                        10      8       12
  MONTH TO DATE  120                       208    -88      238
  SINCE JUN 1    314                       394    -80      421
  SINCE JAN 1    411                       455    -44      485
..................................................................


WIND (MPH)
  HIGHEST WIND SPEED    18   HIGHEST WIND DIRECTION    SW (210)
  HIGHEST GUST SPEED    25   HIGHEST GUST DIRECTION    SW (210)
  AVERAGE WIND SPEED    10.2


SKY COVER
  POSSIBLE SUNSHINE  MM
  AVERAGE SKY COVER 0.0


WEATHER CONDITIONS
 THE FOLLOWING WEATHER WAS RECORDED YESTERDAY.
  FOG


RELATIVE HUMIDITY (PERCENT)
 HIGHEST    93           400 AM
 LOWEST     56           100 PM
 AVERAGE    75

..........................................................


THE NORFOLK, NEBRASKA CLIMATE NORMALS FOR TODAY
                         NORMAL    RECORD    YEAR
 MAXIMUM TEMPERATURE (F)   87       107      1901
 MINIMUM TEMPERATURE (F)   64        46      1942


SUNRISE AND SUNSET
JULY 22 2014..........SUNRISE   614 AM CDT   SUNSET   858 PM CDT
JULY 23 2014..........SUNRISE   615 AM CDT   SUNSET   857 PM CDT


-  INDICATES NEGATIVE NUMBERS.
R  INDICATES RECORD WAS SET OR TIED.
MM INDICATES DATA IS MISSING.
T  INDICATES TRACE AMOUNT.




$$
