000
CDUS43 KOAX 250626
CLIOFK


CLIMATE REPORT
NATIONAL WEATHER SERVICE OMAHA NEBRASKA
124 AM CDT SAT MAR 25 2017


...................................

...THE NORFOLK, NEBRASKA CLIMATE SUMMARY FOR MARCH 24 2017...

CLIMATE NORMAL PERIOD 1981 TO 2010
CLIMATE RECORD PERIOD 1888 TO 2017


WEATHER ITEM   OBSERVED TIME   RECORD YEAR NORMAL DEPARTURE LAST
                VALUE   (LST)  VALUE       VALUE  FROM      YEAR
                                                  NORMAL
..................................................................
TEMPERATURE (F)
 YESTERDAY
  MAXIMUM         55   1251 AM  84    1967  52      3       36
  MINIMUM         37   1159 PM   2    1934  29      8       16
  AVERAGE         46                        41      5       26

PRECIPITATION (IN)
  YESTERDAY        0.44          1.17 1962   0.07   0.37     0.17
  MONTH TO DATE    0.86                      1.25  -0.39     1.69
  SINCE MAR 1      0.86                      1.25  -0.39     1.69
  SINCE JAN 1      3.10                      2.60   0.50     3.84

SNOWFALL (IN)
  YESTERDAY        0.0                       0.1   -0.1      1.5
  MONTH TO DATE    2.1                       4.0   -1.9      9.0
  SINCE JUL 1     30.2                      26.8    3.4     50.0
  SNOW DEPTH       0

DEGREE DAYS
 HEATING
  YESTERDAY       19                        24     -5       39
  MONTH TO DATE  612                       696    -84      491
  SINCE MAR 1    612                       696    -84      491
  SINCE JUL 1   5067                      5789   -722     4792

 COOLING
  YESTERDAY        0                         0      0        0
  MONTH TO DATE    0                         0      0        0
  SINCE MAR 1      0                         0      0        0
  SINCE JAN 1      0                         0      0        0
..................................................................


WIND (MPH)
  HIGHEST WIND SPEED    24   HIGHEST WIND DIRECTION     N (340)
  HIGHEST GUST SPEED    29   HIGHEST GUST DIRECTION     N (350)
  AVERAGE WIND SPEED    15.4


SKY COVER
  POSSIBLE SUNSHINE  MM
  AVERAGE SKY COVER 1.0


WEATHER CONDITIONS
 THE FOLLOWING WEATHER WAS RECORDED YESTERDAY.
  RAIN
  LIGHT RAIN
  FOG


RELATIVE HUMIDITY (PERCENT)
 HIGHEST   100           100 AM
 LOWEST     85          1200 PM
 AVERAGE    93

..........................................................


THE NORFOLK, NEBRASKA CLIMATE NORMALS FOR TODAY
                         NORMAL    RECORD    YEAR
 MAXIMUM TEMPERATURE (F)   53        84      1908
 MINIMUM TEMPERATURE (F)   29        -1      1894


SUNRISE AND SUNSET
MARCH 25 2017.........SUNRISE   724 AM CDT   SUNSET   748 PM CDT
MARCH 26 2017.........SUNRISE   722 AM CDT   SUNSET   749 PM CDT


-  INDICATES NEGATIVE NUMBERS.
R  INDICATES RECORD WAS SET OR TIED.
MM INDICATES DATA IS MISSING.
T  INDICATES TRACE AMOUNT.




$$
