000
CDUS43 KOAX 220623
CLIOFK


CLIMATE REPORT
NATIONAL WEATHER SERVICE OMAHA NEBRASKA
121 AM CDT THU JUN 22 2017


...................................

...THE NORFOLK, NEBRASKA CLIMATE SUMMARY FOR JUNE 21 2017...

CLIMATE NORMAL PERIOD 1981 TO 2010
CLIMATE RECORD PERIOD 1888 TO 2017


WEATHER ITEM   OBSERVED TIME   RECORD YEAR NORMAL DEPARTURE LAST
                VALUE   (LST)  VALUE       VALUE  FROM      YEAR
                                                  NORMAL
..................................................................
TEMPERATURE (F)
 YESTERDAY
  MAXIMUM         95    437 PM 106    1988  84     11       86
  MINIMUM         64    543 AM  36    1902  60      4       66
  AVERAGE         80                        72      8       76

PRECIPITATION (IN)
  YESTERDAY        0.00          1.65 1903   0.15  -0.15     0.00
  MONTH TO DATE    1.56                      3.00  -1.44     3.21
  SINCE JUN 1      1.56                      3.00  -1.44     3.21
  SINCE JAN 1     13.17                     12.70   0.47    19.66

SNOWFALL (IN)
  YESTERDAY        0.0                       0.0    0.0      0.0
  MONTH TO DATE    0.0                       0.0    0.0      0.0
  SINCE JUL 1     32.2                      30.5    1.7     53.0
  SNOW DEPTH       0

DEGREE DAYS
 HEATING
  YESTERDAY        0                         0      0        0
  MONTH TO DATE    0                        28    -28        3
  SINCE JUN 1      0                        28    -28        3
  SINCE JUL 1   5896                      6641   -745     5579

 COOLING
  YESTERDAY       15                         7      8       11
  MONTH TO DATE  203                       109     94      195
  SINCE JUN 1    203                       109     94      195
  SINCE JAN 1    231                       170     61      233
..................................................................


WIND (MPH)
  HIGHEST WIND SPEED    25   HIGHEST WIND DIRECTION     E (110)
  HIGHEST GUST SPEED    31   HIGHEST GUST DIRECTION    SE (120)
  AVERAGE WIND SPEED    12.7


SKY COVER
  POSSIBLE SUNSHINE  MM
  AVERAGE SKY COVER 0.0


WEATHER CONDITIONS
 THE FOLLOWING WEATHER WAS RECORDED YESTERDAY.
  NO SIGNIFICANT WEATHER WAS OBSERVED.


RELATIVE HUMIDITY (PERCENT)
 HIGHEST    73           400 AM
 LOWEST     43           400 PM
 AVERAGE    58

..........................................................


THE NORFOLK, NEBRASKA CLIMATE NORMALS FOR TODAY
                         NORMAL    RECORD    YEAR
 MAXIMUM TEMPERATURE (F)   84       103      1930
 MINIMUM TEMPERATURE (F)   61        43      1902


SUNRISE AND SUNSET
JUNE 22 2017..........SUNRISE   555 AM CDT   SUNSET   909 PM CDT
JUNE 23 2017..........SUNRISE   555 AM CDT   SUNSET   909 PM CDT


-  INDICATES NEGATIVE NUMBERS.
R  INDICATES RECORD WAS SET OR TIED.
MM INDICATES DATA IS MISSING.
T  INDICATES TRACE AMOUNT.




$$
