000
CDUS43 KOAX 250632
CLIOFK


CLIMATE REPORT
NATIONAL WEATHER SERVICE OMAHA NEBRASKA
1228 AM CST SUN JAN 25 2015


...................................

...THE NORFOLK, NEBRASKA CLIMATE SUMMARY FOR JANUARY 24 2015...

CLIMATE NORMAL PERIOD 1981 TO 2010
CLIMATE RECORD PERIOD 1888 TO 2015


WEATHER ITEM   OBSERVED TIME   RECORD YEAR NORMAL DEPARTURE LAST
                VALUE   (LST)  VALUE       VALUE  FROM      YEAR
                                                  NORMAL
..................................................................
TEMPERATURE (F)
 YESTERDAY
  MAXIMUM         54    144 PM  71    1981  33     21       51
  MINIMUM         32    706 AM -27    1894  12     20       13
  AVERAGE         43                        23     20       32

PRECIPITATION (IN)
  YESTERDAY        0.02          0.25 1991   0.01   0.01     0.00
  MONTH TO DATE    0.27                      0.44  -0.17     0.13
  SINCE DEC 1      1.47                      1.19   0.28     0.27
  SINCE JAN 1      0.27                      0.44  -0.17     0.13

SNOWFALL (IN)
  YESTERDAY        0.0                       0.2   -0.2      0.0
  MONTH TO DATE    3.7                       4.8   -1.1      1.0
  SINCE JUL 1     13.3                      15.7   -2.4      4.3
  SNOW DEPTH       0

DEGREE DAYS
 HEATING
  YESTERDAY       22                        42    -20       33
  MONTH TO DATE 1008                      1027    -19     1027
  SINCE DEC 1   2144                      2288   -144     2403
  SINCE JUL 1   3637                      3733    -96     3789

 COOLING
  YESTERDAY        0                         0      0        0
  MONTH TO DATE    0                         0      0        0
  SINCE DEC 1      0                         0      0        0
  SINCE JAN 1      0                         0      0        0
..................................................................


WIND (MPH)
  HIGHEST WIND SPEED    32   HIGHEST WIND DIRECTION    NW (320)
  HIGHEST GUST SPEED    43   HIGHEST GUST DIRECTION    NW (320)
  AVERAGE WIND SPEED    13.5


SKY COVER
  POSSIBLE SUNSHINE  MM
  AVERAGE SKY COVER 0.4


WEATHER CONDITIONS
 THE FOLLOWING WEATHER WAS RECORDED YESTERDAY.
  LIGHT RAIN


RELATIVE HUMIDITY (PERCENT)
 HIGHEST    82          1200 AM
 LOWEST     41           200 PM
 AVERAGE    62

..........................................................


THE NORFOLK, NEBRASKA CLIMATE NORMALS FOR TODAY
                         NORMAL    RECORD    YEAR
 MAXIMUM TEMPERATURE (F)   33        63      2005
 MINIMUM TEMPERATURE (F)   12       -26      1905


SUNRISE AND SUNSET
JANUARY 25 2015.......SUNRISE   749 AM CST   SUNSET   535 PM CST
JANUARY 26 2015.......SUNRISE   748 AM CST   SUNSET   537 PM CST


-  INDICATES NEGATIVE NUMBERS.
R  INDICATES RECORD WAS SET OR TIED.
MM INDICATES DATA IS MISSING.
T  INDICATES TRACE AMOUNT.




$$
