147
CDUS43 KOAX 100627
CLIOFK


CLIMATE REPORT
NATIONAL WEATHER SERVICE OMAHA NEBRASKA
1225 AM CST SAT DEC 10 2016


...................................

...THE NORFOLK, NEBRASKA CLIMATE SUMMARY FOR DECEMBER 9 2016...

CLIMATE NORMAL PERIOD 1981 TO 2010
CLIMATE RECORD PERIOD 1888 TO 2016


WEATHER ITEM   OBSERVED TIME   RECORD YEAR NORMAL DEPARTURE LAST
                VALUE   (LST)  VALUE       VALUE  FROM      YEAR
                                                  NORMAL
..................................................................
TEMPERATURE (F)
 YESTERDAY
  MAXIMUM         18   1046 PM  67    1993  35    -17       63
  MINIMUM          0    436 AM -18    1909  16    -16       30
  AVERAGE          9                        25    -16       47

PRECIPITATION (IN)
  YESTERDAY        0.00          0.68 1899   0.03  -0.03     0.00
  MONTH TO DATE    0.02                      0.26  -0.24     0.03
  SINCE DEC 1      0.02                      0.26  -0.24     0.03
  SINCE JAN 1     30.61                     26.92   3.69    25.60

SNOWFALL (IN)
  YESTERDAY        0.0                       0.2   -0.2      0.0
  MONTH TO DATE    T                         1.8   -1.8      0.4
  SINCE JUL 1      2.5                       6.7   -4.2      9.2
  SNOW DEPTH       0

DEGREE DAYS
 HEATING
  YESTERDAY       56                        40     16       18
  MONTH TO DATE  362                       345     17      244
  SINCE DEC 1    362                       345     17      244
  SINCE JUL 1   1407                      1790   -383     1265

 COOLING
  YESTERDAY        0                         0      0        0
  MONTH TO DATE    0                         0      0        0
  SINCE DEC 1      0                         0      0        0
  SINCE JAN 1    963                       915     48      917
..................................................................


WIND (MPH)
  HIGHEST WIND SPEED    10   HIGHEST WIND DIRECTION    SE (130)
  HIGHEST GUST SPEED    13   HIGHEST GUST DIRECTION    SE (120)
  AVERAGE WIND SPEED     4.9


SKY COVER
  POSSIBLE SUNSHINE  MM
  AVERAGE SKY COVER 0.7


WEATHER CONDITIONS
 THE FOLLOWING WEATHER WAS RECORDED YESTERDAY.
  NO SIGNIFICANT WEATHER WAS OBSERVED.


RELATIVE HUMIDITY (PERCENT)
 HIGHEST    87           200 AM
 LOWEST     61           300 PM
 AVERAGE    74

..........................................................


THE NORFOLK, NEBRASKA CLIMATE NORMALS FOR TODAY
                         NORMAL    RECORD    YEAR
 MAXIMUM TEMPERATURE (F)   35        62      1990
 MINIMUM TEMPERATURE (F)   15       -26      1919


SUNRISE AND SUNSET
DECEMBER 10 2016......SUNRISE   747 AM CST   SUNSET   458 PM CST
DECEMBER 11 2016......SUNRISE   748 AM CST   SUNSET   458 PM CST


-  INDICATES NEGATIVE NUMBERS.
R  INDICATES RECORD WAS SET OR TIED.
MM INDICATES DATA IS MISSING.
T  INDICATES TRACE AMOUNT.




$$
