000
CDUS43 KOAX 290639
CLIOFK


CLIMATE REPORT
NATIONAL WEATHER SERVICE OMAHA NEBRASKA
126 AM CDT SAT APR 29 2017


...................................

...THE NORFOLK, NEBRASKA CLIMATE SUMMARY FOR APRIL 28 2017...

CLIMATE NORMAL PERIOD 1981 TO 2010
CLIMATE RECORD PERIOD 1888 TO 2017


WEATHER ITEM   OBSERVED TIME   RECORD YEAR NORMAL DEPARTURE LAST
                VALUE   (LST)  VALUE       VALUE  FROM      YEAR
                                                  NORMAL
..................................................................
TEMPERATURE (F)
 YESTERDAY
  MAXIMUM         43   1110 PM 102    1910  67    -24       47
  MINIMUM         32    707 AM  24    1926  42    -10       41
  AVERAGE         38                        54    -16       44

PRECIPITATION (IN)
  YESTERDAY        0.22          1.38 1903   0.10   0.12     0.04
  MONTH TO DATE    2.00                      2.45  -0.45     4.09
  SINCE MAR 1      3.21                      4.22  -1.01     6.50
  SINCE JAN 1      5.45                      5.57  -0.12     8.65

SNOWFALL (IN)
  YESTERDAY        0.5                       0.0    0.5      0.0
  MONTH TO DATE    0.5                       2.5   -2.0       T
  SINCE JUL 1     30.7                      30.4    0.3     53.0
  SNOW DEPTH       0

DEGREE DAYS
 HEATING
  YESTERDAY       27                        11     16       21
  MONTH TO DATE  411                       451    -40      376
  SINCE MAR 1   1177                      1307   -130     1039
  SINCE JUL 1   5632                      6400   -768     5340

 COOLING
  YESTERDAY        0                         1     -1        0
  MONTH TO DATE    0                        10    -10        0
  SINCE MAR 1      0                        10    -10        0
  SINCE JAN 1      0                        10    -10        0
..................................................................


WIND (MPH)
  HIGHEST WIND SPEED    22   HIGHEST WIND DIRECTION    NE (40)
  HIGHEST GUST SPEED    27   HIGHEST GUST DIRECTION     N (10)
  AVERAGE WIND SPEED    12.1


SKY COVER
  POSSIBLE SUNSHINE  MM
  AVERAGE SKY COVER 0.9


WEATHER CONDITIONS
 THE FOLLOWING WEATHER WAS RECORDED YESTERDAY.
  LIGHT RAIN
  LIGHT SNOW
  FOG


RELATIVE HUMIDITY (PERCENT)
 HIGHEST    96          1100 AM
 LOWEST     67          1100 PM
 AVERAGE    82

..........................................................


THE NORFOLK, NEBRASKA CLIMATE NORMALS FOR TODAY
                         NORMAL    RECORD    YEAR
 MAXIMUM TEMPERATURE (F)   67        93      1926
 MINIMUM TEMPERATURE (F)   43        25      1958


SUNRISE AND SUNSET
APRIL 29 2017.........SUNRISE   628 AM CDT   SUNSET   827 PM CDT
APRIL 30 2017.........SUNRISE   627 AM CDT   SUNSET   828 PM CDT


-  INDICATES NEGATIVE NUMBERS.
R  INDICATES RECORD WAS SET OR TIED.
MM INDICATES DATA IS MISSING.
T  INDICATES TRACE AMOUNT.




$$
