000
CDUS43 KOAX 290630
CLIOFK


CLIMATE REPORT
NATIONAL WEATHER SERVICE OMAHA NEBRASKA
129 AM CDT SAT AUG 29 2015


...................................

...THE NORFOLK, NEBRASKA CLIMATE SUMMARY FOR AUGUST 28 2015...

CLIMATE NORMAL PERIOD 1981 TO 2010
CLIMATE RECORD PERIOD 1888 TO 2015


WEATHER ITEM   OBSERVED TIME   RECORD YEAR NORMAL DEPARTURE LAST
                VALUE   (LST)  VALUE       VALUE  FROM      YEAR
                                                  NORMAL
..................................................................
TEMPERATURE (F)
 YESTERDAY
  MAXIMUM         76    412 PM 100    1984  83     -7       80
  MINIMUM         58   1159 PM  38    1917  59     -1       68
  AVERAGE         67                        71     -4       74

PRECIPITATION (IN)
  YESTERDAY        T             1.34 1960   0.10  -0.10     0.49
  MONTH TO DATE    2.69                      2.97  -0.28     5.87
  SINCE JUN 1     12.43                     10.55   1.88    18.39
  SINCE JAN 1     19.39                     20.25  -0.86    23.88

SNOWFALL (IN)
  YESTERDAY        0.0                       0.0    0.0      0.0
  MONTH TO DATE    0.0                       0.0    0.0      0.0
  SINCE JUL 1      0.0                       0.0    0.0      0.0
  SNOW DEPTH       0

DEGREE DAYS
 HEATING
  YESTERDAY        0                         1     -1        0
  MONTH TO DATE   20                         5     15        0
  SINCE JUN 1     27                        39    -12       37
  SINCE JUL 1     24                         9     15       12

 COOLING
  YESTERDAY        2                         7     -5        9
  MONTH TO DATE  185                       238    -53      222
  SINCE JUN 1    675                       738    -63      612
  SINCE JAN 1    708                       799    -91      709
..................................................................


WIND (MPH)
  HIGHEST WIND SPEED    24   HIGHEST WIND DIRECTION     N (350)
  HIGHEST GUST SPEED    30   HIGHEST GUST DIRECTION     N (360)
  AVERAGE WIND SPEED    11.1


SKY COVER
  POSSIBLE SUNSHINE  MM
  AVERAGE SKY COVER 0.8


WEATHER CONDITIONS
 THE FOLLOWING WEATHER WAS RECORDED YESTERDAY.
  THUNDERSTORM
  LIGHT RAIN
  FOG


RELATIVE HUMIDITY (PERCENT)
 HIGHEST    93          1200 AM
 LOWEST     68           400 PM
 AVERAGE    81

..........................................................


THE NORFOLK, NEBRASKA CLIMATE NORMALS FOR TODAY
                         NORMAL    RECORD    YEAR
 MAXIMUM TEMPERATURE (F)   82       102      2012
 MINIMUM TEMPERATURE (F)   59        40      1909
                                             1893


SUNRISE AND SUNSET
AUGUST 29 2015........SUNRISE   652 AM CDT   SUNSET   809 PM CDT
AUGUST 30 2015........SUNRISE   653 AM CDT   SUNSET   807 PM CDT


-  INDICATES NEGATIVE NUMBERS.
R  INDICATES RECORD WAS SET OR TIED.
MM INDICATES DATA IS MISSING.
T  INDICATES TRACE AMOUNT.




$$
