000
CDUS43 KOAX 010645
CLIOFK


CLIMATE REPORT
NATIONAL WEATHER SERVICE OMAHA NEBRASKA
142 AM CDT WED JUL 1 2015


...................................

...THE NORFOLK, NEBRASKA CLIMATE SUMMARY FOR JUNE 30 2015...

CLIMATE NORMAL PERIOD 1981 TO 2010
CLIMATE RECORD PERIOD 1888 TO 2015


WEATHER ITEM   OBSERVED TIME   RECORD YEAR NORMAL DEPARTURE LAST
                VALUE   (LST)  VALUE       VALUE  FROM      YEAR
                                                  NORMAL
..................................................................
TEMPERATURE (F)
 YESTERDAY
  MAXIMUM         77    436 PM 104    1961  86     -9       81
  MINIMUM         63    339 AM  44    1904  62      1       62
  AVERAGE         70                        74     -4       72

PRECIPITATION (IN)
  YESTERDAY        0.17          1.15 2014   0.13   0.04     1.15
  MONTH TO DATE    4.60                      4.26   0.34    11.39
  SINCE JUN 1      4.60                      4.26   0.34    11.39
  SINCE JAN 1     11.56                     13.96  -2.40    16.88

SNOWFALL (IN)
  YESTERDAY        0.0                       0.0    0.0      0.0
  MONTH TO DATE    0.0                       0.0    0.0      0.0
  SINCE JUL 1     20.7                      30.5   -9.8     19.9
  SNOW DEPTH       0

DEGREE DAYS
 HEATING
  YESTERDAY        0                         0      0        0
  MONTH TO DATE    3                        28    -25       25
  SINCE JUN 1      3                        30    -27       25
  SINCE JUL 1   6292                      6643   -351     6957

 COOLING
  YESTERDAY        5                         9     -4        7
  MONTH TO DATE  186                       186      0      194
  SINCE JUN 1    186                       186      0      194
  SINCE JAN 1    219                       247    -28      291
..................................................................


WIND (MPH)
  HIGHEST WIND SPEED    16   HIGHEST WIND DIRECTION     E (080)
  HIGHEST GUST SPEED    21   HIGHEST GUST DIRECTION     E (080)
  AVERAGE WIND SPEED     5.5


SKY COVER
  POSSIBLE SUNSHINE  MM
  AVERAGE SKY COVER 0.4


WEATHER CONDITIONS
 THE FOLLOWING WEATHER WAS RECORDED YESTERDAY.
  THUNDERSTORM
  HEAVY RAIN
  RAIN
  LIGHT RAIN
  FOG
  HAZE


RELATIVE HUMIDITY (PERCENT)
 HIGHEST    93           500 AM
 LOWEST     69           400 PM
 AVERAGE    81

..........................................................


THE NORFOLK, NEBRASKA CLIMATE NORMALS FOR TODAY
                         NORMAL    RECORD    YEAR
 MAXIMUM TEMPERATURE (F)   86       102      1925
 MINIMUM TEMPERATURE (F)   63        44      1995


SUNRISE AND SUNSET
JULY  1 2015..........SUNRISE   558 AM CDT   SUNSET   909 PM CDT
JULY  2 2015..........SUNRISE   558 AM CDT   SUNSET   909 PM CDT


-  INDICATES NEGATIVE NUMBERS.
R  INDICATES RECORD WAS SET OR TIED.
MM INDICATES DATA IS MISSING.
T  INDICATES TRACE AMOUNT.




$$
