000
CDUS42 KCAE 180651
CLIOGB


CLIMATE REPORT
NATIONAL WEATHER SERVICE COLUMBIA SC
250 AM EDT WED OCT 18 2017


...................................

...THE ORANGEBURG AIRPORT SC CLIMATE SUMMARY FOR OCTOBER 17 2017...

CLIMATE NORMAL PERIOD 1981 TO 2010
CLIMATE RECORD PERIOD 9999 TO 9999


WEATHER ITEM   OBSERVED TIME   NORMAL DEPARTURE LAST
                VALUE   (LST)  VALUE  FROM      YEAR
                                      NORMAL
......................................................
TEMPERATURE (F)
 YESTERDAY
  MAXIMUM         69    340 PM  76     -7       82
  MINIMUM         49   1147 PM  53     -4       56
  AVERAGE         59            65     -6       69

PRECIPITATION (IN)
  YESTERDAY        0.00          0.12  -0.12     0.00
  MONTH TO DATE    0.83          2.21  -1.38     6.94
  SINCE SEP 1      4.96          6.00  -1.04    16.52
  SINCE JAN 1     33.15         39.31  -6.16    41.04

DEGREE DAYS
 HEATING
  YESTERDAY        6             3      3        0
  MONTH TO DATE    6            26    -20        7
  SINCE SEP 1      6            30    -24        7
  SINCE JUL 1      6            30    -24        7

 COOLING
  YESTERDAY        0             2     -2        4
  MONTH TO DATE  159            69     90       67
  SINCE SEP 1    494           370    124      447
  SINCE JAN 1   2381          2063    318     2491
......................................................


WIND (MPH)
  HIGHEST WIND SPEED    20   HIGHEST WIND DIRECTION    NE (40)
  HIGHEST GUST SPEED    26   HIGHEST GUST DIRECTION    NE (50)
  AVERAGE WIND SPEED     8.8


SKY COVER
  AVERAGE SKY COVER 0.0


WEATHER CONDITIONS
 THE FOLLOWING WEATHER WAS RECORDED YESTERDAY.
  NO SIGNIFICANT WEATHER WAS OBSERVED.


RELATIVE HUMIDITY (PERCENT)
 HIGHEST    74           700 AM
 LOWEST     28           300 PM

..........................................................


THE ORANGEBURG AIRPORT SC CLIMATE NORMALS FOR TODAY
                         NORMAL    RECORD    YEAR
 MAXIMUM TEMPERATURE (F)   76        MM        MM
 MINIMUM TEMPERATURE (F)   53        MM        MM


SUNRISE AND SUNSET
OCTOBER 18 2017.......SUNRISE   731 AM EDT   SUNSET   646 PM EDT
OCTOBER 19 2017.......SUNRISE   731 AM EDT   SUNSET   645 PM EDT


-  INDICATES NEGATIVE NUMBERS.
R  INDICATES RECORD WAS SET OR TIED.
MM INDICATES DATA IS MISSING.
T  INDICATES TRACE AMOUNT.




$$
