000
CDHW42 PHFO 180225
CLIOGG


CLIMATE REPORT
NATIONAL WEATHER SERVICE HONOLULU HI
425 PM HST WED SEP 17 2014


...................................

...THE KAHULUI HI CLIMATE SUMMARY FOR SEPTEMBER 17 2014...
VALID TODAY AS OF 0400 PM LOCAL TIME.

CLIMATE NORMAL PERIOD 1981 TO 2010
CLIMATE RECORD PERIOD 1946 TO 2014


WEATHER ITEM   OBSERVED TIME   RECORD YEAR NORMAL DEPARTURE LAST
                VALUE   (LST)  VALUE       VALUE  FROM      YEAR
                                                  NORMAL
..................................................................
TEMPERATURE (F)
 TODAY
  MAXIMUM         89    229 PM  94    1951  88      1       88
  MINIMUM         70    638 AM  62    1953  70      0       73
  AVERAGE         80                        79      1       81

PRECIPITATION (IN)
  TODAY            0.00          0.82 1963   0.02  -0.02     0.09
  MONTH TO DATE    0.66                      0.20   0.46     0.20
  SINCE SEP 1      0.66                      0.20   0.46     0.20
  SINCE JAN 1     16.31                     10.90   5.41     8.86

SNOWFALL (IN)
  TODAY            0.0
  MONTH TO DATE    0.0
  SINCE SEP 1      0.0
  SINCE JUL 1      0.0
  SNOW DEPTH       0

DEGREE DAYS
 HEATING
  TODAY            0                         0      0        0
  MONTH TO DATE    0                         0      0        0
  SINCE SEP 1      0                         0      0        0
  SINCE JUL 1      0                         0      0        0

 COOLING
  TODAY           15                        14      1       16
  MONTH TO DATE  257                       240     17      266
  SINCE SEP 1    257                       240     17      266
  SINCE JAN 1   3145                      2782    363     3053
..................................................................


WIND (MPH)
  HIGHEST WIND SPEED    16   HIGHEST WIND DIRECTION    NE (40)
  HIGHEST GUST SPEED    21   HIGHEST GUST DIRECTION     N (20)
  AVERAGE WIND SPEED     7.0


SKY COVER
  POSSIBLE SUNSHINE  MM
  AVERAGE SKY COVER 0.4


WEATHER CONDITIONS
 THE FOLLOWING WEATHER WAS RECORDED TODAY.
  NO SIGNIFICANT WEATHER WAS OBSERVED.


RELATIVE HUMIDITY (PERCENT)
 HIGHEST    84           300 AM
 LOWEST     55           300 PM
 AVERAGE    70

..........................................................


THE KAHULUI HI CLIMATE NORMALS FOR TOMORROW
                         NORMAL    RECORD    YEAR
 MAXIMUM TEMPERATURE (F)   88        94      1953
 MINIMUM TEMPERATURE (F)   70        61      1952


SUNRISE AND SUNSET
SEPTEMBER 17 2014.....SUNRISE   613 AM HST   SUNSET   626 PM HST
SEPTEMBER 18 2014.....SUNRISE   614 AM HST   SUNSET   626 PM HST


-  INDICATES NEGATIVE NUMBERS.
R  INDICATES RECORD WAS SET OR TIED.
MM INDICATES DATA IS MISSING.
T  INDICATES TRACE AMOUNT.




$$
