000
CDHW42 PHFO 261245
CLIOGG


CLIMATE REPORT
NATIONAL WEATHER SERVICE HONOLULU HI
245 AM HST MON JAN 26 2015


...................................

...THE KAHULUI HI CLIMATE SUMMARY FOR JANUARY 25 2015...

CLIMATE NORMAL PERIOD 1981 TO 2010
CLIMATE RECORD PERIOD 1946 TO 2015


WEATHER ITEM   OBSERVED TIME   RECORD YEAR NORMAL DEPARTURE LAST
                VALUE   (LST)  VALUE       VALUE  FROM      YEAR
                                                  NORMAL
..................................................................
TEMPERATURE (F)
 YESTERDAY
  MAXIMUM         MM        MM  86    2013  81     MM       80
                                      1981
  MINIMUM         MM        MM  54    2000  63     MM       61
  AVERAGE         MM                        72     MM       71

PRECIPITATION (IN)
  YESTERDAY        0.01          2.15 1967   0.08  -0.07     0.00
  MONTH TO DATE    1.12                      2.35  -1.23     2.12
  SINCE DEC 1      5.36                      5.70  -0.34     4.16
  SINCE JAN 1      1.12                      2.35  -1.23     2.12

SNOWFALL (IN)
  YESTERDAY       MM
  MONTH TO DATE    0.0
  SINCE DEC 1      0.0
  SINCE JUL 1      0.0
  SNOW DEPTH       0

DEGREE DAYS
 HEATING
  YESTERDAY       MM                         0     MM        0
  MONTH TO DATE    0                         0      0        0
  SINCE DEC 1      0                         0      0        0
  SINCE JUL 1      0                         0      0        0

 COOLING
  YESTERDAY       MM                         7     MM        6
  MONTH TO DATE  136                       175    -39      199
  SINCE DEC 1    396                       434    -38      507
  SINCE JAN 1    136                       175    -39      199
..................................................................


WIND (MPH)
  HIGHEST WIND SPEED    21   HIGHEST WIND DIRECTION    NE (30)
  HIGHEST GUST SPEED    22   HIGHEST GUST DIRECTION    NE (30)
  AVERAGE WIND SPEED    14.6


SKY COVER
  POSSIBLE SUNSHINE  MM
  AVERAGE SKY COVER 1.0


WEATHER CONDITIONS
 THE FOLLOWING WEATHER WAS RECORDED YESTERDAY.
  RAIN
  LIGHT RAIN
  FOG


RELATIVE HUMIDITY (PERCENT)
 HIGHEST   100           800 PM
 LOWEST     84           900 AM
 AVERAGE    92

..........................................................


THE KAHULUI HI CLIMATE NORMALS FOR TODAY
                         NORMAL    RECORD    YEAR
 MAXIMUM TEMPERATURE (F)   81        86      1959
 MINIMUM TEMPERATURE (F)   63        52      1969


SUNRISE AND SUNSET
JANUARY 26 2015.......SUNRISE   704 AM HST   SUNSET   613 PM HST
JANUARY 27 2015.......SUNRISE   704 AM HST   SUNSET   613 PM HST


-  INDICATES NEGATIVE NUMBERS.
R  INDICATES RECORD WAS SET OR TIED.
MM INDICATES DATA IS MISSING.
T  INDICATES TRACE AMOUNT.




$$
