000
CDHW42 PHFO 011245
CLIOGG


CLIMATE REPORT
NATIONAL WEATHER SERVICE HONOLULU HI
245 AM HST TUE SEP 1 2015


...................................

...THE KAHULUI HI CLIMATE SUMMARY FOR AUGUST 31 2015...

CLIMATE NORMAL PERIOD 1981 TO 2010
CLIMATE RECORD PERIOD 1946 TO 2015


WEATHER ITEM   OBSERVED TIME   RECORD YEAR NORMAL DEPARTURE LAST
                VALUE   (LST)  VALUE       VALUE  FROM      YEAR
                                                  NORMAL
..................................................................
TEMPERATURE (F)
 YESTERDAY
  MAXIMUM         90    114 PM  97    1994  88      2       91
  MINIMUM         78    636 AM  61    1971  71      7       66
  AVERAGE         84                        80      4       79

PRECIPITATION (IN)
  YESTERDAY        0.11          0.17 1968   0.01   0.10     0.00
  MONTH TO DATE    2.34                      0.50   1.84     0.47
  SINCE JUN 1      3.30                      1.20   2.10     1.69
  SINCE JAN 1     22.26                     10.70  11.56    15.65

SNOWFALL (IN)
  YESTERDAY        0.0
  MONTH TO DATE    0.0
  SINCE JUN 1      0.0
  SINCE JUL 1      0.0
  SNOW DEPTH       0

DEGREE DAYS
 HEATING
  YESTERDAY        0                         0      0        0
  MONTH TO DATE    0                         0      0        0
  SINCE JUN 1      0                         0      0        0
  SINCE JUL 1      0                         0      0        0

 COOLING
  YESTERDAY       19                        15      4       14
  MONTH TO DATE  563                       456    107      494
  SINCE JUN 1   1507                      1283    224     1392
  SINCE JAN 1   2834                      2542    292     2888
..................................................................


WIND (MPH)
  HIGHEST WIND SPEED    20   HIGHEST WIND DIRECTION     N (20)
  HIGHEST GUST SPEED    24   HIGHEST GUST DIRECTION     N (20)
  AVERAGE WIND SPEED    10.0


SKY COVER
  POSSIBLE SUNSHINE  MM
  AVERAGE SKY COVER 0.5


WEATHER CONDITIONS
 THE FOLLOWING WEATHER WAS RECORDED YESTERDAY.
  LIGHT RAIN
  FOG
  HAZE


RELATIVE HUMIDITY (PERCENT)
 HIGHEST    88           500 PM
 LOWEST     64           300 PM
 AVERAGE    76

..........................................................


THE KAHULUI HI CLIMATE NORMALS FOR TODAY
                         NORMAL    RECORD    YEAR
 MAXIMUM TEMPERATURE (F)   88        95      1968
 MINIMUM TEMPERATURE (F)   71        62      1953


SUNRISE AND SUNSET
SEPTEMBER  1 2015.....SUNRISE   609 AM HST   SUNSET   642 PM HST
SEPTEMBER  2 2015.....SUNRISE   610 AM HST   SUNSET   641 PM HST


-  INDICATES NEGATIVE NUMBERS.
R  INDICATES RECORD WAS SET OR TIED.
MM INDICATES DATA IS MISSING.
T  INDICATES TRACE AMOUNT.




$$
