000
CDHW42 PHFO 281245
CLIOGG


CLIMATE REPORT
NATIONAL WEATHER SERVICE HONOLULU HI
245 AM HST SAT MAY 28 2016


...................................

...THE KAHULUI HI CLIMATE SUMMARY FOR MAY 27 2016...

CLIMATE NORMAL PERIOD 1981 TO 2010
CLIMATE RECORD PERIOD 1946 TO 2016


WEATHER ITEM   OBSERVED TIME   RECORD YEAR NORMAL DEPARTURE LAST
                VALUE   (LST)  VALUE       VALUE  FROM      YEAR
                                                  NORMAL
..................................................................
TEMPERATURE (F)
 YESTERDAY
  MAXIMUM         88   1258 PM  91    1980  85      3       84
                                      1951
  MINIMUM         66    604 AM  60    1952  68     -2       69
  AVERAGE         77                        77      0       77

PRECIPITATION (IN)
  YESTERDAY        0.00          0.31 1990   0.01  -0.01     0.00
  MONTH TO DATE    2.96                      0.69   2.27     1.06
  SINCE MAR 1      6.11                      4.69   1.42    13.48
  SINCE JAN 1      7.66                      9.45  -1.79    17.79

SNOWFALL (IN)
  YESTERDAY        0.0
  MONTH TO DATE    0.0
  SINCE MAR 1      0.0
  SINCE JUL 1      0.0
  SNOW DEPTH       0

DEGREE DAYS
 HEATING
  YESTERDAY        0                         0      0        0
  MONTH TO DATE    0                         0      0        0
  SINCE MAR 1      0                         0      0        0
  SINCE JUL 1      0                         0      0        0

 COOLING
  YESTERDAY       12                        12      0       12
  MONTH TO DATE  336                       287     49      290
  SINCE MAR 1    973                       804    169      867
  SINCE JAN 1   1441                      1213    228     1271
..................................................................


WIND (MPH)
  HIGHEST WIND SPEED    21   HIGHEST WIND DIRECTION    NE (50)
  HIGHEST GUST SPEED    25   HIGHEST GUST DIRECTION    NE (40)
  AVERAGE WIND SPEED     8.4


SKY COVER
  POSSIBLE SUNSHINE  MM
  AVERAGE SKY COVER 0.3


WEATHER CONDITIONS
 THE FOLLOWING WEATHER WAS RECORDED YESTERDAY.
  NO SIGNIFICANT WEATHER WAS OBSERVED.


RELATIVE HUMIDITY (PERCENT)
 HIGHEST    93           500 AM
 LOWEST     53          1100 AM
 AVERAGE    73

..........................................................


THE KAHULUI HI CLIMATE NORMALS FOR TODAY
                         NORMAL    RECORD    YEAR
 MAXIMUM TEMPERATURE (F)   85        93      1953
 MINIMUM TEMPERATURE (F)   68        60      2003
                                             1983
                                             1975


SUNRISE AND SUNSET
MAY 28 2016...........SUNRISE   544 AM HST   SUNSET   702 PM HST
MAY 29 2016...........SUNRISE   544 AM HST   SUNSET   702 PM HST


-  INDICATES NEGATIVE NUMBERS.
R  INDICATES RECORD WAS SET OR TIED.
MM INDICATES DATA IS MISSING.
T  INDICATES TRACE AMOUNT.




$$
