000
CDHW42 PHFO 161245
CLIOGG


CLIMATE REPORT
NATIONAL WEATHER SERVICE HONOLULU HI
245 AM HST MON OCT 16 2017


...................................

...THE KAHULUI HI CLIMATE SUMMARY FOR OCTOBER 15 2017...

CLIMATE NORMAL PERIOD 1981 TO 2010
CLIMATE RECORD PERIOD 1946 TO 2017


WEATHER ITEM   OBSERVED TIME   RECORD YEAR NORMAL DEPARTURE LAST
                VALUE   (LST)  VALUE       VALUE  FROM      YEAR
                                                  NORMAL
..................................................................
TEMPERATURE (F)
 YESTERDAY
  MAXIMUM         89   1151 AM  95    1984  87      2       88
                                      1951
  MINIMUM         75    623 PM  60    1949  70      5       75
  AVERAGE         82                        78      4       82

PRECIPITATION (IN)
  YESTERDAY        T             1.99 1961   0.04  -0.04     0.03
  MONTH TO DATE    0.30                      0.46  -0.16     0.11
  SINCE SEP 1      0.36                      0.84  -0.48     1.35
  SINCE JAN 1     15.46                     11.54   3.92    11.16

SNOWFALL (IN)
  YESTERDAY        0.0
  MONTH TO DATE    0.0
  SINCE SEP 1      0.0
  SINCE JUL 1      0.0
  SNOW DEPTH      MM

DEGREE DAYS
 HEATING
  YESTERDAY        0                         0      0        0
  MONTH TO DATE    0                         0      0        0
  SINCE SEP 1      0                         0      0        0
  SINCE JUL 1      0                         0      0        0

 COOLING
  YESTERDAY       17                        13      4       17
  MONTH TO DATE  188                       204    -16      229
  SINCE SEP 1    652                       630     22      717
  SINCE JAN 1   3416                      3172    244     3618
..................................................................


WIND (MPH)
  HIGHEST WIND SPEED    30   HIGHEST WIND DIRECTION    NE (60)
  HIGHEST GUST SPEED    40   HIGHEST GUST DIRECTION    NE (60)
  AVERAGE WIND SPEED    16.7


SKY COVER
  POSSIBLE SUNSHINE  MM
  AVERAGE SKY COVER  MM


WEATHER CONDITIONS
 THE FOLLOWING WEATHER WAS RECORDED YESTERDAY.
  NO SIGNIFICANT WEATHER WAS OBSERVED.


RELATIVE HUMIDITY (PERCENT)
 HIGHEST    MM
 LOWEST     MM
 AVERAGE    MM

..........................................................


THE KAHULUI HI CLIMATE NORMALS FOR TODAY
                         NORMAL    RECORD    YEAR
 MAXIMUM TEMPERATURE (F)   87        93      1991
 MINIMUM TEMPERATURE (F)   70        63      2009
                                             1967
                                             1962


SUNRISE AND SUNSET
OCTOBER 16 2017.......SUNRISE   622 AM HST   SUNSET   600 PM HST
OCTOBER 17 2017.......SUNRISE   622 AM HST   SUNSET   600 PM HST


-  INDICATES NEGATIVE NUMBERS.
R  INDICATES RECORD WAS SET OR TIED.
MM INDICATES DATA IS MISSING.
T  INDICATES TRACE AMOUNT.




$$
