000
CDHW42 PHFO 161245
CLIOGG


CLIMATE REPORT
NATIONAL WEATHER SERVICE HONOLULU HI
245 AM HST SAT DEC 16 2017


...................................

...THE KAHULUI HI CLIMATE SUMMARY FOR DECEMBER 15 2017...

CLIMATE NORMAL PERIOD 1981 TO 2010
CLIMATE RECORD PERIOD 1946 TO 2017


WEATHER ITEM   OBSERVED TIME   RECORD YEAR NORMAL DEPARTURE LAST
                VALUE   (LST)  VALUE       VALUE  FROM      YEAR
                                                  NORMAL
..................................................................
TEMPERATURE (F)
 YESTERDAY
  MAXIMUM         77    203 PM  88    1949  82     -5       81
  MINIMUM         64    639 AM  55    1953  65     -1       61
  AVERAGE         71                        73     -2       71

PRECIPITATION (IN)
  YESTERDAY        0.02          0.45 1983   0.11  -0.09     0.09
  MONTH TO DATE    0.43                      1.58  -1.15     3.71
  SINCE DEC 1      0.43                      1.58  -1.15     3.71
  SINCE JAN 1     18.46                     16.06   2.40    15.97

SNOWFALL (IN)
  YESTERDAY        0.0
  MONTH TO DATE    0.0
  SINCE DEC 1      0.0
  SINCE JUL 1      0.0
  SNOW DEPTH      MM

DEGREE DAYS
 HEATING
  YESTERDAY        0                         0      0        0
  MONTH TO DATE    0                         0      0        0
  SINCE DEC 1      0                         0      0        0
  SINCE JUL 1      0                         0      0        0

 COOLING
  YESTERDAY        6                         8     -2        6
  MONTH TO DATE  114                       135    -21      146
  SINCE DEC 1    114                       135    -21      146
  SINCE JAN 1   4060                      3842    218     4354
..................................................................


WIND (MPH)
  HIGHEST WIND SPEED    30   HIGHEST WIND DIRECTION     N (20)
  HIGHEST GUST SPEED    38   HIGHEST GUST DIRECTION    NE (40)
  AVERAGE WIND SPEED    12.9


SKY COVER
  POSSIBLE SUNSHINE  MM
  AVERAGE SKY COVER  MM


WEATHER CONDITIONS
 THE FOLLOWING WEATHER WAS RECORDED YESTERDAY.
  FOG


RELATIVE HUMIDITY (PERCENT)
 HIGHEST    MM
 LOWEST     MM
 AVERAGE    MM

..........................................................


THE KAHULUI HI CLIMATE NORMALS FOR TODAY
                         NORMAL    RECORD    YEAR
 MAXIMUM TEMPERATURE (F)   82        90      1960
 MINIMUM TEMPERATURE (F)   65        53      1953


SUNRISE AND SUNSET
DECEMBER 16 2017......SUNRISE   655 AM HST   SUNSET   548 PM HST
DECEMBER 17 2017......SUNRISE   656 AM HST   SUNSET   548 PM HST


-  INDICATES NEGATIVE NUMBERS.
R  INDICATES RECORD WAS SET OR TIED.
MM INDICATES DATA IS MISSING.
T  INDICATES TRACE AMOUNT.




$$
