000
CDUS43 KEAX 010640
CLIOJC


CLIMATE REPORT
NATIONAL WEATHER SERVICE KANSAS CITY/PLEASANT HILL MO
136 AM CDT SAT NOV 1 2014


...................................

...THE JOHNSON COUNTY EXECUTIVE KS CLIMATE SUMMARY FOR OCTOBER 31 2014...

CLIMATE NORMAL PERIOD 1981 TO 2010
CLIMATE RECORD PERIOD 9999 TO 9999


WEATHER ITEM   OBSERVED TIME   NORMAL DEPARTURE LAST
                VALUE   (LST)  VALUE  FROM      YEAR
                                      NORMAL
......................................................
TEMPERATURE (F)
 YESTERDAY
  MAXIMUM         50    234 AM  61    -11       59
  MINIMUM         32   1159 PM  42    -10       45
  AVERAGE         41            51    -10       52

PRECIPITATION (IN)
  YESTERDAY        0.00          0.08  -0.08     1.00
  MONTH TO DATE    5.07          3.44   1.63     5.38
  SINCE SEP 1      7.77          7.95  -0.18     8.37
  SINCE JAN 1     29.72         35.91  -6.19    34.88

DEGREE DAYS
 HEATING
  YESTERDAY       24            14     10       13
  MONTH TO DATE  206           276    -70      321
  SINCE SEP 1    263           324    -61      348
  SINCE JUL 1    264           325    -61      348

 COOLING
  YESTERDAY        0             0      0        0
  MONTH TO DATE   19            28     -9       31
  SINCE SEP 1    148           184    -36      247
  SINCE JAN 1   1237          1349   -112     1360
......................................................


WIND (MPH)
  HIGHEST WIND SPEED    26   HIGHEST WIND DIRECTION     N (10)
  HIGHEST GUST SPEED    34   HIGHEST GUST DIRECTION     N (20)
  AVERAGE WIND SPEED    12.5


SKY COVER
  AVERAGE SKY COVER 0.2


WEATHER CONDITIONS
 THE FOLLOWING WEATHER WAS RECORDED YESTERDAY.
  NO SIGNIFICANT WEATHER WAS OBSERVED.


RELATIVE HUMIDITY (PERCENT)
 HIGHEST    77           100 AM
 LOWEST     28           300 PM
 AVERAGE    53

..........................................................


THE JOHNSON COUNTY EXECUTIVE KS CLIMATE NORMALS FOR TODAY
                         NORMAL
 MAXIMUM TEMPERATURE (F)   61
 MINIMUM TEMPERATURE (F)   41


SUNRISE AND SUNSET
NOVEMBER  1 2014......SUNRISE   746 AM CDT   SUNSET   618 PM CDT
NOVEMBER  2 2014......SUNRISE   647 AM CST   SUNSET   517 PM CST


-  INDICATES NEGATIVE NUMBERS.
R  INDICATES RECORD WAS SET OR TIED.
MM INDICATES DATA IS MISSING.
T  INDICATES TRACE AMOUNT.




$$
