000
CDUS43 KEAX 250638
CLIOJC


CLIMATE REPORT
NATIONAL WEATHER SERVICE KANSAS CITY/PLEASANT HILL MO
138 AM CDT TUE APR 25 2017


...................................

...THE JOHNSON COUNTY EXECUTIVE KS CLIMATE SUMMARY FOR APRIL 24 2017...

CLIMATE NORMAL PERIOD 1981 TO 2010
CLIMATE RECORD PERIOD 9999 TO 9999


WEATHER ITEM   OBSERVED TIME   NORMAL DEPARTURE LAST
                VALUE   (LST)  VALUE  FROM      YEAR
                                      NORMAL
......................................................
TEMPERATURE (F)
 YESTERDAY
  MAXIMUM         73    428 PM  68      5       76
  MINIMUM         42    559 AM  48     -6       59
  AVERAGE         58            58      0       68

PRECIPITATION (IN)
  YESTERDAY        0.00          0.17  -0.17     0.12
  MONTH TO DATE    2.56          2.93  -0.37     1.38
  SINCE MAR 1      4.87          5.56  -0.69     3.47
  SINCE JAN 1      5.79          8.25  -2.46     4.72

DEGREE DAYS
 HEATING
  YESTERDAY        7             8     -1        0
  MONTH TO DATE  181           273    -92      195
  SINCE MAR 1    698           897   -199      629
  SINCE JUL 1   3838          4790   -952     3974

 COOLING
  YESTERDAY        0             1     -1        3
  MONTH TO DATE   17            16      1        5
  SINCE MAR 1     26            17      9        5
  SINCE JAN 1     26            17      9        5
......................................................


WIND (MPH)
  HIGHEST WIND SPEED    29   HIGHEST WIND DIRECTION     S (160)
  HIGHEST GUST SPEED    35   HIGHEST GUST DIRECTION     S (180)
  AVERAGE WIND SPEED    11.9


SKY COVER
  AVERAGE SKY COVER 0.0


WEATHER CONDITIONS
 THE FOLLOWING WEATHER WAS RECORDED YESTERDAY.
  NO SIGNIFICANT WEATHER WAS OBSERVED.


RELATIVE HUMIDITY (PERCENT)
 HIGHEST    82           600 AM
 LOWEST     31           200 PM
 AVERAGE    57

..........................................................


THE JOHNSON COUNTY EXECUTIVE KS CLIMATE NORMALS FOR TODAY
                         NORMAL
 MAXIMUM TEMPERATURE (F)   68
 MINIMUM TEMPERATURE (F)   48


SUNRISE AND SUNSET
APRIL 25 2017.........SUNRISE   628 AM CDT   SUNSET   806 PM CDT
APRIL 26 2017.........SUNRISE   627 AM CDT   SUNSET   807 PM CDT


-  INDICATES NEGATIVE NUMBERS.
R  INDICATES RECORD WAS SET OR TIED.
MM INDICATES DATA IS MISSING.
T  INDICATES TRACE AMOUNT.




$$
