000
CDUS43 KEAX 180632
CLIOJC


CLIMATE REPORT
NATIONAL WEATHER SERVICE KANSAS CITY/PLEASANT HILL MO
1231 AM CST SUN FEB 18 2018


...................................

...THE JOHNSON COUNTY EXECUTIVE KS CLIMATE SUMMARY FOR FEBRUARY 17 2018...

CLIMATE NORMAL PERIOD 1981 TO 2010
CLIMATE RECORD PERIOD 9999 TO 9999


WEATHER ITEM   OBSERVED TIME   NORMAL DEPARTURE LAST
                VALUE   (LST)  VALUE  FROM      YEAR
                                      NORMAL
......................................................
TEMPERATURE (F)
 YESTERDAY
  MAXIMUM         53    419 PM  45      8       72
  MINIMUM         29    150 AM  26      3       38
  AVERAGE         41            35      6       55

PRECIPITATION (IN)
  YESTERDAY        0.05          0.04   0.01     0.00
  MONTH TO DATE    0.06          0.91  -0.85      T
  SINCE DEC 1      1.13          3.67  -2.54     1.79
  SINCE JAN 1      0.76          2.03  -1.27     0.89

DEGREE DAYS
 HEATING
  YESTERDAY       24            30     -6       10
  MONTH TO DATE  612           541     71      428
  SINCE DEC 1   2725          2634     91     2406
  SINCE JUL 1   3595          3589      6     2988

 COOLING
  YESTERDAY        0             0      0        0
  MONTH TO DATE    0             0      0        0
  SINCE DEC 1      0             0      0        0
  SINCE JAN 1      0             0      0        0
......................................................


WIND (MPH)
  HIGHEST WIND SPEED    20   HIGHEST WIND DIRECTION    NW (320)
  HIGHEST GUST SPEED    28   HIGHEST GUST DIRECTION    NW (320)
  AVERAGE WIND SPEED     8.2


SKY COVER
  AVERAGE SKY COVER 0.4


WEATHER CONDITIONS
 THE FOLLOWING WEATHER WAS RECORDED YESTERDAY.
  LIGHT RAIN
  LT FREEZING RAIN
  FOG


RELATIVE HUMIDITY (PERCENT)
 HIGHEST   100           700 AM
 LOWEST     26           400 PM
 AVERAGE    63

..........................................................


THE JOHNSON COUNTY EXECUTIVE KS CLIMATE NORMALS FOR TODAY
                         NORMAL
 MAXIMUM TEMPERATURE (F)   45
 MINIMUM TEMPERATURE (F)   26


SUNRISE AND SUNSET
FEBRUARY 18 2018......SUNRISE   706 AM CST   SUNSET   600 PM CST
FEBRUARY 19 2018......SUNRISE   705 AM CST   SUNSET   601 PM CST


-  INDICATES NEGATIVE NUMBERS.
R  INDICATES RECORD WAS SET OR TIED.
MM INDICATES DATA IS MISSING.
T  INDICATES TRACE AMOUNT.




$$
