000
CDUS43 KEAX 280044
CLIOJC


CLIMATE REPORT
NATIONAL WEATHER SERVICE KANSAS CITY/PLEASANT HILL MO
743 PM CDT SAT MAY 27 2017


...................................

...THE JOHNSON COUNTY EXECUTIVE KS CLIMATE SUMMARY FOR MAY 27 2017...
VALID TODAY AS OF 0700 PM LOCAL TIME.

CLIMATE NORMAL PERIOD 1981 TO 2010
CLIMATE RECORD PERIOD 9999 TO 9999


WEATHER ITEM   OBSERVED TIME   NORMAL DEPARTURE LAST
                VALUE   (LST)  VALUE  FROM      YEAR
                                      NORMAL
......................................................
TEMPERATURE (F)
 TODAY
  MAXIMUM         75   1008 AM  78     -3       78
  MINIMUM         61   1159 AM  59      2       58
  AVERAGE         68            68      0       68

PRECIPITATION (IN)
  TODAY            0.73          0.17   0.56     0.57
  MONTH TO DATE    3.87          4.74  -0.87     7.53
  SINCE MAR 1     11.98         11.36   0.62    14.12
  SINCE JAN 1     12.90         14.05  -1.15    15.37

DEGREE DAYS
 HEATING
  TODAY            0             1     -1        0
  MONTH TO DATE  100            89     11      131
  SINCE MAR 1    878          1027   -149      794
  SINCE JUL 1   4018          4920   -902     4139

 COOLING
  TODAY            3             5     -2        3
  MONTH TO DATE   61            65     -4       31
  SINCE MAR 1     87            83      4       37
  SINCE JAN 1     87            83      4       37
......................................................


WIND (MPH)
  HIGHEST WIND SPEED    26   HIGHEST WIND DIRECTION     W (290)
  HIGHEST GUST SPEED    39   HIGHEST GUST DIRECTION     W (290)
  AVERAGE WIND SPEED     7.6


SKY COVER
  AVERAGE SKY COVER 0.2


WEATHER CONDITIONS
 THE FOLLOWING WEATHER WAS RECORDED TODAY.
  THUNDERSTORM
  HEAVY RAIN
  RAIN
  LIGHT RAIN
  FOG
  HAZE


RELATIVE HUMIDITY (PERCENT)
 HIGHEST   100           100 AM
 LOWEST     68          1000 AM
 AVERAGE    84

..........................................................


THE JOHNSON COUNTY EXECUTIVE KS CLIMATE NORMALS FOR TOMORROW
                         NORMAL
 MAXIMUM TEMPERATURE (F)   78
 MINIMUM TEMPERATURE (F)   59


SUNRISE AND SUNSET
MAY 27 2017...........SUNRISE   558 AM CDT   SUNSET   835 PM CDT
MAY 28 2017...........SUNRISE   557 AM CDT   SUNSET   836 PM CDT


-  INDICATES NEGATIVE NUMBERS.
R  INDICATES RECORD WAS SET OR TIED.
MM INDICATES DATA IS MISSING.
T  INDICATES TRACE AMOUNT.




$$
