305
CDUS43 KEAX 240632
CLIOJC


CLIMATE REPORT
NATIONAL WEATHER SERVICE KANSAS CITY/PLEASANT HILL MO
1231 AM CST FRI NOV 24 2017


...................................

...THE JOHNSON COUNTY EXECUTIVE KS CLIMATE SUMMARY FOR NOVEMBER 23 2017...

CLIMATE NORMAL PERIOD 1981 TO 2010
CLIMATE RECORD PERIOD 9999 TO 9999


WEATHER ITEM   OBSERVED TIME   NORMAL DEPARTURE LAST
                VALUE   (LST)  VALUE  FROM      YEAR
                                      NORMAL
......................................................
TEMPERATURE (F)
 YESTERDAY
  MAXIMUM         62    340 PM  50     12       57
  MINIMUM         31    341 AM  31      0       39
  AVERAGE         47            40      7       48

PRECIPITATION (IN)
  YESTERDAY        0.00          0.08  -0.08      T
  MONTH TO DATE    0.10          2.00  -1.90     1.55
  SINCE SEP 1      6.11          9.95  -3.84     6.84
  SINCE JAN 1     44.71         37.91   6.80    36.72

DEGREE DAYS
 HEATING
  YESTERDAY       18            25     -7       17
  MONTH TO DATE  498           445     53      276
  SINCE SEP 1    775           769      6      435
  SINCE JUL 1    778           770      8      435

 COOLING
  YESTERDAY        0             0      0        0
  MONTH TO DATE    0             0      0       11
  SINCE SEP 1    229           184     45      249
  SINCE JAN 1   1236          1349   -113     1468
......................................................


WIND (MPH)
  HIGHEST WIND SPEED    12   HIGHEST WIND DIRECTION     S (200)
  HIGHEST GUST SPEED    14   HIGHEST GUST DIRECTION    SW (230)
  AVERAGE WIND SPEED     6.6


SKY COVER
  AVERAGE SKY COVER 0.0


WEATHER CONDITIONS
 THE FOLLOWING WEATHER WAS RECORDED YESTERDAY.
  HAZE


RELATIVE HUMIDITY (PERCENT)
 HIGHEST    69           300 AM
 LOWEST     39           200 PM
 AVERAGE    54

..........................................................


THE JOHNSON COUNTY EXECUTIVE KS CLIMATE NORMALS FOR TODAY
                         NORMAL
 MAXIMUM TEMPERATURE (F)   49
 MINIMUM TEMPERATURE (F)   31


SUNRISE AND SUNSET
NOVEMBER 24 2017......SUNRISE   712 AM CST   SUNSET   500 PM CST
NOVEMBER 25 2017......SUNRISE   713 AM CST   SUNSET   459 PM CST


-  INDICATES NEGATIVE NUMBERS.
R  INDICATES RECORD WAS SET OR TIED.
MM INDICATES DATA IS MISSING.
T  INDICATES TRACE AMOUNT.




$$
