000
CDUS46 KSGX 161133
CLIOKB


CLIMATE REPORT
NATIONAL WEATHER SERVICE SAN DIEGO, CA
432 AM PDT WED AUG 16 2017


...................................

...THE OCEANSIDE AIRPORT CA CLIMATE SUMMARY FOR AUGUST 15 2017...

CLIMATE NORMAL PERIOD 1981 TO 2010
CLIMATE RECORD PERIOD 1999 TO 2017


WEATHER ITEM   OBSERVED TIME   RECORD YEAR NORMAL DEPARTURE LAST
                VALUE   (LST)  VALUE       VALUE  FROM      YEAR
                                                  NORMAL
..................................................................
TEMPERATURE (F)
 YESTERDAY
  MAXIMUM         70    305 PM  86    2015  77     -7       83
  MINIMUM         66   1159 PM  58    2006  62      4       MM
  AVERAGE         68                        70     -2       MM

PRECIPITATION (IN)
  YESTERDAY        0.02R         0.00 2006   0.00   0.02     0.00
  MONTH TO DATE    0.02                      0.04  -0.02     0.00
  SINCE OCT 1     14.99                     13.31   1.68     7.12
  SINCE JAN 1      9.84                      9.43   0.41     4.95

DEGREE DAYS
 HEATING
  YESTERDAY        0                         0      0       MM
  MONTH TO DATE    0                         0      0        0
  SINCE JUN 1     14                        30    -16        2
  SINCE JUL 1      0                         3     -3        0

 COOLING
  YESTERDAY        3                         5     -2       MM
  MONTH TO DATE  129                        64     65       97
  SINCE JUN 1    408                       216    192      367
  SINCE JAN 1    425                       226    199      387
..................................................................


WIND (MPH)
  RESULTANT WIND SPEED   3   RESULTANT WIND DIRECTION  SW (220)
  HIGHEST WIND SPEED    13   HIGHEST WIND DIRECTION     W (250)
  HIGHEST GUST SPEED    15   HIGHEST GUST DIRECTION     W (250)
  AVERAGE WIND SPEED     5.3


SKY COVER
  POSSIBLE SUNSHINE  MM
  AVERAGE SKY COVER 1.0


WEATHER CONDITIONS
 THE FOLLOWING WEATHER WAS RECORDED YESTERDAY.
  LIGHT RAIN
  FOG
  HAZE


RELATIVE HUMIDITY (PERCENT)
 HIGHEST    93           900 AM
 LOWEST     73           300 PM
 AVERAGE    83

..........................................................


THE OCEANSIDE AIRPORT CA CLIMATE NORMALS FOR TODAY
                         NORMAL    RECORD    YEAR
 MAXIMUM TEMPERATURE (F)   77        85      2015
 MINIMUM TEMPERATURE (F)   62        58      2013
                                             2009


SUNRISE AND SUNSET
AUGUST 16 2017........SUNRISE   613 AM PDT   SUNSET   734 PM PDT
AUGUST 17 2017........SUNRISE   614 AM PDT   SUNSET   732 PM PDT


-  INDICATES NEGATIVE NUMBERS.
R  INDICATES RECORD WAS SET OR TIED.
MM INDICATES DATA IS MISSING.
T  INDICATES TRACE AMOUNT.




$$
