000
CDUS46 KSGX 311456
CLIOKB


CLIMATE REPORT
NATIONAL WEATHER SERVICE SAN DIEGO, CA
756 AM PDT FRI JUL 31 2015


...................................

...THE OCEANSIDE AIRPORT CA CLIMATE SUMMARY FOR JULY 30 2015...

CLIMATE NORMAL PERIOD 1981 TO 2010
CLIMATE RECORD PERIOD 1999 TO 2015


WEATHER ITEM   OBSERVED TIME   RECORD YEAR NORMAL DEPARTURE LAST
                VALUE   (LST)  VALUE       VALUE  FROM      YEAR
                                                  NORMAL
..................................................................
TEMPERATURE (F)
 YESTERDAY
  MAXIMUM         80   1202 PM  81    2014  77      3       81
  MINIMUM         69    529 AM  57    2013  62      7       64
  AVERAGE         75                        69      6       73

PRECIPITATION (IN)
  YESTERDAY        0.00          0.06 2003   0.00   0.00     0.00
  MONTH TO DATE    0.77                      0.12   0.65      T
  SINCE OCT 1      8.17                     13.27  -5.10     4.19
  SINCE JAN 1      3.77                      9.39  -5.62     2.60

DEGREE DAYS
 HEATING
  YESTERDAY        0                         0      0        0
  MONTH TO DATE    0                         0      0        0
  SINCE JUN 1      4                        27    -23        4
  SINCE JUL 1      0                         0      0        0

 COOLING
  YESTERDAY       10                         4      6        8
  MONTH TO DATE  206                       109     97      145
  SINCE JUN 1    305                       147    158      182
  SINCE JAN 1    344                       157    187      274
..................................................................


WIND (MPH)
  RESULTANT WIND SPEED   4   RESULTANT WIND DIRECTION   W (250)
  HIGHEST WIND SPEED    16   HIGHEST WIND DIRECTION    SW (240)
  HIGHEST GUST SPEED    21   HIGHEST GUST DIRECTION    SW (240)
  AVERAGE WIND SPEED     4.6


SKY COVER
  POSSIBLE SUNSHINE  MM
  AVERAGE SKY COVER 0.5


WEATHER CONDITIONS
 THE FOLLOWING WEATHER WAS RECORDED YESTERDAY.
  HAZE


RELATIVE HUMIDITY (PERCENT)
 HIGHEST    84          1200 AM
 LOWEST     62          1200 PM
 AVERAGE    73

..........................................................


THE OCEANSIDE AIRPORT CA CLIMATE NORMALS FOR TODAY
                         NORMAL    RECORD    YEAR
 MAXIMUM TEMPERATURE (F)   77        85      2000
 MINIMUM TEMPERATURE (F)   62        56      2013


SUNRISE AND SUNSET
JULY 31 2015..........SUNRISE   602 AM PDT   SUNSET   750 PM PDT
AUGUST  1 2015........SUNRISE   602 AM PDT   SUNSET   749 PM PDT


-  INDICATES NEGATIVE NUMBERS.
R  INDICATES RECORD WAS SET OR TIED.
MM INDICATES DATA IS MISSING.
T  INDICATES TRACE AMOUNT.




$$
