000
CDUS46 KSGX 260019
CLIOKB


CLIMATE REPORT
NATIONAL WEATHER SERVICE SAN DIEGO, CA
419 PM PST THU DEC 25 2014


...................................

...THE OCEANSIDE AIRPORT CA CLIMATE SUMMARY FOR DECEMBER 25 2014...
VALID TODAY AS OF 0400 PM LOCAL TIME.

CLIMATE NORMAL PERIOD 1981 TO 2010
CLIMATE RECORD PERIOD 1999 TO 2014


WEATHER ITEM   OBSERVED TIME   RECORD YEAR NORMAL DEPARTURE LAST
                VALUE   (LST)  VALUE       VALUE  FROM      YEAR
                                                  NORMAL
..................................................................
TEMPERATURE (F)
 TODAY
  MAXIMUM         69   1248 PM  83    2013  65      4       83
  MINIMUM         49    712 AM  28    2011  40      9       38
  AVERAGE         59                        52      7       61

PRECIPITATION (IN)
  TODAY            T             0.51 2003   0.09  -0.09     0.00
  MONTH TO DATE    2.80                      1.41   1.39     0.36
  SINCE JUL 1      3.65                      3.65   0.00     1.60
  SINCE JAN 1      6.25                     12.92  -6.67     3.92

SNOWFALL (IN)
  TODAY           MM
  MONTH TO DATE    0.0
  SINCE JAN 1      0.0
  SINCE JUL 1      0.0
  SNOW DEPTH       0

DEGREE DAYS
 HEATING
  TODAY            6                        13     -7        4
  MONTH TO DATE  165                       309   -144      284
  SINCE DEC 1    165                       309   -144      284
  SINCE JUL 1    299                       659   -360      583

 COOLING
  TODAY            0                         0      0        0
  MONTH TO DATE    0                         0      0        0
  SINCE DEC 1      0                         0      0        0
  SINCE JAN 1    855                       419    436      535
..................................................................


WIND (MPH)
  RESULTANT WIND SPEED   2   RESULTANT WIND DIRECTION   N (10)
  HIGHEST WIND SPEED    15   HIGHEST WIND DIRECTION    NE (50)
  HIGHEST GUST SPEED    20   HIGHEST GUST DIRECTION    NE (50)
  AVERAGE WIND SPEED     5.4


SKY COVER
  POSSIBLE SUNSHINE  MM
  AVERAGE SKY COVER 0.5


WEATHER CONDITIONS
 THE FOLLOWING WEATHER WAS RECORDED TODAY.
  LIGHT RAIN


RELATIVE HUMIDITY (PERCENT)
 HIGHEST    89           700 AM
 LOWEST     21           100 PM
 AVERAGE    55

..........................................................


THE OCEANSIDE AIRPORT CA CLIMATE NORMALS FOR TOMORROW
                         NORMAL    RECORD    YEAR
 MAXIMUM TEMPERATURE (F)   65        82      2013
 MINIMUM TEMPERATURE (F)   40        31      2007
                                             2000


SUNRISE AND SUNSET
DECEMBER 25 2014......SUNRISE   651 AM PST   SUNSET   448 PM PST
DECEMBER 26 2014......SUNRISE   651 AM PST   SUNSET   449 PM PST


-  INDICATES NEGATIVE NUMBERS.
R  INDICATES RECORD WAS SET OR TIED.
MM INDICATES DATA IS MISSING.
T  INDICATES TRACE AMOUNT.




$$
