000
CDUS46 KSGX 241418
CLIOKB


CLIMATE REPORT
NATIONAL WEATHER SERVICE SAN DIEGO, CA
717 AM PDT FRI OCT 24 2014


...................................

...THE OCEANSIDE AIRPORT CA CLIMATE SUMMARY FOR OCTOBER 23 2014...

CLIMATE NORMAL PERIOD 1981 TO 2010
CLIMATE RECORD PERIOD 1999 TO 2014


WEATHER ITEM   OBSERVED TIME   RECORD YEAR NORMAL DEPARTURE LAST
                VALUE   (LST)  VALUE       VALUE  FROM      YEAR
                                                  NORMAL
..................................................................
TEMPERATURE (F)
 YESTERDAY
  MAXIMUM         79   1254 PM  91    2008  73      6       70
  MINIMUM         48    620 AM  44    1999  50     -2       62
  AVERAGE         64                        62      2       66

PRECIPITATION (IN)
  YESTERDAY        0.00          0.01 2003   0.03  -0.03     0.00
                                      2003
                                      2012
  MONTH TO DATE    T                         0.45  -0.45     0.17
  SINCE JUL 1      0.14                      0.96  -0.82     0.18
  SINCE JAN 1      2.74                     10.23  -7.49     2.50

SNOWFALL (IN)
  YESTERDAY        0.0
  MONTH TO DATE    0.0
  SINCE JAN 1      0.0
  SINCE JUL 1      0.0
  SNOW DEPTH       0

DEGREE DAYS
 HEATING
  YESTERDAY        1                         4     -3        0
  MONTH TO DATE    1                        51    -50       66
  SINCE SEP 1      1                        61    -60       74
  SINCE JUL 1      1                        66    -65       74

 COOLING
  YESTERDAY        0                         0      0        1
  MONTH TO DATE   83                        18     65       15
  SINCE SEP 1    337                       112    225      129
  SINCE JAN 1    844                       412    432      530
..................................................................


WIND (MPH)
  RESULTANT WIND SPEED   2   RESULTANT WIND DIRECTION   W (250)
  HIGHEST WIND SPEED    12   HIGHEST WIND DIRECTION    SW (240)
  HIGHEST GUST SPEED    15   HIGHEST GUST DIRECTION    SW (240)
  AVERAGE WIND SPEED     2.9


SKY COVER
  POSSIBLE SUNSHINE  MM
  AVERAGE SKY COVER 0.0


WEATHER CONDITIONS
 THE FOLLOWING WEATHER WAS RECORDED YESTERDAY.
  FOG
  HAZE


RELATIVE HUMIDITY (PERCENT)
 HIGHEST    93           200 AM
 LOWEST     40           900 AM
 AVERAGE    67

..........................................................


THE OCEANSIDE AIRPORT CA CLIMATE NORMALS FOR TODAY
                         NORMAL    RECORD    YEAR
 MAXIMUM TEMPERATURE (F)   73        89      2007
 MINIMUM TEMPERATURE (F)   50        43      2008


SUNRISE AND SUNSET
OCTOBER 24 2014.......SUNRISE   701 AM PDT   SUNSET   606 PM PDT
OCTOBER 25 2014.......SUNRISE   702 AM PDT   SUNSET   605 PM PDT


-  INDICATES NEGATIVE NUMBERS.
R  INDICATES RECORD WAS SET OR TIED.
MM INDICATES DATA IS MISSING.
T  INDICATES TRACE AMOUNT.




$$
