000
CDUS46 KSGX 161231
CLIOKB


CLIMATE REPORT
NATIONAL WEATHER SERVICE SAN DIEGO, CA
430 AM PST SAT DEC 16 2017


...................................

...THE OCEANSIDE AIRPORT CA CLIMATE SUMMARY FOR DECEMBER 15 2017...

CLIMATE NORMAL PERIOD 1981 TO 2010
CLIMATE RECORD PERIOD 1999 TO 2017


WEATHER ITEM   OBSERVED TIME   RECORD YEAR NORMAL DEPARTURE LAST
                VALUE   (LST)  VALUE       VALUE  FROM      YEAR
                                                  NORMAL
..................................................................
TEMPERATURE (F)
 YESTERDAY
  MAXIMUM         79R  1231 PM  74    2013  65     14       67
  MINIMUM         35    334 AM  33    2015  40     -5       47
  AVERAGE         57                        52      5       57

PRECIPITATION (IN)
  YESTERDAY        0.00          1.38 2008   0.06  -0.06     0.43
  MONTH TO DATE    0.00                      0.63  -0.63     0.43
  SINCE OCT 1      0.04                      2.36  -2.32     1.77
  SINCE JAN 1      9.88                     12.14  -2.26     6.96

DEGREE DAYS
 HEATING
  YESTERDAY        8                        13     -5        8
  MONTH TO DATE   75                       179   -104      135
  SINCE DEC 1     75                       179   -104      135
  SINCE JUL 1    244                       529   -285      321

 COOLING
  YESTERDAY        0                         0      0        0
  MONTH TO DATE    2                         0      2        0
  SINCE DEC 1      2                         0      2        0
  SINCE JAN 1    761                       419    342      657
..................................................................


WIND (MPH)
  RESULTANT WIND SPEED   8   RESULTANT WIND DIRECTION   W (270)
  HIGHEST WIND SPEED    14   HIGHEST WIND DIRECTION     W (280)
  HIGHEST GUST SPEED    22   HIGHEST GUST DIRECTION     W (270)
  AVERAGE WIND SPEED     3.7


SKY COVER
  POSSIBLE SUNSHINE  MM
  AVERAGE SKY COVER 0.0


WEATHER CONDITIONS
 THE FOLLOWING WEATHER WAS RECORDED YESTERDAY.
  NO SIGNIFICANT WEATHER WAS OBSERVED.


RELATIVE HUMIDITY (PERCENT)
 HIGHEST    56           500 PM
 LOWEST     12           200 PM
 AVERAGE    34

..........................................................


THE OCEANSIDE AIRPORT CA CLIMATE NORMALS FOR TODAY
                         NORMAL    RECORD    YEAR
 MAXIMUM TEMPERATURE (F)   65        84      2013
 MINIMUM TEMPERATURE (F)   40        29      2015


SUNRISE AND SUNSET
DECEMBER 16 2017......SUNRISE   646 AM PST   SUNSET   444 PM PST
DECEMBER 17 2017......SUNRISE   647 AM PST   SUNSET   445 PM PST


-  INDICATES NEGATIVE NUMBERS.
R  INDICATES RECORD WAS SET OR TIED.
MM INDICATES DATA IS MISSING.
T  INDICATES TRACE AMOUNT.




$$
