000
CDUS46 KSGX 231141
CLIOKB


CLIMATE REPORT
NATIONAL WEATHER SERVICE SAN DIEGO, CA
441 AM PDT TUE MAY 23 2017


...................................

...THE OCEANSIDE AIRPORT CA CLIMATE SUMMARY FOR MAY 22 2017...

CLIMATE NORMAL PERIOD 1981 TO 2010
CLIMATE RECORD PERIOD 1999 TO 2017


WEATHER ITEM   OBSERVED TIME   RECORD YEAR NORMAL DEPARTURE LAST
                VALUE   (LST)  VALUE       VALUE  FROM      YEAR
                                                  NORMAL
..................................................................
TEMPERATURE (F)
 YESTERDAY
  MAXIMUM         72    219 PM  73    2005  70      2       69
  MINIMUM         60    953 PM  42    2002  55      5       50
  AVERAGE         66                        62      4       60

PRECIPITATION (IN)
  YESTERDAY        0.00          0.57 2006   0.00   0.00      T
  MONTH TO DATE    1.27                      0.24   1.03     0.53
  SINCE OCT 1     14.92                     13.02   1.90     7.11
  SINCE JAN 1      9.77                      9.14   0.63     4.94

DEGREE DAYS
 HEATING
  YESTERDAY        0                         3     -3        5
  MONTH TO DATE   64                        86    -22       56
  SINCE MAR 1    385                       572   -187      419
  SINCE JUL 1   1400                      1980   -580     1587

 COOLING
  YESTERDAY        1                         0      1        0
  MONTH TO DATE    9                         0      9        6
  SINCE MAR 1     15                         3     12       10
  SINCE JAN 1     15                         3     12       16
..................................................................


WIND (MPH)
  RESULTANT WIND SPEED   3   RESULTANT WIND DIRECTION  SW (240)
  HIGHEST WIND SPEED    14   HIGHEST WIND DIRECTION    SW (230)
  HIGHEST GUST SPEED    31   HIGHEST GUST DIRECTION    SW (210)
  AVERAGE WIND SPEED     3.5


SKY COVER
  POSSIBLE SUNSHINE  MM
  AVERAGE SKY COVER 0.6


WEATHER CONDITIONS
 THE FOLLOWING WEATHER WAS RECORDED YESTERDAY.
  FOG
  HAZE


RELATIVE HUMIDITY (PERCENT)
 HIGHEST   100           300 AM
 LOWEST     66           200 PM
 AVERAGE    83

..........................................................


THE OCEANSIDE AIRPORT CA CLIMATE NORMALS FOR TODAY
                         NORMAL    RECORD    YEAR
 MAXIMUM TEMPERATURE (F)   70        73      2006
 MINIMUM TEMPERATURE (F)   55        47      2002


SUNRISE AND SUNSET
MAY 23 2017...........SUNRISE   545 AM PDT   SUNSET   748 PM PDT
MAY 24 2017...........SUNRISE   544 AM PDT   SUNSET   749 PM PDT


-  INDICATES NEGATIVE NUMBERS.
R  INDICATES RECORD WAS SET OR TIED.
MM INDICATES DATA IS MISSING.
T  INDICATES TRACE AMOUNT.




$$
