000
CDUS46 KSGX 221149
CLIOKB


CLIMATE REPORT
NATIONAL WEATHER SERVICE SAN DIEGO, CA
449 AM PDT SUN OCT 22 2017


...................................

...THE OCEANSIDE AIRPORT CA CLIMATE SUMMARY FOR OCTOBER 21 2017...

CLIMATE NORMAL PERIOD 1981 TO 2010
CLIMATE RECORD PERIOD 1999 TO 2017


WEATHER ITEM   OBSERVED TIME   RECORD YEAR NORMAL DEPARTURE LAST
                VALUE   (LST)  VALUE       VALUE  FROM      YEAR
                                                  NORMAL
..................................................................
TEMPERATURE (F)
 YESTERDAY
  MAXIMUM         74    215 PM  90    1999  73      1       88
  MINIMUM         52    616 AM  44    2006  51      1       51
  AVERAGE         63                        62      1       70

PRECIPITATION (IN)
  YESTERDAY        0.00          0.20 2010   0.03  -0.03     0.00
  MONTH TO DATE    T                         0.39  -0.39     0.04
  SINCE OCT 1      T                         0.39  -0.39     0.04
  SINCE JAN 1      9.84                     10.17  -0.33     5.23

DEGREE DAYS
 HEATING
  YESTERDAY        2                         3     -1        0
  MONTH TO DATE   12                        43    -31       19
  SINCE SEP 1     22                        53    -31       31
  SINCE JUL 1     22                        58    -36       31

 COOLING
  YESTERDAY        0                         0      0        5
  MONTH TO DATE   35                        18     17       31
  SINCE SEP 1    183                       112     71      165
  SINCE JAN 1    702                       412    290      622
..................................................................


WIND (MPH)
  RESULTANT WIND SPEED   2   RESULTANT WIND DIRECTION  NW (320)
  HIGHEST WIND SPEED    16   HIGHEST WIND DIRECTION     W (250)
  HIGHEST GUST SPEED    20   HIGHEST GUST DIRECTION     W (250)
  AVERAGE WIND SPEED     4.9


SKY COVER
  POSSIBLE SUNSHINE  MM
  AVERAGE SKY COVER 0.0


WEATHER CONDITIONS
 THE FOLLOWING WEATHER WAS RECORDED YESTERDAY.
  NO SIGNIFICANT WEATHER WAS OBSERVED.


RELATIVE HUMIDITY (PERCENT)
 HIGHEST    93           300 AM
 LOWEST     53          1000 AM
 AVERAGE    73

..........................................................


THE OCEANSIDE AIRPORT CA CLIMATE NORMALS FOR TODAY
                         NORMAL    RECORD    YEAR
 MAXIMUM TEMPERATURE (F)   73        95      2008
 MINIMUM TEMPERATURE (F)   50        43      2007


SUNRISE AND SUNSET
OCTOBER 22 2017.......SUNRISE   700 AM PDT   SUNSET   608 PM PDT
OCTOBER 23 2017.......SUNRISE   700 AM PDT   SUNSET   606 PM PDT


-  INDICATES NEGATIVE NUMBERS.
R  INDICATES RECORD WAS SET OR TIED.
MM INDICATES DATA IS MISSING.
T  INDICATES TRACE AMOUNT.




$$
