000
CDUS44 KOUN 182210
CLIOKC

CLIMATE REPORT
NATIONAL WEATHER SERVICE NORMAN OK
510 PM CDT THU SEP 18 2014


...................................

...THE OKLAHOMA CITY CLIMATE SUMMARY FOR SEPTEMBER 18 2014...
VALID TODAY AS OF 0500 PM LOCAL TIME.

CLIMATE NORMAL PERIOD 1981 TO 2010
CLIMATE RECORD PERIOD 1890 TO 2014


WEATHER ITEM   OBSERVED TIME   RECORD YEAR NORMAL DEPARTURE LAST
                VALUE   (LST)  VALUE       VALUE  FROM      YEAR
                                                  NORMAL
..................................................................
TEMPERATURE (F)
 TODAY
  MAXIMUM         90    355 PM  98    1997  84      6       94
                                      1972
                                      1952
  MINIMUM         67    903 AM  42    1981  62      5       71
  AVERAGE         79                        73      6       83

PRECIPITATION (IN)
  TODAY            0.07          3.10 1923   0.14  -0.07     0.00
  MONTH TO DATE    2.13                      2.43  -0.30     0.16
  SINCE JAN 1     22.86                     27.32  -4.46    45.35

DEGREE DAYS
 HEATING
  TODAY            0                         1     -1        0
  MONTH TO DATE   11                         3      8        0
  SINCE JUL 1     11                         3      8        0

 COOLING
  TODAY           14                         9      5       18
  MONTH TO DATE  218                       207     11      291
  SINCE JAN 1   1891                      1944    -53     1914
..................................................................


WIND (MPH)
  HIGHEST WIND SPEED    35   HIGHEST WIND DIRECTION     E (70)
  HIGHEST GUST SPEED    43   HIGHEST GUST DIRECTION     E (70)
  AVERAGE WIND SPEED     8.1


SKY COVER
  AVERAGE SKY COVER 0.7


WEATHER CONDITIONS
 THE FOLLOWING WEATHER WAS RECORDED TODAY.
  RAIN


RELATIVE HUMIDITY (PERCENT)
 HIGHEST    87           600 AM
 LOWEST     46           300 PM
 AVERAGE    67

..........................................................


THE OKLAHOMA CITY CLIMATE NORMALS FOR TOMORROW
                         NORMAL    RECORD    YEAR
 MAXIMUM TEMPERATURE (F)   83        98      1954
 MINIMUM TEMPERATURE (F)   62        44      1971


SUNRISE AND SUNSET
SEPTEMBER 18 2014.....SUNRISE   715 AM CDT   SUNSET   733 PM CDT
SEPTEMBER 19 2014.....SUNRISE   716 AM CDT   SUNSET   732 PM CDT


-  INDICATES NEGATIVE NUMBERS.
R  INDICATES RECORD WAS SET OR TIED.
MM INDICATES DATA IS MISSING.
T  INDICATES TRACE AMOUNT.

$$
