065
CDUS44 KOUN 110641
CLIOKC

CLIMATE REPORT
NATIONAL WEATHER SERVICE NORMAN OK
1239 AM CST THU FEB 11 2016


...................................

...THE OKLAHOMA CITY CLIMATE SUMMARY FOR FEBRUARY 10 2016...

CLIMATE NORMAL PERIOD 1981 TO 2010
CLIMATE RECORD PERIOD 1890 TO 2016


WEATHER ITEM   OBSERVED TIME   RECORD YEAR NORMAL DEPARTURE LAST
                VALUE   (LST)  VALUE       VALUE  FROM      YEAR
                                                  NORMAL
..................................................................
TEMPERATURE (F)
 YESTERDAY
  MAXIMUM         74    348 PM  79    1922  53     21       71
  MINIMUM         21    627 AM  -5    2011  32    -11       39
  AVERAGE         48                        42      6       55

PRECIPITATION (IN)
  YESTERDAY        0.00          0.57 2009   0.06  -0.06     0.00
  MONTH TO DATE    0.26                      0.52  -0.26     0.04
  SINCE JAN 1      0.37                      1.91  -1.54     1.84

SNOWFALL (IN)
  YESTERDAY        0.0           3.8  1986   0.1   -0.1      0.0
  MONTH TO DATE    0.0                       0.7   -0.7      0.0
  SINCE JUL 1      1.2                       6.0   -4.8      6.0
  SNOW DEPTH       0

DEGREE DAYS
 HEATING
  YESTERDAY       17                        23     -6       10
  MONTH TO DATE  227                       235     -8      205
  SINCE JUL 1   2115                      2388   -273     2264
..................................................................


WIND (MPH)
  HIGHEST WIND SPEED    25   HIGHEST WIND DIRECTION    SW (240)
  HIGHEST GUST SPEED    32   HIGHEST GUST DIRECTION    SW (240)
  AVERAGE WIND SPEED    12.0


SKY COVER
  AVERAGE SKY COVER 0.0


WEATHER CONDITIONS
 THE FOLLOWING WEATHER WAS RECORDED YESTERDAY.
  NO SIGNIFICANT WEATHER WAS OBSERVED.


RELATIVE HUMIDITY (PERCENT)
 HIGHEST    88           500 AM
 LOWEST     19           400 PM
 AVERAGE    54

..........................................................


THE OKLAHOMA CITY CLIMATE NORMALS FOR TODAY
                         NORMAL    RECORD    YEAR
 MAXIMUM TEMPERATURE (F)   54        82      1962
 MINIMUM TEMPERATURE (F)   32       -12      1899


SUNRISE AND SUNSET
FEBRUARY 11 2016......SUNRISE   721 AM CST   SUNSET   608 PM CST
FEBRUARY 12 2016......SUNRISE   720 AM CST   SUNSET   609 PM CST


-  INDICATES NEGATIVE NUMBERS.
R  INDICATES RECORD WAS SET OR TIED.
MM INDICATES DATA IS MISSING.
T  INDICATES TRACE AMOUNT.




$$
