000
CDUS44 KOUN 060641
CLIOKC

CLIMATE REPORT
NATIONAL WEATHER SERVICE NORMAN OK
1240 AM CST TUE DEC 6 2016


...................................

...THE OKLAHOMA CITY CLIMATE SUMMARY FOR DECEMBER 5 2016...

CLIMATE NORMAL PERIOD 1981 TO 2010
CLIMATE RECORD PERIOD 1890 TO 2016


WEATHER ITEM   OBSERVED TIME   RECORD YEAR NORMAL DEPARTURE LAST
                VALUE   (LST)  VALUE       VALUE  FROM      YEAR
                                                  NORMAL
..................................................................
TEMPERATURE (F)
 YESTERDAY
  MAXIMUM         51    406 PM  77    1975  53     -2       58
  MINIMUM         30    814 AM   9    1950  33     -3       36
  AVERAGE         41                        43     -2       47

PRECIPITATION (IN)
  YESTERDAY        0.00          1.00 1935   0.07  -0.07     0.00
  MONTH TO DATE    0.62                      0.32   0.30     0.00
  SINCE JAN 1     26.12                     34.96  -8.84    51.99

SNOWFALL (IN)
  YESTERDAY        0.0           3.3  1992   0.0    0.0      0.0
  MONTH TO DATE    0.0                       0.2   -0.2      0.0
  SINCE JUL 1      T                         0.6   -0.6       T
  SNOW DEPTH       0

DEGREE DAYS
 HEATING
  YESTERDAY       24                        22      2       18
  MONTH TO DATE  104                       108     -4      106
  SINCE JUL 1    427                       707   -280      591
..................................................................


WIND (MPH)
  HIGHEST WIND SPEED    22   HIGHEST WIND DIRECTION     S (180)
  HIGHEST GUST SPEED    27   HIGHEST GUST DIRECTION     S (170)
  AVERAGE WIND SPEED     7.9


SKY COVER
  AVERAGE SKY COVER 0.7


WEATHER CONDITIONS
 THE FOLLOWING WEATHER WAS RECORDED YESTERDAY.
  FOG
  FOG W/VISIBILITY <= 1/4 MILE


RELATIVE HUMIDITY (PERCENT)
 HIGHEST   100           100 AM
 LOWEST     68           300 PM
 AVERAGE    84

..........................................................


THE OKLAHOMA CITY CLIMATE NORMALS FOR TODAY
                         NORMAL    RECORD    YEAR
 MAXIMUM TEMPERATURE (F)   53        77      1939
 MINIMUM TEMPERATURE (F)   32         4      1950


SUNRISE AND SUNSET
DECEMBER  6 2016......SUNRISE   726 AM CST   SUNSET   518 PM CST
DECEMBER  7 2016......SUNRISE   727 AM CST   SUNSET   518 PM CST


-  INDICATES NEGATIVE NUMBERS.
R  INDICATES RECORD WAS SET OR TIED.
MM INDICATES DATA IS MISSING.
T  INDICATES TRACE AMOUNT.




$$
