116
CDUS44 KOUN 232307
CLIOKC

CLIMATE REPORT
NATIONAL WEATHER SERVICE NORMAN OK
506 PM CST MON JAN 23 2017


...................................

...THE OKLAHOMA CITY CLIMATE SUMMARY FOR JANUARY 23 2017...
VALID TODAY AS OF 0500 PM LOCAL TIME.

CLIMATE NORMAL PERIOD 1981 TO 2010
CLIMATE RECORD PERIOD 1890 TO 2017


WEATHER ITEM   OBSERVED TIME   RECORD YEAR NORMAL DEPARTURE LAST
                VALUE   (LST)  VALUE       VALUE  FROM      YEAR
                                                  NORMAL
..................................................................
TEMPERATURE (F)
 TODAY
  MAXIMUM         62    352 PM  75    1909  50     12       48
  MINIMUM         26    707 AM  -1    1963  29     -3       25
  AVERAGE         44                        40      4       37

PRECIPITATION (IN)
  TODAY            0.00          1.16 1921   0.05  -0.05     0.00
  MONTH TO DATE    1.57                      0.98   0.59     0.11
  SINCE JAN 1      1.57                      0.98   0.59     0.11

SNOWFALL (IN)
  TODAY            0.0           5.0  1894   0.1   -0.1      0.0
  MONTH TO DATE    1.7                       2.0   -0.3      0.6
  SINCE JUL 1      2.1                       4.5   -2.4      1.2
  SNOW DEPTH       0

DEGREE DAYS
 HEATING
  TODAY           21                        25     -4       28
  MONTH TO DATE  572                       597    -25      663
  SINCE JUL 1   1678                      1952   -274     1753
..................................................................


WIND (MPH)
  HIGHEST WIND SPEED    21   HIGHEST WIND DIRECTION     S (190)
  HIGHEST GUST SPEED    25   HIGHEST GUST DIRECTION     S (190)
  AVERAGE WIND SPEED     7.2


SKY COVER
  AVERAGE SKY COVER 0.1


WEATHER CONDITIONS
 THE FOLLOWING WEATHER WAS RECORDED TODAY.
  NO SIGNIFICANT WEATHER WAS OBSERVED.


RELATIVE HUMIDITY (PERCENT)
 HIGHEST    92           700 AM
 LOWEST     29           300 PM
 AVERAGE    61

..........................................................


THE OKLAHOMA CITY CLIMATE NORMALS FOR TOMORROW
                         NORMAL    RECORD    YEAR
 MAXIMUM TEMPERATURE (F)   50        81      1950
 MINIMUM TEMPERATURE (F)   29        -8      1894


SUNRISE AND SUNSET
JANUARY 23 2017.......SUNRISE   736 AM CST   SUNSET   550 PM CST
JANUARY 24 2017.......SUNRISE   735 AM CST   SUNSET   551 PM CST


-  INDICATES NEGATIVE NUMBERS.
R  INDICATES RECORD WAS SET OR TIED.
MM INDICATES DATA IS MISSING.
T  INDICATES TRACE AMOUNT.




$$
