000
CDUS44 KOUN 062330
CLIOKC

CLIMATE REPORT
NATIONAL WEATHER SERVICE NORMAN OK
528 PM CST FRI MAR 6 2015


...................................

...THE OKLAHOMA CITY CLIMATE SUMMARY FOR MARCH 6 2015...
VALID TODAY AS OF 0500 PM LOCAL TIME.

CLIMATE NORMAL PERIOD 1981 TO 2010
CLIMATE RECORD PERIOD 1890 TO 2015


WEATHER ITEM   OBSERVED TIME   RECORD YEAR NORMAL DEPARTURE LAST
                VALUE   (LST)  VALUE       VALUE  FROM      YEAR
                                                  NORMAL
..................................................................
TEMPERATURE (F)
 TODAY
  MAXIMUM         57    433 PM  83    1974  60     -3       55
                                      1929
  MINIMUM         23    713 AM   8    1943  38    -15       34
  AVERAGE         40                        49     -9       45

PRECIPITATION (IN)
  TODAY            0.00          1.45 1973   0.09  -0.09     0.00
  MONTH TO DATE    0.09                      0.53  -0.44     0.35
  SINCE JAN 1      2.30                      3.50  -1.20     0.78

SNOWFALL (IN)
  TODAY            0.0           0.7  1943   0.0    0.0      0.0
  MONTH TO DATE    3.0                       0.2    2.8      1.5
  SINCE JUL 1     13.6                       6.9    6.7     10.2
  SNOW DEPTH       0

DEGREE DAYS
 HEATING
  TODAY           25                        16      9       20
  MONTH TO DATE  179                       100     79      208
  SINCE JUL 1   2954                      2850    104     3296

 COOLING
  TODAY            0                         0      0        0
  MONTH TO DATE    0                         0      0        0
  SINCE JAN 1      0                         1     -1        0
..................................................................


WIND (MPH)
  HIGHEST WIND SPEED    21   HIGHEST WIND DIRECTION    SW (240)
  HIGHEST GUST SPEED    28   HIGHEST GUST DIRECTION    SW (220)
  AVERAGE WIND SPEED    11.0


SKY COVER
  AVERAGE SKY COVER 0.0


WEATHER CONDITIONS
 THE FOLLOWING WEATHER WAS RECORDED TODAY.
  NO SIGNIFICANT WEATHER WAS OBSERVED.


RELATIVE HUMIDITY (PERCENT)
 HIGHEST    74           400 AM
 LOWEST     28           400 PM
 AVERAGE    51

..........................................................


THE OKLAHOMA CITY CLIMATE NORMALS FOR TOMORROW
                         NORMAL    RECORD    YEAR
 MAXIMUM TEMPERATURE (F)   61        83      1925
 MINIMUM TEMPERATURE (F)   39         7      1920


SUNRISE AND SUNSET
MARCH  6 2015.........SUNRISE   654 AM CST   SUNSET   630 PM CST
MARCH  7 2015.........SUNRISE   652 AM CST   SUNSET   631 PM CST


-  INDICATES NEGATIVE NUMBERS.
R  INDICATES RECORD WAS SET OR TIED.
MM INDICATES DATA IS MISSING.
T  INDICATES TRACE AMOUNT.




$$
