000
CDUS45 KGGW 260035
CLIOLF


CLIMATE REPORT
NATIONAL WEATHER SERVICE GLASGOW MT
635 PM MDT MON MAY 25 2015


...................................

...THE WOLF POINT MT CLIMATE SUMMARY FOR MAY 25 2015...
VALID TODAY AS OF 0500 PM LOCAL TIME.

CLIMATE NORMAL PERIOD 1981 TO 2010
CLIMATE RECORD PERIOD 9999 TO 9999


WEATHER ITEM   OBSERVED RECORD YEAR NORMAL DEPARTURE
                VALUE   VALUE       VALUE  FROM
                                           NORMAL
........................................................
TEMPERATURE (F)
 TODAY
  MAXIMUM         77     MM      MM  72
  MINIMUM         43     MM      MM  43
  AVERAGE         60

PRECIPITATION (IN)
  TODAY            0.00  MM      MM   0.07  -0.07
  MONTH TO DATE    1.07               1.22  -0.15
  SINCE OCT 1      3.20               4.64  -1.44
  SINCE JAN 1      2.63               3.14  -0.51

SNOWFALL (IN)
  TODAY            0.0   MM      MM  MM
  MONTH TO DATE    0.0               MM
  SINCE MAR 1      0.0               MM
  SINCE JUL 1      0.0               MM

DEGREE DAYS
 HEATING
  TODAY            5

 COOLING
  TODAY            0
........................................................







THE WOLF POINT MT CLIMATE NORMALS FOR TOMORROW
                         NORMAL    RECORD    YEAR
 MAXIMUM TEMPERATURE (F)   72        MM        MM
 MINIMUM TEMPERATURE (F)   43        MM        MM


SUNRISE AND SUNSET
MAY 25 2015...........SUNRISE   512 AM MDT   SUNSET   847 PM MDT
MAY 26 2015...........SUNRISE   511 AM MDT   SUNSET   848 PM MDT


-  INDICATES NEGATIVE NUMBERS.
R  INDICATES RECORD WAS SET OR TIED.
MM INDICATES DATA IS MISSING.
T  INDICATES TRACE AMOUNT.




$$
