000
CDUS45 KGGW 300743
CLIOLF


CLIMATE REPORT
NATIONAL WEATHER SERVICE GLASGOW MT
143 AM MDT SAT APR 30 2016


...................................

...THE WOLF POINT MT CLIMATE SUMMARY FOR APRIL 29 2016...

CLIMATE NORMAL PERIOD 1981 TO 2010
CLIMATE RECORD PERIOD 9999 TO 9999


WEATHER ITEM   OBSERVED RECORD YEAR NORMAL DEPARTURE
                VALUE   VALUE       VALUE  FROM
                                           NORMAL
........................................................
TEMPERATURE (F)
 YESTERDAY
  MAXIMUM         61     MM      MM  65
  MINIMUM         35     MM      MM  33
  AVERAGE         48

PRECIPITATION (IN)
  YESTERDAY        0.00  MM      MM   0.05  -0.05
  MONTH TO DATE    2.31               0.89   1.42
  SINCE OCT 1      4.95               3.37   1.58
  SINCE JAN 1      3.28               1.87   1.41

SNOWFALL (IN)
  YESTERDAY        0.0   MM      MM  MM
  MONTH TO DATE    0.0               MM
  SINCE MAR 1      0.0               MM
  SINCE JUL 1      0.0               MM

DEGREE DAYS
 HEATING
  YESTERDAY       17

 COOLING
  YESTERDAY        0
........................................................







THE WOLF POINT MT CLIMATE NORMALS FOR TODAY
                         NORMAL    RECORD    YEAR
 MAXIMUM TEMPERATURE (F)   65        MM        MM
 MINIMUM TEMPERATURE (F)   33        MM        MM


SUNRISE AND SUNSET
APRIL 30 2016.........SUNRISE   545 AM MDT   SUNSET   815 PM MDT
MAY  1 2016...........SUNRISE   543 AM MDT   SUNSET   817 PM MDT


-  INDICATES NEGATIVE NUMBERS.
R  INDICATES RECORD WAS SET OR TIED.
MM INDICATES DATA IS MISSING.
T  INDICATES TRACE AMOUNT.




$$
