000
CDUS45 KGGW 201231
CLIOLF


CLIMATE REPORT
NATIONAL WEATHER SERVICE GLASGOW MT
530 AM MST THU NOV 20 2014


...................................

...THE WOLF POINT MT CLIMATE SUMMARY FOR NOVEMBER 20 2014...
VALID AS OF 0500 AM LOCAL TIME.

CLIMATE NORMAL PERIOD 1981 TO 2010
CLIMATE RECORD PERIOD 9999 TO 9999


WEATHER ITEM   OBSERVED RECORD YEAR NORMAL DEPARTURE
                VALUE   VALUE       VALUE  FROM
                                           NORMAL
........................................................
TEMPERATURE (F)
 TODAY
  MAXIMUM         16     MM      MM  38
  MINIMUM         15     MM      MM  13
  AVERAGE         16

PRECIPITATION (IN)
  TODAY            0.00  MM      MM   0.01  -0.01
  MONTH TO DATE    0.07               0.29  -0.22
  SINCE OCT 1      0.34               1.10  -0.76
  SINCE JAN 1     13.12              11.78   1.34

SNOWFALL (IN)
  TODAY            0.0   MM      MM  MM
  MONTH TO DATE    0.0               MM
  SINCE SEP 1      0.0               MM
  SINCE JUL 1      0.0               MM

DEGREE DAYS
 HEATING
  TODAY           49

 COOLING
  TODAY            0
........................................................







THE WOLF POINT MT CLIMATE NORMALS FOR TOMORROW
                         NORMAL    RECORD    YEAR
 MAXIMUM TEMPERATURE (F)   37        MM        MM
 MINIMUM TEMPERATURE (F)   12        MM        MM


SUNRISE AND SUNSET
NOVEMBER 20 2014......SUNRISE   717 AM MST   SUNSET   419 PM MST
NOVEMBER 21 2014......SUNRISE   718 AM MST   SUNSET   418 PM MST


-  INDICATES NEGATIVE NUMBERS.
R  INDICATES RECORD WAS SET OR TIED.
MM INDICATES DATA IS MISSING.
T  INDICATES TRACE AMOUNT.




$$
