000
CDUS45 KGGW 270740
CLIOLF


CLIMATE REPORT
NATIONAL WEATHER SERVICE GLASGOW MT
1240 AM MST TUE JAN 27 2015


...................................

...THE WOLF POINT MT CLIMATE SUMMARY FOR JANUARY 26 2015...

CLIMATE NORMAL PERIOD 1981 TO 2010
CLIMATE RECORD PERIOD 9999 TO 9999


WEATHER ITEM   OBSERVED RECORD YEAR NORMAL DEPARTURE
                VALUE   VALUE       VALUE  FROM
                                           NORMAL
........................................................
TEMPERATURE (F)
 YESTERDAY
  MAXIMUM         51     MM      MM  25
  MINIMUM         28     MM      MM   0
  AVERAGE         40

PRECIPITATION (IN)
  YESTERDAY        0.00  MM      MM   0.00   0.00
  MONTH TO DATE    0.07               0.28  -0.21
  SINCE OCT 1      0.64               1.78  -1.14
  SINCE JAN 1      0.07               0.28  -0.21

SNOWFALL (IN)
  YESTERDAY        0.0   MM      MM  MM
  MONTH TO DATE    0.0               MM
  SINCE DEC 1      0.0               MM
  SINCE JUL 1      0.0               MM

DEGREE DAYS
 HEATING
  YESTERDAY       25

 COOLING
  YESTERDAY        0
........................................................







THE WOLF POINT MT CLIMATE NORMALS FOR TODAY
                         NORMAL    RECORD    YEAR
 MAXIMUM TEMPERATURE (F)   25        MM        MM
 MINIMUM TEMPERATURE (F)    0        MM        MM


SUNRISE AND SUNSET
JANUARY 27 2015.......SUNRISE   737 AM MST   SUNSET   454 PM MST
JANUARY 28 2015.......SUNRISE   735 AM MST   SUNSET   456 PM MST


-  INDICATES NEGATIVE NUMBERS.
R  INDICATES RECORD WAS SET OR TIED.
MM INDICATES DATA IS MISSING.
T  INDICATES TRACE AMOUNT.




$$
