000
CDUS46 KSEW 240827
CLIOLM


CLIMATE REPORT
NATIONAL WEATHER SERVICE SEATTLE WA
127 AM PDT THU APR 24 2014


...................................

...THE OLYMPIA WA AIRPORT CLIMATE SUMMARY FOR APRIL 23 2014...

CLIMATE NORMAL PERIOD 1981 TO 2010
CLIMATE RECORD PERIOD 1948 TO 2014


WEATHER ITEM   OBSERVED TIME   RECORD YEAR NORMAL DEPARTURE LAST
                VALUE   (LST)  VALUE       VALUE  FROM      YEAR
                                                  NORMAL
..................................................................
TEMPERATURE (F)
 YESTERDAY
  MAXIMUM         51   1159 PM  76    2012  60     -9       64
  MINIMUM         42    456 AM  26    1980  38      4       27
  AVERAGE         47                        49     -2       46

PRECIPITATION (IN)
  YESTERDAY        0.69          2.31 1996   0.11   0.58     0.00
  MONTH TO DATE    3.12                      2.87   0.25     4.32
  SINCE OCT 1     34.17                     41.96  -7.79    43.11
  SINCE JAN 1     25.33                     21.27   4.06    16.15

DEGREE DAYS
 HEATING
  YESTERDAY       18                        16      2       19
  MONTH TO DATE  356                       397    -41      408
  SINCE MAR 1    933                      1033   -100     1017
  SINCE JUL 1   4716                      4755    -39     4704

 COOLING
  YESTERDAY        0                         0      0        0
  MONTH TO DATE    0                         0      0        0
  SINCE MAR 1      0                         0      0        0
  SINCE JAN 1      0                         0      0        0
..................................................................


WIND (MPH)
  RESULTANT WIND SPEED   6   RESULTANT WIND DIRECTION   S (170)
  HIGHEST WIND SPEED    18   HIGHEST WIND DIRECTION     S (170)
  HIGHEST GUST SPEED    23   HIGHEST GUST DIRECTION     S (170)
  AVERAGE WIND SPEED     7.5


SKY COVER
  AVERAGE SKY COVER 1.0


WEATHER CONDITIONS
 THE FOLLOWING WEATHER WAS RECORDED YESTERDAY.
  RAIN
  LIGHT RAIN
  FOG


RELATIVE HUMIDITY (PERCENT)
 HIGHEST   100          1200 AM
 LOWEST     80           100 PM
 AVERAGE    90

..........................................................


THE OLYMPIA WA AIRPORT CLIMATE NORMALS FOR TODAY
                         NORMAL    RECORD    YEAR
 MAXIMUM TEMPERATURE (F)   61        77      1999
                                             1977
 MINIMUM TEMPERATURE (F)   39        26      1971


SUNRISE AND SUNSET
APRIL 24 2014.........SUNRISE   608 AM PDT   SUNSET   813 PM PDT
APRIL 25 2014.........SUNRISE   606 AM PDT   SUNSET   814 PM PDT


-  INDICATES NEGATIVE NUMBERS.
R  INDICATES RECORD WAS SET OR TIED.
MM INDICATES DATA IS MISSING.
T  INDICATES TRACE AMOUNT.




$$
