000
CDUS46 KSEW 190832
CLIOLM


CLIMATE REPORT
NATIONAL WEATHER SERVICE SEATTLE WA
132 AM PDT SAT AUG 19 2017


...................................

...THE OLYMPIA WA AIRPORT CLIMATE SUMMARY FOR AUGUST 18 2017...

CLIMATE NORMAL PERIOD 1981 TO 2010
CLIMATE RECORD PERIOD 1948 TO 2017


WEATHER ITEM   OBSERVED TIME   RECORD YEAR NORMAL DEPARTURE LAST
                VALUE   (LST)  VALUE       VALUE  FROM      YEAR
                                                  NORMAL
..................................................................
TEMPERATURE (F)
 YESTERDAY
  MAXIMUM         76    436 PM  94    1981  78     -2       89
  MINIMUM         48    358 AM  33    1973  51     -3       53
  AVERAGE         62                        64     -2       71

PRECIPITATION (IN)
  YESTERDAY        0.00          0.71 1975   0.03  -0.03     0.00
  MONTH TO DATE    0.11                      0.40  -0.29     0.21
  SINCE OCT 1     62.53                     47.75  14.78    60.45
  SINCE JAN 1     34.43                     27.06   7.37    27.45

DEGREE DAYS
 HEATING
  YESTERDAY        3                         2      1        0
  MONTH TO DATE   11                        36    -25       30
  SINCE JUN 1    198                       304   -106      254
  SINCE JUL 1     47                       116    -69       88

 COOLING
  YESTERDAY        0                         1     -1        6
  MONTH TO DATE   72                        34     38       39
  SINCE JUN 1    130                        88     42      110
  SINCE JAN 1    140                        91     49      111
..................................................................


WIND (MPH)
  RESULTANT WIND SPEED   3   RESULTANT WIND DIRECTION  SW (240)
  HIGHEST WIND SPEED    14   HIGHEST WIND DIRECTION     W (260)
  HIGHEST GUST SPEED    18   HIGHEST GUST DIRECTION     W (250)
  AVERAGE WIND SPEED     4.4


SKY COVER
  AVERAGE SKY COVER 0.6


WEATHER CONDITIONS
 THE FOLLOWING WEATHER WAS RECORDED YESTERDAY.
  FOG


RELATIVE HUMIDITY (PERCENT)
 HIGHEST   100           500 AM
 LOWEST     54           200 PM
 AVERAGE    77

..........................................................


THE OLYMPIA WA AIRPORT CLIMATE NORMALS FOR TODAY
                         NORMAL    RECORD    YEAR
 MAXIMUM TEMPERATURE (F)   78        96      2016
 MINIMUM TEMPERATURE (F)   50        35      1973


SUNRISE AND SUNSET
AUGUST 19 2017........SUNRISE   615 AM PDT   SUNSET   815 PM PDT
AUGUST 20 2017........SUNRISE   616 AM PDT   SUNSET   813 PM PDT


-  INDICATES NEGATIVE NUMBERS.
R  INDICATES RECORD WAS SET OR TIED.
MM INDICATES DATA IS MISSING.
T  INDICATES TRACE AMOUNT.




$$
