000
CDUS46 KSEW 180827
CLIOLM


CLIMATE REPORT
NATIONAL WEATHER SERVICE SEATTLE WA
126 AM PDT FRI APR 18 2014


...................................

...THE OLYMPIA WA AIRPORT CLIMATE SUMMARY FOR APRIL 17 2014...

CLIMATE NORMAL PERIOD 1981 TO 2010
CLIMATE RECORD PERIOD 1948 TO 2014


WEATHER ITEM   OBSERVED TIME   RECORD YEAR NORMAL DEPARTURE LAST
                VALUE   (LST)  VALUE       VALUE  FROM      YEAR
                                                  NORMAL
..................................................................
TEMPERATURE (F)
 YESTERDAY
  MAXIMUM         53    104 PM  78    1983  59     -6       59
                                      1952
  MINIMUM         45   1159 PM  25    1964  38      7       31
  AVERAGE         49                        48      1       45

PRECIPITATION (IN)
  YESTERDAY        0.61          0.66 1948   0.12   0.49     0.00
  MONTH TO DATE    1.57                      2.21  -0.64     4.12
  SINCE OCT 1     32.62                     41.30  -8.68    42.91
  SINCE JAN 1     23.78                     20.61   3.17    15.95

DEGREE DAYS
 HEATING
  YESTERDAY       16                        17     -1       20
  MONTH TO DATE  257                       300    -43      308
  SINCE MAR 1    834                       936   -102      917
  SINCE JUL 1   4617                      4658    -41     4604

 COOLING
  YESTERDAY        0                         0      0        0
  MONTH TO DATE    0                         0      0        0
  SINCE MAR 1      0                         0      0        0
  SINCE JAN 1      0                         0      0        0
..................................................................


WIND (MPH)
  RESULTANT WIND SPEED   7   RESULTANT WIND DIRECTION   S (200)
  HIGHEST WIND SPEED    23   HIGHEST WIND DIRECTION     S (200)
  HIGHEST GUST SPEED    29   HIGHEST GUST DIRECTION     S (190)
  AVERAGE WIND SPEED     8.4


SKY COVER
  AVERAGE SKY COVER 1.0


WEATHER CONDITIONS
 THE FOLLOWING WEATHER WAS RECORDED YESTERDAY.
  RAIN
  LIGHT RAIN
  FOG


RELATIVE HUMIDITY (PERCENT)
 HIGHEST    96           900 AM
 LOWEST     76          1000 PM
 AVERAGE    86

..........................................................


THE OLYMPIA WA AIRPORT CLIMATE NORMALS FOR TODAY
                         NORMAL    RECORD    YEAR
 MAXIMUM TEMPERATURE (F)   59        81      1962
 MINIMUM TEMPERATURE (F)   38        24      1964


SUNRISE AND SUNSET
APRIL 18 2014.........SUNRISE   618 AM PDT   SUNSET   804 PM PDT
APRIL 19 2014.........SUNRISE   616 AM PDT   SUNSET   806 PM PDT


-  INDICATES NEGATIVE NUMBERS.
R  INDICATES RECORD WAS SET OR TIED.
MM INDICATES DATA IS MISSING.
T  INDICATES TRACE AMOUNT.




$$
