000
CDUS46 KSEW 060833
CLIOLM


CLIMATE REPORT
NATIONAL WEATHER SERVICE SEATTLE WA
1233 AM PST TUE DEC 6 2016


...................................

...THE OLYMPIA WA AIRPORT CLIMATE SUMMARY FOR DECEMBER 5 2016...

CLIMATE NORMAL PERIOD 1981 TO 2010
CLIMATE RECORD PERIOD 1948 TO 2016


WEATHER ITEM   OBSERVED TIME   RECORD YEAR NORMAL DEPARTURE LAST
                VALUE   (LST)  VALUE       VALUE  FROM      YEAR
                                                  NORMAL
..................................................................
TEMPERATURE (F)
 YESTERDAY
  MAXIMUM         38    331 PM  54    1981  45     -7       50
                                      1954
  MINIMUM         32    124 AM  12    1994  33     -1       35
  AVERAGE         35                        39     -4       43

PRECIPITATION (IN)
  YESTERDAY        0.15          2.18 1970   0.27  -0.12     0.21
  MONTH TO DATE    1.04                      1.40  -0.36     1.90
  SINCE OCT 1     22.75                     14.63   8.12    20.40
  SINCE JAN 1     52.12                     43.94   8.18    44.92

DEGREE DAYS
 HEATING
  YESTERDAY       30                        26      4       22
  MONTH TO DATE  122                       128     -6      106
  SINCE DEC 1    122                       128     -6      106
  SINCE JUL 1   1319                      1573   -254     1382

 COOLING
  YESTERDAY        0                         0      0        0
  MONTH TO DATE    0                         0      0        0
  SINCE DEC 1      0                         0      0        0
  SINCE JAN 1    145                       106     39      264
..................................................................


WIND (MPH)
  RESULTANT WIND SPEED   6   RESULTANT WIND DIRECTION   S (200)
  HIGHEST WIND SPEED    14   HIGHEST WIND DIRECTION     S (180)
  HIGHEST GUST SPEED    18   HIGHEST GUST DIRECTION     S (180)
  AVERAGE WIND SPEED     5.9


SKY COVER
  AVERAGE SKY COVER 0.9


WEATHER CONDITIONS
 THE FOLLOWING WEATHER WAS RECORDED YESTERDAY.
  LIGHT RAIN
  LIGHT SNOW
  FOG


RELATIVE HUMIDITY (PERCENT)
 HIGHEST   100           100 AM
 LOWEST     92           300 AM
 AVERAGE    96

..........................................................


THE OLYMPIA WA AIRPORT CLIMATE NORMALS FOR TODAY
                         NORMAL    RECORD    YEAR
 MAXIMUM TEMPERATURE (F)   45        58      1965
 MINIMUM TEMPERATURE (F)   33        17      1980


SUNRISE AND SUNSET
DECEMBER  6 2016......SUNRISE   743 AM PST   SUNSET   423 PM PST
DECEMBER  7 2016......SUNRISE   744 AM PST   SUNSET   423 PM PST


-  INDICATES NEGATIVE NUMBERS.
R  INDICATES RECORD WAS SET OR TIED.
MM INDICATES DATA IS MISSING.
T  INDICATES TRACE AMOUNT.




$$
