000
CDUS46 KSEW 020832
CLIOLM


CLIMATE REPORT
NATIONAL WEATHER SERVICE SEATTLE WA
131 AM PDT WED SEP 2 2015


...................................

...THE OLYMPIA WA AIRPORT CLIMATE SUMMARY FOR SEPTEMBER 1 2015...

CLIMATE NORMAL PERIOD 1981 TO 2010
CLIMATE RECORD PERIOD 1948 TO 2015


WEATHER ITEM   OBSERVED TIME   RECORD YEAR NORMAL DEPARTURE LAST
                VALUE   (LST)  VALUE       VALUE  FROM      YEAR
                                                  NORMAL
..................................................................
TEMPERATURE (F)
 YESTERDAY
  MAXIMUM         64    322 PM  92    1987  76    -12       75
  MINIMUM         56   1159 PM  32    1973  49      7       51
  AVERAGE         60                        62     -2       63

PRECIPITATION (IN)
  YESTERDAY        0.25          1.16 1971   0.04   0.21     0.00
  MONTH TO DATE    0.25                      0.04   0.21     0.00
  SINCE OCT 1     42.90                     48.33  -5.43    41.25
  SINCE JAN 1     23.87                     27.64  -3.77    32.41

DEGREE DAYS
 HEATING
  YESTERDAY        5                         3      2        2
  MONTH TO DATE    5                         3      2        2
  SINCE SEP 1      5                         3      2        2
  SINCE JUL 1     50                       153   -103       55

 COOLING
  YESTERDAY        0                         1     -1        0
  MONTH TO DATE    0                         1     -1        0
  SINCE SEP 1      0                         1     -1        0
  SINCE JAN 1    262                       100    162      181
..................................................................


WIND (MPH)
  RESULTANT WIND SPEED   7   RESULTANT WIND DIRECTION   S (200)
  HIGHEST WIND SPEED    16   HIGHEST WIND DIRECTION     S (200)
  HIGHEST GUST SPEED    21   HIGHEST GUST DIRECTION    SW (230)
  AVERAGE WIND SPEED     8.1


SKY COVER
  AVERAGE SKY COVER 0.9


WEATHER CONDITIONS
 THE FOLLOWING WEATHER WAS RECORDED YESTERDAY.
  RAIN
  LIGHT RAIN
  FOG


RELATIVE HUMIDITY (PERCENT)
 HIGHEST    93           900 AM
 LOWEST     72          1200 AM
 AVERAGE    83

..........................................................


THE OLYMPIA WA AIRPORT CLIMATE NORMALS FOR TODAY
                         NORMAL    RECORD    YEAR
 MAXIMUM TEMPERATURE (F)   76        98      1988
 MINIMUM TEMPERATURE (F)   49        36      1973
                                             1960


SUNRISE AND SUNSET
SEPTEMBER  2 2015.....SUNRISE   632 AM PDT   SUNSET   749 PM PDT
SEPTEMBER  3 2015.....SUNRISE   633 AM PDT   SUNSET   748 PM PDT


-  INDICATES NEGATIVE NUMBERS.
R  INDICATES RECORD WAS SET OR TIED.
MM INDICATES DATA IS MISSING.
T  INDICATES TRACE AMOUNT.




$$
