000
CDUS46 KSEW 020121
CLIOLM


CLIMATE REPORT
NATIONAL WEATHER SERVICE SEATTLE WA
521 PM PST SUN FEB 1 2015


...................................

...THE OLYMPIA WA AIRPORT CLIMATE SUMMARY FOR FEBRUARY 1 2015...
VALID TODAY AS OF 0500 PM LOCAL TIME.

CLIMATE NORMAL PERIOD 1981 TO 2010
CLIMATE RECORD PERIOD 1948 TO 2015


WEATHER ITEM   OBSERVED TIME   RECORD YEAR NORMAL DEPARTURE LAST
                VALUE   (LST)  VALUE       VALUE  FROM      YEAR
                                                  NORMAL
..................................................................
TEMPERATURE (F)
 TODAY
  MAXIMUM         48    419 PM  67    1962  48      0       46
  MINIMUM         40    801 AM  -1    1950  33      7       34
  AVERAGE         44                        40      4       40

PRECIPITATION (IN)
  TODAY            0.14          1.41 2000   0.20  -0.06     0.08
  MONTH TO DATE    0.14                      0.20  -0.06     0.08
  SINCE OCT 1     25.85                     28.73  -2.88    13.61
  SINCE JAN 1      6.82                      8.04  -1.22     4.77

DEGREE DAYS
 HEATING
  TODAY           21                        25     -4       25
  MONTH TO DATE   21                        25     -4       25
  SINCE DEC 1   1430                      1631   -201     1674
  SINCE JUL 1   2529                      3076   -547     3070

 COOLING
  TODAY            0                         0      0        0
  MONTH TO DATE    0                         0      0        0
  SINCE DEC 1      0                         0      0        0
  SINCE JAN 1      0                         0      0        0
..................................................................


WIND (MPH)
  RESULTANT WIND SPEED   4   RESULTANT WIND DIRECTION   S (190)
  HIGHEST WIND SPEED    14   HIGHEST WIND DIRECTION     S (200)
  HIGHEST GUST SPEED    19   HIGHEST GUST DIRECTION    SW (220)
  AVERAGE WIND SPEED     4.5


SKY COVER
  AVERAGE SKY COVER 1.0


WEATHER CONDITIONS
 THE FOLLOWING WEATHER WAS RECORDED TODAY.
  LIGHT RAIN
  FOG


RELATIVE HUMIDITY (PERCENT)
 HIGHEST   100           400 AM
 LOWEST     89          1200 AM
 AVERAGE    95

..........................................................


THE OLYMPIA WA AIRPORT CLIMATE NORMALS FOR TOMORROW
                         NORMAL    RECORD    YEAR
 MAXIMUM TEMPERATURE (F)   48        70      1962
 MINIMUM TEMPERATURE (F)   33        -1      1972


SUNRISE AND SUNSET
FEBRUARY  1 2015......SUNRISE   737 AM PST   SUNSET   514 PM PST
FEBRUARY  2 2015......SUNRISE   735 AM PST   SUNSET   516 PM PST


-  INDICATES NEGATIVE NUMBERS.
R  INDICATES RECORD WAS SET OR TIED.
MM INDICATES DATA IS MISSING.
T  INDICATES TRACE AMOUNT.




$$
