776
CDUS46 KSEW 140830
CLIOLM


CLIMATE REPORT
NATIONAL WEATHER SERVICE SEATTLE WA
1229 AM PST SUN FEB 14 2016


...................................

...THE OLYMPIA WA AIRPORT CLIMATE SUMMARY FOR FEBRUARY 13 2016...

CLIMATE NORMAL PERIOD 1981 TO 2010
CLIMATE RECORD PERIOD 1948 TO 2016


WEATHER ITEM   OBSERVED TIME   RECORD YEAR NORMAL DEPARTURE LAST
                VALUE   (LST)  VALUE       VALUE  FROM      YEAR
                                                  NORMAL
..................................................................
TEMPERATURE (F)
 YESTERDAY
  MAXIMUM         48   1122 AM  63    2015  49     -1       63
  MINIMUM         40    523 AM  15    1949  33      7       40
  AVERAGE         44                        41      3       52

PRECIPITATION (IN)
  YESTERDAY        0.69          2.19 1982   0.19   0.50      T
  MONTH TO DATE    3.13                      2.61   0.52     4.61
  SINCE OCT 1     44.60                     31.14  13.46    30.32
  SINCE JAN 1     11.60                     10.45   1.15    11.29

DEGREE DAYS
 HEATING
  YESTERDAY       21                        24     -3       13
  MONTH TO DATE  272                       313    -41      214
  SINCE DEC 1   1778                      1919   -141     1623
  SINCE JUL 1   3054                      3364   -310     2722

 COOLING
  YESTERDAY        0                         0      0        0
  MONTH TO DATE    0                         0      0        0
  SINCE DEC 1      0                         0      0        0
  SINCE JAN 1      0                         0      0        0
..................................................................


WIND (MPH)
  RESULTANT WIND SPEED  11   RESULTANT WIND DIRECTION   S (190)
  HIGHEST WIND SPEED    22   HIGHEST WIND DIRECTION     S (200)
  HIGHEST GUST SPEED    32   HIGHEST GUST DIRECTION     S (170)
  AVERAGE WIND SPEED    11.0


SKY COVER
  AVERAGE SKY COVER 0.9


WEATHER CONDITIONS
 THE FOLLOWING WEATHER WAS RECORDED YESTERDAY.
  RAIN
  LIGHT RAIN
  FOG


RELATIVE HUMIDITY (PERCENT)
 HIGHEST    96           300 AM
 LOWEST     86          1000 AM
 AVERAGE    91

..........................................................


THE OLYMPIA WA AIRPORT CLIMATE NORMALS FOR TODAY
                         NORMAL    RECORD    YEAR
 MAXIMUM TEMPERATURE (F)   49        61      1963
 MINIMUM TEMPERATURE (F)   33        16      1995


SUNRISE AND SUNSET
FEBRUARY 14 2016......SUNRISE   718 AM PST   SUNSET   534 PM PST
FEBRUARY 15 2016......SUNRISE   717 AM PST   SUNSET   536 PM PST


-  INDICATES NEGATIVE NUMBERS.
R  INDICATES RECORD WAS SET OR TIED.
MM INDICATES DATA IS MISSING.
T  INDICATES TRACE AMOUNT.




$$
