000
CDUS46 KSEW 290837
CLIOLM


CLIMATE REPORT
NATIONAL WEATHER SERVICE SEATTLE WA
137 AM PDT MON AUG 29 2016


...................................

...THE OLYMPIA WA AIRPORT CLIMATE SUMMARY FOR AUGUST 28 2016...

CLIMATE NORMAL PERIOD 1981 TO 2010
CLIMATE RECORD PERIOD 1948 TO 2016


WEATHER ITEM   OBSERVED TIME   RECORD YEAR NORMAL DEPARTURE LAST
                VALUE   (LST)  VALUE       VALUE  FROM      YEAR
                                                  NORMAL
..................................................................
TEMPERATURE (F)
 YESTERDAY
  MAXIMUM         74    342 PM  98    1967  76     -2       74
  MINIMUM         46    421 AM  37    1985  49     -3       58
  AVERAGE         60                        63     -3       66

PRECIPITATION (IN)
  YESTERDAY        0.00          0.44 1953   0.05  -0.05     0.14
  MONTH TO DATE    0.21                      0.80  -0.59     1.07
  SINCE OCT 1     60.45                     48.15  12.30    40.88
  SINCE JAN 1     27.45                     27.46  -0.01    21.85

DEGREE DAYS
 HEATING
  YESTERDAY        5                         3      2        0
  MONTH TO DATE   44                        60    -16       21
  SINCE JUN 1    268                       328    -60      101
  SINCE JUL 1    102                       140    -38       38

 COOLING
  YESTERDAY        0                         1     -1        1
  MONTH TO DATE   73                        44     29       71
  SINCE JUN 1    144                        98     46      261
  SINCE JAN 1    145                       101     44      262
..................................................................


WIND (MPH)
  RESULTANT WIND SPEED   2   RESULTANT WIND DIRECTION   N (350)
  HIGHEST WIND SPEED    13   HIGHEST WIND DIRECTION    NE (30)
  HIGHEST GUST SPEED    16   HIGHEST GUST DIRECTION    NE (30)
  AVERAGE WIND SPEED     3.9


SKY COVER
  AVERAGE SKY COVER 0.2


WEATHER CONDITIONS
 THE FOLLOWING WEATHER WAS RECORDED YESTERDAY.
  NO SIGNIFICANT WEATHER WAS OBSERVED.


RELATIVE HUMIDITY (PERCENT)
 HIGHEST    93           500 AM
 LOWEST     44           300 PM
 AVERAGE    69

..........................................................


THE OLYMPIA WA AIRPORT CLIMATE NORMALS FOR TODAY
                         NORMAL    RECORD    YEAR
 MAXIMUM TEMPERATURE (F)   76        94      1996
 MINIMUM TEMPERATURE (F)   49        34      1969


SUNRISE AND SUNSET
AUGUST 29 2016........SUNRISE   628 AM PDT   SUNSET   756 PM PDT
AUGUST 30 2016........SUNRISE   629 AM PDT   SUNSET   754 PM PDT


-  INDICATES NEGATIVE NUMBERS.
R  INDICATES RECORD WAS SET OR TIED.
MM INDICATES DATA IS MISSING.
T  INDICATES TRACE AMOUNT.




$$
