000
CDUS46 KSEW 210829
CLIOLM


CLIMATE REPORT
NATIONAL WEATHER SERVICE SEATTLE WA
1229 AM PST TUE FEB 21 2017


...................................

...THE OLYMPIA WA AIRPORT CLIMATE SUMMARY FOR FEBRUARY 20 2017...

CLIMATE NORMAL PERIOD 1981 TO 2010
CLIMATE RECORD PERIOD 1948 TO 2017


WEATHER ITEM   OBSERVED TIME   RECORD YEAR NORMAL DEPARTURE LAST
                VALUE   (LST)  VALUE       VALUE  FROM      YEAR
                                                  NORMAL
..................................................................
TEMPERATURE (F)
 YESTERDAY
  MAXIMUM         47    243 PM  61    1995  50     -3       51
  MINIMUM         37   1217 AM  19    2011  33      4       30
                                      1986
  AVERAGE         42                        41      1       41

PRECIPITATION (IN)
  YESTERDAY        0.31          1.69 1961   0.18   0.13     0.14
  MONTH TO DATE    8.25                      3.85   4.40     5.24
  SINCE OCT 1     40.17                     32.38   7.79    46.71
  SINCE JAN 1     12.07                     11.69   0.38    13.71

DEGREE DAYS
 HEATING
  YESTERDAY       23                        24     -1       24
  MONTH TO DATE  491                       481     10      397
  SINCE DEC 1   2319                      2087    232     1903
  SINCE JUL 1   3516                      3532    -16     3179

 COOLING
  YESTERDAY        0                         0      0        0
  MONTH TO DATE    0                         0      0        0
  SINCE DEC 1      0                         0      0        0
  SINCE JAN 1      0                         0      0        0
..................................................................


WIND (MPH)
  RESULTANT WIND SPEED   2   RESULTANT WIND DIRECTION   N (350)
  HIGHEST WIND SPEED    10   HIGHEST WIND DIRECTION     S (180)
  HIGHEST GUST SPEED    14   HIGHEST GUST DIRECTION     S (190)
  AVERAGE WIND SPEED     4.3


SKY COVER
  AVERAGE SKY COVER 0.9


WEATHER CONDITIONS
 THE FOLLOWING WEATHER WAS RECORDED YESTERDAY.
  LIGHT RAIN
  FOG


RELATIVE HUMIDITY (PERCENT)
 HIGHEST   100          1200 AM
 LOWEST     92          1100 AM
 AVERAGE    96

..........................................................


THE OLYMPIA WA AIRPORT CLIMATE NORMALS FOR TODAY
                         NORMAL    RECORD    YEAR
 MAXIMUM TEMPERATURE (F)   50        63      1978
                                             1973
                                             1970
 MINIMUM TEMPERATURE (F)   33        18      1957


SUNRISE AND SUNSET
FEBRUARY 21 2017......SUNRISE   705 AM PST   SUNSET   546 PM PST
FEBRUARY 22 2017......SUNRISE   703 AM PST   SUNSET   547 PM PST


-  INDICATES NEGATIVE NUMBERS.
R  INDICATES RECORD WAS SET OR TIED.
MM INDICATES DATA IS MISSING.
T  INDICATES TRACE AMOUNT.




$$
