000
CDUS46 KSEW 060122
CLIOLM


CLIMATE REPORT
NATIONAL WEATHER SERVICE SEATTLE WA
522 PM PST THU MAR 5 2015


...................................

...THE OLYMPIA WA AIRPORT CLIMATE SUMMARY FOR MARCH 5 2015...
VALID TODAY AS OF 0500 PM LOCAL TIME.

CLIMATE NORMAL PERIOD 1981 TO 2010
CLIMATE RECORD PERIOD 1948 TO 2015


WEATHER ITEM   OBSERVED TIME   RECORD YEAR NORMAL DEPARTURE LAST
                VALUE   (LST)  VALUE       VALUE  FROM      YEAR
                                                  NORMAL
..................................................................
TEMPERATURE (F)
 TODAY
  MAXIMUM         60    407 PM  67    1965  52      8       59
  MINIMUM         26    246 AM  13    1955  34     -8       49
  AVERAGE         43                        43      0       54

PRECIPITATION (IN)
  TODAY            0.00          3.40 1972   0.18  -0.18     1.64
  MONTH TO DATE    0.01                      0.93  -0.92     3.13
  SINCE OCT 1     31.00                     34.73  -3.73    25.01
  SINCE JAN 1     11.97                     14.04  -2.07    16.17

DEGREE DAYS
 HEATING
  TODAY           22                        22      0       11
  MONTH TO DATE  124                       111     13       83
  SINCE MAR 1    124                       111     13       83
  SINCE JUL 1   3159                      3833   -674     3866

 COOLING
  TODAY            0                         0      0        0
  MONTH TO DATE    0                         0      0        0
  SINCE MAR 1      0                         0      0        0
  SINCE JAN 1      0                         0      0        0
..................................................................


WIND (MPH)
  RESULTANT WIND SPEED   0   RESULTANT WIND DIRECTION   N (0)
  HIGHEST WIND SPEED    10   HIGHEST WIND DIRECTION     N (10)
  HIGHEST GUST SPEED    13   HIGHEST GUST DIRECTION     N (360)
  AVERAGE WIND SPEED     0.5


SKY COVER
  AVERAGE SKY COVER 0.0


WEATHER CONDITIONS
 THE FOLLOWING WEATHER WAS RECORDED TODAY.
  NO SIGNIFICANT WEATHER WAS OBSERVED.


RELATIVE HUMIDITY (PERCENT)
 HIGHEST    92           200 AM
 LOWEST     30           300 PM
 AVERAGE    61

..........................................................


THE OLYMPIA WA AIRPORT CLIMATE NORMALS FOR TOMORROW
                         NORMAL    RECORD    YEAR
 MAXIMUM TEMPERATURE (F)   52        70      2007
 MINIMUM TEMPERATURE (F)   34        21      1975


SUNRISE AND SUNSET
MARCH  5 2015.........SUNRISE   644 AM PST   SUNSET   603 PM PST
MARCH  6 2015.........SUNRISE   642 AM PST   SUNSET   604 PM PST


-  INDICATES NEGATIVE NUMBERS.
R  INDICATES RECORD WAS SET OR TIED.
MM INDICATES DATA IS MISSING.
T  INDICATES TRACE AMOUNT.




$$
