000
CDUS46 KSEW 280836
CLIOLM


CLIMATE REPORT
NATIONAL WEATHER SERVICE SEATTLE WA
136 AM PDT WED JUN 28 2017


...................................

...THE OLYMPIA WA AIRPORT CLIMATE SUMMARY FOR JUNE 27 2017...

CLIMATE NORMAL PERIOD 1981 TO 2010
CLIMATE RECORD PERIOD 1948 TO 2017


WEATHER ITEM   OBSERVED TIME   RECORD YEAR NORMAL DEPARTURE LAST
                VALUE   (LST)  VALUE       VALUE  FROM      YEAR
                                                  NORMAL
..................................................................
TEMPERATURE (F)
 YESTERDAY
  MAXIMUM         76    531 PM  93    2015  73      3       84
  MINIMUM         52   1159 PM  38    1976  49      3       51
  AVERAGE         64                        61      3       68

PRECIPITATION (IN)
  YESTERDAY        0.00          0.64 2001   0.04  -0.04     0.00
  MONTH TO DATE    1.33                      1.64  -0.31     1.24
  SINCE OCT 1     62.37                     46.60  15.77    59.62
  SINCE JAN 1     34.27                     25.91   8.36    26.62

DEGREE DAYS
 HEATING
  YESTERDAY        1                         5     -4        0
  MONTH TO DATE  142                       174    -32      159
  SINCE JUN 1    142                       174    -32      159
  SINCE JUL 1   5303                      5370    -67     4679

 COOLING
  YESTERDAY        0                         1     -1        3
  MONTH TO DATE   19                         6     13       34
  SINCE JUN 1     19                         6     13       34
  SINCE JAN 1     29                         9     20       35
..................................................................


WIND (MPH)
  RESULTANT WIND SPEED   4   RESULTANT WIND DIRECTION  SW (210)
  HIGHEST WIND SPEED    12   HIGHEST WIND DIRECTION    SW (210)
  HIGHEST GUST SPEED    15   HIGHEST GUST DIRECTION    SW (210)
  AVERAGE WIND SPEED     5.6


SKY COVER
  AVERAGE SKY COVER 0.4


WEATHER CONDITIONS
 THE FOLLOWING WEATHER WAS RECORDED YESTERDAY.
  NO SIGNIFICANT WEATHER WAS OBSERVED.


RELATIVE HUMIDITY (PERCENT)
 HIGHEST    93          1100 PM
 LOWEST     46           400 PM
 AVERAGE    70

..........................................................


THE OLYMPIA WA AIRPORT CLIMATE NORMALS FOR TODAY
                         NORMAL    RECORD    YEAR
 MAXIMUM TEMPERATURE (F)   73        92      2008
                                             2003
                                             1978
 MINIMUM TEMPERATURE (F)   49        36      1964


SUNRISE AND SUNSET
JUNE 28 2017..........SUNRISE   519 AM PDT   SUNSET   910 PM PDT
JUNE 29 2017..........SUNRISE   520 AM PDT   SUNSET   910 PM PDT


-  INDICATES NEGATIVE NUMBERS.
R  INDICATES RECORD WAS SET OR TIED.
MM INDICATES DATA IS MISSING.
T  INDICATES TRACE AMOUNT.




$$
