535
CDUS46 KSEW 280118
CLIOLM


CLIMATE REPORT
NATIONAL WEATHER SERVICE SEATTLE WA
617 PM PDT MON MAR 27 2017


...................................

...THE OLYMPIA WA AIRPORT CLIMATE SUMMARY FOR MARCH 27 2017...
VALID TODAY AS OF 0600 PM LOCAL TIME.

CLIMATE NORMAL PERIOD 1981 TO 2010
CLIMATE RECORD PERIOD 1948 TO 2017


WEATHER ITEM   OBSERVED TIME   RECORD YEAR NORMAL DEPARTURE LAST
                VALUE   (LST)  VALUE       VALUE  FROM      YEAR
                                                  NORMAL
..................................................................
TEMPERATURE (F)
 TODAY
  MAXIMUM         51    248 PM  75    1994  56     -5       52
  MINIMUM         43    627 AM  20    1975  36      7       35
  AVERAGE         47                        46      1       44

PRECIPITATION (IN)
  TODAY            0.18          1.51 1968   0.15   0.03     0.04
  MONTH TO DATE   10.10                      4.67   5.43     8.51
  SINCE OCT 1     51.20                     38.47  12.73    56.65
  SINCE JAN 1     23.10                     17.78   5.32    23.65

DEGREE DAYS
 HEATING
  TODAY           18                        19     -1       21
  MONTH TO DATE  563                       560      3      513
  SINCE MAR 1    563                       560      3      513
  SINCE JUL 1   4291                      4282      9     3871

 COOLING
  TODAY            0                         0      0        0
  MONTH TO DATE    0                         0      0        0
  SINCE MAR 1      0                         0      0        0
  SINCE JAN 1      0                         0      0        0
..................................................................


WIND (MPH)
  RESULTANT WIND SPEED   9   RESULTANT WIND DIRECTION   S (200)
  HIGHEST WIND SPEED    17   HIGHEST WIND DIRECTION     S (180)
  HIGHEST GUST SPEED    24   HIGHEST GUST DIRECTION     S (200)
  AVERAGE WIND SPEED     9.3


SKY COVER
  AVERAGE SKY COVER 0.9


WEATHER CONDITIONS
 THE FOLLOWING WEATHER WAS RECORDED TODAY.
  LIGHT RAIN
  FOG


RELATIVE HUMIDITY (PERCENT)
 HIGHEST   100           100 AM
 LOWEST     74          1000 AM
 AVERAGE    87

..........................................................


THE OLYMPIA WA AIRPORT CLIMATE NORMALS FOR TOMORROW
                         NORMAL    RECORD    YEAR
 MAXIMUM TEMPERATURE (F)   56        76      1994
 MINIMUM TEMPERATURE (F)   36        23      1996


SUNRISE AND SUNSET
MARCH 27 2017.........SUNRISE   700 AM PDT   SUNSET   735 PM PDT
MARCH 28 2017.........SUNRISE   658 AM PDT   SUNSET   736 PM PDT


-  INDICATES NEGATIVE NUMBERS.
R  INDICATES RECORD WAS SET OR TIED.
MM INDICATES DATA IS MISSING.
T  INDICATES TRACE AMOUNT.




$$
