000
CDUS43 KOAX 012245
CLIOMA


CLIMATE REPORT
NATIONAL WEATHER SERVICE OMAHA NEBRASKA
443 PM CST SUN MAR 1 2015


...................................

...THE OMAHA EPPLEY, NEBRASKA CLIMATE SUMMARY FOR MARCH 1 2015...
VALID TODAY AS OF 0400 PM LOCAL TIME.

CLIMATE NORMAL PERIOD 1981 TO 2010
CLIMATE RECORD PERIOD 1871 TO 2015


WEATHER ITEM   OBSERVED TIME   RECORD YEAR NORMAL DEPARTURE LAST
                VALUE   (LST)  VALUE       VALUE  FROM      YEAR
                                                  NORMAL
..................................................................
TEMPERATURE (F)
 TODAY
  MAXIMUM         40    359 PM  79    1992  44     -4       20
  MINIMUM         19    713 AM  -9    1962  23     -4        1
  AVERAGE         30                        33     -3       11

PRECIPITATION (IN)
  TODAY            T             1.33 1991   0.05  -0.05     0.04
  MONTH TO DATE    T                         0.05  -0.05     0.04
  SINCE MAR 1      T                         0.05  -0.05     0.04
  SINCE JAN 1      1.14                      1.62  -0.48     0.90

SNOWFALL (IN)
  TODAY            T                         0.2   -0.2      1.1
  MONTH TO DATE    T                         0.2   -0.2      1.1
  SINCE JUL 1     13.6                      21.4   -7.8     16.0
  SNOW DEPTH       T

DEGREE DAYS
 HEATING
  TODAY           35                        32      3       54
  MONTH TO DATE   35                        32      3       54
  SINCE MAR 1     35                        32      3       54
  SINCE JUL 1   4746                      4830    -84     5159

 COOLING
  TODAY            0                         0      0        0
  MONTH TO DATE    0                         0      0        0
  SINCE MAR 1      0                         0      0        0
  SINCE JAN 1      0                         0      0        0
..................................................................


WIND (MPH)
  HIGHEST WIND SPEED    14   HIGHEST WIND DIRECTION    NW (310)
  HIGHEST GUST SPEED    17   HIGHEST GUST DIRECTION    NW (310)
  AVERAGE WIND SPEED     6.4


SKY COVER
  POSSIBLE SUNSHINE  MM
  AVERAGE SKY COVER 0.6


WEATHER CONDITIONS
 THE FOLLOWING WEATHER WAS RECORDED TODAY.
  LIGHT SNOW


RELATIVE HUMIDITY (PERCENT)
 HIGHEST    77           700 AM
 LOWEST     37           300 PM
 AVERAGE    57

..........................................................


THE OMAHA EPPLEY, NEBRASKA CLIMATE NORMALS FOR TOMORROW
                         NORMAL    RECORD    YEAR
 MAXIMUM TEMPERATURE (F)   44        76      1992
 MINIMUM TEMPERATURE (F)   23        -5      2014


SUNRISE AND SUNSET
MARCH  1 2015.........SUNRISE   658 AM CST   SUNSET   614 PM CST
MARCH  2 2015.........SUNRISE   657 AM CST   SUNSET   615 PM CST


-  INDICATES NEGATIVE NUMBERS.
R  INDICATES RECORD WAS SET OR TIED.
MM INDICATES DATA IS MISSING.
T  INDICATES TRACE AMOUNT.




$$
