254
CDUS43 KOAX 150703
CLIOMA


CLIMATE REPORT
NATIONAL WEATHER SERVICE OMAHA NEBRASKA
103 AM CST FRI DEC 15 2017


...................................

...THE OMAHA EPPLEY, NEBRASKA CLIMATE SUMMARY FOR DECEMBER 14 2017...

CLIMATE NORMAL PERIOD 1981 TO 2010
CLIMATE RECORD PERIOD 1871 TO 2017


WEATHER ITEM   OBSERVED TIME   RECORD YEAR NORMAL DEPARTURE LAST
                VALUE   (LST)  VALUE       VALUE  FROM      YEAR
                                                  NORMAL
..................................................................
TEMPERATURE (F)
 YESTERDAY
  MAXIMUM         42    142 PM  59    2014  35      7       25
                                      2006
  MINIMUM         33    746 AM -16    1901  17     16       10
  AVERAGE         38                        26     12       18

PRECIPITATION (IN)
  YESTERDAY        0.00          1.09 2015   0.03  -0.03     0.00
  MONTH TO DATE    0.01                      0.55  -0.54     0.49
  SINCE DEC 1      0.01                      0.55  -0.54     0.49
  SINCE JAN 1     25.99                     30.13  -4.14    33.66

SNOWFALL (IN)
  YESTERDAY        0.0                       0.2   -0.2      0.0
  MONTH TO DATE    0.1                       2.8   -2.7      1.4
  SINCE JUL 1      0.1                       5.6   -5.5      1.4
  SNOW DEPTH       0

DEGREE DAYS
 HEATING
  YESTERDAY       27                        39    -12       47
  MONTH TO DATE  404                       518   -114      545
  SINCE DEC 1    404                       518   -114      545
  SINCE JUL 1   1464                      1788   -324     1296

 COOLING
  YESTERDAY        0                         0      0        0
  MONTH TO DATE    0                         0      0        0
  SINCE DEC 1      0                         0      0        0
  SINCE JAN 1   1349                      1113    236     1476
..................................................................


WIND (MPH)
  HIGHEST WIND SPEED    17   HIGHEST WIND DIRECTION    NW (320)
  HIGHEST GUST SPEED    22   HIGHEST GUST DIRECTION    NW (330)
  AVERAGE WIND SPEED     7.0


SKY COVER
  POSSIBLE SUNSHINE  MM
  AVERAGE SKY COVER 1.0


WEATHER CONDITIONS
 THE FOLLOWING WEATHER WAS RECORDED YESTERDAY.
  HAZE


RELATIVE HUMIDITY (PERCENT)
 HIGHEST    75           600 AM
 LOWEST     51           200 PM
 AVERAGE    63

..........................................................


THE OMAHA EPPLEY, NEBRASKA CLIMATE NORMALS FOR TODAY
                         NORMAL    RECORD    YEAR
 MAXIMUM TEMPERATURE (F)   35        61      2002
 MINIMUM TEMPERATURE (F)   16       -15      1989


SUNRISE AND SUNSET
DECEMBER 15 2017......SUNRISE   742 AM CST   SUNSET   455 PM CST
DECEMBER 16 2017......SUNRISE   743 AM CST   SUNSET   456 PM CST


-  INDICATES NEGATIVE NUMBERS.
R  INDICATES RECORD WAS SET OR TIED.
MM INDICATES DATA IS MISSING.
T  INDICATES TRACE AMOUNT.




$$
