000
CDUS43 KOAX 260638
CLIOMA


CLIMATE REPORT
NATIONAL WEATHER SERVICE OMAHA NEBRASKA
127 AM CDT SUN MAR 26 2017


...................................

...THE OMAHA EPPLEY, NEBRASKA CLIMATE SUMMARY FOR MARCH 25 2017...

CLIMATE NORMAL PERIOD 1981 TO 2010
CLIMATE RECORD PERIOD 1871 TO 2017


WEATHER ITEM   OBSERVED TIME   RECORD YEAR NORMAL DEPARTURE LAST
                VALUE   (LST)  VALUE       VALUE  FROM      YEAR
                                                  NORMAL
..................................................................
TEMPERATURE (F)
 YESTERDAY
  MAXIMUM         44    312 PM  91    1907  55    -11       57
  MINIMUM         40    746 AM   2    1873  31      9       25
  AVERAGE         42                        43     -1       41

PRECIPITATION (IN)
  YESTERDAY        0.45          1.03 1884   0.08   0.37      T
  MONTH TO DATE    1.18                      1.50  -0.32     0.54
  SINCE MAR 1      1.18                      1.50  -0.32     0.54
  SINCE JAN 1      3.08                      3.07   0.01     2.26

SNOWFALL (IN)
  YESTERDAY        0.0                       0.1   -0.1      0.0
  MONTH TO DATE    0.3                       3.6   -3.3       T
  SINCE JUL 1     11.4                      24.8  -13.4     27.4
  SNOW DEPTH       0

DEGREE DAYS
 HEATING
  YESTERDAY       23                        22      1       24
  MONTH TO DATE  544                       669   -125      449
  SINCE MAR 1    544                       669   -125      449
  SINCE JUL 1   4371                      5467  -1096     4415

 COOLING
  YESTERDAY        0                         0      0        0
  MONTH TO DATE    0                         0      0        2
  SINCE MAR 1      0                         0      0        2
  SINCE JAN 1      0                         0      0        2
..................................................................


WIND (MPH)
  HIGHEST WIND SPEED    24   HIGHEST WIND DIRECTION     N (20)
  HIGHEST GUST SPEED    30   HIGHEST GUST DIRECTION     N (20)
  AVERAGE WIND SPEED    13.7


SKY COVER
  POSSIBLE SUNSHINE  MM
  AVERAGE SKY COVER 1.0


WEATHER CONDITIONS
 THE FOLLOWING WEATHER WAS RECORDED YESTERDAY.
  HEAVY RAIN
  RAIN
  LIGHT RAIN
  FOG
  HAZE


RELATIVE HUMIDITY (PERCENT)
 HIGHEST    86           400 AM
 LOWEST     79           800 AM
 AVERAGE    83

..........................................................


THE OMAHA EPPLEY, NEBRASKA CLIMATE NORMALS FOR TODAY
                         NORMAL    RECORD    YEAR
 MAXIMUM TEMPERATURE (F)   56        86      1907
 MINIMUM TEMPERATURE (F)   32         2      1873


SUNRISE AND SUNSET
MARCH 26 2017.........SUNRISE   716 AM CDT   SUNSET   743 PM CDT
MARCH 27 2017.........SUNRISE   715 AM CDT   SUNSET   744 PM CDT


-  INDICATES NEGATIVE NUMBERS.
R  INDICATES RECORD WAS SET OR TIED.
MM INDICATES DATA IS MISSING.
T  INDICATES TRACE AMOUNT.




$$
