000
CDUS43 KOAX 290639
CLIOMA


CLIMATE REPORT
NATIONAL WEATHER SERVICE OMAHA NEBRASKA
126 AM CDT SAT APR 29 2017


...................................

...THE OMAHA EPPLEY, NEBRASKA CLIMATE SUMMARY FOR APRIL 28 2017...

CLIMATE NORMAL PERIOD 1981 TO 2010
CLIMATE RECORD PERIOD 1871 TO 2017


WEATHER ITEM   OBSERVED TIME   RECORD YEAR NORMAL DEPARTURE LAST
                VALUE   (LST)  VALUE       VALUE  FROM      YEAR
                                                  NORMAL
..................................................................
TEMPERATURE (F)
 YESTERDAY
  MAXIMUM         49   1224 AM  94    1910  68    -19       52
  MINIMUM         38   1030 AM  30    1990  45     -7       46
  AVERAGE         44                        56    -12       49

PRECIPITATION (IN)
  YESTERDAY        0.45          2.04 1963   0.13   0.32     0.04
  MONTH TO DATE    1.44                      2.72  -1.28     4.30
  SINCE MAR 1      3.83                      4.71  -0.88     5.33
  SINCE JAN 1      5.73                      6.28  -0.55     7.05

SNOWFALL (IN)
  YESTERDAY        0.0                       0.0    0.0      0.0
  MONTH TO DATE    0.0                       1.0   -1.0       T
  SINCE JUL 1     11.4                      26.4  -15.0     27.4
  SNOW DEPTH       0

DEGREE DAYS
 HEATING
  YESTERDAY       21                         9     12       16
  MONTH TO DATE  274                       394   -120      270
  SINCE MAR 1    937                      1185   -248      807
  SINCE JUL 1   4764                      5983  -1219     4773

 COOLING
  YESTERDAY        0                         1     -1        0
  MONTH TO DATE    8                        12     -4       11
  SINCE MAR 1      8                        13     -5       13
  SINCE JAN 1      8                        13     -5       13
..................................................................


WIND (MPH)
  HIGHEST WIND SPEED    25   HIGHEST WIND DIRECTION    NE (40)
  HIGHEST GUST SPEED    34   HIGHEST GUST DIRECTION    NE (50)
  AVERAGE WIND SPEED    11.7


SKY COVER
  POSSIBLE SUNSHINE  MM
  AVERAGE SKY COVER 1.0


WEATHER CONDITIONS
 THE FOLLOWING WEATHER WAS RECORDED YESTERDAY.
  RAIN
  LIGHT RAIN
  FOG
  HAZE


RELATIVE HUMIDITY (PERCENT)
 HIGHEST    86           400 PM
 LOWEST     56           100 AM
 AVERAGE    71

..........................................................


THE OMAHA EPPLEY, NEBRASKA CLIMATE NORMALS FOR TODAY
                         NORMAL    RECORD    YEAR
 MAXIMUM TEMPERATURE (F)   68        90      1987
                                             1891
 MINIMUM TEMPERATURE (F)   45        29      1903


SUNRISE AND SUNSET
APRIL 29 2017.........SUNRISE   623 AM CDT   SUNSET   819 PM CDT
APRIL 30 2017.........SUNRISE   622 AM CDT   SUNSET   820 PM CDT


-  INDICATES NEGATIVE NUMBERS.
R  INDICATES RECORD WAS SET OR TIED.
MM INDICATES DATA IS MISSING.
T  INDICATES TRACE AMOUNT.




$$
