000
CDUS43 KOAX 290632
CLIOMA


CLIMATE REPORT
NATIONAL WEATHER SERVICE OMAHA NEBRASKA
1231 AM CST THU JAN 29 2015


...................................

...THE OMAHA EPPLEY, NEBRASKA CLIMATE SUMMARY FOR JANUARY 28 2015...

CLIMATE NORMAL PERIOD 1981 TO 2010
CLIMATE RECORD PERIOD 1871 TO 2015


WEATHER ITEM   OBSERVED TIME   RECORD YEAR NORMAL DEPARTURE LAST
                VALUE   (LST)  VALUE       VALUE  FROM      YEAR
                                                  NORMAL
..................................................................
TEMPERATURE (F)
 YESTERDAY
  MAXIMUM         59R   410 PM  59    1931  34     25       21
  MINIMUM         33    756 AM -20    1873  14     19       -8
  AVERAGE         46                        24     22        7

PRECIPITATION (IN)
  YESTERDAY        0.00          0.95 1891   0.03  -0.03     0.00
  MONTH TO DATE    0.07                      0.64  -0.57     0.11
  SINCE DEC 1      1.75                      1.68   0.07     0.31
  SINCE JAN 1      0.07                      0.64  -0.57     0.11

SNOWFALL (IN)
  YESTERDAY        0.0                       0.2   -0.2      0.0
  MONTH TO DATE    1.3                       5.4   -4.1      1.5
  SINCE JUL 1      4.4                      14.4  -10.0      5.0
  SNOW DEPTH       0

DEGREE DAYS
 HEATING
  YESTERDAY       19                        41    -22       58
  MONTH TO DATE 1049                      1169   -120     1238
  SINCE DEC 1   2079                      2378   -299     2556
  SINCE JUL 1   3380                      3648   -268     3782

 COOLING
  YESTERDAY        0                         0      0        0
  MONTH TO DATE    0                         0      0        0
  SINCE DEC 1      0                         0      0        0
  SINCE JAN 1      0                         0      0        0
..................................................................


WIND (MPH)
  HIGHEST WIND SPEED    35   HIGHEST WIND DIRECTION    NW (330)
  HIGHEST GUST SPEED    45   HIGHEST GUST DIRECTION    NW (330)
  AVERAGE WIND SPEED    13.9


SKY COVER
  POSSIBLE SUNSHINE  MM
  AVERAGE SKY COVER 0.5


WEATHER CONDITIONS
 THE FOLLOWING WEATHER WAS RECORDED YESTERDAY.
  NO SIGNIFICANT WEATHER WAS OBSERVED.


RELATIVE HUMIDITY (PERCENT)
 HIGHEST    82           400 AM
 LOWEST     43           400 PM
 AVERAGE    63

..........................................................


THE OMAHA EPPLEY, NEBRASKA CLIMATE NORMALS FOR TODAY
                         NORMAL    RECORD    YEAR
 MAXIMUM TEMPERATURE (F)   34        63      1931
 MINIMUM TEMPERATURE (F)   14       -17      1966


SUNRISE AND SUNSET
JANUARY 29 2015.......SUNRISE   738 AM CST   SUNSET   536 PM CST
JANUARY 30 2015.......SUNRISE   737 AM CST   SUNSET   537 PM CST


-  INDICATES NEGATIVE NUMBERS.
R  INDICATES RECORD WAS SET OR TIED.
MM INDICATES DATA IS MISSING.
T  INDICATES TRACE AMOUNT.




$$
