000
CDUS43 KOAX 300800
CLIOMA


CLIMATE REPORT
NATIONAL WEATHER SERVICE OMAHA NEBRASKA
259 AM CDT SAT MAY 30 2015


...................................

...THE OMAHA EPPLEY, NEBRASKA CLIMATE SUMMARY FOR MAY 29 2015...

CLIMATE NORMAL PERIOD 1981 TO 2010
CLIMATE RECORD PERIOD 1871 TO 2015


WEATHER ITEM   OBSERVED TIME   RECORD YEAR NORMAL DEPARTURE LAST
                VALUE   (LST)  VALUE       VALUE  FROM      YEAR
                                                  NORMAL
..................................................................
TEMPERATURE (F)
 YESTERDAY
  MAXIMUM         79    429 PM 102    1934  78      1       86
  MINIMUM         54   1159 PM  33    1947  55     -1       62
  AVERAGE         67                        67      0       74

PRECIPITATION (IN)
  YESTERDAY        0.01          1.35 1880   0.16  -0.15     0.00
  MONTH TO DATE    5.34                      4.42   0.92     2.93
  SINCE MAR 1      9.55                      9.37   0.18     5.76
  SINCE JAN 1     10.69                     10.94  -0.25     6.62

SNOWFALL (IN)
  YESTERDAY        0.0                       0.0    0.0      0.0
  MONTH TO DATE    0.0                       0.1   -0.1      0.0
  SINCE JUL 1     13.8                      26.5  -12.7     17.8
  SNOW DEPTH       0

DEGREE DAYS
 HEATING
  YESTERDAY        0                         2     -2        0
  MONTH TO DATE  127                       143    -16      143
  SINCE MAR 1   1098                      1347   -249     1425
  SINCE JUL 1   5809                      6145   -336     6530

 COOLING
  YESTERDAY        2                         4     -2        9
  MONTH TO DATE   41                        57    -16      101
  SINCE MAR 1     46                        73    -27      116
  SINCE JAN 1     46                        73    -27      116
..................................................................


WIND (MPH)
  HIGHEST WIND SPEED    30   HIGHEST WIND DIRECTION    NW (330)
  HIGHEST GUST SPEED    37   HIGHEST GUST DIRECTION     N (340)
  AVERAGE WIND SPEED    12.8


SKY COVER
  POSSIBLE SUNSHINE  MM
  AVERAGE SKY COVER 1.0


WEATHER CONDITIONS
 THE FOLLOWING WEATHER WAS RECORDED YESTERDAY.
  THUNDERSTORM
  LIGHT RAIN


RELATIVE HUMIDITY (PERCENT)
 HIGHEST    93           200 AM
 LOWEST     54           300 PM
 AVERAGE    74

..........................................................


THE OMAHA EPPLEY, NEBRASKA CLIMATE NORMALS FOR TODAY
                         NORMAL    RECORD    YEAR
 MAXIMUM TEMPERATURE (F)   78       103      1934
 MINIMUM TEMPERATURE (F)   56        42      1897


SUNRISE AND SUNSET
MAY 30 2015...........SUNRISE   554 AM CDT   SUNSET   849 PM CDT
MAY 31 2015...........SUNRISE   553 AM CDT   SUNSET   850 PM CDT


-  INDICATES NEGATIVE NUMBERS.
R  INDICATES RECORD WAS SET OR TIED.
MM INDICATES DATA IS MISSING.
T  INDICATES TRACE AMOUNT.




$$
