000
CDUS43 KOAX 250627
CLIOMA


CLIMATE REPORT
NATIONAL WEATHER SERVICE OMAHA NEBRASKA
125 AM CDT SUN JUN 25 2017


...................................

...THE OMAHA EPPLEY, NEBRASKA CLIMATE SUMMARY FOR JUNE 24 2017...

CLIMATE NORMAL PERIOD 1981 TO 2010
CLIMATE RECORD PERIOD 1871 TO 2017


WEATHER ITEM   OBSERVED TIME   RECORD YEAR NORMAL DEPARTURE LAST
                VALUE   (LST)  VALUE       VALUE  FROM      YEAR
                                                  NORMAL
..................................................................
TEMPERATURE (F)
 YESTERDAY
  MAXIMUM         82    258 PM 103    1971  86     -4       92
  MINIMUM         52    429 AM  48    1974  64    -12       65
  AVERAGE         67                        75     -8       79

PRECIPITATION (IN)
  YESTERDAY        0.00          1.40 1989   0.13  -0.13     0.00
  MONTH TO DATE    1.99                      3.42  -1.43     0.86
  SINCE JUN 1      1.99                      3.42  -1.43     0.86
  SINCE JAN 1     13.30                     14.70  -1.40    13.85

SNOWFALL (IN)
  YESTERDAY        0.0                       0.0    0.0      0.0
  MONTH TO DATE    0.0                       0.0    0.0      0.0
  SINCE JUL 1     11.4                      26.4  -15.0     27.4
  SNOW DEPTH       0

DEGREE DAYS
 HEATING
  YESTERDAY        0                         0      0        0
  MONTH TO DATE    0                        15    -15        0
  SINCE JUN 1      0                        15    -15        0
  SINCE JUL 1   4938                      6165  -1227     4927

 COOLING
  YESTERDAY        2                        10     -8       14
  MONTH TO DATE  291                       167    124      330
  SINCE JUN 1    291                       167    124      330
  SINCE JAN 1    376                       249    127      413
..................................................................


WIND (MPH)
  HIGHEST WIND SPEED    24   HIGHEST WIND DIRECTION     W (270)
  HIGHEST GUST SPEED    29   HIGHEST GUST DIRECTION     W (270)
  AVERAGE WIND SPEED     8.7


SKY COVER
  POSSIBLE SUNSHINE  MM
  AVERAGE SKY COVER 0.2


WEATHER CONDITIONS
 THE FOLLOWING WEATHER WAS RECORDED YESTERDAY.
  NO SIGNIFICANT WEATHER WAS OBSERVED.


RELATIVE HUMIDITY (PERCENT)
 HIGHEST    77           200 AM
 LOWEST     20           500 PM
 AVERAGE    49

..........................................................


THE OMAHA EPPLEY, NEBRASKA CLIMATE NORMALS FOR TODAY
                         NORMAL    RECORD    YEAR
 MAXIMUM TEMPERATURE (F)   86       103      1954
 MINIMUM TEMPERATURE (F)   64        45      2004


SUNRISE AND SUNSET
JUNE 25 2017..........SUNRISE   552 AM CDT   SUNSET   901 PM CDT
JUNE 26 2017..........SUNRISE   552 AM CDT   SUNSET   901 PM CDT


-  INDICATES NEGATIVE NUMBERS.
R  INDICATES RECORD WAS SET OR TIED.
MM INDICATES DATA IS MISSING.
T  INDICATES TRACE AMOUNT.




$$
