000
CDUS43 KOAX 210651
CLIOMA


CLIMATE REPORT
NATIONAL WEATHER SERVICE OMAHA NEBRASKA
1250 AM CST SUN DEC 21 2014


...................................

...THE OMAHA EPPLEY, NEBRASKA CLIMATE SUMMARY FOR DECEMBER 20 2014...

CLIMATE NORMAL PERIOD 1981 TO 2010
CLIMATE RECORD PERIOD 1871 TO 2014


WEATHER ITEM   OBSERVED TIME   RECORD YEAR NORMAL DEPARTURE LAST
                VALUE   (LST)  VALUE       VALUE  FROM      YEAR
                                                  NORMAL
..................................................................
TEMPERATURE (F)
 YESTERDAY
  MAXIMUM         35   1159 PM  61    1941  34      1       20
                                      1894
                                      1877
  MINIMUM         31    441 AM -18    1983  15     16       14
  AVERAGE         33                        25      8       17

PRECIPITATION (IN)
  YESTERDAY        T             0.60 1914   0.03  -0.03      T
  MONTH TO DATE    0.77                      0.74   0.03     0.16
  SINCE DEC 1      0.77                      0.74   0.03     0.16
  SINCE JAN 1     38.23                     30.32   7.91    28.96

SNOWFALL (IN)
  YESTERDAY        0.0                       0.2   -0.2      0.1
  MONTH TO DATE    0.3                       4.0   -3.7      2.6
  SINCE JUL 1      2.7                       6.8   -4.1      3.0
  SNOW DEPTH       0

DEGREE DAYS
 HEATING
  YESTERDAY       32                        40     -8       48
  MONTH TO DATE  614                       757   -143      849
  SINCE DEC 1    614                       757   -143      849
  SINCE JUL 1   1915                      2027   -112     2075

 COOLING
  YESTERDAY        0                         0      0        0
  MONTH TO DATE    0                         0      0        0
  SINCE DEC 1      0                         0      0        0
  SINCE JAN 1   1149                      1113     36     1294
..................................................................


WIND (MPH)
  HIGHEST WIND SPEED    15   HIGHEST WIND DIRECTION     S (170)
  HIGHEST GUST SPEED    18   HIGHEST GUST DIRECTION     S (160)
  AVERAGE WIND SPEED     9.4


SKY COVER
  POSSIBLE SUNSHINE  MM
  AVERAGE SKY COVER 0.9


WEATHER CONDITIONS
 THE FOLLOWING WEATHER WAS RECORDED YESTERDAY.
  LIGHT RAIN
  LT FREEZING RAIN
  FOG


RELATIVE HUMIDITY (PERCENT)
 HIGHEST   100           200 AM
 LOWEST     89          1100 AM
 AVERAGE    95

..........................................................


THE OMAHA EPPLEY, NEBRASKA CLIMATE NORMALS FOR TODAY
                         NORMAL    RECORD    YEAR
 MAXIMUM TEMPERATURE (F)   34        62      1941
 MINIMUM TEMPERATURE (F)   15       -22      1989


SUNRISE AND SUNSET
DECEMBER 21 2014......SUNRISE   746 AM CST   SUNSET   458 PM CST
DECEMBER 22 2014......SUNRISE   746 AM CST   SUNSET   458 PM CST


-  INDICATES NEGATIVE NUMBERS.
R  INDICATES RECORD WAS SET OR TIED.
MM INDICATES DATA IS MISSING.
T  INDICATES TRACE AMOUNT.




$$
