000
CDUS43 KOAX 232208
CLIOMA


CLIMATE REPORT
NATIONAL WEATHER SERVICE OMAHA NEBRASKA
507 PM CDT WED APR 23 2014


...................................

...THE OMAHA EPPLEY, NEBRASKA CLIMATE SUMMARY FOR APRIL 23 2014...
VALID TODAY AS OF 400 PM LOCAL TIME.

CLIMATE NORMAL PERIOD 1981 TO 2010
CLIMATE RECORD PERIOD 1871 TO 2014


WEATHER ITEM   OBSERVED TIME   RECORD YEAR NORMAL DEPARTURE LAST
                VALUE   (LST)  VALUE       VALUE  FROM      YEAR
                                                  NORMAL
..................................................................
TEMPERATURE (F)
 TODAY
  MAXIMUM         58    202 PM  90    1950  66     -8       41
  MINIMUM         49    949 AM  28    2013  43      6       28
                                      1893
  AVERAGE         54                        55     -1       35

PRECIPITATION (IN)
  TODAY            0.08          2.20 1955   0.11  -0.03     0.00
  MONTH TO DATE    1.76                      2.12  -0.36     5.32
  SINCE MAR 1      1.97                      4.11  -2.14     7.30
  SINCE JAN 1      2.83                      5.68  -2.85     8.59

SNOWFALL (IN)
  TODAY            0.0                       0.0    0.0      0.0
  MONTH TO DATE    0.6                       0.9   -0.3      0.1
  SINCE JUL 1     17.8                      26.3   -8.5     32.6
  SNOW DEPTH       0

DEGREE DAYS
 HEATING
  TODAY           11                        11      0       30
  MONTH TO DATE  340                       344     -4      481
  SINCE MAR 1   1219                      1135     84     1427
  SINCE JUL 1   6324                      5933    391     5908

 COOLING
  TODAY            0                         1     -1        0
  MONTH TO DATE   15                         7      8        0
  SINCE MAR 1     15                         8      7        0
  SINCE JAN 1     15                         8      7        0
..................................................................


WIND (MPH)
  HIGHEST WIND SPEED    36   HIGHEST WIND DIRECTION    SE (150)
  HIGHEST GUST SPEED    43   HIGHEST GUST DIRECTION    SE (150)
  AVERAGE WIND SPEED    17.5


SKY COVER
  POSSIBLE SUNSHINE  MM
  AVERAGE SKY COVER 0.8


WEATHER CONDITIONS
 THE FOLLOWING WEATHER WAS RECORDED TODAY.
  THUNDERSTORM
  LIGHT RAIN


RELATIVE HUMIDITY (PERCENT)
 HIGHEST    71           800 AM
 LOWEST     40          1200 AM
 AVERAGE    56

..........................................................


THE OMAHA EPPLEY, NEBRASKA CLIMATE NORMALS FOR TOMORROW
                         NORMAL    RECORD    YEAR
 MAXIMUM TEMPERATURE (F)   67        92      1989
 MINIMUM TEMPERATURE (F)   43        26      1956
                                             1873


SUNRISE AND SUNSET
APRIL 23 2014.........SUNRISE   632 AM CDT   SUNSET   812 PM CDT
APRIL 24 2014.........SUNRISE   631 AM CDT   SUNSET   814 PM CDT


-  INDICATES NEGATIVE NUMBERS.
R  INDICATES RECORD WAS SET OR TIED.
MM INDICATES DATA IS MISSING.
T  INDICATES TRACE AMOUNT.




$$
