000
CDUS43 KOAX 020650
CLIOMA


CLIMATE REPORT
NATIONAL WEATHER SERVICE OMAHA NEBRASKA
148 AM CDT TUE SEP 2 2014


...................................

...THE OMAHA EPPLEY, NEBRASKA CLIMATE SUMMARY FOR SEPTEMBER 1 2014...

CLIMATE NORMAL PERIOD 1981 TO 2010
CLIMATE RECORD PERIOD 1871 TO 2014


WEATHER ITEM   OBSERVED TIME   RECORD YEAR NORMAL DEPARTURE LAST
                VALUE   (LST)  VALUE       VALUE  FROM      YEAR
                                                  NORMAL
..................................................................
TEMPERATURE (F)
 YESTERDAY
  MAXIMUM         81    238 PM 103    1975  83     -2       85
  MINIMUM         63   1046 PM  45    1949  60      3       64
  AVERAGE         72                        71      1       75

PRECIPITATION (IN)
  YESTERDAY        T             2.57 1948   0.10  -0.10     0.65
  MONTH TO DATE    T                         0.10  -0.10     0.65
  SINCE SEP 1      T                         0.10  -0.10     0.65
  SINCE JAN 1     28.65                     23.21   5.44    21.89

SNOWFALL (IN)
  YESTERDAY        0.0                       0.0    0.0      0.0
  MONTH TO DATE    0.0                       0.0    0.0      0.0
  SINCE JUL 1      0.0                       0.0    0.0      0.0
  SNOW DEPTH       0

DEGREE DAYS
 HEATING
  YESTERDAY        0                         1     -1        0
  MONTH TO DATE    0                         1     -1        0
  SINCE SEP 1      0                         1     -1        0
  SINCE JUL 1      4                         9     -5        5

 COOLING
  YESTERDAY        7                         7      0       10
  MONTH TO DATE    7                         7      0       10
  SINCE SEP 1      7                         7      0       10
  SINCE JAN 1   1030                       987     43     1076
..................................................................


WIND (MPH)
  HIGHEST WIND SPEED    21   HIGHEST WIND DIRECTION    NW (300)
  HIGHEST GUST SPEED    26   HIGHEST GUST DIRECTION    NW (310)
  AVERAGE WIND SPEED     6.9


SKY COVER
  POSSIBLE SUNSHINE  MM
  AVERAGE SKY COVER 0.6


WEATHER CONDITIONS
 THE FOLLOWING WEATHER WAS RECORDED YESTERDAY.
  LIGHT RAIN


RELATIVE HUMIDITY (PERCENT)
 HIGHEST    93          1000 PM
 LOWEST     54           100 PM
 AVERAGE    74

..........................................................


THE OMAHA EPPLEY, NEBRASKA CLIMATE NORMALS FOR TODAY
                         NORMAL    RECORD    YEAR
 MAXIMUM TEMPERATURE (F)   82       102      2000
 MINIMUM TEMPERATURE (F)   60        43      1974


SUNRISE AND SUNSET
SEPTEMBER  2 2014.....SUNRISE   651 AM CDT   SUNSET   755 PM CDT
SEPTEMBER  3 2014.....SUNRISE   652 AM CDT   SUNSET   753 PM CDT


-  INDICATES NEGATIVE NUMBERS.
R  INDICATES RECORD WAS SET OR TIED.
MM INDICATES DATA IS MISSING.
T  INDICATES TRACE AMOUNT.




$$
