000
CDUS43 KOAX 242238
CLIOMA


CLIMATE REPORT
NATIONAL WEATHER SERVICE OMAHA NEBRASKA
436 PM CST TUE JAN 24 2017


...................................

...THE OMAHA EPPLEY, NEBRASKA CLIMATE SUMMARY FOR JANUARY 24 2017...
VALID TODAY AS OF 0400 PM LOCAL TIME.

CLIMATE NORMAL PERIOD 1981 TO 2010
CLIMATE RECORD PERIOD 1871 TO 2017


WEATHER ITEM   OBSERVED TIME   RECORD YEAR NORMAL DEPARTURE LAST
                VALUE   (LST)  VALUE       VALUE  FROM      YEAR
                                                  NORMAL
..................................................................
TEMPERATURE (F)
 TODAY
  MAXIMUM         36    353 PM  66    1981  34      2       35
  MINIMUM         30    621 AM -22    1894  14     16       21
  AVERAGE         33                        24      9       28

PRECIPITATION (IN)
  TODAY            T             1.52 1967   0.02  -0.02     0.00
  MONTH TO DATE    0.74                      0.54   0.20     1.09
  SINCE DEC 1      2.21                      1.58   0.63     6.35
  SINCE JAN 1      0.74                      0.54   0.20     1.09

SNOWFALL (IN)
  TODAY            T                         0.2   -0.2      0.0
  MONTH TO DATE    0.6                       4.6   -4.0      6.6
  SINCE JUL 1      3.8                      13.6   -9.8     20.8
  SNOW DEPTH       0

DEGREE DAYS
 HEATING
  TODAY           32                        41     -9       37
  MONTH TO DATE  921                      1005    -84     1033
  SINCE DEC 1   2094                      2214   -120     1980
  SINCE JUL 1   2845                      3484   -639     2858

 COOLING
  TODAY            0                         0      0        0
  MONTH TO DATE    0                         0      0        0
  SINCE DEC 1      0                         0      0        0
  SINCE JAN 1      0                         0      0        0
..................................................................


WIND (MPH)
  HIGHEST WIND SPEED    22   HIGHEST WIND DIRECTION     E (080)
  HIGHEST GUST SPEED    31   HIGHEST GUST DIRECTION     E (080)
  AVERAGE WIND SPEED     9.2


SKY COVER
  POSSIBLE SUNSHINE  MM
  AVERAGE SKY COVER 1.0


WEATHER CONDITIONS
 THE FOLLOWING WEATHER WAS RECORDED TODAY.
  LIGHT SNOW
  FOG
  HAZE


RELATIVE HUMIDITY (PERCENT)
 HIGHEST    85          1200 AM
 LOWEST     75          1100 AM
 AVERAGE    80

..........................................................


THE OMAHA EPPLEY, NEBRASKA CLIMATE NORMALS FOR TOMORROW
                         NORMAL    RECORD    YEAR
 MAXIMUM TEMPERATURE (F)   34        69      1944
 MINIMUM TEMPERATURE (F)   14       -18      1936
                                             1905


SUNRISE AND SUNSET
JANUARY 24 2017.......SUNRISE   742 AM CST   SUNSET   530 PM CST
JANUARY 25 2017.......SUNRISE   741 AM CST   SUNSET   532 PM CST


-  INDICATES NEGATIVE NUMBERS.
R  INDICATES RECORD WAS SET OR TIED.
MM INDICATES DATA IS MISSING.
T  INDICATES TRACE AMOUNT.




$$
