000
CDUS43 KOAX 182129
CLIOMA


CLIMATE REPORT
NATIONAL WEATHER SERVICE OMAHA NEBRASKA
425 PM CDT WED OCT 18 2017


...................................

...THE OMAHA EPPLEY, NEBRASKA CLIMATE SUMMARY FOR OCTOBER 18 2017...
VALID TODAY AS OF 0400 PM LOCAL TIME.

CLIMATE NORMAL PERIOD 1981 TO 2010
CLIMATE RECORD PERIOD 1871 TO 2017


WEATHER ITEM   OBSERVED TIME   RECORD YEAR NORMAL DEPARTURE LAST
                VALUE   (LST)  VALUE       VALUE  FROM      YEAR
                                                  NORMAL
..................................................................
TEMPERATURE (F)
 TODAY
  MAXIMUM         77    258 PM  86    2005  64     13       72
                                      1950
                                      1945
  MINIMUM         49    637 AM  20    1972  41      8       49
  AVERAGE         63                        52     11       61

PRECIPITATION (IN)
  TODAY            0.00          1.10 1877   0.07  -0.07     0.00
  MONTH TO DATE    3.98                      1.31   2.67     1.47
  SINCE SEP 1      6.57                      3.99   2.58     5.89
  SINCE JAN 1     25.54                     27.10  -1.56    32.21

SNOWFALL (IN)
  TODAY            0.0                       0.0    0.0      0.0
  MONTH TO DATE    0.0                       0.1   -0.1      0.0
  SINCE JUL 1      0.0                       0.1   -0.1       T
  SNOW DEPTH       0

DEGREE DAYS
 HEATING
  TODAY            2                        13    -11        4
  MONTH TO DATE  110                       180    -70      104
  SINCE SEP 1    137                       275   -138      131
  SINCE JUL 1    137                       283   -146      131

 COOLING
  TODAY            0                         0      0        0
  MONTH TO DATE   15                        12      3       18
  SINCE SEP 1    218                       129     89      225
  SINCE JAN 1   1347                      1109    238     1472
..................................................................


WIND (MPH)
  HIGHEST WIND SPEED    16   HIGHEST WIND DIRECTION     S (170)
  HIGHEST GUST SPEED    21   HIGHEST GUST DIRECTION     S (170)
  AVERAGE WIND SPEED    11.1


SKY COVER
  POSSIBLE SUNSHINE  MM
  AVERAGE SKY COVER 0.2


WEATHER CONDITIONS
 THE FOLLOWING WEATHER WAS RECORDED TODAY.
  NO SIGNIFICANT WEATHER WAS OBSERVED.


RELATIVE HUMIDITY (PERCENT)
 HIGHEST    80           300 AM
 LOWEST     38           200 PM
 AVERAGE    59

..........................................................


THE OMAHA EPPLEY, NEBRASKA CLIMATE NORMALS FOR TOMORROW
                         NORMAL    RECORD    YEAR
 MAXIMUM TEMPERATURE (F)   64        87      2003
 MINIMUM TEMPERATURE (F)   41        13      1972


SUNRISE AND SUNSET
OCTOBER 18 2017.......SUNRISE   739 AM CDT   SUNSET   638 PM CDT
OCTOBER 19 2017.......SUNRISE   740 AM CDT   SUNSET   636 PM CDT


-  INDICATES NEGATIVE NUMBERS.
R  INDICATES RECORD WAS SET OR TIED.
MM INDICATES DATA IS MISSING.
T  INDICATES TRACE AMOUNT.




$$
