754
CDAK49 PAFG 210049
CLIOME

CLIMATE REPORT
NATIONAL WEATHER SERVICE FAIRBANKS AK
349 PM AKST TUE FEB 20 2018


...................................

...THE NOME AK CLIMATE SUMMARY FOR FEBRUARY 20 2018...
VALID TODAY AS OF 0300 PM LOCAL TIME.

CLIMATE NORMAL PERIOD 1981 TO 2010
CLIMATE RECORD PERIOD 1906 TO 2018


WEATHER ITEM   OBSERVED TIME   RECORD YEAR NORMAL DEPARTURE LAST
                VALUE   (LST)  VALUE       VALUE  FROM      YEAR
                                                  NORMAL
..................................................................
TEMPERATURE (F)
 TODAY
  MAXIMUM         31    213 PM  39    1957  16     15       -7
  MINIMUM         28    750 AM -39    1984   0     28      -24
  AVERAGE         30                         8     22      -15

PRECIPITATION (IN)
  TODAY            0.00          0.34 1918   0.04  -0.04      T
  MONTH TO DATE    1.33                      0.68   0.65      T
  SINCE DEC 1      3.35                      2.70   0.65     1.79
  SINCE JAN 1      1.79                      1.62   0.17     0.72

SNOWFALL (IN)
  TODAY            0.0           6.4  2011   0.5   -0.5      0.1
  MONTH TO DATE   15.7                       8.7    7.0      0.3
  SINCE DEC 1     40.2                      35.9    4.3     26.7
  SINCE JUL 1     71.8                      53.2   18.6     35.3
  SNOW DEPTH      38

DEGREE DAYS
 HEATING
  TODAY           35                        57    -22       80
  MONTH TO DATE  888                      1162   -274     1309
  SINCE DEC 1   3980                      4737   -757     4738
  SINCE JUL 1   7768                      8830  -1062     8353

 COOLING
  TODAY            0                         0      0        0
  MONTH TO DATE    0                         0      0        0
  SINCE DEC 1      0                         0      0        0
  SINCE JAN 1      0                         0      0        0
..................................................................


WIND (MPH)
  HIGHEST GUST SPEED    42   HIGHEST GUST DIRECTION    SW (210)


SKY COVER
  AVERAGE SKY COVER 0.8


WEATHER CONDITIONS
 THE FOLLOWING WEATHER WAS RECORDED TODAY.
  FOG


RELATIVE HUMIDITY (PERCENT)
 HIGHEST    92
 LOWEST     78
 AVERAGE    85

..........................................................


THE NOME AK CLIMATE NORMALS FOR TOMORROW
                         NORMAL    RECORD    YEAR
 MAXIMUM TEMPERATURE (F)   16        40      2015
 MINIMUM TEMPERATURE (F)    1       -35      1990
                                             1984


SUNRISE AND SUNSET
FEBRUARY 20 2018......SUNRISE   941 AM AKST  SUNSET   652 PM AKST
FEBRUARY 21 2018......SUNRISE   938 AM AKST  SUNSET   655 PM AKST

-  INDICATES NEGATIVE NUMBERS.
R  INDICATES RECORD WAS SET OR TIED.
MM INDICATES DATA IS MISSING.
T  INDICATES TRACE AMOUNT.

&&

SNOW DEPTH IS MEASURED AT 3AM AKST/4AM AKDT.

----------------------------
AVAILABLE DAYLIGHT

AMOUNT OF DAYLIGHT TODAY  (HOUR:MIN)........9:11
GAIN/LOSS SINCE YESTERDAY (HOUR:MIN:SEC)....+0:06:42

NOME TIDAL INFORMATION FOR 21 FEBRUARY 2018
0136  +0.8
0802  +1.4
1400  +0.5
2037  +1.4

$$
HFL FEB 18
