000
CDAK49 PAFG 030946
CLIOME

CLIMATE REPORT
NATIONAL WEATHER SERVICE FAIRBANKS AK
1246 AM AKST SAT DEC 3 2016


...................................

...THE NOME AK CLIMATE SUMMARY FOR DECEMBER 2 2016...

CLIMATE NORMAL PERIOD 1981 TO 2010
CLIMATE RECORD PERIOD 1906 TO 2016


WEATHER ITEM   OBSERVED TIME   RECORD YEAR NORMAL DEPARTURE LAST
                VALUE   (LST)  VALUE       VALUE  FROM      YEAR
                                                  NORMAL
..................................................................
TEMPERATURE (F)
 YESTERDAY
  MAXIMUM          7    551 AM  38    2007  19    -12       MM
  MINIMUM        -15   1159 AM -30    1916   6    -21       MM
  AVERAGE         -4                        12    -16       MM

PRECIPITATION (IN)
  YESTERDAY        0.00          0.24 2013   0.04  -0.04    MM
  MONTH TO DATE    0.01                      0.07  -0.06    MM
  SINCE DEC 1      0.01                      0.07  -0.06    MM
  SINCE JAN 1     14.97                     15.80  -0.83    MM

SNOWFALL (IN)
  YESTERDAY        0.0           3.7  2013   0.4   -0.4     MM
  MONTH TO DATE    0.4                       0.8   -0.4     MM
  SINCE DEC 1      0.4                       0.8   -0.4     MM
  SINCE JUL 1      9.0                      18.1   -9.1     MM
  SNOW DEPTH       6

DEGREE DAYS
 HEATING
  YESTERDAY       69                        53     16       MM
  MONTH TO DATE  130                       105     25       MM
  SINCE DEC 1    130                       105     25       MM
  SINCE JUL 1   3745                      4198   -453       MM

 COOLING
  YESTERDAY        0                         0      0       MM
  MONTH TO DATE    0                         0      0       MM
  SINCE DEC 1      0                         0      0       MM
  SINCE JAN 1      0                         3     -3       MM
..................................................................


WIND (MPH)
  HIGHEST GUST SPEED    14   HIGHEST GUST DIRECTION    NE (40)


SKY COVER
  AVERAGE SKY COVER 0.2


WEATHER CONDITIONS
 THE FOLLOWING WEATHER WAS RECORDED YESTERDAY.
  NO SIGNIFICANT WEATHER WAS OBSERVED.


RELATIVE HUMIDITY (PERCENT)
 HIGHEST    91
 LOWEST     64
 AVERAGE    78

..........................................................


THE NOME AK CLIMATE NORMALS FOR TODAY
                         NORMAL    RECORD    YEAR
 MAXIMUM TEMPERATURE (F)   19        40      2002
 MINIMUM TEMPERATURE (F)    5       -32      1916


SUNRISE AND SUNSET
DECEMBER 03 2016......SUNRISE  1133 AM AKST  SUNSET   411 PM AKST
DECEMBER 04 2016......SUNRISE  1136 AM AKST  SUNSET   409 PM AKST

-  INDICATES NEGATIVE NUMBERS.
R  INDICATES RECORD WAS SET OR TIED.
MM INDICATES DATA IS MISSING.
T  INDICATES TRACE AMOUNT.

&&

SNOW DEPTH IS MEASURED AT 3AM AKST/4AM AKDT.

----------------------------
AVAILABLE DAYLIGHT

AMOUNT OF DAYLIGHT TODAY  (HOUR:MIN)........4:38
GAIN/LOSS SINCE YESTERDAY (HOUR:MIN:SEC)....-0:04:38

NOME TIDAL INFORMATION FOR  3 DECEMBER 2016
0029  +1.4
0607  +1.7
1329  +0.7
2049  +1.8

$$
DEC 16
