000
CDAK49 PAOM 202204
CLIOME

CLIMATE REPORT
NATIONAL WEATHER SERVICE NOME, AK
204 PM AKDT WED AUG 20 2014

...................................
...THE NOME WSO AP CLIMATE SUMMARY FOR AUGUST 20 2014...
VALID TODAY AS OF 2:00 PM LOCAL TIME

CLIMATE NORMAL PERIOD  1981 TO  2010
CLIMATE RECORD PERIOD  1906 TO  2014

WEATHER ITEM   OBSERVED TIME    RECORD YEAR NORMAL DEPARTURE LAST
               VALUE    (LST)   VALUE       VALUE  FROM      YEAR
                                                   NORMAL
...................................................................
TEMPERATURE
TODAY
 MAXIMUM            56  1232 PM    78  2004     56       0     56
 MINIMUM            50  0707 AM    32  1980     44       6     47
 AVERAGE            53                          50       3     52

PRECIPITATION
(INCHES)
 TODAY            0.50           0.94  1937   0.11    0.39      T
 MONTH TO DATE    0.95                        2.12   -1.17   3.41
 SINCE JUN 1      3.79                        5.21   -1.42   8.06
 SINCE JAN 1      8.26                        9.35   -1.09  12.31

SNOWFALL
(INCHES)
 TODAY             0.0            0.0  2014    0.0     0.0    0.0
 MONTH TO DATE     0.0                         0.0     0.0    0.0
 SINCE JUN 1       0.0                         0.3    -0.3    0.1
 SINCE JUL 1       0.0                         0.0     0.0    0.0
 SNOW DEPTH (IN)     0                                          0

DEGREE DAYS
 HEATING
  TODAY             12                          15      -3     13
  MONTH TO DATE    118                         288    -170    188
  SINCE JUN 1     1109                        1204     -95   1071
  SINCE JUL 1      541                         688    -147    595

 COOLING
  TODAY              0                           0       0      0
  MONTH TO DATE      1                           0       1      0
  SINCE JUN 1        3                           0       3      7
  SINCE JAN 1        3                           0       3      7
...................................................................

WIND (MPH)
 HIGHEST WIND SPEED    13     HIGHEST WIND DIRECTION    240
 HIGHEST GUST SPEED    15     HIGHEST GUST DIRECTION    230
 AVERAGE WIND SPEED    MM

SKY COVER
  POSSIBLE SUNSHINE  MM            AVERAGE SKY COVER MM

WEATHER CONDITIONS
 THE FOLLOWING WEATHER WAS RECORDED TODAY.
FOG
HEAVY RAINSHOWERS


RELATIVE HUMIDITY
 HIGHEST RH     MM PERCENT       MM
 LOWEST  RH     MM PERCENT       MM
 AVERAGE RH     MM PERCENT       MM
...................................................................

THE NOME CLIMATE NORMALS FOR TOMORROW
                        NORMAL    RECORD   YEAR
 MAXIMUM TEMPERATURE      56        81     1977
 MINIMUM TEMPERATURE      44        29     1969

SUNRISE AND SUNSET
 AUG 20 2014..........SUNRISE  7:07 AM      SUNSET 11:01 PM
 AUG 21 2014..........SUNRISE  7:10 AM      SUNSET 10:58 PM

-  INDICATES NEGATIVE NUMBERS.
R  INDICATES RECORD HAS BEEN SET OR TIED.
MM INDICATES DATA IS MISSING.
T  INDICATES TRACE OF PRECIPITATION.

&&
-------------------------------------------------------------------

AMOUNT OF DAYLIGHT TODAY  (HOUR:MIN)........15 HOURS 54 MINUTES
GAIN/LOSS SINCE YESTERDAY (HOUR:MIN:SEC)....-0:06:42

$$
RWM AUG 14
