000
CDAK49 PAFG 220040
CLIOME

CLIMATE REPORT
NATIONAL WEATHER SERVICE FAIRBANKS AK
440 PM AKDT FRI JUL 21 2017


...................................

...THE NOME AK CLIMATE SUMMARY FOR JULY 21 2017...
VALID TODAY AS OF 0400 PM LOCAL TIME.

CLIMATE NORMAL PERIOD 1981 TO 2010
CLIMATE RECORD PERIOD 1906 TO 2017


WEATHER ITEM   OBSERVED TIME   RECORD YEAR NORMAL DEPARTURE LAST
                VALUE   (LST)  VALUE       VALUE  FROM      YEAR
                                                  NORMAL
..................................................................
TEMPERATURE (F)
 TODAY
  MAXIMUM         67   1021 AM  85    1993  58      9       MM
  MINIMUM         52    618 AM  33    1959  47      5       MM
  AVERAGE         60                        52      8       MM

PRECIPITATION (IN)
  TODAY            0.00          1.68 1920   0.08  -0.08     0.04
  MONTH TO DATE    1.45                      1.25   0.20     1.91
  SINCE JUN 1      2.63                      2.23   0.40     2.25
  SINCE JAN 1      5.48                      6.37  -0.89     5.34

SNOWFALL (IN)
  TODAY            0.0           0.0    MM   0.0    0.0     MM
  MONTH TO DATE    0.0                       0.0    0.0      0.0
  SINCE JUN 1      0.0                       0.3   -0.3      0.0
  SINCE JUL 1      0.0                       0.0    0.0      0.0
  SNOW DEPTH       0

DEGREE DAYS
 HEATING
  TODAY            5                        13     -8       MM
  MONTH TO DATE  242                       270    -28      252
  SINCE JUN 1    607                       787   -180      699
  SINCE JUL 1    242                       270    -28      252

 COOLING
  TODAY            0                         0      0       MM
  MONTH TO DATE    0                         0      0        0
  SINCE JUN 1      4                         1      3        0
  SINCE JAN 1      4                         1      3        0
..................................................................


WIND (MPH)
  HIGHEST GUST SPEED    20   HIGHEST GUST DIRECTION     W (250)


SKY COVER
  AVERAGE SKY COVER 0.2


WEATHER CONDITIONS
 THE FOLLOWING WEATHER WAS RECORDED TODAY.
  NO SIGNIFICANT WEATHER WAS OBSERVED.


RELATIVE HUMIDITY (PERCENT)
 HIGHEST    89
 LOWEST     63
 AVERAGE    76

..........................................................


THE NOME AK CLIMATE NORMALS FOR TOMORROW
                         NORMAL    RECORD    YEAR
 MAXIMUM TEMPERATURE (F)   58        78      1988
 MINIMUM TEMPERATURE (F)   47        34      1999
                                             1967


SUNRISE AND SUNSET
JULY 21 2017..........SUNRISE   530 AM AKDT  SUNSET  1244 AM AKDT
JULY 22 2017..........SUNRISE   534 AM AKDT  SUNSET  1241 AM AKDT

-  INDICATES NEGATIVE NUMBERS.
R  INDICATES RECORD WAS SET OR TIED.
MM INDICATES DATA IS MISSING.
T  INDICATES TRACE AMOUNT.

&&

SNOW DEPTH IS MEASURED AT 3AM AKST/4AM AKDT.

----------------------------
AVAILABLE DAYLIGHT

AMOUNT OF DAYLIGHT TODAY  (HOUR:MIN)........19:17
GAIN/LOSS SINCE YESTERDAY (HOUR:MIN:SEC)....-0:06:28

NOME TIDAL INFORMATION FOR 22 JULY 2017
0357  +0.7
0830  +0.3
1426  +1.1
2201  -0.5

$$
JUL 17
