468
CDAK49 PAFG 250957
CLIOME

CLIMATE REPORT
NATIONAL WEATHER SERVICE FAIRBANKS AK
1257 AM AKST SAT FEB 25 2017


...................................

...THE NOME AK CLIMATE SUMMARY FOR FEBRUARY 24 2017...

CLIMATE NORMAL PERIOD 1981 TO 2010
CLIMATE RECORD PERIOD 1906 TO 2017


WEATHER ITEM   OBSERVED TIME   RECORD YEAR NORMAL DEPARTURE LAST
                VALUE   (LST)  VALUE       VALUE  FROM      YEAR
                                                  NORMAL
..................................................................
TEMPERATURE (F)
 YESTERDAY
  MAXIMUM         30    952 PM  38    1928  17     13       28
  MINIMUM         20    144 AM -39    1971   1     19       19
  AVERAGE         25                         9     16       24

PRECIPITATION (IN)
  YESTERDAY        0.05          0.56 1907   0.03   0.02      T
  MONTH TO DATE    0.82                      0.81   0.01     0.46
  SINCE DEC 1      2.61                      2.83  -0.22     0.99
  SINCE JAN 1      1.54                      1.75  -0.21     0.99

SNOWFALL (IN)
  YESTERDAY        0.6           6.1  1996   0.5    0.1       T
  MONTH TO DATE   14.8                      10.5    4.3      6.9
  SINCE DEC 1     41.2                      37.7    3.5     15.1
  SINCE JUL 1     49.8                      55.0   -5.2     15.1
  SNOW DEPTH      35

DEGREE DAYS
 HEATING
  YESTERDAY       40                        56    -16       41
  MONTH TO DATE 1547                      1387    160     1225
  SINCE DEC 1   4976                      4962     14     2605
  SINCE JUL 1   8591                      9055   -464     2605

 COOLING
  YESTERDAY        0                         0      0        0
  MONTH TO DATE    0                         0      0        0
  SINCE DEC 1      0                         0      0        0
  SINCE JAN 1      0                         0      0        0
..................................................................


WIND (MPH)
  HIGHEST GUST SPEED    30   HIGHEST GUST DIRECTION     S (200)


SKY COVER
  AVERAGE SKY COVER 1.0


WEATHER CONDITIONS
 THE FOLLOWING WEATHER WAS RECORDED YESTERDAY.
  SNOW
  LIGHT SNOW
  FOG
  BLOWING SNOW


RELATIVE HUMIDITY (PERCENT)
 HIGHEST   100
 LOWEST     85
 AVERAGE    93

..........................................................


THE NOME AK CLIMATE NORMALS FOR TODAY
                         NORMAL    RECORD    YEAR
 MAXIMUM TEMPERATURE (F)   17        39      1947
 MINIMUM TEMPERATURE (F)    1       -42      1971


SUNRISE AND SUNSET
FEBRUARY 25 2017......SUNRISE   923 AM AKST  SUNSET   709 PM AKST
FEBRUARY 26 2017......SUNRISE   919 AM AKST  SUNSET   712 PM AKST

-  INDICATES NEGATIVE NUMBERS.
R  INDICATES RECORD WAS SET OR TIED.
MM INDICATES DATA IS MISSING.
T  INDICATES TRACE AMOUNT.

&&

SNOW DEPTH IS MEASURED AT 3AM AKST/4AM AKDT.

----------------------------
AVAILABLE DAYLIGHT

AMOUNT OF DAYLIGHT TODAY  (HOUR:MIN)........9:46
GAIN/LOSS SINCE YESTERDAY (HOUR:MIN:SEC)....+0:06:41

NOME TIDAL INFORMATION FOR 25 FEBRUARY 2017
0300  +0.9
1006  +0.1
1730  +1.0
2158  +0.7

$$
CCC FEB 17
