560
CDAK49 PAFG 300950
CLIOME

CLIMATE REPORT
NATIONAL WEATHER SERVICE FAIRBANKS AK
150 AM AKDT THU MAR 30 2017


...................................

...THE NOME AK CLIMATE SUMMARY FOR MARCH 29 2017...

CLIMATE NORMAL PERIOD 1981 TO 2010
CLIMATE RECORD PERIOD 1906 TO 2017


WEATHER ITEM   OBSERVED TIME   RECORD YEAR NORMAL DEPARTURE LAST
                VALUE   (LST)  VALUE       VALUE  FROM      YEAR
                                                  NORMAL
..................................................................
TEMPERATURE (F)
 YESTERDAY
  MAXIMUM          7    504 PM  42    1954  20    -13       18
  MINIMUM        -15    842 AM -29    1972   4    -19       -4
                                      1920
  AVERAGE         -4                        12    -16        7

PRECIPITATION (IN)
  YESTERDAY        0.00          0.50 1930   0.02  -0.02     0.00
  MONTH TO DATE    0.01                      0.61  -0.60     0.04
  SINCE MAR 1      0.01                      0.61  -0.60     0.04
  SINCE JAN 1      1.76                      2.48  -0.72     1.07

SNOWFALL (IN)
  YESTERDAY        0.0           8.0  1930   0.3   -0.3      0.0
  MONTH TO DATE    0.9                       8.4   -7.5      0.0
  SINCE MAR 1      0.9                       8.4   -7.5      0.0
  SINCE JUL 1     53.1                      65.1  -12.0     15.5
  SNOW DEPTH      36

DEGREE DAYS
 HEATING
  YESTERDAY       69                        53     16       58
  MONTH TO DATE 1876                      1591    285     1534
  SINCE MAR 1   1876                      1591    285     1534
  SINCE JUL 1  10671                     10870   -199     4325

 COOLING
  YESTERDAY        0                         0      0        0
  MONTH TO DATE    0                         0      0        0
  SINCE MAR 1      0                         0      0        0
  SINCE JAN 1      0                         0      0        0
..................................................................


WIND (MPH)
  HIGHEST GUST SPEED     8   HIGHEST GUST DIRECTION     E (110)


SKY COVER
  AVERAGE SKY COVER 0.2


WEATHER CONDITIONS
 THE FOLLOWING WEATHER WAS RECORDED YESTERDAY.
  NO SIGNIFICANT WEATHER WAS OBSERVED.


RELATIVE HUMIDITY (PERCENT)
 HIGHEST   100
 LOWEST     76
 AVERAGE    88

..........................................................


THE NOME AK CLIMATE NORMALS FOR TODAY
                         NORMAL    RECORD    YEAR
 MAXIMUM TEMPERATURE (F)   21        42      1995
 MINIMUM TEMPERATURE (F)    4       -32      1907


SUNRISE AND SUNSET
MARCH 30 2017.........SUNRISE   825 AM AKDT  SUNSET   950 PM AKDT
MARCH 31 2017.........SUNRISE   821 AM AKDT  SUNSET   953 PM AKDT

-  INDICATES NEGATIVE NUMBERS.
R  INDICATES RECORD WAS SET OR TIED.
MM INDICATES DATA IS MISSING.
T  INDICATES TRACE AMOUNT.

&&

SNOW DEPTH IS MEASURED AT 3AM AKST/4AM AKDT.

----------------------------
AVAILABLE DAYLIGHT

AMOUNT OF DAYLIGHT TODAY  (HOUR:MIN)........13:25
GAIN/LOSS SINCE YESTERDAY (HOUR:MIN:SEC)....+0:06:39

NOME TIDAL INFORMATION FOR 30 MARCH 2017
0051  +0.1
0733  +1.3
1309  +0.3
1923  +1.2

$$
MAR 17
