214
CDAK49 PAFG 110107
CLIOME

CLIMATE REPORT
NATIONAL WEATHER SERVICE FAIRBANKS AK
407 PM AKST SUN DEC 10 2017


...................................

...THE NOME AK CLIMATE SUMMARY FOR DECEMBER 10 2017...
VALID TODAY AS OF 0300 PM LOCAL TIME.

CLIMATE NORMAL PERIOD 1981 TO 2010
CLIMATE RECORD PERIOD 1906 TO 2017


WEATHER ITEM   OBSERVED TIME   RECORD YEAR NORMAL DEPARTURE LAST
                VALUE   (LST)  VALUE       VALUE  FROM      YEAR
                                                  NORMAL
..................................................................
TEMPERATURE (F)
 TODAY
  MAXIMUM         20    246 PM  39    1985  18      2       28
  MINIMUM         10   1253 AM -40    1975   4      6      -12
  AVERAGE         15                        11      4        8

PRECIPITATION (IN)
  TODAY            0.00          0.94 1932   0.04  -0.04     0.00
  MONTH TO DATE    0.47                      0.34   0.13     0.01
  SINCE DEC 1      0.47                      0.34   0.13     0.01
  SINCE JAN 1     17.92                     16.07   1.85    14.97

SNOWFALL (IN)
  TODAY            0.0           4.5  2011   0.4   MM        0.0
  MONTH TO DATE    6.7                       4.2    2.5      0.4
  SINCE DEC 1      6.7                       4.2    2.5      0.4
  SINCE JUL 1     38.3                      21.5   16.8      9.0
  SNOW DEPTH      16

DEGREE DAYS
 HEATING
  TODAY           50                        54     -4       57
  MONTH TO DATE  436                       534    -98      637
  SINCE DEC 1    436                       534    -98      637
  SINCE JUL 1   4224                      4627   -403     4252

 COOLING
  TODAY            0                         0      0        0
  MONTH TO DATE    0                         0      0        0
  SINCE DEC 1      0                         0      0        0
  SINCE JAN 1      4                         3      1        0
..................................................................


WIND (MPH)
  HIGHEST GUST SPEED    19   HIGHEST GUST DIRECTION     N (340)


SKY COVER
  AVERAGE SKY COVER 0.5


WEATHER CONDITIONS
 THE FOLLOWING WEATHER WAS RECORDED TODAY.
  FOG
  HAZE


RELATIVE HUMIDITY (PERCENT)
 HIGHEST    84
 LOWEST     67
 AVERAGE    76

..........................................................


THE NOME AK CLIMATE NORMALS FOR TOMORROW
                         NORMAL    RECORD    YEAR
 MAXIMUM TEMPERATURE (F)   18        39      1932
 MINIMUM TEMPERATURE (F)    3       -31      1964


SUNRISE AND SUNSET
DECEMBER 10 2017......SUNRISE  1150 AM AKST  SUNSET   401 PM AKST
DECEMBER 11 2017......SUNRISE  1152 AM AKST  SUNSET   400 PM AKST

-  INDICATES NEGATIVE NUMBERS.
R  INDICATES RECORD WAS SET OR TIED.
MM INDICATES DATA IS MISSING.
T  INDICATES TRACE AMOUNT.

&&

SNOW DEPTH IS MEASURED AT 3AM AKST/4AM AKDT.

----------------------------
AVAILABLE DAYLIGHT

AMOUNT OF DAYLIGHT TODAY  (HOUR:MIN)........4:11
GAIN/LOSS SINCE YESTERDAY (HOUR:MIN:SEC)....-0:03:15

NOME TIDAL INFORMATION FOR 11 DECEMBER 2017
0347  +1.1
0951  +1.9
1624  +0.4
2312  +1.9

$$
DEC 17
