000
CDAK49 PAOM 260902
CLIOME

CLIMATE REPORT
NATIONAL WEATHER SERVICE NOME, AK
102 AM AKDT SAT JUL 26 2014

...................................
...THE NOME WSO AP CLIMATE SUMMARY FOR JULY 25 2014...

CLIMATE NORMAL PERIOD  1981 TO  2010
CLIMATE RECORD PERIOD  1906 TO  2014

WEATHER ITEM   OBSERVED TIME    RECORD YEAR NORMAL DEPARTURE LAST
               VALUE    (LST)   VALUE       VALUE  FROM      YEAR
                                                   NORMAL
...................................................................
TEMPERATURE
YESTERDAY
 MAXIMUM            49  1145 PM    76  1966     58      -9     58
 MINIMUM            33  0420 AM    32  1931     46     -13     51
 AVERAGE            41                          52     -11     55

PRECIPITATION
(INCHES)
 YESTERDAY        0.00           1.38  2012   0.08   -0.08   0.00
 MONTH TO DATE    2.37                        1.56    0.81   2.06
 SINCE JUN 1      2.59                        2.54    0.05   4.59
 SINCE JAN 1      7.06                        6.68    0.38   8.84

SNOWFALL
(INCHES)
 YESTERDAY         0.0            0.0  2014    0.0     0.0    0.0
 MONTH TO DATE     0.0                         0.0     0.0    0.0
 SINCE JUN 1       0.0                         0.3    -0.3    0.1
 SINCE JUL 1       0.0                         0.0     0.0    0.0
 SNOW DEPTH (IN)     0                                          0

DEGREE DAYS
 HEATING
  YESTERDAY         24                          13      11     10
  MONTH TO DATE    345                         322      23    354
  SINCE JUN 1      913                         838      75    830
  SINCE JUL 1      345                         322      23    354

 COOLING
  YESTERDAY          0                           0       0      0
  MONTH TO DATE      2                           0       2      0
  SINCE JUN 1        2                           0       2      7
  SINCE JAN 1        2                           0       2      7
...................................................................

WIND (MPH)
 HIGHEST WIND SPEED    15     HIGHEST WIND DIRECTION    250
 HIGHEST GUST SPEED    17     HIGHEST GUST DIRECTION    250
 AVERAGE WIND SPEED   7.2

SKY COVER
  POSSIBLE SUNSHINE    MM          AVERAGE SKY COVER     MM

WEATHER CONDITIONS
 THE FOLLOWING WEATHER WAS RECORDED YESTERDAY.
  NO SIGNIFICANT WEATHER WAS OBSERVED.

RELATIVE HUMIDITY
 HIGHEST RH     MM PERCENT       MM
 LOWEST  RH     MM PERCENT       MM
 AVERAGE RH     MM PERCENT       MM
...................................................................

THE NOME CLIMATE NORMALS FOR TODAY
                           NORMAL    RECORD   YEAR
 MAXIMUM TEMPERATURE (F)     58        78     1926
 MINIMUM TEMPERATURE (F)     46        35     1929

SUNRISE AND SUNSET
 JUL 26 2014..........SUNRISE  5:46 AM      SUNSET 12:29 AM
 JUL 27 2014..........SUNRISE  5:49 AM      SUNSET 12:26 AM

-  INDICATES NEGATIVE NUMBERS.
R  INDICATES RECORD HAS BEEN SET OR TIED.
MM INDICATES DATA IS MISSING.
T  INDICATES TRACE OF PRECIPITATION.

&&
-------------------------------------------------------------------

AMOUNT OF DAYLIGHT TODAY  (HOUR:MIN)........18 HOURS 43 MINUTES
GAIN/LOSS SINCE YESTERDAY (HOUR:MIN:SEC)....-0:06:38

TIDES FOR SATURDAY JULY 26 2014

 7:20 AM HIGH 1.2 FT
11:05 AM LOW  1.0 FT
 4:57 PM HIGH 1.3 FT

$$
RCT JUL 14
