000
CDAK49 PAOM 291348
CLIOME

CLIMATE REPORT
NATIONAL WEATHER SERVICE NOME, AK
548 AM AKDT SUN MAY 29 2016

...................................
...THE NOME WSO AP CLIMATE SUMMARY FOR MAY 28 2016...

CLIMATE NORMAL PERIOD  1981 TO  2010
CLIMATE RECORD PERIOD  1906 TO  2016

WEATHER ITEM   OBSERVED TIME    RECORD YEAR NORMAL DEPARTURE LAST
               VALUE    (LST)   VALUE       VALUE  FROM      YEAR
                                                   NORMAL
...................................................................
TEMPERATURE
YESTERDAY
 MAXIMUM            65  1059 AM    75  2011     49      16     48
 MINIMUM            50  0408 AM    17  1934     35      15     41
 AVERAGE            58                          42      16     45

PRECIPITATION
(INCHES)
 YESTERDAY        0.00           0.76  1996   0.02   -0.02   0.02
 MONTH TO DATE    1.22                        0.77    0.45   1.48
 SINCE MAR 1      2.06                        2.18   -0.12   2.79
 SINCE JAN 1      3.09                        4.05   -0.96   4.43

SNOWFALL
(INCHES)
 YESTERDAY         0.0            0.1  2000    0.0     0.0    0.0
 MONTH TO DATE       T                         2.2    -2.2      T
 SINCE MAR 1       6.6                        18.6   -12.0   16.4
 SINCE JUL 1      48.9                        75.3   -26.4   59.7
 SNOW DEPTH (IN)     0                                          0

DEGREE DAYS
 HEATING
  YESTERDAY          7                          23     -16     20
  MONTH TO DATE    665                         807    -142    709
  SINCE MAR 1     3222                        3838    -616   3816
  SINCE JUL 1    11459                       13120   -1661  11994

 COOLING
  YESTERDAY          0                           0       0      0
  MONTH TO DATE      0                           0       0      0
  SINCE MAR 1        0                           0       0      0
  SINCE JAN 1        0                           0       0      0
...................................................................

WIND (MPH)
 HIGHEST WIND SPEED    20     HIGHEST WIND DIRECTION    130
 HIGHEST GUST SPEED    24     HIGHEST GUST DIRECTION    130
 AVERAGE WIND SPEED   9.9

SKY COVER
  POSSIBLE SUNSHINE    MM          AVERAGE SKY COVER     MM

WEATHER CONDITIONS
 THE FOLLOWING WEATHER WAS RECORDED YESTERDAY.
  NO SIGNIFICANT WEATHER WAS OBSERVED.

RELATIVE HUMIDITY
 HIGHEST RH     MM PERCENT       MM
 LOWEST  RH     MM PERCENT       MM
 AVERAGE RH     MM PERCENT       MM
...................................................................

THE NOME CLIMATE NORMALS FOR TODAY
                           NORMAL    RECORD   YEAR
 MAXIMUM TEMPERATURE (F)     49        72     1981
 MINIMUM TEMPERATURE (F)     35        22     1976

SUNRISE AND SUNSET
 MAY 29 2016..........SUNRISE  4:56 AM      SUNSET  1:06 AM
 MAY 30 2016..........SUNRISE  4:54 AM      SUNSET  1:09 AM

-  INDICATES NEGATIVE NUMBERS.
R  INDICATES RECORD HAS BEEN SET OR TIED.
MM INDICATES DATA IS MISSING.
T  INDICATES TRACE OF PRECIPITATION.

&&
-------------------------------------------------------------------

AMOUNT OF DAYLIGHT TODAY  (HOUR:MIN)........20 HOURS 10 MINUTES
GAIN/LOSS SINCE YESTERDAY (HOUR:MIN:SEC)....+0:06:04

NOME TIDAL INFORMATION FOR 29 MAY 2016
0500  -0.2
1213  +1.0
1748  +0.5
2301  +0.7

$$

CKC MAY 16
