000
CDAK49 PAFG 220942
CLIOME

CLIMATE REPORT
NATIONAL WEATHER SERVICE FAIRBANKS AK
142 AM AKDT FRI SEP 22 2017


...................................

...THE NOME AK CLIMATE SUMMARY FOR SEPTEMBER 21 2017...

CLIMATE NORMAL PERIOD 1981 TO 2010
CLIMATE RECORD PERIOD 1906 TO 2017


WEATHER ITEM   OBSERVED TIME   RECORD YEAR NORMAL DEPARTURE LAST
                VALUE   (LST)  VALUE       VALUE  FROM      YEAR
                                                  NORMAL
..................................................................
TEMPERATURE (F)
 YESTERDAY
  MAXIMUM         49    552 PM  61    2001  47      2       49
  MINIMUM         30    912 AM  18    1975  35     -5       41
                                      1927
  AVERAGE         40                        41     -1       45

PRECIPITATION (IN)
  YESTERDAY        T             0.54 1986   0.08  -0.08     0.13
  MONTH TO DATE    2.73                      1.81   0.92     1.15
  SINCE SEP 1      2.73                      1.81   0.92     1.15
  SINCE JAN 1     12.46                     12.26   0.20    11.41

SNOWFALL (IN)
  YESTERDAY        0.0           T    2013   0.0    0.0      0.0
                                      1996
                                      1993
  MONTH TO DATE    T                         0.2   -0.2      0.0
  SINCE SEP 1      T                         0.2   -0.2      0.0
  SINCE JUL 1      T                         0.2   -0.2      0.0
  SNOW DEPTH       0

DEGREE DAYS
 HEATING
  YESTERDAY       25                        24      1       20
  MONTH TO DATE  450                       425     25      419
  SINCE SEP 1    450                       425     25      419
  SINCE JUL 1   1296                      1285     11     1104

 COOLING
  YESTERDAY        0                         0      0        0
  MONTH TO DATE    0                         0      0        0
  SINCE SEP 1      0                         0      0        0
  SINCE JAN 1      4                         3      1        0
..................................................................


WIND (MPH)
  HIGHEST GUST SPEED    22   HIGHEST GUST DIRECTION     N (360)


SKY COVER
  AVERAGE SKY COVER 0.5


WEATHER CONDITIONS
 THE FOLLOWING WEATHER WAS RECORDED YESTERDAY.
  NO SIGNIFICANT WEATHER WAS OBSERVED.


RELATIVE HUMIDITY (PERCENT)
 HIGHEST    96
 LOWEST     61
 AVERAGE    79

..........................................................


THE NOME AK CLIMATE NORMALS FOR TODAY
                         NORMAL    RECORD    YEAR
 MAXIMUM TEMPERATURE (F)   46        59      1929
 MINIMUM TEMPERATURE (F)   34        18      2015


SUNRISE AND SUNSET
SEPTEMBER 22 2017.....SUNRISE   847 AM AKDT  SUNSET   901 PM AKDT
SEPTEMBER 23 2017.....SUNRISE   850 AM AKDT  SUNSET   857 PM AKDT

-  INDICATES NEGATIVE NUMBERS.
R  INDICATES RECORD WAS SET OR TIED.
MM INDICATES DATA IS MISSING.
T  INDICATES TRACE AMOUNT.

&&

SNOW DEPTH IS MEASURED AT 3AM AKST/4AM AKDT.

----------------------------
AVAILABLE DAYLIGHT

AMOUNT OF DAYLIGHT TODAY  (HOUR:MIN)........12:14
GAIN/LOSS SINCE YESTERDAY (HOUR:MIN:SEC)....-0:06:32

NOME TIDAL INFORMATION FOR 22 SEPTEMBER 2017
0040  +0.3
0735  +1.5
1308  +0.7
1927  +1.5

$$
CCC SEP 17
