000
CDUS46 KOTX 160840
CLIOMK


CLIMATE REPORT
NATIONAL WEATHER SERVICE SPOKANE, WA
139 AM PDT TUE SEP 16 2014


...................................

...THE OMAK WA AIRPORT CLIMATE SUMMARY FOR SEPTEMBER 15 2014...

CLIMATE NORMAL PERIOD 1981 TO 2010
CLIMATE RECORD PERIOD 9999 TO 9999


WEATHER ITEM   OBSERVED TIME   RECORD YEAR NORMAL DEPARTURE LAST
                VALUE   (LST)  VALUE       VALUE  FROM      YEAR
                                                  NORMAL
..................................................................
TEMPERATURE (F)
 YESTERDAY
  MAXIMUM         85    419 PM  93    1938  78      7       86
  MINIMUM         44    239 AM  29    1936  48     -4       61
  AVERAGE         65                        63      2       74

PRECIPITATION (IN)
  YESTERDAY        0.00          1.27 1959   0.02  -0.02     0.27
  MONTH TO DATE    0.40                      0.24   0.16     0.91
  SINCE OCT 1      7.81                     14.71  -6.90    15.32
  SINCE JAN 1      6.64                      9.26  -2.62     8.33

SNOWFALL (IN)
  YESTERDAY       MM            MM      MM  MM     MM       MM
  MONTH TO DATE   MM                        MM     MM       MM
  SINCE SEP 1     MM                        MM     MM       MM
  SINCE JUL 1     MM                        MM     MM       MM
  SNOW DEPTH      MM

DEGREE DAYS
 HEATING
  YESTERDAY        0                         4     -4        0
  MONTH TO DATE   50                        38     12        6
  SINCE SEP 1     50                        38     12        6
  SINCE JUL 1     55                        69    -14        6

 COOLING
  YESTERDAY        0                         2     -2        9
  MONTH TO DATE   15                        46    -31      127
  SINCE SEP 1     15                        46    -31      127
  SINCE JAN 1    839                       652    187      813
..................................................................


WIND (MPH)
  HIGHEST WIND SPEED    10   HIGHEST WIND DIRECTION    SW (210)
  HIGHEST GUST SPEED    14   HIGHEST GUST DIRECTION    SW (230)
  AVERAGE WIND SPEED     5.8


SKY COVER
  POSSIBLE SUNSHINE  MM
  AVERAGE SKY COVER 0.0


WEATHER CONDITIONS
 THE FOLLOWING WEATHER WAS RECORDED YESTERDAY.
  NO SIGNIFICANT WEATHER WAS OBSERVED.


RELATIVE HUMIDITY (PERCENT)
 HIGHEST    60           200 AM
 LOWEST     14           400 PM
 AVERAGE    37

..........................................................


THE OMAK WA AIRPORT CLIMATE NORMALS FOR TODAY
                         NORMAL    RECORD    YEAR
 MAXIMUM TEMPERATURE (F)   78        91      2001
 MINIMUM TEMPERATURE (F)   47        28      1973


SUNRISE AND SUNSET
SEPTEMBER 16 2014.....SUNRISE   636 AM PDT   SUNSET   708 PM PDT
SEPTEMBER 17 2014.....SUNRISE   638 AM PDT   SUNSET   706 PM PDT


-  INDICATES NEGATIVE NUMBERS.
R  INDICATES RECORD WAS SET OR TIED.
MM INDICATES DATA IS MISSING.
T  INDICATES TRACE AMOUNT.




$$
