000
CDUS46 KOTX 260826
CLIOMK


CLIMATE REPORT
NATIONAL WEATHER SERVICE SPOKANE, WA
126 AM PDT FRI MAY 26 2017


...................................

...THE OMAK WA AIRPORT CLIMATE SUMMARY FOR MAY 25 2017...

CLIMATE NORMAL PERIOD 1981 TO 2010
CLIMATE RECORD PERIOD 9999 TO 9999


WEATHER ITEM   OBSERVED TIME   RECORD YEAR NORMAL DEPARTURE LAST
                VALUE   (LST)  VALUE       VALUE  FROM      YEAR
                                                  NORMAL
..................................................................
TEMPERATURE (F)
 YESTERDAY
  MAXIMUM         73    229 PM  92    1999  75     -2       80
  MINIMUM         45    159 AM  30    1964  47     -2       47
  AVERAGE         59                        61     -2       64

PRECIPITATION (IN)
  YESTERDAY        0.05                      0.03   0.02      T
  MONTH TO DATE    1.50                      0.98   0.52     0.69
  SINCE OCT 1     16.58                     11.40   5.18    12.43
  SINCE JAN 1     10.10                      6.51   3.59     7.07

SNOWFALL (IN)
  YESTERDAY       MM

DEGREE DAYS
 HEATING
  YESTERDAY        6                         5      1        1
  MONTH TO DATE  202                       207     -5       87
  SINCE MAR 1   1465                      1385     80      956
  SINCE JUL 1   6400                      6246    154     5362

 COOLING
  YESTERDAY        0                         1     -1        0
  MONTH TO DATE   13                        15     -2       18
  SINCE MAR 1     13                        16     -3       23
  SINCE JAN 1     13                        16     -3       23
..................................................................


WIND (MPH)
  HIGHEST WIND SPEED    26   HIGHEST WIND DIRECTION    NE (60)
  HIGHEST GUST SPEED    34   HIGHEST GUST DIRECTION     E (80)
  AVERAGE WIND SPEED     7.4


SKY COVER
  POSSIBLE SUNSHINE  MM
  AVERAGE SKY COVER 0.3


WEATHER CONDITIONS
 THE FOLLOWING WEATHER WAS RECORDED YESTERDAY.
  LIGHT RAIN


RELATIVE HUMIDITY (PERCENT)
 HIGHEST    89           900 PM
 LOWEST     33           200 PM
 AVERAGE    61

..........................................................


THE OMAK WA AIRPORT CLIMATE NORMALS FOR TODAY
                         NORMAL    RECORD    YEAR
 MAXIMUM TEMPERATURE (F)   75        94      1958
 MINIMUM TEMPERATURE (F)   48        29      1967


SUNRISE AND SUNSET
MAY 26 2017...........SUNRISE   505 AM PDT   SUNSET   846 PM PDT
MAY 27 2017...........SUNRISE   504 AM PDT   SUNSET   847 PM PDT


-  INDICATES NEGATIVE NUMBERS.
R  INDICATES RECORD WAS SET OR TIED.
MM INDICATES DATA IS MISSING.
T  INDICATES TRACE AMOUNT.




$$
