000
CDUS46 KOTX 010825
CLIOMK


CLIMATE REPORT
NATIONAL WEATHER SERVICE SPOKANE, WA
1224 AM PST SUN FEB 1 2015


...................................

...THE OMAK WA AIRPORT CLIMATE SUMMARY FOR JANUARY 31 2015...

CLIMATE NORMAL PERIOD 1981 TO 2010
CLIMATE RECORD PERIOD 9999 TO 9999


WEATHER ITEM   OBSERVED TIME   RECORD YEAR NORMAL DEPARTURE LAST
                VALUE   (LST)  VALUE       VALUE  FROM      YEAR
                                                  NORMAL
..................................................................
TEMPERATURE (F)
 YESTERDAY
  MAXIMUM         42    205 PM  58    1953  36      6       33
  MINIMUM         32   1016 PM -20    1950  22     10       22
  AVERAGE         37                        29      8       28

PRECIPITATION (IN)
  YESTERDAY        0.00          0.50 1995   0.03  -0.03     0.00
  MONTH TO DATE    0.73                      1.69  -0.96     0.32
  SINCE OCT 1      7.30                      7.14   0.16     1.49
  SINCE JAN 1      0.73                      1.69  -0.96     0.32

SNOWFALL (IN)
  YESTERDAY       MM

DEGREE DAYS
 HEATING
  YESTERDAY       28                        36     -8       37
  MONTH TO DATE 1051                      1183   -132     1055
  SINCE DEC 1   2102                      2400   -298     2358
  SINCE JUL 1   3499                      3933   -434     3955

 COOLING
  YESTERDAY        0                         0      0        0
  MONTH TO DATE    0                         0      0        0
  SINCE DEC 1      0                         0      0        0
  SINCE JAN 1      0                         0      0        0
..................................................................


WIND (MPH)
  HIGHEST WIND SPEED    12   HIGHEST WIND DIRECTION    NW (320)
  HIGHEST GUST SPEED    15   HIGHEST GUST DIRECTION    NW (320)
  AVERAGE WIND SPEED     5.3


SKY COVER
  POSSIBLE SUNSHINE  MM
  AVERAGE SKY COVER 0.6


WEATHER CONDITIONS
 THE FOLLOWING WEATHER WAS RECORDED YESTERDAY.
  NO SIGNIFICANT WEATHER WAS OBSERVED.


RELATIVE HUMIDITY (PERCENT)
 HIGHEST    89          1200 AM
 LOWEST     62          1200 PM
 AVERAGE    76

..........................................................


THE OMAK WA AIRPORT CLIMATE NORMALS FOR TODAY
                         NORMAL    RECORD    YEAR
 MAXIMUM TEMPERATURE (F)   36        51      1953
 MINIMUM TEMPERATURE (F)   22       -26      1950


SUNRISE AND SUNSET
FEBRUARY  1 2015......SUNRISE   727 AM PST   SUNSET   457 PM PST
FEBRUARY  2 2015......SUNRISE   726 AM PST   SUNSET   458 PM PST


-  INDICATES NEGATIVE NUMBERS.
R  INDICATES RECORD WAS SET OR TIED.
MM INDICATES DATA IS MISSING.
T  INDICATES TRACE AMOUNT.




$$
