000
CDUS46 KOTX 060825
CLIOMK


CLIMATE REPORT
NATIONAL WEATHER SERVICE SPOKANE, WA
124 AM PDT FRI MAY 6 2016


...................................

...THE OMAK WA AIRPORT CLIMATE SUMMARY FOR MAY 5 2016...

CLIMATE NORMAL PERIOD 1981 TO 2010
CLIMATE RECORD PERIOD 9999 TO 9999


WEATHER ITEM   OBSERVED TIME   RECORD YEAR NORMAL DEPARTURE LAST
                VALUE   (LST)  VALUE       VALUE  FROM      YEAR
                                                  NORMAL
..................................................................
TEMPERATURE (F)
 YESTERDAY
  MAXIMUM         65    537 PM  89    1966  69     -4       63
  MINIMUM         56   1129 PM  25    1959  41     15       39
  AVERAGE         61                        55      6       51

PRECIPITATION (IN)
  YESTERDAY        0.06          0.32 1957   0.05   0.01     0.04
  MONTH TO DATE    0.09                      0.24  -0.15     0.04
  SINCE OCT 1     11.83                     10.66   1.17     9.36
  SINCE JAN 1      6.47                      5.77   0.70     2.79

SNOWFALL (IN)
  YESTERDAY       MM

DEGREE DAYS
 HEATING
  YESTERDAY        4                        10     -6       14
  MONTH TO DATE   10                        55    -45       44
  SINCE MAR 1    879                      1233   -354     1047
  SINCE JUL 1   5285                      6094   -809     5233

 COOLING
  YESTERDAY        0                         0      0        0
  MONTH TO DATE    5                         0      5        0
  SINCE MAR 1     10                         1      9        0
  SINCE JAN 1     10                         1      9        0
..................................................................


WIND (MPH)
  HIGHEST WIND SPEED    28   HIGHEST WIND DIRECTION     N (10)
  HIGHEST GUST SPEED    33   HIGHEST GUST DIRECTION     N (20)
  AVERAGE WIND SPEED    13.2


SKY COVER
  POSSIBLE SUNSHINE  MM
  AVERAGE SKY COVER 0.6


WEATHER CONDITIONS
 THE FOLLOWING WEATHER WAS RECORDED YESTERDAY.
  LIGHT RAIN


RELATIVE HUMIDITY (PERCENT)
 HIGHEST    86           500 AM
 LOWEST     43           400 PM
 AVERAGE    65

..........................................................


THE OMAK WA AIRPORT CLIMATE NORMALS FOR TODAY
                         NORMAL    RECORD    YEAR
 MAXIMUM TEMPERATURE (F)   69        88      1992
 MINIMUM TEMPERATURE (F)   41        23      2002


SUNRISE AND SUNSET
MAY  6 2016...........SUNRISE   530 AM PDT   SUNSET   820 PM PDT
MAY  7 2016...........SUNRISE   528 AM PDT   SUNSET   822 PM PDT


-  INDICATES NEGATIVE NUMBERS.
R  INDICATES RECORD WAS SET OR TIED.
MM INDICATES DATA IS MISSING.
T  INDICATES TRACE AMOUNT.




$$
