000
CDUS46 KOTX 220828
CLIOMK


CLIMATE REPORT
NATIONAL WEATHER SERVICE SPOKANE, WA
1227 AM PST SAT NOV 22 2014


...................................

...THE OMAK WA AIRPORT CLIMATE SUMMARY FOR NOVEMBER 21 2014...

CLIMATE NORMAL PERIOD 1981 TO 2010
CLIMATE RECORD PERIOD 9999 TO 9999


WEATHER ITEM   OBSERVED TIME   RECORD YEAR NORMAL DEPARTURE LAST
                VALUE   (LST)  VALUE       VALUE  FROM      YEAR
                                                  NORMAL
..................................................................
TEMPERATURE (F)
 YESTERDAY
  MAXIMUM         33   1110 AM  55    1954  41     -8       32
  MINIMUM         28    152 AM   1    1977  27      1       15
  AVERAGE         31                        34     -3       24

PRECIPITATION (IN)
  YESTERDAY        0.70R         0.53 1959   0.06   0.64     0.00
  MONTH TO DATE    1.03                      1.28  -0.25     0.99
  SINCE OCT 1      3.07                      2.38   0.69     1.06
  SINCE JAN 1     10.08                     11.98  -1.90     9.89

SNOWFALL (IN)
  YESTERDAY       MM

DEGREE DAYS
 HEATING
  YESTERDAY       34                        31      3       41
  MONTH TO DATE  615                       572     43      587
  SINCE SEP 1   1070                      1201   -131     1247
  SINCE JUL 1   1075                      1232   -157     1247

 COOLING
  YESTERDAY        0                         0      0        0
  MONTH TO DATE    0                         0      0        0
  SINCE SEP 1     49                        59    -10      128
  SINCE JAN 1    873                       665    208      814
..................................................................


WIND (MPH)
  HIGHEST WIND SPEED    10   HIGHEST WIND DIRECTION     S (190)
  HIGHEST GUST SPEED    17   HIGHEST GUST DIRECTION    SE (150)
  AVERAGE WIND SPEED     3.4


SKY COVER
  POSSIBLE SUNSHINE  MM
  AVERAGE SKY COVER 1.0


WEATHER CONDITIONS
 THE FOLLOWING WEATHER WAS RECORDED YESTERDAY.
  SNOW
  LIGHT SNOW
  FOG
  HAZE


RELATIVE HUMIDITY (PERCENT)
 HIGHEST    92           100 PM
 LOWEST     72          1200 AM
 AVERAGE    82

..........................................................


THE OMAK WA AIRPORT CLIMATE NORMALS FOR TODAY
                         NORMAL    RECORD    YEAR
 MAXIMUM TEMPERATURE (F)   40        56      1968
 MINIMUM TEMPERATURE (F)   26        10      1961


SUNRISE AND SUNSET
NOVEMBER 22 2014......SUNRISE   716 AM PST   SUNSET   412 PM PST
NOVEMBER 23 2014......SUNRISE   718 AM PST   SUNSET   411 PM PST


-  INDICATES NEGATIVE NUMBERS.
R  INDICATES RECORD WAS SET OR TIED.
MM INDICATES DATA IS MISSING.
T  INDICATES TRACE AMOUNT.




$$
