000
CDUS46 KOTX 300835
CLIOMK


CLIMATE REPORT
NATIONAL WEATHER SERVICE SPOKANE, WA
134 AM PDT MON MAR 30 2015


...................................

...THE OMAK WA AIRPORT CLIMATE SUMMARY FOR MARCH 29 2015...

CLIMATE NORMAL PERIOD 1981 TO 2010
CLIMATE RECORD PERIOD 9999 TO 9999


WEATHER ITEM   OBSERVED TIME   RECORD YEAR NORMAL DEPARTURE LAST
                VALUE   (LST)  VALUE       VALUE  FROM      YEAR
                                                  NORMAL
..................................................................
TEMPERATURE (F)
 YESTERDAY
  MAXIMUM         66    227 PM  72    1994  58      8       58
  MINIMUM         42    541 AM  -1    1996  34      8       36
  AVERAGE         54                        46      8       47

PRECIPITATION (IN)
  YESTERDAY        0.00          0.45 1955   0.04  -0.04      T
  MONTH TO DATE    0.92                      1.09  -0.17     1.16
  SINCE OCT 1      9.22                      9.53  -0.31     4.15
  SINCE JAN 1      2.65                      4.08  -1.43     2.98

SNOWFALL (IN)
  YESTERDAY       MM

DEGREE DAYS
 HEATING
  YESTERDAY       11                        19     -8       18
  MONTH TO DATE  520                       692   -172      708
  SINCE MAR 1    520                       692   -172      708
  SINCE JUL 1   4706                      5553   -847     5698

 COOLING
  YESTERDAY        0                         0      0        0
  MONTH TO DATE    0                         0      0        0
  SINCE MAR 1      0                         0      0        0
  SINCE JAN 1      0                         0      0        0
..................................................................


WIND (MPH)
  HIGHEST WIND SPEED    22   HIGHEST WIND DIRECTION     S (160)
  HIGHEST GUST SPEED    29   HIGHEST GUST DIRECTION     S (160)
  AVERAGE WIND SPEED    10.2


SKY COVER
  POSSIBLE SUNSHINE  MM
  AVERAGE SKY COVER 0.1


WEATHER CONDITIONS
 THE FOLLOWING WEATHER WAS RECORDED YESTERDAY.
  NO SIGNIFICANT WEATHER WAS OBSERVED.


RELATIVE HUMIDITY (PERCENT)
 HIGHEST    70           600 AM
 LOWEST     34           400 PM
 AVERAGE    52

..........................................................


THE OMAK WA AIRPORT CLIMATE NORMALS FOR TODAY
                         NORMAL    RECORD    YEAR
 MAXIMUM TEMPERATURE (F)   59        75      2003
                                             1939
 MINIMUM TEMPERATURE (F)   34        -9      1996


SUNRISE AND SUNSET
MARCH 30 2015.........SUNRISE   641 AM PDT   SUNSET   725 PM PDT
MARCH 31 2015.........SUNRISE   638 AM PDT   SUNSET   727 PM PDT


-  INDICATES NEGATIVE NUMBERS.
R  INDICATES RECORD WAS SET OR TIED.
MM INDICATES DATA IS MISSING.
T  INDICATES TRACE AMOUNT.




$$
