000
CDUS46 KOTX 240824
CLIOMK


CLIMATE REPORT
NATIONAL WEATHER SERVICE SPOKANE, WA
1221 AM PST WED DEC 24 2014


...................................

...THE OMAK WA AIRPORT CLIMATE SUMMARY FOR DECEMBER 23 2014...

CLIMATE NORMAL PERIOD 1981 TO 2010
CLIMATE RECORD PERIOD 9999 TO 9999


WEATHER ITEM   OBSERVED TIME   RECORD YEAR NORMAL DEPARTURE LAST
                VALUE   (LST)  VALUE       VALUE  FROM      YEAR
                                                  NORMAL
..................................................................
TEMPERATURE (F)
 YESTERDAY
  MAXIMUM         42    240 PM  51    1936  30     12       33
  MINIMUM         32    634 AM -16    1948  18     14       17
  AVERAGE         37                        24     13       25

PRECIPITATION (IN)
  YESTERDAY        0.00        0.32   1976  0.09  -0.09     0.06
  MONTH TO DATE    2.52                     1.80   0.72     0.11
  SINCE OCT 1      6.56                     4.71   1.85     1.17
  SINCE JAN 1     13.57                    14.31  -0.74    10.00

SNOWFALL (IN)
  YESTERDAY       MM

DEGREE DAYS
 HEATING
  YESTERDAY       28                        41    -13       40
  MONTH TO DATE  749                       892   -143      988
  SINCE DEC 1    749                       892   -143      988
  SINCE JUL 1   2146                      2425   -279     2585

 COOLING
  YESTERDAY        0                         0      0        0
  MONTH TO DATE    0                         0      0        0
  SINCE DEC 1      0                         0      0        0
  SINCE JAN 1    873                       665    208      814
..................................................................


WIND (MPH)
  HIGHEST WIND SPEED    15   HIGHEST WIND DIRECTION    SW (220)
  HIGHEST GUST SPEED    19   HIGHEST GUST DIRECTION    SW (230)
  AVERAGE WIND SPEED     6.6


SKY COVER
  POSSIBLE SUNSHINE  MM
  AVERAGE SKY COVER 0.9


WEATHER CONDITIONS
 THE FOLLOWING WEATHER WAS RECORDED YESTERDAY.
  NO SIGNIFICANT WEATHER WAS OBSERVED.


RELATIVE HUMIDITY (PERCENT)
 HIGHEST    85          1200 AM
 LOWEST     65          1200 PM
 AVERAGE    75

..........................................................


THE OMAK WA AIRPORT CLIMATE NORMALS FOR TODAY
                         NORMAL    RECORD    YEAR
 MAXIMUM TEMPERATURE (F)   30        46      1972
 MINIMUM TEMPERATURE (F)   18       -18      1948


SUNRISE AND SUNSET
DECEMBER 24 2014......SUNRISE   748 AM PST   SUNSET   407 PM PST
DECEMBER 25 2014......SUNRISE   749 AM PST   SUNSET   408 PM PST


-  INDICATES NEGATIVE NUMBERS.
R  INDICATES RECORD WAS SET OR TIED.
MM INDICATES DATA IS MISSING.
T  INDICATES TRACE AMOUNT.

$$
