000
CDUS46 KOTX 250827
CLIOMK


CLIMATE REPORT
NATIONAL WEATHER SERVICE SPOKANE, WA
127 AM PDT WED MAY 25 2016


...................................

...THE OMAK WA AIRPORT CLIMATE SUMMARY FOR MAY 24 2016...

CLIMATE NORMAL PERIOD 1981 TO 2010
CLIMATE RECORD PERIOD 9999 TO 9999


WEATHER ITEM   OBSERVED TIME   RECORD YEAR NORMAL DEPARTURE LAST
                VALUE   (LST)  VALUE       VALUE  FROM      YEAR
                                                  NORMAL
..................................................................
TEMPERATURE (F)
 YESTERDAY
  MAXIMUM         75    332 PM  94    1958  74      1       85
  MINIMUM         48    422 AM  31    2010  47      1       53
  AVERAGE         62                        61      1       69

PRECIPITATION (IN)
  YESTERDAY        0.00                      0.04  -0.04     0.06
  MONTH TO DATE    0.69                      0.95  -0.26     0.80
  SINCE OCT 1     12.43                     11.37   1.06    10.12
  SINCE JAN 1      7.07                      6.48   0.59     3.55

SNOWFALL (IN)
  YESTERDAY       MM

DEGREE DAYS
 HEATING
  YESTERDAY        3                         5     -2        0
  MONTH TO DATE   86                       202   -116      126
  SINCE MAR 1    955                      1380   -425     1129
  SINCE JUL 1   5361                      6241   -880     5315

 COOLING
  YESTERDAY        0                         1     -1        4
  MONTH TO DATE   18                        14      4       26
  SINCE MAR 1     23                        15      8       26
  SINCE JAN 1     23                        15      8       26
..................................................................


WIND (MPH)
  HIGHEST WIND SPEED    18   HIGHEST WIND DIRECTION    SE (140)
  HIGHEST GUST SPEED    23   HIGHEST GUST DIRECTION     S (160)
  AVERAGE WIND SPEED     6.5


SKY COVER
  POSSIBLE SUNSHINE  MM
  AVERAGE SKY COVER 0.4


WEATHER CONDITIONS
 THE FOLLOWING WEATHER WAS RECORDED YESTERDAY.
  NO SIGNIFICANT WEATHER WAS OBSERVED.


RELATIVE HUMIDITY (PERCENT)
 HIGHEST    80           400 AM
 LOWEST     31           300 PM
 AVERAGE    56

..........................................................


THE OMAK WA AIRPORT CLIMATE NORMALS FOR TODAY
                         NORMAL    RECORD    YEAR
 MAXIMUM TEMPERATURE (F)   75        92      1999
 MINIMUM TEMPERATURE (F)   47        30      1964


SUNRISE AND SUNSET
MAY 25 2016...........SUNRISE   506 AM PDT   SUNSET   845 PM PDT
MAY 26 2016...........SUNRISE   505 AM PDT   SUNSET   846 PM PDT


-  INDICATES NEGATIVE NUMBERS.
R  INDICATES RECORD WAS SET OR TIED.
MM INDICATES DATA IS MISSING.
T  INDICATES TRACE AMOUNT.




$$
