000
CDUS46 KOTX 170830
CLIOMK


CLIMATE REPORT
NATIONAL WEATHER SERVICE SPOKANE, WA
1230 AM PST WED JAN 17 2018


...................................

...THE OMAK WA AIRPORT CLIMATE SUMMARY FOR JANUARY 16 2018...

CLIMATE NORMAL PERIOD 1981 TO 2010
CLIMATE RECORD PERIOD 9999 TO 9999


WEATHER ITEM   OBSERVED TIME   RECORD YEAR NORMAL DEPARTURE LAST
                VALUE   (LST)  VALUE       VALUE  FROM      YEAR
                                                  NORMAL
..................................................................
TEMPERATURE (F)
 YESTERDAY
  MAXIMUM         36    854 PM  50    1961  33      3       22
  MINIMUM         30    109 AM -11    1949  21      9       15
  AVERAGE         33                        27      6       19

PRECIPITATION (IN)
  YESTERDAY        0.37                      0.06   0.31      T
  MONTH TO DATE    1.08                      1.14  -0.06     0.22
  SINCE OCT 1      4.46                      6.03  -1.57     6.70
  SINCE JAN 1      1.08                      1.14  -0.06     0.22

SNOWFALL (IN)
  YESTERDAY       MM

DEGREE DAYS
 HEATING
  YESTERDAY       32                        38     -6       46
  MONTH TO DATE  582                       631    -49      823
  SINCE DEC 1   1795                      1847    -52     2116
  SINCE JUL 1   3255                      3380   -125     3354

 COOLING
  YESTERDAY        0                         0      0        0
  MONTH TO DATE    0                         0      0        0
  SINCE DEC 1      0                         0      0        0
  SINCE JAN 1      0                         0      0        0
..................................................................


WIND (MPH)
  HIGHEST WIND SPEED    14   HIGHEST WIND DIRECTION     S (200)
  HIGHEST GUST SPEED    19   HIGHEST GUST DIRECTION     S (180)
  AVERAGE WIND SPEED     4.4


SKY COVER
  POSSIBLE SUNSHINE  MM
  AVERAGE SKY COVER 1.0


WEATHER CONDITIONS
 THE FOLLOWING WEATHER WAS RECORDED YESTERDAY.
  FREEZING RAIN
  LT FREEZING RAIN
  LIGHT SNOW
  FOG
  FOG W/VISIBILITY <= 1/4 MILE


RELATIVE HUMIDITY (PERCENT)
 HIGHEST   100          1200 AM
 LOWEST    100          1200 AM
 AVERAGE   100

..........................................................


THE OMAK WA AIRPORT CLIMATE NORMALS FOR TODAY
                         NORMAL    RECORD    YEAR
 MAXIMUM TEMPERATURE (F)   33        50      1944
 MINIMUM TEMPERATURE (F)   21       -10      1969


SUNRISE AND SUNSET
JANUARY 17 2018.......SUNRISE   743 AM PST   SUNSET   434 PM PST
JANUARY 18 2018.......SUNRISE   742 AM PST   SUNSET   435 PM PST


-  INDICATES NEGATIVE NUMBERS.
R  INDICATES RECORD WAS SET OR TIED.
MM INDICATES DATA IS MISSING.
T  INDICATES TRACE AMOUNT.




$$
