000
CDUS45 KBOI 020934
CLIONO


CLIMATE REPORT
NATIONAL WEATHER SERVICE BOISE ID
333 AM MDT WED SEP 2 2015


...................................

...THE ONTARIO OR CLIMATE SUMMARY FOR SEPTEMBER 1 2015...

CLIMATE NORMAL PERIOD 1981 TO 2010
CLIMATE RECORD PERIOD 1948 TO 2015


WEATHER ITEM   OBSERVED TIME   RECORD YEAR NORMAL DEPARTURE LAST
                VALUE   (LST)  VALUE       VALUE  FROM      YEAR
                                                  NORMAL
..................................................................
TEMPERATURE (F)
 YESTERDAY
  MAXIMUM         88    504 PM 104    1967  87      1       80
  MINIMUM         49    629 AM  37    1965  50     -1       54
  AVERAGE         69                        68      1       67

PRECIPITATION (IN)
  YESTERDAY        0.00          0.24 1964   0.01  -0.01     0.00
  MONTH TO DATE    0.00                      0.01  -0.01     0.00
  SINCE OCT 1      9.25                      9.66  -0.41     7.05
  SINCE JAN 1      4.79                      6.25  -1.46     5.54

DEGREE DAYS
 HEATING
  YESTERDAY        0                         1     -1        0
  MONTH TO DATE    0                         1     -1        0
  SINCE SEP 1      0                         1     -1        0
  SINCE JUL 1      2                        17    -15        1

 COOLING
  YESTERDAY        4                         4      0        2
  MONTH TO DATE    4                         4      0        2
  SINCE SEP 1      4                         4      0        2
  SINCE JAN 1   1108                       797    311      999
..................................................................


WIND (MPH)
  HIGHEST WIND SPEED     9   HIGHEST WIND DIRECTION     E (100)
  HIGHEST GUST SPEED    12   HIGHEST GUST DIRECTION     E (100)
  AVERAGE WIND SPEED     2.3


SKY COVER
  AVERAGE SKY COVER 0.0


WEATHER CONDITIONS
 THE FOLLOWING WEATHER WAS RECORDED YESTERDAY.
  HAZE


RELATIVE HUMIDITY (PERCENT)
 HIGHEST    74           500 AM
 LOWEST     22           500 PM
 AVERAGE    48

..........................................................


THE ONTARIO OR CLIMATE NORMALS FOR TODAY
                         NORMAL    RECORD    YEAR
 MAXIMUM TEMPERATURE (F)   86       100      1987
 MINIMUM TEMPERATURE (F)   50        37      1975


SUNRISE AND SUNSET
SEPTEMBER  2 2015.....SUNRISE   712 AM MDT   SUNSET   822 PM MDT
SEPTEMBER  3 2015.....SUNRISE   713 AM MDT   SUNSET   821 PM MDT


-  INDICATES NEGATIVE NUMBERS.
R  INDICATES RECORD WAS SET OR TIED.
MM INDICATES DATA IS MISSING.
T  INDICATES TRACE AMOUNT.




$$
