000
CDUS45 KBOI 050946
CLIONO


CLIMATE REPORT
NATIONAL WEATHER SERVICE BOISE ID
246 AM MST FRI FEB 5 2016


...................................

...THE ONTARIO OR CLIMATE SUMMARY FOR FEBRUARY 4 2016...

CLIMATE NORMAL PERIOD 1981 TO 2010
CLIMATE RECORD PERIOD 1948 TO 2016


WEATHER ITEM   OBSERVED TIME   RECORD YEAR NORMAL DEPARTURE LAST
                VALUE   (LST)  VALUE       VALUE  FROM      YEAR
                                                  NORMAL
..................................................................
TEMPERATURE (F)
 YESTERDAY
  MAXIMUM         35    448 PM  51    1998  39     -4       48
  MINIMUM         29   1159 PM -24    1989  21      8       39
  AVERAGE         32                        30      2       44

PRECIPITATION (IN)
  YESTERDAY        0.09          0.56 1951   0.03   0.06     0.07
  MONTH TO DATE    0.09                      0.11  -0.02     0.49
  SINCE OCT 1      5.59                      4.70   0.89     5.51
  SINCE JAN 1      0.84                      1.29  -0.45     1.05

DEGREE DAYS
 HEATING
  YESTERDAY       33                        35     -2       21
  MONTH TO DATE  136                       140     -4      102
  SINCE DEC 1   2261                      2455   -194     2016
  SINCE JUL 1   3386                      3883   -497     3297

 COOLING
  YESTERDAY        0                         0      0        0
  MONTH TO DATE    0                         0      0        0
  SINCE DEC 1      0                         0      0        0
  SINCE JAN 1      0                         0      0        0
..................................................................


WIND (MPH)
  HIGHEST WIND SPEED    12   HIGHEST WIND DIRECTION    SE (150)
  HIGHEST GUST SPEED    16   HIGHEST GUST DIRECTION    SE (140)
  AVERAGE WIND SPEED     4.8


SKY COVER
  AVERAGE SKY COVER 1.0


WEATHER CONDITIONS
 THE FOLLOWING WEATHER WAS RECORDED YESTERDAY.
  LIGHT SNOW
  FOG


RELATIVE HUMIDITY (PERCENT)
 HIGHEST    92          1200 AM
 LOWEST     75           300 PM
 AVERAGE    84

..........................................................


THE ONTARIO OR CLIMATE NORMALS FOR TODAY
                         NORMAL    RECORD    YEAR
 MAXIMUM TEMPERATURE (F)   39        62      1963
 MINIMUM TEMPERATURE (F)   21       -21      1989


SUNRISE AND SUNSET
FEBRUARY  5 2016......SUNRISE   801 AM MST   SUNSET   603 PM MST
FEBRUARY  6 2016......SUNRISE   800 AM MST   SUNSET   605 PM MST


-  INDICATES NEGATIVE NUMBERS.
R  INDICATES RECORD WAS SET OR TIED.
MM INDICATES DATA IS MISSING.
T  INDICATES TRACE AMOUNT.




$$
