000
CDUS45 KBOI 240931
CLIONO


CLIMATE REPORT
NATIONAL WEATHER SERVICE BOISE ID
331 AM MDT FRI MAR 24 2017


...................................

...THE ONTARIO OR CLIMATE SUMMARY FOR MARCH 23 2017...

CLIMATE NORMAL PERIOD 1981 TO 2010
CLIMATE RECORD PERIOD 1948 TO 2017


WEATHER ITEM   OBSERVED TIME   RECORD YEAR NORMAL DEPARTURE LAST
                VALUE   (LST)  VALUE       VALUE  FROM      YEAR
                                                  NORMAL
..................................................................
TEMPERATURE (F)
 YESTERDAY
  MAXIMUM         59    551 PM  78    1960  59      0       60
  MINIMUM         38    725 AM  16    1966  32      6       34
  AVERAGE         49                        46      3       47

PRECIPITATION (IN)
  YESTERDAY        0.00          0.45 1961   0.03  -0.03     0.00
  MONTH TO DATE    0.61                      0.76  -0.15     0.43
  SINCE OCT 1      8.75                      6.15   2.60     6.22
  SINCE JAN 1      5.43                      2.74   2.69     1.47

DEGREE DAYS
 HEATING
  YESTERDAY       16                        19     -3       18
  MONTH TO DATE  414                       522   -108      405
  SINCE MAR 1    414                       522   -108      405
  SINCE JUL 1   5288                      5152    136     4395

 COOLING
  YESTERDAY        0                         0      0        0
  MONTH TO DATE    0                         0      0        0
  SINCE MAR 1      0                         0      0        0
  SINCE JAN 1      0                         0      0        0
..................................................................


WIND (MPH)
  HIGHEST WIND SPEED    23   HIGHEST WIND DIRECTION    NW (310)
  HIGHEST GUST SPEED    30   HIGHEST GUST DIRECTION    NW (300)
  AVERAGE WIND SPEED     9.0


SKY COVER
  AVERAGE SKY COVER 0.0


WEATHER CONDITIONS
 THE FOLLOWING WEATHER WAS RECORDED YESTERDAY.
  NO SIGNIFICANT WEATHER WAS OBSERVED.


RELATIVE HUMIDITY (PERCENT)
 HIGHEST    70           100 AM
 LOWEST     28           500 PM
 AVERAGE    49

..........................................................


THE ONTARIO OR CLIMATE NORMALS FOR TODAY
                         NORMAL    RECORD    YEAR
 MAXIMUM TEMPERATURE (F)   59        78      1960
 MINIMUM TEMPERATURE (F)   32        16      1965


SUNRISE AND SUNSET
MARCH 24 2017.........SUNRISE   743 AM MDT   SUNSET   806 PM MDT
MARCH 25 2017.........SUNRISE   742 AM MDT   SUNSET   807 PM MDT


-  INDICATES NEGATIVE NUMBERS.
R  INDICATES RECORD WAS SET OR TIED.
MM INDICATES DATA IS MISSING.
T  INDICATES TRACE AMOUNT.




$$
