449
CDUS45 KBOI 260932
CLIONO


CLIMATE REPORT
NATIONAL WEATHER SERVICE BOISE ID
332 AM MDT FRI AUG 26 2016


...................................

...THE ONTARIO OR CLIMATE SUMMARY FOR AUGUST 25 2016...

CLIMATE NORMAL PERIOD 1981 TO 2010
CLIMATE RECORD PERIOD 1948 TO 2016


WEATHER ITEM   OBSERVED TIME   RECORD YEAR NORMAL DEPARTURE LAST
                VALUE   (LST)  VALUE       VALUE  FROM      YEAR
                                                  NORMAL
..................................................................
TEMPERATURE (F)
 YESTERDAY
  MAXIMUM         86    503 PM 104    1969  89     -3       97
  MINIMUM         55    513 AM  37    1992  52      3       58
  AVERAGE         71                        71      0       78

PRECIPITATION (IN)
  YESTERDAY        0.00          0.16 1961   0.01  -0.01     0.00
  MONTH TO DATE    0.01                      0.14  -0.13     0.01
  SINCE OCT 1      7.32                      9.61  -2.29     9.24
  SINCE JAN 1      2.57                      6.20  -3.63     4.78

DEGREE DAYS
 HEATING
  YESTERDAY        0                         1     -1        0
  MONTH TO DATE    0                         1     -1        0
  SINCE JUN 1     35                        58    -23        3
  SINCE JUL 1      9                         6      3        2

 COOLING
  YESTERDAY        6                         6      0       13
  MONTH TO DATE  266                       237     29      299
  SINCE JUN 1    851                       724    127     1029
  SINCE JAN 1    890                       760    130     1062
..................................................................


WIND (MPH)
  HIGHEST WIND SPEED    16   HIGHEST WIND DIRECTION    SE (130)
  HIGHEST GUST SPEED    23   HIGHEST GUST DIRECTION    SE (130)
  AVERAGE WIND SPEED     4.6


SKY COVER
  AVERAGE SKY COVER 0.0


WEATHER CONDITIONS
 THE FOLLOWING WEATHER WAS RECORDED YESTERDAY.
  HAZE


RELATIVE HUMIDITY (PERCENT)
 HIGHEST    57           600 AM
 LOWEST     16           400 PM
 AVERAGE    37

..........................................................


THE ONTARIO OR CLIMATE NORMALS FOR TODAY
                         NORMAL    RECORD    YEAR
 MAXIMUM TEMPERATURE (F)   89       101      1988
 MINIMUM TEMPERATURE (F)   52        36      1993


SUNRISE AND SUNSET
AUGUST 26 2016........SUNRISE   705 AM MDT   SUNSET   833 PM MDT
AUGUST 27 2016........SUNRISE   706 AM MDT   SUNSET   832 PM MDT


-  INDICATES NEGATIVE NUMBERS.
R  INDICATES RECORD WAS SET OR TIED.
MM INDICATES DATA IS MISSING.
T  INDICATES TRACE AMOUNT.




$$
