000
CDUS45 KBOI 230931
CLIONO


CLIMATE REPORT
NATIONAL WEATHER SERVICE BOISE ID
331 AM MDT TUE MAY 23 2017


...................................

...THE ONTARIO OR CLIMATE SUMMARY FOR MAY 22 2017...

CLIMATE NORMAL PERIOD 1981 TO 2010
CLIMATE RECORD PERIOD 1948 TO 2017


WEATHER ITEM   OBSERVED TIME   RECORD YEAR NORMAL DEPARTURE LAST
                VALUE   (LST)  VALUE       VALUE  FROM      YEAR
                                                  NORMAL
..................................................................
TEMPERATURE (F)
 YESTERDAY
  MAXIMUM         86    617 PM  95    1967  77      9       68
                                      1956
  MINIMUM         49    546 AM  26    1960  46      3       46
  AVERAGE         68                        61      7       57

PRECIPITATION (IN)
  YESTERDAY        0.00          0.20 1998   0.04  -0.04      T
  MONTH TO DATE    1.13                      0.89   0.24     0.30
  SINCE OCT 1     12.03                      8.09   3.94     6.98
  SINCE JAN 1      8.71                      4.68   4.03     2.23

DEGREE DAYS
 HEATING
  YESTERDAY        0                         5     -5        8
  MONTH TO DATE  156                       170    -14       88
  SINCE MAR 1   1136                      1281   -145      894
  SINCE JUL 1   6010                      5911     99     4884

 COOLING
  YESTERDAY        3                         1      2        0
  MONTH TO DATE    9                        17     -8       30
  SINCE MAR 1      9                        18     -9       30
  SINCE JAN 1      9                        18     -9       30
..................................................................


WIND (MPH)
  HIGHEST WIND SPEED     8   HIGHEST WIND DIRECTION    NE (30)
  HIGHEST GUST SPEED    11   HIGHEST GUST DIRECTION    NE (30)
  AVERAGE WIND SPEED     2.6


SKY COVER
  AVERAGE SKY COVER 0.0


WEATHER CONDITIONS
 THE FOLLOWING WEATHER WAS RECORDED YESTERDAY.
  NO SIGNIFICANT WEATHER WAS OBSERVED.


RELATIVE HUMIDITY (PERCENT)
 HIGHEST    86           500 AM
 LOWEST     19           500 PM
 AVERAGE    53

..........................................................


THE ONTARIO OR CLIMATE NORMALS FOR TODAY
                         NORMAL    RECORD    YEAR
 MAXIMUM TEMPERATURE (F)   77        95      2001
 MINIMUM TEMPERATURE (F)   47        27      1966


SUNRISE AND SUNSET
MAY 23 2017...........SUNRISE   614 AM MDT   SUNSET   916 PM MDT
MAY 24 2017...........SUNRISE   613 AM MDT   SUNSET   917 PM MDT


-  INDICATES NEGATIVE NUMBERS.
R  INDICATES RECORD WAS SET OR TIED.
MM INDICATES DATA IS MISSING.
T  INDICATES TRACE AMOUNT.




$$
