000
CDUS45 KBOI 010931
CLIONO


CLIMATE REPORT
NATIONAL WEATHER SERVICE BOISE ID
330 AM MDT SAT OCT 1 2016


...................................

...THE ONTARIO OR CLIMATE SUMMARY FOR SEPTEMBER 30 2016...

CLIMATE NORMAL PERIOD 1981 TO 2010
CLIMATE RECORD PERIOD 1948 TO 2016


WEATHER ITEM   OBSERVED TIME   RECORD YEAR NORMAL DEPARTURE LAST
                VALUE   (LST)  VALUE       VALUE  FROM      YEAR
                                                  NORMAL
..................................................................
TEMPERATURE (F)
 YESTERDAY
  MAXIMUM         89    331 PM  93    1963  75     14       79
  MINIMUM         50    711 AM  24    1985  40     10       44
  AVERAGE         70                        57     13       62

PRECIPITATION (IN)
  YESTERDAY        0.00          0.35 1989   0.02  -0.02     0.00
  MONTH TO DATE    0.05                      0.41  -0.36     0.45
  SINCE OCT 1      7.37                     10.06  -2.69     9.70
  SINCE JAN 1      2.62                      6.65  -4.03     5.24

DEGREE DAYS
 HEATING
  YESTERDAY        0                         8     -8        3
  MONTH TO DATE   73                       117    -44       77
  SINCE SEP 1     73                       118    -45       77
  SINCE JUL 1     82                       134    -52       79

 COOLING
  YESTERDAY        5                         0      5        0
  MONTH TO DATE   31                        58    -27       57
  SINCE SEP 1     31                        58    -27       57
  SINCE JAN 1    976                       851    125     1161
..................................................................


WIND (MPH)
  HIGHEST WIND SPEED    16   HIGHEST WIND DIRECTION    SE (140)
  HIGHEST GUST SPEED    21   HIGHEST GUST DIRECTION    SE (140)
  AVERAGE WIND SPEED     4.7


SKY COVER
  AVERAGE SKY COVER 0.0


WEATHER CONDITIONS
 THE FOLLOWING WEATHER WAS RECORDED YESTERDAY.
  NO SIGNIFICANT WEATHER WAS OBSERVED.


RELATIVE HUMIDITY (PERCENT)
 HIGHEST    62           500 AM
 LOWEST     15           400 PM
 AVERAGE    39

..........................................................


THE ONTARIO OR CLIMATE NORMALS FOR TODAY
                         NORMAL    RECORD    YEAR
 MAXIMUM TEMPERATURE (F)   75        91      1992
 MINIMUM TEMPERATURE (F)   39        22      1950


SUNRISE AND SUNSET
OCTOBER  1 2016.......SUNRISE   746 AM MDT   SUNSET   728 PM MDT
OCTOBER  2 2016.......SUNRISE   748 AM MDT   SUNSET   726 PM MDT


-  INDICATES NEGATIVE NUMBERS.
R  INDICATES RECORD WAS SET OR TIED.
MM INDICATES DATA IS MISSING.
T  INDICATES TRACE AMOUNT.




$$
