000
CDUS45 KBOI 110931
CLIONO


CLIMATE REPORT
NATIONAL WEATHER SERVICE BOISE ID
330 AM MDT FRI JUL 11 2014


...................................

...THE ONTARIO OR CLIMATE SUMMARY FOR JULY 10 2014...

CLIMATE NORMAL PERIOD 1981 TO 2010
CLIMATE RECORD PERIOD 1948 TO 2014


WEATHER ITEM   OBSERVED TIME   RECORD YEAR NORMAL DEPARTURE LAST
                VALUE   (LST)  VALUE       VALUE  FROM      YEAR
                                                  NORMAL
..................................................................
TEMPERATURE (F)
 YESTERDAY
  MAXIMUM         99    433 PM 110    1973  93      6      100
  MINIMUM         59    448 AM  48    1987  58      1       60
  AVERAGE         79                        75      4       80

PRECIPITATION (IN)
  YESTERDAY        0.00          0.68 1997   0.01  -0.01     0.00
  MONTH TO DATE    T                         0.14  -0.14     0.00
  SINCE OCT 1      6.51                      9.31  -2.80     5.55
  SINCE JAN 1      5.00                      5.90  -0.90     2.61

DEGREE DAYS
 HEATING
  YESTERDAY        0                         0      0        0
  MONTH TO DATE    0                         0      0        0
  SINCE JUN 1     28                        52    -24       39
  SINCE JUL 1      0                         0      0        0

 COOLING
  YESTERDAY       14                        11      3       15
  MONTH TO DATE  165                        94     71      176
  SINCE JUN 1    322                       233     89      380
  SINCE JAN 1    370                       269    101      427
..................................................................


WIND (MPH)
  HIGHEST WIND SPEED    12   HIGHEST WIND DIRECTION    NW (330)
  HIGHEST GUST SPEED    14   HIGHEST GUST DIRECTION    SE (150)
  AVERAGE WIND SPEED     3.6


SKY COVER
  AVERAGE SKY COVER 0.0


WEATHER CONDITIONS
 THE FOLLOWING WEATHER WAS RECORDED YESTERDAY.
  NO SIGNIFICANT WEATHER WAS OBSERVED.


RELATIVE HUMIDITY (PERCENT)
 HIGHEST    78           400 AM
 LOWEST     20          1000 PM
 AVERAGE    49

..........................................................


THE ONTARIO OR CLIMATE NORMALS FOR TODAY
                         NORMAL    RECORD    YEAR
 MAXIMUM TEMPERATURE (F)   93       110      2002
 MINIMUM TEMPERATURE (F)   58        44      1983


SUNRISE AND SUNSET
JULY 11 2014..........SUNRISE   616 AM MDT   SUNSET   931 PM MDT
JULY 12 2014..........SUNRISE   617 AM MDT   SUNSET   930 PM MDT


-  INDICATES NEGATIVE NUMBERS.
R  INDICATES RECORD WAS SET OR TIED.
MM INDICATES DATA IS MISSING.
T  INDICATES TRACE AMOUNT.




$$
