100
CDUS45 KBOI 280947
CLIONO


CLIMATE REPORT
NATIONAL WEATHER SERVICE BOISE ID
347 AM MDT WED JUN 28 2017


...................................

...THE ONTARIO OR CLIMATE SUMMARY FOR JUNE 27 2017...

CLIMATE NORMAL PERIOD 1981 TO 2010
CLIMATE RECORD PERIOD 1948 TO 2017


WEATHER ITEM   OBSERVED TIME   RECORD YEAR NORMAL DEPARTURE LAST
                VALUE   (LST)  VALUE       VALUE  FROM      YEAR
                                                  NORMAL
..................................................................
TEMPERATURE (F)
 YESTERDAY
  MAXIMUM         92    459 PM 105    1973  88      4      101
  MINIMUM         60    534 AM  36    1976  55      5       55
  AVERAGE         76                        71      5       78

PRECIPITATION (IN)
  YESTERDAY        T             0.35 2001   0.02  -0.02     0.00
  MONTH TO DATE    0.60                      0.65  -0.05     0.12
  SINCE OCT 1     12.78                      9.13   3.65     7.10
  SINCE JAN 1      9.46                      5.72   3.74     2.35

DEGREE DAYS
 HEATING
  YESTERDAY        0                         1     -1        0
  MONTH TO DATE   28                        50    -22       26
  SINCE JUN 1     28                        50    -22       26
  SINCE JUL 1   6046                      6000     46     4934

 COOLING
  YESTERDAY       11                         7      4       13
  MONTH TO DATE  138                       117     21      164
  SINCE JUN 1    138                       117     21      164
  SINCE JAN 1    178                       153     25      203
..................................................................


WIND (MPH)
  HIGHEST WIND SPEED    20   HIGHEST WIND DIRECTION    NW (310)
  HIGHEST GUST SPEED    24   HIGHEST GUST DIRECTION    NW (310)
  AVERAGE WIND SPEED     5.8


SKY COVER
  AVERAGE SKY COVER 0.0


WEATHER CONDITIONS
 THE FOLLOWING WEATHER WAS RECORDED YESTERDAY.
  LIGHT RAIN


RELATIVE HUMIDITY (PERCENT)
 HIGHEST    67           500 AM
 LOWEST     18           600 PM
 AVERAGE    43

..........................................................


THE ONTARIO OR CLIMATE NORMALS FOR TODAY
                         NORMAL    RECORD    YEAR
 MAXIMUM TEMPERATURE (F)   88       109      2015
 MINIMUM TEMPERATURE (F)   55        37      1969


SUNRISE AND SUNSET
JUNE 28 2017..........SUNRISE   608 AM MDT   SUNSET   935 PM MDT
JUNE 29 2017..........SUNRISE   608 AM MDT   SUNSET   935 PM MDT


-  INDICATES NEGATIVE NUMBERS.
R  INDICATES RECORD WAS SET OR TIED.
MM INDICATES DATA IS MISSING.
T  INDICATES TRACE AMOUNT.




$$
