000
CDUS45 KBOI 250930
CLIONO


CLIMATE REPORT
NATIONAL WEATHER SERVICE BOISE ID
330 AM MDT MON MAY 25 2015


...................................

...THE ONTARIO OR CLIMATE SUMMARY FOR MAY 24 2015...

CLIMATE NORMAL PERIOD 1981 TO 2010
CLIMATE RECORD PERIOD 1948 TO 2015


WEATHER ITEM   OBSERVED TIME   RECORD YEAR NORMAL DEPARTURE LAST
                VALUE   (LST)  VALUE       VALUE  FROM      YEAR
                                                  NORMAL
..................................................................
TEMPERATURE (F)
 YESTERDAY
  MAXIMUM         84    339 PM  94    2001  77      7       82
  MINIMUM         52    527 AM  32    1989  47      5       58
  AVERAGE         68                        62      6       70

PRECIPITATION (IN)
  YESTERDAY        0.00          0.48 1962   0.04  -0.04     0.00
  MONTH TO DATE    1.59                      0.98   0.61     0.42
  SINCE OCT 1      8.45                      8.18   0.27     6.24
  SINCE JAN 1      3.99                      4.77  -0.78     4.73

DEGREE DAYS
 HEATING
  YESTERDAY        0                         5     -5        0
  MONTH TO DATE   86                       180    -94      117
  SINCE MAR 1    996                      1291   -295     1108
  SINCE JUL 1   4790                      5921  -1131     5864

 COOLING
  YESTERDAY        3                         2      1        5
  MONTH TO DATE    9                        21    -12       33
  SINCE MAR 1      9                        22    -13       33
  SINCE JAN 1      9                        22    -13       33
..................................................................


WIND (MPH)
  HIGHEST WIND SPEED    17   HIGHEST WIND DIRECTION    NW (330)
  HIGHEST GUST SPEED    22   HIGHEST GUST DIRECTION    NW (310)
  AVERAGE WIND SPEED     5.9


SKY COVER
  AVERAGE SKY COVER 0.1


WEATHER CONDITIONS
 THE FOLLOWING WEATHER WAS RECORDED YESTERDAY.
  NO SIGNIFICANT WEATHER WAS OBSERVED.


RELATIVE HUMIDITY (PERCENT)
 HIGHEST    77           500 AM
 LOWEST     20           300 PM
 AVERAGE    49

..........................................................


THE ONTARIO OR CLIMATE NORMALS FOR TODAY
                         NORMAL    RECORD    YEAR
 MAXIMUM TEMPERATURE (F)   77        97      2001
 MINIMUM TEMPERATURE (F)   47        25      1975


SUNRISE AND SUNSET
MAY 25 2015...........SUNRISE   613 AM MDT   SUNSET   918 PM MDT
MAY 26 2015...........SUNRISE   612 AM MDT   SUNSET   919 PM MDT


-  INDICATES NEGATIVE NUMBERS.
R  INDICATES RECORD WAS SET OR TIED.
MM INDICATES DATA IS MISSING.
T  INDICATES TRACE AMOUNT.




$$
