000
CDUS45 KBOI 310933
CLIONO


CLIMATE REPORT
NATIONAL WEATHER SERVICE BOISE ID
332 AM MDT THU JUL 31 2014


...................................

...THE ONTARIO OR CLIMATE SUMMARY FOR JULY 30 2014...

CLIMATE NORMAL PERIOD 1981 TO 2010
CLIMATE RECORD PERIOD 1948 TO 2014


WEATHER ITEM   OBSERVED TIME   RECORD YEAR NORMAL DEPARTURE LAST
                VALUE   (LST)  VALUE       VALUE  FROM      YEAR
                                                  NORMAL
..................................................................
TEMPERATURE (F)
 YESTERDAY
  MAXIMUM         94    546 PM 109    1968  96     -2       93
  MINIMUM         63    558 AM  45    1963  59      4       60
  AVERAGE         79                        77      2       77

PRECIPITATION (IN)
  YESTERDAY        0.00          0.37 1964   0.00   0.00     0.00
  MONTH TO DATE    0.01                      0.29  -0.28     0.00
  SINCE OCT 1      6.52                      9.46  -2.94     5.55
  SINCE JAN 1      5.01                      6.05  -1.04     2.61

DEGREE DAYS
 HEATING
  YESTERDAY        0                         0      0        0
  MONTH TO DATE    0                         0      0        0
  SINCE JUN 1     28                        52    -24       39
  SINCE JUL 1      0                         0      0        0

 COOLING
  YESTERDAY       14                        12      2       12
  MONTH TO DATE  483                       334    149      494
  SINCE JUN 1    640                       473    167      698
  SINCE JAN 1    688                       509    179      745
..................................................................


WIND (MPH)
  HIGHEST WIND SPEED    15   HIGHEST WIND DIRECTION     S (170)
  HIGHEST GUST SPEED    23   HIGHEST GUST DIRECTION     S (170)
  AVERAGE WIND SPEED     4.0


SKY COVER
  AVERAGE SKY COVER 0.0


WEATHER CONDITIONS
 THE FOLLOWING WEATHER WAS RECORDED YESTERDAY.
  NO SIGNIFICANT WEATHER WAS OBSERVED.


RELATIVE HUMIDITY (PERCENT)
 HIGHEST    73           700 AM
 LOWEST     22           300 PM
 AVERAGE    48

..........................................................


THE ONTARIO OR CLIMATE NORMALS FOR TODAY
                         NORMAL    RECORD    YEAR
 MAXIMUM TEMPERATURE (F)   96       107      1971
 MINIMUM TEMPERATURE (F)   59        45      1963


SUNRISE AND SUNSET
JULY 31 2014..........SUNRISE   635 AM MDT   SUNSET   913 PM MDT
AUGUST  1 2014........SUNRISE   636 AM MDT   SUNSET   912 PM MDT


-  INDICATES NEGATIVE NUMBERS.
R  INDICATES RECORD WAS SET OR TIED.
MM INDICATES DATA IS MISSING.
T  INDICATES TRACE AMOUNT.




$$
