000
CDUS45 KBOI 220932
CLIONO


CLIMATE REPORT
NATIONAL WEATHER SERVICE BOISE ID
332 AM MDT FRI AUG 22 2014


...................................

...THE ONTARIO OR CLIMATE SUMMARY FOR AUGUST 21 2014...

CLIMATE NORMAL PERIOD 1981 TO 2010
CLIMATE RECORD PERIOD 1948 TO 2014


WEATHER ITEM   OBSERVED TIME   RECORD YEAR NORMAL DEPARTURE LAST
                VALUE   (LST)  VALUE       VALUE  FROM      YEAR
                                                  NORMAL
..................................................................
TEMPERATURE (F)
 YESTERDAY
  MAXIMUM         85    354 PM 104    1969  91     -6       89
  MINIMUM         57    636 AM  41    1974  54      3       63
  AVERAGE         71                        72     -1       76

PRECIPITATION (IN)
  YESTERDAY        0.00          0.28 1965   0.01  -0.01     0.00
  MONTH TO DATE    0.33                      0.11   0.22      T
  SINCE OCT 1      6.85                      9.58  -2.73     5.55
  SINCE JAN 1      5.34                      6.17  -0.83     2.61

DEGREE DAYS
 HEATING
  YESTERDAY        0                         0      0        0
  MONTH TO DATE    0                         0      0        0
  SINCE JUN 1     28                        57    -29       39
  SINCE JUL 1      0                         5     -5        0

 COOLING
  YESTERDAY        6                         7     -1       11
  MONTH TO DATE  250                       210     40      304
  SINCE JUN 1    903                       697    206     1013
  SINCE JAN 1    951                       733    218     1060
..................................................................


WIND (MPH)
  HIGHEST WIND SPEED    16   HIGHEST WIND DIRECTION    NW (310)
  HIGHEST GUST SPEED    23   HIGHEST GUST DIRECTION    NW (310)
  AVERAGE WIND SPEED     5.4


SKY COVER
  AVERAGE SKY COVER 0.0


WEATHER CONDITIONS
 THE FOLLOWING WEATHER WAS RECORDED YESTERDAY.
  NO SIGNIFICANT WEATHER WAS OBSERVED.


RELATIVE HUMIDITY (PERCENT)
 HIGHEST    48          1000 PM
 LOWEST     17           400 PM
 AVERAGE    33

..........................................................


THE ONTARIO OR CLIMATE NORMALS FOR TODAY
                         NORMAL    RECORD    YEAR
 MAXIMUM TEMPERATURE (F)   90       105      1961
 MINIMUM TEMPERATURE (F)   53        41      1966


SUNRISE AND SUNSET
AUGUST 22 2014........SUNRISE   700 AM MDT   SUNSET   841 PM MDT
AUGUST 23 2014........SUNRISE   701 AM MDT   SUNSET   839 PM MDT


-  INDICATES NEGATIVE NUMBERS.
R  INDICATES RECORD WAS SET OR TIED.
MM INDICATES DATA IS MISSING.
T  INDICATES TRACE AMOUNT.




$$
