000
CDUS46 KSGX 030117
CLIONT


CLIMATE REPORT
NATIONAL WEATHER SERVICE SAN DIEGO, CA
517 PM PST FRI DEC 2 2016


...................................

...THE ONTARIO INTL AIRPORT CA CLIMATE SUMMARY FOR DECEMBER 2 2016...
VALID TODAY AS OF 0500 PM LOCAL TIME.

CLIMATE NORMAL PERIOD 1981 TO 2010
CLIMATE RECORD PERIOD 1998 TO 2016


WEATHER ITEM   OBSERVED TIME   RECORD YEAR NORMAL DEPARTURE LAST
                VALUE   (LST)  VALUE       VALUE  FROM      YEAR
                                                  NORMAL
..................................................................
TEMPERATURE (F)
 TODAY
  MAXIMUM         61    218 PM  79    2015  67     -6       79
  MINIMUM         45    227 AM  31    2004  43      2       42
  AVERAGE         53                        55     -2       61

PRECIPITATION (IN)
  TODAY            0.00          1.32 2014   0.04  -0.04     0.00
  MONTH TO DATE    0.00                      0.07  -0.07     0.00
  SINCE OCT 1      1.45                      1.92  -0.47     1.12
  SINCE JAN 1      7.04                     12.79  -5.75     7.68

DEGREE DAYS
 HEATING
  TODAY           12                        10      2        4
  MONTH TO DATE   23                        20      3       15
  SINCE DEC 1     23                        20      3       15
  SINCE JUL 1    153                       242    -89      212

 COOLING
  TODAY            0                         0      0        0
  MONTH TO DATE    0                         0      0        0
  SINCE DEC 1      0                         0      0        0
  SINCE JAN 1   2102                      1705    397     2351
..................................................................


WIND (MPH)
  RESULTANT WIND SPEED  18   RESULTANT WIND DIRECTION  NE (40)
  HIGHEST WIND SPEED    37   HIGHEST WIND DIRECTION    NE (40)
  HIGHEST GUST SPEED    50   HIGHEST GUST DIRECTION    NE (50)
  AVERAGE WIND SPEED    18.4


SKY COVER
  POSSIBLE SUNSHINE  MM
  AVERAGE SKY COVER 0.3


WEATHER CONDITIONS
 THE FOLLOWING WEATHER WAS RECORDED TODAY.
  SANDSTORM


RELATIVE HUMIDITY (PERCENT)
 HIGHEST    86          1200 AM
 LOWEST     12           300 PM
 AVERAGE    49

..........................................................


THE ONTARIO INTL AIRPORT CA CLIMATE NORMALS FOR TOMORROW
                         NORMAL    RECORD    YEAR
 MAXIMUM TEMPERATURE (F)   67        78      2007
 MINIMUM TEMPERATURE (F)   43        37      2004


SUNRISE AND SUNSET
DECEMBER  2 2016......SUNRISE   639 AM PST   SUNSET   441 PM PST
DECEMBER  3 2016......SUNRISE   640 AM PST   SUNSET   441 PM PST


-  INDICATES NEGATIVE NUMBERS.
R  INDICATES RECORD WAS SET OR TIED.
MM INDICATES DATA IS MISSING.
T  INDICATES TRACE AMOUNT.




$$
