000
CDUS46 KSGX 240017
CLIONT


CLIMATE REPORT
NATIONAL WEATHER SERVICE SAN DIEGO, CA
517 PM PDT WED APR 23 2014


...................................

...THE ONTARIO INTL AIRPORT CA CLIMATE SUMMARY FOR APRIL 23 2014...
VALID TODAY AS OF 0500 PM LOCAL TIME.

CLIMATE NORMAL PERIOD 1981 TO 2010
CLIMATE RECORD PERIOD 1998 TO 2014


WEATHER ITEM   OBSERVED TIME   RECORD YEAR NORMAL DEPARTURE LAST
                VALUE   (LST)  VALUE       VALUE  FROM      YEAR
                                                  NORMAL
..................................................................
TEMPERATURE (F)
 TODAY
  MAXIMUM         76    311 PM  87    2004  75      1       83
  MINIMUM         52    538 AM  42    2010  52      0       56
  AVERAGE         64                        64      0       70

PRECIPITATION (IN)
  TODAY            0.00          0.06 2006   0.03  -0.03     0.00
  MONTH TO DATE    0.28                      0.74  -0.46      T
  SINCE JUL 1      3.87                     14.42 -10.55     5.19
  SINCE JAN 1      2.95                      9.76  -6.81     2.42

SNOWFALL (IN)
  TODAY            0.0
  MONTH TO DATE    0.0
  SINCE JAN 1      0.0
  SINCE JUL 1      0.0
  SNOW DEPTH       0

DEGREE DAYS
 HEATING
  TODAY            1                         3     -2        0
  MONTH TO DATE   46                       103    -57       50
  SINCE MAR 1    119                       315   -196      150
  SINCE JUL 1    805                      1472   -667     1258

 COOLING
  TODAY            0                         2     -2        5
  MONTH TO DATE   74                        28     46       36
  SINCE MAR 1    106                        40     66       73
  SINCE JAN 1    136                        46     90       74
..................................................................


WIND (MPH)
  RESULTANT WIND SPEED   6   RESULTANT WIND DIRECTION   W (260)
  HIGHEST WIND SPEED    16   HIGHEST WIND DIRECTION     W (270)
  HIGHEST GUST SPEED    22   HIGHEST GUST DIRECTION     W (270)
  AVERAGE WIND SPEED     6.6


SKY COVER
  POSSIBLE SUNSHINE  MM
  AVERAGE SKY COVER 0.6


WEATHER CONDITIONS
 THE FOLLOWING WEATHER WAS RECORDED TODAY.
  NO SIGNIFICANT WEATHER WAS OBSERVED.


RELATIVE HUMIDITY (PERCENT)
 HIGHEST    83           300 AM
 LOWEST     31           200 PM
 AVERAGE    57

..........................................................


THE ONTARIO INTL AIRPORT CA CLIMATE NORMALS FOR TOMORROW
                         NORMAL    RECORD    YEAR
 MAXIMUM TEMPERATURE (F)   75        91      2001
 MINIMUM TEMPERATURE (F)   52        47      2006


SUNRISE AND SUNSET
APRIL 23 2014.........SUNRISE   610 AM PDT   SUNSET   728 PM PDT
APRIL 24 2014.........SUNRISE   609 AM PDT   SUNSET   729 PM PDT


-  INDICATES NEGATIVE NUMBERS.
R  INDICATES RECORD WAS SET OR TIED.
MM INDICATES DATA IS MISSING.
T  INDICATES TRACE AMOUNT.




$$
