000
CDUS41 KAKQ 090634
CLIORF


CLIMATE REPORT
NATIONAL WEATHER SERVICE WAKEFIELD, VA
133 AM EST FRI DEC 9 2016


...................................

...THE NORFOLK VA CLIMATE SUMMARY FOR DECEMBER 8 2016...

CLIMATE NORMAL PERIOD 1981 TO 2010
CLIMATE RECORD PERIOD 1871 TO 2016


WEATHER ITEM   OBSERVED TIME   RECORD YEAR NORMAL DEPARTURE LAST
                VALUE   (LST)  VALUE       VALUE  FROM      YEAR
                                                  NORMAL
..................................................................
TEMPERATURE (F)
 YESTERDAY
  MAXIMUM         49    313 PM  79    1998  54     -5       54
  MINIMUM         35   1238 AM  16    1882  38     -3       38
  AVERAGE         42                        46     -4       46

PRECIPITATION (IN)
  YESTERDAY        0.01          1.45 1973   0.10  -0.09     0.00
  MONTH TO DATE    1.63                      0.85   0.78     0.52
  SINCE DEC 1      1.63                      0.85   0.78     0.52
  SINCE JAN 1     67.95                     44.12  23.83    47.34

SNOWFALL (IN)
  YESTERDAY       MM             1.0  1976   0.0   MM
  MONTH TO DATE    0.0                       0.1   -0.1
  SINCE NOV 1      0.0                       0.1   -0.1
  SINCE JUL 1      0.0                       0.1   -0.1
  SNOW DEPTH       0

DEGREE DAYS
 HEATING
  YESTERDAY       23                        19      4       19
  MONTH TO DATE  125                       145    -20      111
  SINCE DEC 1    125                       145    -20      111
  SINCE JUL 1    588                       675    -87      450

 COOLING
  YESTERDAY        0                         0      0        0
  MONTH TO DATE    0                         0      0        0
  SINCE DEC 1      0                         0      0        0
  SINCE JAN 1   1998                      1628    370     1945
..................................................................


WIND (MPH)
  HIGHEST WIND SPEED    12   HIGHEST WIND DIRECTION     N (340)
  HIGHEST GUST SPEED    17   HIGHEST GUST DIRECTION     N (350)
  AVERAGE WIND SPEED     4.0


SKY COVER
  POSSIBLE SUNSHINE  MM
  AVERAGE SKY COVER 0.4


WEATHER CONDITIONS
 THE FOLLOWING WEATHER WAS RECORDED YESTERDAY.
  LIGHT RAIN
  FOG


RELATIVE HUMIDITY (PERCENT)
 HIGHEST   100           200 AM
 LOWEST     45           900 PM
 AVERAGE    73

..........................................................


THE NORFOLK VA CLIMATE NORMALS FOR TODAY
                         NORMAL    RECORD    YEAR
 MAXIMUM TEMPERATURE (F)   54        79      1978
 MINIMUM TEMPERATURE (F)   38        14      1876


SUNRISE AND SUNSET
DECEMBER  9 2016......SUNRISE   706 AM EST   SUNSET   448 PM EST
DECEMBER 10 2016......SUNRISE   707 AM EST   SUNSET   448 PM EST


-  INDICATES NEGATIVE NUMBERS.
R  INDICATES RECORD WAS SET OR TIED.
MM INDICATES DATA IS MISSING.
T  INDICATES TRACE AMOUNT.




$$
