000
CDUS41 KAKQ 290845
CLIORF


CLIMATE REPORT
NATIONAL WEATHER SERVICE WAKEFIELD, VA
345 AM EST THU JAN 29 2015


...................................

...THE NORFOLK VA CLIMATE SUMMARY FOR JANUARY 28 2015...

CLIMATE NORMAL PERIOD 1981 TO 2010
CLIMATE RECORD PERIOD 1871 TO 2015


WEATHER ITEM   OBSERVED TIME   RECORD YEAR NORMAL DEPARTURE LAST
                VALUE   (LST)  VALUE       VALUE  FROM      YEAR
                                                  NORMAL
..................................................................
TEMPERATURE (F)
 YESTERDAY
  MAXIMUM         40    431 PM  76    1944  48     -8       32
  MINIMUM         29    834 AM  13    1961  33     -4       19
                                      1940
                                      1936
  AVERAGE         35                        41     -6       26

PRECIPITATION (IN)
  YESTERDAY        0.00          1.44 1882   0.11  -0.11     0.34
  MONTH TO DATE    3.58                      3.07   0.51     2.80
  SINCE DEC 1      7.28                      6.33   0.95     7.55
  SINCE JAN 1      3.58                      3.07   0.51     2.80

SNOWFALL (IN)
  YESTERDAY        0.0           5.6  2014   0.1   -0.1
  MONTH TO DATE    1.0                       2.3   -1.3
  SINCE NOV 1      1.0                       3.5   -2.5
  SINCE JUL 1      1.0                       3.5   -2.5
  SNOW DEPTH       0

DEGREE DAYS
 HEATING
  YESTERDAY       30                        24      6       39
  MONTH TO DATE  688                       694     -6      734
  SINCE DEC 1   1281                      1343    -62     1305
  SINCE JUL 1   1844                      1873    -29     1836

 COOLING
  YESTERDAY        0                         0      0        0
  MONTH TO DATE    0                         0      0        0
  SINCE DEC 1      0                         1     -1        5
  SINCE JAN 1      0                         0      0        0
..................................................................


WIND (MPH)
  HIGHEST WIND SPEED    21   HIGHEST WIND DIRECTION     N (360)
  HIGHEST GUST SPEED    29   HIGHEST GUST DIRECTION     N (360)
  AVERAGE WIND SPEED    11.2


SKY COVER
  POSSIBLE SUNSHINE  MM
  AVERAGE SKY COVER 0.2


WEATHER CONDITIONS
 THE FOLLOWING WEATHER WAS RECORDED YESTERDAY.
  NO SIGNIFICANT WEATHER WAS OBSERVED.


RELATIVE HUMIDITY (PERCENT)
 HIGHEST    63           800 AM
 LOWEST     23           500 PM
 AVERAGE    43

..........................................................


THE NORFOLK VA CLIMATE NORMALS FOR TODAY
                         NORMAL    RECORD    YEAR
 MAXIMUM TEMPERATURE (F)   49        78      1970
 MINIMUM TEMPERATURE (F)   33        11      1897


SUNRISE AND SUNSET
JANUARY 29 2015.......SUNRISE   710 AM EST   SUNSET   527 PM EST
JANUARY 30 2015.......SUNRISE   709 AM EST   SUNSET   528 PM EST


-  INDICATES NEGATIVE NUMBERS.
R  INDICATES RECORD WAS SET OR TIED.
MM INDICATES DATA IS MISSING.
T  INDICATES TRACE AMOUNT.




$$
