008
CDUS41 KAKQ 310527
CLIORF


CLIMATE REPORT
NATIONAL WEATHER SERVICE WAKEFIELD, VA
127 AM EDT TUE MAY 31 2016


...................................

...THE NORFOLK VA CLIMATE SUMMARY FOR MAY 30 2016...

CLIMATE NORMAL PERIOD 1981 TO 2010
CLIMATE RECORD PERIOD 1871 TO 2016


WEATHER ITEM   OBSERVED TIME   RECORD YEAR NORMAL DEPARTURE LAST
                VALUE   (LST)  VALUE       VALUE  FROM      YEAR
                                                  NORMAL
..................................................................
TEMPERATURE (F)
 YESTERDAY
  MAXIMUM         78    139 PM  99    1991  79     -1       85
  MINIMUM         70   1159 PM  48    1961  62      8       68
                                      1884
  AVERAGE         74                        71      3       77

PRECIPITATION (IN)
  YESTERDAY        0.75          2.96 1984   0.12   0.63     0.00
  MONTH TO DATE    5.12                      3.28   1.84     1.51
  SINCE MAR 1     11.36                     10.37   0.99     8.82
  SINCE JAN 1     22.23                     16.89   5.34    15.00

SNOWFALL (IN)
  YESTERDAY        0.0           0.0  2002   0.0    0.0
                                      2001
  MONTH TO DATE    0.0                       0.0    0.0
  SINCE NOV 1      5.0                       5.8   -0.8
  SINCE JUL 1      5.0                       5.8   -0.8
  SNOW DEPTH       0

DEGREE DAYS
 HEATING
  YESTERDAY        0                         1     -1        0
  MONTH TO DATE   70                        70      0       30
  SINCE MAR 1    606                       801   -195      763
  SINCE JUL 1   2522                      3370   -848     3599

 COOLING
  YESTERDAY        9                         6      3       12
  MONTH TO DATE  101                       115    -14      198
  SINCE MAR 1    149                       158     -9      223
  SINCE JAN 1    149                       159    -10      223
..................................................................


WIND (MPH)
  HIGHEST WIND SPEED    12   HIGHEST WIND DIRECTION    NE (60)
  HIGHEST GUST SPEED    14   HIGHEST GUST DIRECTION    NE (60)
  AVERAGE WIND SPEED     5.3


SKY COVER
  POSSIBLE SUNSHINE  MM
  AVERAGE SKY COVER 0.8


WEATHER CONDITIONS
 THE FOLLOWING WEATHER WAS RECORDED YESTERDAY.
  HEAVY RAIN
  RAIN
  LIGHT RAIN
  FOG


RELATIVE HUMIDITY (PERCENT)
 HIGHEST    97           700 PM
 LOWEST     82          1000 AM
 AVERAGE    90

..........................................................


THE NORFOLK VA CLIMATE NORMALS FOR TODAY
                         NORMAL    RECORD    YEAR
 MAXIMUM TEMPERATURE (F)   79       100      1991
 MINIMUM TEMPERATURE (F)   63        47      1961


SUNRISE AND SUNSET
MAY 31 2016...........SUNRISE   547 AM EDT   SUNSET   818 PM EDT
JUNE  1 2016..........SUNRISE   547 AM EDT   SUNSET   819 PM EDT


-  INDICATES NEGATIVE NUMBERS.
R  INDICATES RECORD WAS SET OR TIED.
MM INDICATES DATA IS MISSING.
T  INDICATES TRACE AMOUNT.




$$
