000
CDUS41 KAKQ 230829
CLIORF


CLIMATE REPORT
NATIONAL WEATHER SERVICE WAKEFIELD, VA
428 AM EDT WED JUL 23 2014


...................................

...THE NORFOLK VA CLIMATE SUMMARY FOR JULY 22 2014...

CLIMATE NORMAL PERIOD 1981 TO 2010
CLIMATE RECORD PERIOD 1871 TO 2014


WEATHER ITEM   OBSERVED TIME   RECORD YEAR NORMAL DEPARTURE LAST
                VALUE   (LST)  VALUE       VALUE  FROM      YEAR
                                                  NORMAL
..................................................................
TEMPERATURE (F)
 YESTERDAY
  MAXIMUM         84    313 PM 102    2011  88     -4       89
  MINIMUM         73    350 AM  58    1966  72      1       74
  AVERAGE         79                        80     -1       82

PRECIPITATION (IN)
  YESTERDAY        0.00          3.27 2013   0.17  -0.17     3.27
  MONTH TO DATE    5.48                      3.44   2.04     7.08
  SINCE JUN 1      7.39                      7.70  -0.31     9.70
  SINCE JAN 1     27.01                     24.72   2.29    27.12

SNOWFALL (IN)
  YESTERDAY        0.0           0.0  2002   0.0    0.0
                                      2001
  MONTH TO DATE    0.0                       0.0    0.0
  SINCE NOV 1     15.5                       5.8    9.7
  SINCE JUL 1      0.0                       0.0    0.0
  SNOW DEPTH       0

DEGREE DAYS
 HEATING
  YESTERDAY        0                         0      0        0
  MONTH TO DATE    0                         0      0        0
  SINCE JUN 1      3                         6     -3        0
  SINCE JUL 1      0                         0      0        0

 COOLING
  YESTERDAY       14                        15     -1       17
  MONTH TO DATE  320                       324     -4      381
  SINCE JUN 1    678                       639     39      743
  SINCE JAN 1    880                       805     75      964
..................................................................


WIND (MPH)
  HIGHEST WIND SPEED    15   HIGHEST WIND DIRECTION    NE (60)
  HIGHEST GUST SPEED    19   HIGHEST GUST DIRECTION    SE (120)
  AVERAGE WIND SPEED     6.2


SKY COVER
  POSSIBLE SUNSHINE  MM
  AVERAGE SKY COVER 0.2


WEATHER CONDITIONS
 THE FOLLOWING WEATHER WAS RECORDED YESTERDAY.
  NO SIGNIFICANT WEATHER WAS OBSERVED.


RELATIVE HUMIDITY (PERCENT)
 HIGHEST    93           500 AM
 LOWEST     65           100 PM
 AVERAGE    79

..........................................................


THE NORFOLK VA CLIMATE NORMALS FOR TODAY
                         NORMAL    RECORD    YEAR
 MAXIMUM TEMPERATURE (F)   88       103      2011
                                             1952
 MINIMUM TEMPERATURE (F)   72        60      1974
                                             1971
                                             1966


SUNRISE AND SUNSET
JULY 23 2014..........SUNRISE   603 AM EDT   SUNSET   819 PM EDT
JULY 24 2014..........SUNRISE   604 AM EDT   SUNSET   818 PM EDT


-  INDICATES NEGATIVE NUMBERS.
R  INDICATES RECORD WAS SET OR TIED.
MM INDICATES DATA IS MISSING.
T  INDICATES TRACE AMOUNT.




$$
