000
CDUS41 KAKQ 300931
CLIORF


CLIMATE REPORT
NATIONAL WEATHER SERVICE WAKEFIELD, VA
530 AM EDT WED JUL 30 2014


...................................

...THE NORFOLK VA CLIMATE SUMMARY FOR JULY 29 2014...

CLIMATE NORMAL PERIOD 1981 TO 2010
CLIMATE RECORD PERIOD 1871 TO 2014


WEATHER ITEM   OBSERVED TIME   RECORD YEAR NORMAL DEPARTURE LAST
                VALUE   (LST)  VALUE       VALUE  FROM      YEAR
                                                  NORMAL
..................................................................
TEMPERATURE (F)
 YESTERDAY
  MAXIMUM         78    337 PM 103    1993  87     -9       83
  MINIMUM         69    551 AM  58    1946  72     -3       72
  AVERAGE         74                        80     -6       78

PRECIPITATION (IN)
  YESTERDAY        0.00          4.64 2010   0.19  -0.19     0.00
  MONTH TO DATE    7.87                      4.75   3.12     8.19
  SINCE JUN 1      9.78                      9.01   0.77    10.81
  SINCE JAN 1     29.40                     26.03   3.37    28.23

SNOWFALL (IN)
  YESTERDAY        0.0           0.0  2002   0.0    0.0
                                      2001
  MONTH TO DATE    0.0                       0.0    0.0
  SINCE NOV 1     15.5                       5.8    9.7
  SINCE JUL 1      0.0                       0.0    0.0
  SNOW DEPTH       0

DEGREE DAYS
 HEATING
  YESTERDAY        0                         0      0        0
  MONTH TO DATE    0                         0      0        0
  SINCE JUN 1      3                         6     -3        0
  SINCE JUL 1      0                         0      0        0

 COOLING
  YESTERDAY        9                        14     -5       13
  MONTH TO DATE  414                       428    -14      475
  SINCE JUN 1    772                       743     29      837
  SINCE JAN 1    974                       909     65     1058
..................................................................


WIND (MPH)
  HIGHEST WIND SPEED    15   HIGHEST WIND DIRECTION     N (360)
  HIGHEST GUST SPEED    25   HIGHEST GUST DIRECTION     N (350)
  AVERAGE WIND SPEED     7.4


SKY COVER
  POSSIBLE SUNSHINE  MM
  AVERAGE SKY COVER 0.1


WEATHER CONDITIONS
 THE FOLLOWING WEATHER WAS RECORDED YESTERDAY.
  NO SIGNIFICANT WEATHER WAS OBSERVED.


RELATIVE HUMIDITY (PERCENT)
 HIGHEST    73           500 AM
 LOWEST     50           500 PM
 AVERAGE    62

..........................................................


THE NORFOLK VA CLIMATE NORMALS FOR TODAY
                         NORMAL    RECORD    YEAR
 MAXIMUM TEMPERATURE (F)   87        98      1901
                                             1875
 MINIMUM TEMPERATURE (F)   72        56      1946


SUNRISE AND SUNSET
JULY 30 2014..........SUNRISE   609 AM EDT   SUNSET   813 PM EDT
JULY 31 2014..........SUNRISE   609 AM EDT   SUNSET   812 PM EDT


-  INDICATES NEGATIVE NUMBERS.
R  INDICATES RECORD WAS SET OR TIED.
MM INDICATES DATA IS MISSING.
T  INDICATES TRACE AMOUNT.




$$
