150
CDUS41 KAKQ 270546
CLIORF


CLIMATE REPORT
NATIONAL WEATHER SERVICE WAKEFIELD, VA
145 AM EDT TUE SEP 27 2016


...................................

...THE NORFOLK VA CLIMATE SUMMARY FOR SEPTEMBER 26 2016...

CLIMATE NORMAL PERIOD 1981 TO 2010
CLIMATE RECORD PERIOD 1871 TO 2016


WEATHER ITEM   OBSERVED TIME   RECORD YEAR NORMAL DEPARTURE LAST
                VALUE   (LST)  VALUE       VALUE  FROM      YEAR
                                                  NORMAL
..................................................................
TEMPERATURE (F)
 YESTERDAY
  MAXIMUM         76   1238 PM  94    1970  76      0       74
  MINIMUM         59    340 AM  46    1967  62     -3       67
                                      1887
  AVERAGE         68                        69     -1       71

PRECIPITATION (IN)
  YESTERDAY        0.00          4.23 1882   0.14  -0.14     0.38
  MONTH TO DATE   13.15                      4.20   8.95     3.61
  SINCE SEP 1     13.15                      4.20   8.95     3.61
  SINCE JAN 1     55.52                     36.14  19.38    36.73

SNOWFALL (IN)
  YESTERDAY        0.0           0.0  2002   0.0    0.0
                                      2001
  MONTH TO DATE    0.0                       0.0    0.0
  SINCE NOV 1      5.0                       5.8   -0.8
  SINCE JUL 1      0.0                       0.0    0.0
  SNOW DEPTH       0

DEGREE DAYS
 HEATING
  YESTERDAY        0                         1     -1        0
  MONTH TO DATE    0                         4     -4        0
  SINCE SEP 1      0                         4     -4        0
  SINCE JUL 1      0                         4     -4        0

 COOLING
  YESTERDAY        3                         5     -2        6
  MONTH TO DATE  295                       212     83      279
  SINCE SEP 1    295                       212     83      279
  SINCE JAN 1   1847                      1547    300     1837
..................................................................


WIND (MPH)
  HIGHEST WIND SPEED    12   HIGHEST WIND DIRECTION     S (200)
  HIGHEST GUST SPEED    20   HIGHEST GUST DIRECTION    SE (140)
  AVERAGE WIND SPEED     5.6


SKY COVER
  POSSIBLE SUNSHINE  MM
  AVERAGE SKY COVER 0.6


WEATHER CONDITIONS
 THE FOLLOWING WEATHER WAS RECORDED YESTERDAY.
  NO SIGNIFICANT WEATHER WAS OBSERVED.


RELATIVE HUMIDITY (PERCENT)
 HIGHEST    90           300 AM
 LOWEST     49          1100 AM
 AVERAGE    70

..........................................................


THE NORFOLK VA CLIMATE NORMALS FOR TODAY
                         NORMAL    RECORD    YEAR
 MAXIMUM TEMPERATURE (F)   76        92      1998
                                             1970
 MINIMUM TEMPERATURE (F)   61        50      1963
                                             1947
                                             1928


SUNRISE AND SUNSET
SEPTEMBER 27 2016.....SUNRISE   657 AM EDT   SUNSET   653 PM EDT
SEPTEMBER 28 2016.....SUNRISE   658 AM EDT   SUNSET   652 PM EDT


-  INDICATES NEGATIVE NUMBERS.
R  INDICATES RECORD WAS SET OR TIED.
MM INDICATES DATA IS MISSING.
T  INDICATES TRACE AMOUNT.




$$
