000
CDUS41 KAKQ 230637
CLIORF


CLIMATE REPORT
NATIONAL WEATHER SERVICE WAKEFIELD, VA
137 AM EST MON JAN 23 2017


...................................

...THE NORFOLK VA CLIMATE SUMMARY FOR JANUARY 22 2017...

CLIMATE NORMAL PERIOD 1981 TO 2010
CLIMATE RECORD PERIOD 1871 TO 2017


WEATHER ITEM   OBSERVED TIME   RECORD YEAR NORMAL DEPARTURE LAST
                VALUE   (LST)  VALUE       VALUE  FROM      YEAR
                                                  NORMAL
..................................................................
TEMPERATURE (F)
 YESTERDAY
  MAXIMUM         52   1230 PM  77    1937  48      4       45
  MINIMUM         47   1159 PM  12    1893  33     14       31
  AVERAGE         50                        40     10       38

PRECIPITATION (IN)
  YESTERDAY        0.03          2.20 1954   0.11  -0.08     1.40
  MONTH TO DATE    3.90                      2.42   1.48     3.10
  SINCE DEC 1      6.44                      5.68   0.76     6.47
  SINCE JAN 1      3.90                      2.42   1.48     3.10

SNOWFALL (IN)
  YESTERDAY        0.0           2.0  1918   0.1   -0.1
  MONTH TO DATE    5.3                       1.8    3.5
  SINCE NOV 1      5.3                       3.0    2.3
  SINCE JUL 1      5.3                       3.0    2.3
  SNOW DEPTH       0

DEGREE DAYS
 HEATING
  YESTERDAY       15                        25    -10       27
  MONTH TO DATE  447                       545    -98      531
  SINCE DEC 1   1054                      1194   -140      786
  SINCE JUL 1   1517                      1724   -207     1125

 COOLING
  YESTERDAY        0                         0      0        0
  MONTH TO DATE    0                         0      0        0
  SINCE DEC 1      0                         1     -1       29
  SINCE JAN 1      0                         0      0        0
..................................................................


WIND (MPH)
  HIGHEST WIND SPEED    13   HIGHEST WIND DIRECTION     N (10)
  HIGHEST GUST SPEED    16   HIGHEST GUST DIRECTION     N (360)
  AVERAGE WIND SPEED     5.6


SKY COVER
  POSSIBLE SUNSHINE  MM
  AVERAGE SKY COVER 1.0


WEATHER CONDITIONS
 THE FOLLOWING WEATHER WAS RECORDED YESTERDAY.
  LIGHT RAIN
  FOG


RELATIVE HUMIDITY (PERCENT)
 HIGHEST   100          1200 AM
 LOWEST     93           200 AM
 AVERAGE    97

..........................................................


THE NORFOLK VA CLIMATE NORMALS FOR TODAY
                         NORMAL    RECORD    YEAR
 MAXIMUM TEMPERATURE (F)   48        76      1999
                                             1967
 MINIMUM TEMPERATURE (F)   33        10      1936


SUNRISE AND SUNSET
JANUARY 23 2017.......SUNRISE   713 AM EST   SUNSET   521 PM EST
JANUARY 24 2017.......SUNRISE   713 AM EST   SUNSET   522 PM EST


-  INDICATES NEGATIVE NUMBERS.
R  INDICATES RECORD WAS SET OR TIED.
MM INDICATES DATA IS MISSING.
T  INDICATES TRACE AMOUNT.




$$
