211
CDUS41 KAKQ 180731
CLIORF


CLIMATE REPORT
NATIONAL WEATHER SERVICE WAKEFIELD, VA
126 AM EST SAT NOV 18 2017


...................................

...THE NORFOLK VA CLIMATE SUMMARY FOR NOVEMBER 17 2017...

CLIMATE NORMAL PERIOD 1981 TO 2010
CLIMATE RECORD PERIOD 1871 TO 2017


WEATHER ITEM   OBSERVED TIME   RECORD YEAR NORMAL DEPARTURE LAST
                VALUE   (LST)  VALUE       VALUE  FROM      YEAR
                                                  NORMAL
..................................................................
TEMPERATURE (F)
 YESTERDAY
  MAXIMUM         55    201 PM  77    1993  61     -6       61
  MINIMUM         36   1159 PM  24    1967  44     -8       42
  AVERAGE         46                        52     -6       52

PRECIPITATION (IN)
  YESTERDAY        0.00          0.82 1981   0.10  -0.10     0.00
  MONTH TO DATE    1.15                      1.81  -0.66     0.81
  SINCE SEP 1      8.20                      9.99  -1.79    23.78
  SINCE JAN 1     46.74                     41.93   4.81    66.15

SNOWFALL (IN)
  YESTERDAY        0.0           0.0  2002   0.0    0.0
  MONTH TO DATE    0.0                       0.0    0.0
  SINCE NOV 1      0.0                       0.0    0.0
  SINCE JUL 1      0.0                       0.0    0.0
  SNOW DEPTH       0

DEGREE DAYS
 HEATING
  YESTERDAY       19                        13      6       13
  MONTH TO DATE  156                       179    -23      196
  SINCE SEP 1    230                       336   -106      280
  SINCE JUL 1    230                       336   -106      280

 COOLING
  YESTERDAY        0                         0      0        0
  MONTH TO DATE   12                         1     11        6
  SINCE SEP 1    415                       286    129      441
  SINCE JAN 1   2107                      1621    486     1993
..................................................................


WIND (MPH)
  HIGHEST WIND SPEED    20   HIGHEST WIND DIRECTION     N (350)
  HIGHEST GUST SPEED    29   HIGHEST GUST DIRECTION     N (360)
  AVERAGE WIND SPEED     7.0


SKY COVER
  POSSIBLE SUNSHINE  MM
  AVERAGE SKY COVER 0.0


WEATHER CONDITIONS
 THE FOLLOWING WEATHER WAS RECORDED YESTERDAY.
  NO SIGNIFICANT WEATHER WAS OBSERVED.


RELATIVE HUMIDITY (PERCENT)
 HIGHEST    92          1000 PM
 LOWEST     41           200 PM
 AVERAGE    67

..........................................................


THE NORFOLK VA CLIMATE NORMALS FOR TODAY
                         NORMAL    RECORD    YEAR
 MAXIMUM TEMPERATURE (F)   60        82      1938
 MINIMUM TEMPERATURE (F)   44        27      1997
                                             1959
                                             1891


SUNRISE AND SUNSET
NOVEMBER 18 2017......SUNRISE   646 AM EST   SUNSET   453 PM EST
NOVEMBER 19 2017......SUNRISE   648 AM EST   SUNSET   453 PM EST


-  INDICATES NEGATIVE NUMBERS.
R  INDICATES RECORD WAS SET OR TIED.
MM INDICATES DATA IS MISSING.
T  INDICATES TRACE AMOUNT.




$$
