000
CDUS41 KBOX 050601
CLIORH


CLIMATE REPORT
NATIONAL WEATHER SERVICE TAUNTON MA
101 AM EST MON DEC 5 2016


...................................

...THE WORCESTER MA CLIMATE SUMMARY FOR DECEMBER 4 2016...

CLIMATE NORMAL PERIOD 1981 TO 2010
CLIMATE RECORD PERIOD 1892 TO 2016


WEATHER ITEM   OBSERVED TIME   RECORD YEAR NORMAL DEPARTURE LAST
                VALUE   (LST)  VALUE       VALUE  FROM      YEAR
                                                  NORMAL
..................................................................
TEMPERATURE (F)
 YESTERDAY
  MAXIMUM         37    304 PM  65    1998  40     -3       43
                                      1982
                                      1941
  MINIMUM         27   1159 PM  -9    1940  27      0       32
  AVERAGE         32                        34     -2       38

PRECIPITATION (IN)
  YESTERDAY        0.00          2.12 1990   0.14  -0.14     0.00
  MONTH TO DATE    0.41                      0.54  -0.13     0.51
  SINCE DEC 1      0.41                      0.54  -0.13     0.51
  SINCE JAN 1     37.54                     44.79  -7.25    36.20

SNOWFALL (IN)
  YESTERDAY        0.0           7.3  1983   0.3   -0.3      0.0
  MONTH TO DATE    0.0                       1.3   -1.3      0.0
  SINCE DEC 1      0.0                       1.3   -1.3      0.0
  SINCE JUL 1      T                         4.1   -4.1       T
  SNOW DEPTH      MM

DEGREE DAYS
 HEATING
  YESTERDAY       33                        31      2       27
  MONTH TO DATE  111                       123    -12      105
  SINCE DEC 1    111                       123    -12      105
  SINCE JUL 1   1298                      1525   -227     1254

 COOLING
  YESTERDAY        0                         0      0        0
  MONTH TO DATE    0                         0      0        0
  SINCE DEC 1      0                         0      0        0
  SINCE JAN 1    663                       471    192      659
..................................................................


WIND (MPH)
  RESULTANT WIND SPEED   8   RESULTANT WIND DIRECTION  NW (320)
  HIGHEST WIND SPEED    18   HIGHEST WIND DIRECTION    NW (310)
  HIGHEST GUST SPEED    21   HIGHEST GUST DIRECTION    NW (310)
  AVERAGE WIND SPEED     8.2


SKY COVER
  POSSIBLE SUNSHINE  MM
  AVERAGE SKY COVER 0.3


WEATHER CONDITIONS
 THE FOLLOWING WEATHER WAS RECORDED YESTERDAY.
  NO SIGNIFICANT WEATHER WAS OBSERVED.


RELATIVE HUMIDITY (PERCENT)
 HIGHEST    75          1200 AM
 LOWEST     44           200 PM
 AVERAGE    60

..........................................................


THE WORCESTER MA CLIMATE NORMALS FOR TODAY
                         NORMAL    RECORD    YEAR
 MAXIMUM TEMPERATURE (F)   40        61      2001
 MINIMUM TEMPERATURE (F)   27         0      1926


SUNRISE AND SUNSET
DECEMBER  5 2016......SUNRISE   701 AM EST   SUNSET   415 PM EST
DECEMBER  6 2016......SUNRISE   702 AM EST   SUNSET   415 PM EST


-  INDICATES NEGATIVE NUMBERS.
R  INDICATES RECORD WAS SET OR TIED.
MM INDICATES DATA IS MISSING.
T  INDICATES TRACE AMOUNT.




$$
