000
CDUS41 KBOX 290556
CLIORH


CLIMATE REPORT
NATIONAL WEATHER SERVICE TAUNTON MA
145 AM EDT FRI AUG 29 2014


...................................

...THE WORCESTER MA CLIMATE SUMMARY FOR AUGUST 28 2014...

CLIMATE NORMAL PERIOD 1981 TO 2010
CLIMATE RECORD PERIOD 1892 TO 2014


WEATHER ITEM   OBSERVED TIME   RECORD YEAR NORMAL DEPARTURE LAST
                VALUE   (LST)  VALUE       VALUE  FROM      YEAR
                                                  NORMAL
..................................................................
TEMPERATURE (F)
 YESTERDAY
  MAXIMUM         74    247 PM  94    1948  75     -1       82
  MINIMUM         57   1159 PM  43    1957  59     -2       65
                                      1941
                                      1940
  AVERAGE         66                        67     -1       74

PRECIPITATION (IN)
  YESTERDAY        0.00          3.81 2011   0.10  -0.10      T
  MONTH TO DATE    3.59                      3.39   0.20     3.14
  SINCE JUN 1     11.43                     11.81  -0.38    16.17
  SINCE JAN 1     32.62                     31.04   1.58    32.98

SNOWFALL (IN)
  YESTERDAY        0.0           T    1994   0.0    0.0      0.0
  MONTH TO DATE    0.0                       0.0    0.0      0.0
  SINCE JUN 1      0.0                       0.0    0.0      0.0
  SINCE JUL 1      0.0                       0.0    0.0      0.0
  SNOW DEPTH       0

DEGREE DAYS
 HEATING
  YESTERDAY        0                         1     -1        0
  MONTH TO DATE   17                        19     -2        9
  SINCE JUN 1     62                       116    -54       83
  SINCE JUL 1     17                        33    -16       16

 COOLING
  YESTERDAY        1                         4     -3        9
  MONTH TO DATE   89                       136    -47       96
  SINCE JUN 1    347                       395    -48      497
  SINCE JAN 1    355                       417    -62      521
..................................................................


WIND (MPH)
  RESULTANT WIND SPEED  11   RESULTANT WIND DIRECTION  NW (330)
  HIGHEST WIND SPEED    18   HIGHEST WIND DIRECTION    NW (310)
  HIGHEST GUST SPEED    24   HIGHEST GUST DIRECTION    NW (320)
  AVERAGE WIND SPEED    11.2


SKY COVER
  POSSIBLE SUNSHINE  MM
  AVERAGE SKY COVER 0.4


WEATHER CONDITIONS
 THE FOLLOWING WEATHER WAS RECORDED YESTERDAY.
  NO SIGNIFICANT WEATHER WAS OBSERVED.


RELATIVE HUMIDITY (PERCENT)
 HIGHEST    93           100 AM
 LOWEST     44           400 PM
 AVERAGE    69

..........................................................


THE WORCESTER MA CLIMATE NORMALS FOR TODAY
                         NORMAL    RECORD    YEAR
 MAXIMUM TEMPERATURE (F)   75        93      1953
 MINIMUM TEMPERATURE (F)   58        38      1941


SUNRISE AND SUNSET
AUGUST 29 2014........SUNRISE   610 AM EDT   SUNSET   726 PM EDT
AUGUST 30 2014........SUNRISE   611 AM EDT   SUNSET   725 PM EDT


-  INDICATES NEGATIVE NUMBERS.
R  INDICATES RECORD WAS SET OR TIED.
MM INDICATES DATA IS MISSING.
T  INDICATES TRACE AMOUNT.




$$
