000
CDUS41 KBOX 240618
CLIORH


CLIMATE REPORT
NATIONAL WEATHER SERVICE TAUNTON MA
118 AM EST WED JAN 24 2018


...................................

...THE WORCESTER MA CLIMATE SUMMARY FOR JANUARY 23 2018...

CLIMATE NORMAL PERIOD 1981 TO 2010
CLIMATE RECORD PERIOD 1892 TO 2018


WEATHER ITEM   OBSERVED TIME   RECORD YEAR NORMAL DEPARTURE LAST
                VALUE   (LST)  VALUE       VALUE  FROM      YEAR
                                                  NORMAL
..................................................................
TEMPERATURE (F)
 YESTERDAY
  MAXIMUM         50    347 PM  60    1906  31     19       34
  MINIMUM         28    839 AM -13    1976  17     11       28
  AVERAGE         39                        24     15       31

PRECIPITATION (IN)
  YESTERDAY        0.88          1.40 1992   0.11   0.77     0.23
  MONTH TO DATE    3.42                      2.58   0.84     3.07
  SINCE DEC 1      6.27                      6.40  -0.13     6.87
  SINCE JAN 1      3.42                      2.58   0.84     3.07

SNOWFALL (IN)
  YESTERDAY        0.0          18.1  2005   0.5   -0.5      2.2
  MONTH TO DATE   21.1                      12.7    8.4     11.9
  SINCE DEC 1     34.5                      27.1    7.4     29.4
  SINCE JUL 1     34.5                      29.9    4.6     29.4
  SNOW DEPTH      MM

DEGREE DAYS
 HEATING
  YESTERDAY       26                        41    -15       34
  MONTH TO DATE  966                       939     27      810
  SINCE DEC 1   2196                      2041    155     1900
  SINCE JUL 1   3332                      3443   -111     3087

 COOLING
  YESTERDAY        0                         0      0        0
  MONTH TO DATE    0                         0      0        0
  SINCE DEC 1      0                         0      0        0
  SINCE JAN 1      0                         0      0        0
..................................................................


WIND (MPH)
  RESULTANT WIND SPEED   3   RESULTANT WIND DIRECTION   N (0)
  HIGHEST WIND SPEED    21   HIGHEST WIND DIRECTION     W (280)
  HIGHEST GUST SPEED    28   HIGHEST GUST DIRECTION     W (270)
  AVERAGE WIND SPEED     9.3


SKY COVER
  POSSIBLE SUNSHINE  MM
  AVERAGE SKY COVER 0.9


WEATHER CONDITIONS
 THE FOLLOWING WEATHER WAS RECORDED YESTERDAY.
  RAIN
  LIGHT RAIN
  FREEZING RAIN
  LT FREEZING RAIN
  FOG
  FOG W/VISIBILITY <= 1/4 MILE


RELATIVE HUMIDITY (PERCENT)
 HIGHEST   100           200 AM
 LOWEST     76          1000 PM
 AVERAGE    88

..........................................................


THE WORCESTER MA CLIMATE NORMALS FOR TODAY
                         NORMAL    RECORD    YEAR
 MAXIMUM TEMPERATURE (F)   31        59      1999
 MINIMUM TEMPERATURE (F)   17       -14      1948


SUNRISE AND SUNSET
JANUARY 24 2018.......SUNRISE   708 AM EST   SUNSET   451 PM EST
JANUARY 25 2018.......SUNRISE   707 AM EST   SUNSET   453 PM EST


-  INDICATES NEGATIVE NUMBERS.
R  INDICATES RECORD WAS SET OR TIED.
MM INDICATES DATA IS MISSING.
T  INDICATES TRACE AMOUNT.




$$
