000
CDUS41 KBOX 300545
CLIORH


CLIMATE REPORT
NATIONAL WEATHER SERVICE TAUNTON MA
135 AM EDT MON MAY 30 2016


...................................

...THE WORCESTER MA CLIMATE SUMMARY FOR MAY 29 2016...

CLIMATE NORMAL PERIOD 1981 TO 2010
CLIMATE RECORD PERIOD 1892 TO 2016


WEATHER ITEM   OBSERVED TIME   RECORD YEAR NORMAL DEPARTURE LAST
                VALUE   (LST)  VALUE       VALUE  FROM      YEAR
                                                  NORMAL
..................................................................
TEMPERATURE (F)
 YESTERDAY
  MAXIMUM         72    223 AM  91    1931  70      2       79
  MINIMUM         53   1159 PM  33    1900  51      2       58
  AVERAGE         63                        60      3       69

PRECIPITATION (IN)
  YESTERDAY        0.00          2.23 1984   0.15  -0.15     0.00
  MONTH TO DATE    1.96                      3.89  -1.93     0.15
  SINCE MAR 1      8.08                     12.21  -4.13     5.54
  SINCE JAN 1     15.47                     18.93  -3.46    13.85

SNOWFALL (IN)
  YESTERDAY        0.0           0.0  2002   0.0    0.0      0.0
                                      2001
                                      2000
  MONTH TO DATE    0.0                       0.0    0.0      0.0
  SINCE MAR 1     15.5                      14.2    1.3     11.1
  SINCE JUL 1     47.2                      64.1  -16.9    119.7
  SNOW DEPTH      MM

DEGREE DAYS
 HEATING
  YESTERDAY        2                         6     -4        0
  MONTH TO DATE  278                       275      3      129
  SINCE MAR 1   1650                      1785   -135     1773
  SINCE JUL 1   5709                      6622   -913     6887

 COOLING
  YESTERDAY        0                         1     -1        4
  MONTH TO DATE   30                        14     16       60
  SINCE MAR 1     34                        17     17       60
  SINCE JAN 1     34                        17     17       60
..................................................................


WIND (MPH)
  RESULTANT WIND SPEED   5   RESULTANT WIND DIRECTION  NE (50)
  HIGHEST WIND SPEED    13   HIGHEST WIND DIRECTION     E (70)
  HIGHEST GUST SPEED    16   HIGHEST GUST DIRECTION     E (70)
  AVERAGE WIND SPEED     7.8


SKY COVER
  POSSIBLE SUNSHINE  MM
  AVERAGE SKY COVER 0.8


WEATHER CONDITIONS
 THE FOLLOWING WEATHER WAS RECORDED YESTERDAY.
  FOG
  FOG W/VISIBILITY <= 1/4 MILE


RELATIVE HUMIDITY (PERCENT)
 HIGHEST    93           400 AM
 LOWEST     73           200 PM
 AVERAGE    83

..........................................................


THE WORCESTER MA CLIMATE NORMALS FOR TODAY
                         NORMAL    RECORD    YEAR
 MAXIMUM TEMPERATURE (F)   70        91      1929
 MINIMUM TEMPERATURE (F)   51        36      1961
                                             1946
                                             1940


SUNRISE AND SUNSET
MAY 30 2016...........SUNRISE   514 AM EDT   SUNSET   816 PM EDT
MAY 31 2016...........SUNRISE   514 AM EDT   SUNSET   817 PM EDT


-  INDICATES NEGATIVE NUMBERS.
R  INDICATES RECORD WAS SET OR TIED.
MM INDICATES DATA IS MISSING.
T  INDICATES TRACE AMOUNT.




$$
