000
CDUS41 KBOX 190615
CLIORH


CLIMATE REPORT
NATIONAL WEATHER SERVICE TAUNTON MA
105 AM EST SUN NOV 19 2017


...................................

...THE WORCESTER MA CLIMATE SUMMARY FOR NOVEMBER 18 2017...

CLIMATE NORMAL PERIOD 1981 TO 2010
CLIMATE RECORD PERIOD 1892 TO 2017


WEATHER ITEM   OBSERVED TIME   RECORD YEAR NORMAL DEPARTURE LAST
                VALUE   (LST)  VALUE       VALUE  FROM      YEAR
                                                  NORMAL
..................................................................
TEMPERATURE (F)
 YESTERDAY
  MAXIMUM         46   1159 PM  68    1963  47     -1       62
                                      1953
  MINIMUM         25    637 AM  11    1924  32     -7       38
  AVERAGE         36                        40     -4       50

PRECIPITATION (IN)
  YESTERDAY        0.10          1.64 1929   0.15  -0.05     0.00
  MONTH TO DATE    0.90                      2.55  -1.65     1.37
  SINCE SEP 1     12.24                     11.16   1.08    11.21
  SINCE JAN 1     41.53                     42.52  -0.99    34.61

SNOWFALL (IN)
  YESTERDAY        0.0           7.6  1980   0.1   -0.1      0.0
  MONTH TO DATE    T                         0.9   -0.9      0.0
  SINCE SEP 1      T                         1.1   -1.1       T
  SINCE JUL 1      T                         1.1   -1.1       T
  SNOW DEPTH      MM

DEGREE DAYS
 HEATING
  YESTERDAY       29                        25      4       15
  MONTH TO DATE  441                       407     34      346
  SINCE SEP 1    762                      1029   -267      851
  SINCE JUL 1    810                      1068   -258      860

 COOLING
  YESTERDAY        0                         0      0        0
  MONTH TO DATE    0                         0      0        0
  SINCE SEP 1    102                        45     57       75
  SINCE JAN 1    533                       471     62      663
..................................................................


WIND (MPH)
  RESULTANT WIND SPEED   7   RESULTANT WIND DIRECTION  SW (240)
  HIGHEST WIND SPEED    20   HIGHEST WIND DIRECTION    SW (220)
  HIGHEST GUST SPEED    24   HIGHEST GUST DIRECTION     S (200)
  AVERAGE WIND SPEED     8.2


SKY COVER
  POSSIBLE SUNSHINE  MM
  AVERAGE SKY COVER 0.5


WEATHER CONDITIONS
 THE FOLLOWING WEATHER WAS RECORDED YESTERDAY.
  LIGHT RAIN
  FOG


RELATIVE HUMIDITY (PERCENT)
 HIGHEST    82           500 PM
 LOWEST     37          1200 PM
 AVERAGE    60

..........................................................


THE WORCESTER MA CLIMATE NORMALS FOR TODAY
                         NORMAL    RECORD    YEAR
 MAXIMUM TEMPERATURE (F)   46        74      1941
 MINIMUM TEMPERATURE (F)   32         9      1924


SUNRISE AND SUNSET
NOVEMBER 19 2017......SUNRISE   643 AM EST   SUNSET   422 PM EST
NOVEMBER 20 2017......SUNRISE   644 AM EST   SUNSET   422 PM EST


-  INDICATES NEGATIVE NUMBERS.
R  INDICATES RECORD WAS SET OR TIED.
MM INDICATES DATA IS MISSING.
T  INDICATES TRACE AMOUNT.




$$
