051
CDUS46 KMFR 310035
CLIOTH


CLIMATE REPORT
NATIONAL WEATHER SERVICE MEDFORD, OR
535 PM PDT SAT JUL 30 2016


...................................

...THE NORTH BEND OR CLIMATE SUMMARY FOR JULY 30 2016...
VALID TODAY AS OF 0500 PM LOCAL TIME.

CLIMATE NORMAL PERIOD 1981 TO 2010
CLIMATE RECORD PERIOD 1902 TO 2016


WEATHER ITEM   OBSERVED TIME   RECORD YEAR NORMAL DEPARTURE LAST
                VALUE   (LST)  VALUE       VALUE  FROM      YEAR
                                                  NORMAL
..................................................................
TEMPERATURE (F)
 TODAY
  MAXIMUM         68        MM  77    1920  65      3       72
  MINIMUM         57        MM  42    1917  53      4       52
  AVERAGE         63                        59      4       62

PRECIPITATION (IN)
  TODAY            0.00          0.53 2001   0.01  -0.01     0.00
  MONTH TO DATE    0.90                      0.49   0.41     0.00
  SINCE OCT 1     57.85                     62.70  -4.85    42.54
  SINCE JAN 1     32.22                     36.61  -4.39    19.24

SNOWFALL (IN)
  TODAY           MM                         0.0   MM       MM
  MONTH TO DATE   MM                         0.0   MM        0.0
  SINCE JUL 1     MM                         0.0   MM        0.0
  SNOW DEPTH      MM

DEGREE DAYS
 HEATING
  TODAY            2                         6     -4        3
  MONTH TO DATE  110                       191    -81       78
  SINCE JUN 1    300                       458   -158      302
  SINCE JUL 1    110                       191    -81       78

 COOLING
  TODAY            0                         0      0        0
  MONTH TO DATE    1                         0      1        4
  SINCE JUN 1      1                         0      1        4
  SINCE JAN 1      9                         0      9        4
..................................................................


WIND (MPH)
  HIGHEST WIND SPEED    29   HIGHEST WIND DIRECTION     N (360)
  HIGHEST GUST SPEED    37   HIGHEST GUST DIRECTION     N (360)
  AVERAGE WIND SPEED    20.2


SKY COVER
  POSSIBLE SUNSHINE  MM
  AVERAGE SKY COVER 0.3


WEATHER CONDITIONS
 THE FOLLOWING WEATHER WAS RECORDED TODAY.
  NO SIGNIFICANT WEATHER WAS OBSERVED.


RELATIVE HUMIDITY (PERCENT)
 HIGHEST    93           200 AM
 LOWEST     58          1100 AM

..........................................................


THE NORTH BEND OR CLIMATE NORMALS FOR TOMORROW
                         NORMAL    RECORD    YEAR
 MAXIMUM TEMPERATURE (F)   65        75      1993
 MINIMUM TEMPERATURE (F)   53        38      1914


SUNRISE AND SUNSET
JULY 30 2016..........SUNRISE   605 AM PDT   SUNSET   841 PM PDT
JULY 31 2016..........SUNRISE   606 AM PDT   SUNSET   840 PM PDT


-  INDICATES NEGATIVE NUMBERS.
R  INDICATES RECORD WAS SET OR TIED.
MM INDICATES DATA IS MISSING.
T  INDICATES TRACE AMOUNT.




$$
