000
CDUS46 KMFR 120837
CLIOTH


CLIMATE REPORT
NATIONAL WEATHER SERVICE MEDFORD, OR
1236 AM PST FRI FEB 12 2016


...................................

...THE NORTH BEND OR CLIMATE SUMMARY FOR FEBRUARY 11 2016...

CLIMATE NORMAL PERIOD 1981 TO 2010
CLIMATE RECORD PERIOD 1902 TO 2016


WEATHER ITEM   OBSERVED TIME   RECORD YEAR NORMAL DEPARTURE LAST
                VALUE   (LST)  VALUE       VALUE  FROM      YEAR
                                                  NORMAL
..................................................................
TEMPERATURE (F)
 YESTERDAY
  MAXIMUM         63        MM  74    1971  53     10       57
  MINIMUM         54        MM  21    1929  40     14       45
  AVERAGE         59                        46     13       51

PRECIPITATION (IN)
  YESTERDAY        0.06          1.24 1947   0.26  -0.20     0.00
  MONTH TO DATE    0.92                      3.03  -2.11     7.23
  SINCE OCT 1     38.75                     39.31  -0.56    32.42
  SINCE JAN 1     13.12                     13.22  -0.10     9.12

SNOWFALL (IN)
  YESTERDAY       MM
  SNOW DEPTH      MM

DEGREE DAYS
 HEATING
  YESTERDAY        6                        19    -13       14
  MONTH TO DATE  126                       209    -83      115
  SINCE DEC 1   1066                      1412   -346      984
  SINCE JUL 1   2073                      2864   -791     1860

 COOLING
  YESTERDAY        0                         0      0        0
  MONTH TO DATE    2                         0      2        0
  SINCE DEC 1      2                         0      2        0
  SINCE JAN 1      2                         0      2        0
..................................................................


WIND (MPH)
  HIGHEST WIND SPEED    10   HIGHEST WIND DIRECTION     S (180)
  HIGHEST GUST SPEED    MM   HIGHEST GUST DIRECTION    MM
  AVERAGE WIND SPEED     4.9


SKY COVER
  POSSIBLE SUNSHINE  MM
  AVERAGE SKY COVER  MM


WEATHER CONDITIONS
 THE FOLLOWING WEATHER WAS RECORDED YESTERDAY.
  NO SIGNIFICANT WEATHER WAS OBSERVED.


RELATIVE HUMIDITY (PERCENT)
 HIGHEST    MM
 LOWEST     MM

..........................................................


THE NORTH BEND OR CLIMATE NORMALS FOR TODAY
                         NORMAL    RECORD    YEAR
 MAXIMUM TEMPERATURE (F)   53        77      1996
 MINIMUM TEMPERATURE (F)   40        23      1903


SUNRISE AND SUNSET
FEBRUARY 12 2016......SUNRISE   720 AM PST   SUNSET   543 PM PST
FEBRUARY 13 2016......SUNRISE   718 AM PST   SUNSET   544 PM PST


-  INDICATES NEGATIVE NUMBERS.
R  INDICATES RECORD WAS SET OR TIED.
MM INDICATES DATA IS MISSING.
T  INDICATES TRACE AMOUNT.




$$
