000
CDUS46 KMFR 220835
CLIOTH


CLIMATE REPORT
NATIONAL WEATHER SERVICE MEDFORD, OR
135 AM PDT TUE AUG 22 2017


...................................

...THE NORTH BEND OR CLIMATE SUMMARY FOR AUGUST 21 2017...

CLIMATE NORMAL PERIOD 1981 TO 2010
CLIMATE RECORD PERIOD 1902 TO 2017


WEATHER ITEM   OBSERVED TIME   RECORD YEAR NORMAL DEPARTURE LAST
                VALUE   (LST)  VALUE       VALUE  FROM      YEAR
                                                  NORMAL
..................................................................
TEMPERATURE (F)
 YESTERDAY
  MAXIMUM         62        MM  77    1917  66     -4       66
  MINIMUM         50        MM  42    1930  53     -3       54
  AVERAGE         56                        59     -3       60

PRECIPITATION (IN)
  YESTERDAY        0.00          0.78 1971   0.03  -0.03     0.00
  MONTH TO DATE    0.11                      0.35  -0.24     0.00
  SINCE OCT 1     81.31                     63.06  18.25    57.85
  SINCE JAN 1     47.16                     36.97  10.19    32.22

SNOWFALL (IN)
  YESTERDAY       MM
  SNOW DEPTH      MM

DEGREE DAYS
 HEATING
  YESTERDAY        9                         6      3        5
  MONTH TO DATE   91                       126    -35      113
  SINCE JUN 1    457                       590   -133      419
  SINCE JUL 1    261                       323    -62      229

 COOLING
  YESTERDAY        0                         0      0        0
  MONTH TO DATE    3                         0      3        0
  SINCE JUN 1      3                         0      3        1
  SINCE JAN 1      3                         0      3        9
..................................................................


WIND (MPH)
  HIGHEST WIND SPEED    18   HIGHEST WIND DIRECTION     N (350)
  HIGHEST GUST SPEED    18   HIGHEST GUST DIRECTION    NW (330)
  AVERAGE WIND SPEED     7.5


SKY COVER
  POSSIBLE SUNSHINE  MM
  AVERAGE SKY COVER 0.7


WEATHER CONDITIONS
 THE FOLLOWING WEATHER WAS RECORDED YESTERDAY.
  FOG
  FOG W/VISIBILITY <= 1/4 MILE


RELATIVE HUMIDITY (PERCENT)
 HIGHEST   100          1200 AM
 LOWEST     78          1200 PM

..........................................................


THE NORTH BEND OR CLIMATE NORMALS FOR TODAY
                         NORMAL    RECORD    YEAR
 MAXIMUM TEMPERATURE (F)   66        79      1930
 MINIMUM TEMPERATURE (F)   53        40      1909


SUNRISE AND SUNSET
AUGUST 22 2017........SUNRISE   630 AM PDT   SUNSET   808 PM PDT
AUGUST 23 2017........SUNRISE   631 AM PDT   SUNSET   807 PM PDT


-  INDICATES NEGATIVE NUMBERS.
R  INDICATES RECORD WAS SET OR TIED.
MM INDICATES DATA IS MISSING.
T  INDICATES TRACE AMOUNT.




$$
