000
CDUS46 KMFR 240836
CLIOTH


CLIMATE REPORT
NATIONAL WEATHER SERVICE MEDFORD, OR
136 AM PDT SUN MAY 24 2015


...................................

...THE NORTH BEND OR CLIMATE SUMMARY FOR MAY 23 2015...

CLIMATE NORMAL PERIOD 1981 TO 2010
CLIMATE RECORD PERIOD 1902 TO 2015


WEATHER ITEM   OBSERVED TIME   RECORD YEAR NORMAL DEPARTURE LAST
                VALUE   (LST)  VALUE       VALUE  FROM      YEAR
                                                  NORMAL
..................................................................
TEMPERATURE (F)
 YESTERDAY
  MAXIMUM         61        MM  75    1999  60      1       68
  MINIMUM         52        MM  38    1919  48      4       54
                                      1991
  AVERAGE         57                        54      3       61

PRECIPITATION (IN)
  YESTERDAY        0.00          0.93 1989   0.11  -0.11     0.00
  MONTH TO DATE    0.09                      2.55  -2.46     1.72
  SINCE OCT 1     42.03                     59.42 -17.39    26.96
  SINCE JAN 1     18.73                     33.33 -14.60    21.34

SNOWFALL (IN)
  YESTERDAY       MM
  SNOW DEPTH      MM

DEGREE DAYS
 HEATING
  YESTERDAY        8                        11     -3        4
  MONTH TO DATE  230                       288    -58      180
  SINCE MAR 1   1083                      1300   -217     1016
  SINCE JUL 1   3187                      4474  -1287     3813

 COOLING
  YESTERDAY        0                         0      0        0
  MONTH TO DATE    0                         0      0        4
  SINCE MAR 1      0                         0      0       12
  SINCE JAN 1      0                         0      0       12
..................................................................


WIND (MPH)
  HIGHEST WIND SPEED    18   HIGHEST WIND DIRECTION     N (350)
  HIGHEST GUST SPEED    24   HIGHEST GUST DIRECTION     N (360)
  AVERAGE WIND SPEED     8.1


SKY COVER
  POSSIBLE SUNSHINE  MM
  AVERAGE SKY COVER 0.8


WEATHER CONDITIONS
 THE FOLLOWING WEATHER WAS RECORDED YESTERDAY.
  NO SIGNIFICANT WEATHER WAS OBSERVED.


RELATIVE HUMIDITY (PERCENT)
 HIGHEST   100           500 AM
 LOWEST     77          1200 AM

..........................................................


THE NORTH BEND OR CLIMATE NORMALS FOR TODAY
                         NORMAL    RECORD    YEAR
 MAXIMUM TEMPERATURE (F)   60        76      1986
 MINIMUM TEMPERATURE (F)   48        35      1926


SUNRISE AND SUNSET
MAY 24 2015...........SUNRISE   544 AM PDT   SUNSET   844 PM PDT
MAY 25 2015...........SUNRISE   544 AM PDT   SUNSET   845 PM PDT


-  INDICATES NEGATIVE NUMBERS.
R  INDICATES RECORD WAS SET OR TIED.
MM INDICATES DATA IS MISSING.
T  INDICATES TRACE AMOUNT.




$$
