000
CDUS46 KMFR 010838
CLIOTH


CLIMATE REPORT
NATIONAL WEATHER SERVICE MEDFORD, OR
137 AM PDT SAT AUG 1 2015


...................................

...THE NORTH BEND OR CLIMATE SUMMARY FOR JULY 31 2015...

CLIMATE NORMAL PERIOD 1981 TO 2010
CLIMATE RECORD PERIOD 1902 TO 2015


WEATHER ITEM   OBSERVED TIME   RECORD YEAR NORMAL DEPARTURE LAST
                VALUE   (LST)  VALUE       VALUE  FROM      YEAR
                                                  NORMAL
..................................................................
TEMPERATURE (F)
 YESTERDAY
  MAXIMUM         72        MM  75    1993  65      7       66
  MINIMUM         54   1100 PM  38    1914  53      1       50
  AVERAGE         63                        59      4       58

PRECIPITATION (IN)
  YESTERDAY        0.00          0.05 1964   0.01  -0.01     0.00
  MONTH TO DATE    0.00                      0.50  -0.50     0.00
  SINCE OCT 1     42.54                     62.71 -20.17    28.05
  SINCE JAN 1     19.24                     36.62 -17.38    22.43

SNOWFALL (IN)
  YESTERDAY       MM
  SNOW DEPTH      MM

DEGREE DAYS
 HEATING
  YESTERDAY        2                         6     -4        7
  MONTH TO DATE   80                       197   -117      146
  SINCE JUN 1    304                       464   -160      343
  SINCE JUL 1     80                       197   -117      146

 COOLING
  YESTERDAY        0                         0      0        0
  MONTH TO DATE    4                         0      4        0
  SINCE JUN 1      4                         0      4        0
  SINCE JAN 1      4                         0      4       12
..................................................................


WIND (MPH)
  HIGHEST WIND SPEED    23   HIGHEST WIND DIRECTION     N (360)
  HIGHEST GUST SPEED    29   HIGHEST GUST DIRECTION     N (360)
  AVERAGE WIND SPEED     9.5


SKY COVER
  POSSIBLE SUNSHINE  MM
  AVERAGE SKY COVER 0.1


WEATHER CONDITIONS
 THE FOLLOWING WEATHER WAS RECORDED YESTERDAY.
  NO SIGNIFICANT WEATHER WAS OBSERVED.


RELATIVE HUMIDITY (PERCENT)
 HIGHEST   100          1200 AM
 LOWEST     61          1100 AM

..........................................................


THE NORTH BEND OR CLIMATE NORMALS FOR TODAY
                         NORMAL    RECORD    YEAR
 MAXIMUM TEMPERATURE (F)   65        74      1940
 MINIMUM TEMPERATURE (F)   53        45      1924
                                             1969


SUNRISE AND SUNSET
AUGUST  1 2015........SUNRISE   607 AM PDT   SUNSET   839 PM PDT
AUGUST  2 2015........SUNRISE   608 AM PDT   SUNSET   838 PM PDT


-  INDICATES NEGATIVE NUMBERS.
R  INDICATES RECORD WAS SET OR TIED.
MM INDICATES DATA IS MISSING.
T  INDICATES TRACE AMOUNT.




$$
