000
CDUS46 KMFR 230842
CLIOTH


CLIMATE REPORT
NATIONAL WEATHER SERVICE MEDFORD, OR
141 AM PDT SAT AUG 23 2014


...................................

...THE NORTH BEND OR CLIMATE SUMMARY FOR AUGUST 22 2014...

CLIMATE NORMAL PERIOD 1981 TO 2010
CLIMATE RECORD PERIOD 1902 TO 2014


WEATHER ITEM   OBSERVED TIME   RECORD YEAR NORMAL DEPARTURE LAST
                VALUE   (LST)  VALUE       VALUE  FROM      YEAR
                                                  NORMAL
..................................................................
TEMPERATURE (F)
 YESTERDAY
  MAXIMUM         72        MM  79    1930  66      6       61
  MINIMUM         55   1100 PM  40    1909  53      2       54
  AVERAGE         64                        59      5       58

PRECIPITATION (IN)
  YESTERDAY        0.00          0.67 2001   0.02  -0.02     0.00
  MONTH TO DATE    0.01                      0.37  -0.36     0.05
  SINCE SEP 1     34.01                     64.66 -30.65    43.64
  SINCE JAN 1     22.44                     36.99 -14.55    17.54

SNOWFALL (IN)
  YESTERDAY       MM
  SNOW DEPTH      MM

DEGREE DAYS
 HEATING
  YESTERDAY        1                         6     -5        7
  MONTH TO DATE   81                       132    -51       49
  SINCE JUN 1    424                       596   -172      314
  SINCE JUL 1    227                       329   -102      144

 COOLING
  YESTERDAY        0                         0      0        0
  MONTH TO DATE    0                         0      0        1
  SINCE JUN 1      0                         0      0        1
  SINCE JAN 1     12                         0     12        5
..................................................................


WIND (MPH)
  HIGHEST WIND SPEED    28   HIGHEST WIND DIRECTION     N (360)
  HIGHEST GUST SPEED    33   HIGHEST GUST DIRECTION     N (360)
  AVERAGE WIND SPEED     9.8


SKY COVER
  POSSIBLE SUNSHINE  MM
  AVERAGE SKY COVER 0.5


WEATHER CONDITIONS
 THE FOLLOWING WEATHER WAS RECORDED YESTERDAY.
  NO SIGNIFICANT WEATHER WAS OBSERVED.


RELATIVE HUMIDITY (PERCENT)
 HIGHEST   100
 LOWEST     73          1100 AM

..........................................................


THE NORTH BEND OR CLIMATE NORMALS FOR TODAY
                         NORMAL    RECORD    YEAR
 MAXIMUM TEMPERATURE (F)   66        84      1926
 MINIMUM TEMPERATURE (F)   53        42      1919


SUNRISE AND SUNSET
AUGUST 23 2014........SUNRISE   631 AM PDT   SUNSET   807 PM PDT
AUGUST 24 2014........SUNRISE   632 AM PDT   SUNSET   806 PM PDT


-  INDICATES NEGATIVE NUMBERS.
R  INDICATES RECORD WAS SET OR TIED.
MM INDICATES DATA IS MISSING.
T  INDICATES TRACE AMOUNT.




$$
