928
CDUS43 KDMX 200627 RRB
CLIOTM

CLIMATE REPORT
NATIONAL WEATHER SERVICE DES MOINES IA
1226 AM CST FRI JAN 20 2017

...................................

...THE OTTUMWA IA CLIMATE SUMMARY FOR JANUARY 19 2017...

CLIMATE NORMAL PERIOD 1981 TO 2010
CLIMATE RECORD PERIOD 1920 TO 2017


WEATHER ITEM   OBSERVED TIME   RECORD YEAR NORMAL DEPARTURE LAST
                VALUE   (LST)  VALUE       VALUE  FROM      YEAR
                                                  NORMAL
..................................................................
TEMPERATURE (F)
 YESTERDAY
  MAXIMUM         40    314 PM  60    1952  31      9       18
  MINIMUM         28    430 AM -21    1936  13     15        5
  AVERAGE         34                        22     12       12

PRECIPITATION (IN)
  YESTERDAY        0.11          1.31 1907   0.02   0.09     0.08
  MONTH TO DATE    1.06                      0.58   0.48     0.48
  SINCE DEC 1      2.43                      1.95   0.48     4.51
  SINCE JAN 1      1.06                      0.58   0.48     0.48

DEGREE DAYS
 HEATING
  YESTERDAY       31                        43    -12       53
  MONTH TO DATE  770                       811    -41      844
  SINCE DEC 1   1926                      2018    -92     1690
  SINCE JUL 1   2710                      3316   -606     2701

 COOLING
  YESTERDAY        0                         0      0        0
  MONTH TO DATE    0                         0      0        0
  SINCE DEC 1      0                         0      0        0
  SINCE JAN 1      0                         0      0        0
..................................................................


WIND (MPH)
  HIGHEST WIND SPEED    13   HIGHEST WIND DIRECTION     E (90)
  HIGHEST GUST SPEED    15   HIGHEST GUST DIRECTION     E (90)
  AVERAGE WIND SPEED     6.8


SKY COVER
  POSSIBLE SUNSHINE  MM
  AVERAGE SKY COVER 1.0


WEATHER CONDITIONS
 THE FOLLOWING WEATHER WAS RECORDED YESTERDAY.
  RAIN
  LIGHT RAIN
  FOG
  FOG W/VISIBILITY <= 1/4 MILE


RELATIVE HUMIDITY (PERCENT)
 HIGHEST   100           300 AM
 LOWEST     89           200 AM
 AVERAGE    95

..........................................................


THE OTTUMWA IA CLIMATE NORMALS FOR TODAY
                         NORMAL    RECORD    YEAR
 MAXIMUM TEMPERATURE (F)   32        57      1934
 MINIMUM TEMPERATURE (F)   13       -25      1936


SUNRISE AND SUNSET
JANUARY 20 2017.......SUNRISE   730 AM CST   SUNSET   512 PM CST
JANUARY 21 2017.......SUNRISE   729 AM CST   SUNSET   513 PM CST


-  INDICATES NEGATIVE NUMBERS.
R  INDICATES RECORD WAS SET OR TIED.
MM INDICATES DATA IS MISSING.
T  INDICATES TRACE AMOUNT.




$$
