000
CDUS43 KDMX 060719
CLIOTM

CLIMATE REPORT
NATIONAL WEATHER SERVICE DES MOINES IA
1258 AM CST TUE DEC 6 2016

...................................

...THE OTTUMWA IA CLIMATE SUMMARY FOR DECEMBER 5 2016...

CLIMATE NORMAL PERIOD 1981 TO 2010
CLIMATE RECORD PERIOD 1920 TO 2016


WEATHER ITEM   OBSERVED TIME   RECORD YEAR NORMAL DEPARTURE LAST
                VALUE   (LST)  VALUE       VALUE  FROM      YEAR
                                                  NORMAL
..................................................................
TEMPERATURE (F)
 YESTERDAY
  MAXIMUM         44    317 PM  68    2001  38      6       51
  MINIMUM         32    924 AM  -5    2005  20     12       34
  AVERAGE         38                        29      9       43

PRECIPITATION (IN)
  YESTERDAY        0.00          1.33 1930   0.05  -0.05     0.00
  MONTH TO DATE    0.52                      0.28   0.24     0.01
  SINCE DEC 1      0.52                      0.28   0.24     0.01
  SINCE JAN 1     24.44                     35.98 -11.54    36.70

DEGREE DAYS
 HEATING
  YESTERDAY       27                        36     -9       22
  MONTH TO DATE  138                       174    -36      137
  SINCE DEC 1    138                       174    -36      137
  SINCE JUL 1    922                      1472   -550     1148

 COOLING
  YESTERDAY        0                         0      0        0
  MONTH TO DATE    0                         0      0        0
  SINCE DEC 1      0                         0      0        0
  SINCE JAN 1   1122                       938    184      933
..................................................................


WIND (MPH)
  HIGHEST WIND SPEED    21   HIGHEST WIND DIRECTION    SE (150)
  HIGHEST GUST SPEED    26   HIGHEST GUST DIRECTION    SE (140)
  AVERAGE WIND SPEED    12.7


SKY COVER
  POSSIBLE SUNSHINE  MM
  AVERAGE SKY COVER 0.8


WEATHER CONDITIONS
 THE FOLLOWING WEATHER WAS RECORDED YESTERDAY.
  FOG
  FOG W/VISIBILITY <= 1/4 MILE


RELATIVE HUMIDITY (PERCENT)
 HIGHEST   100           300 AM
 LOWEST     70           300 PM
 AVERAGE    85

..........................................................


THE OTTUMWA IA CLIMATE NORMALS FOR TODAY
                         NORMAL    RECORD    YEAR
 MAXIMUM TEMPERATURE (F)   38        68      1939
 MINIMUM TEMPERATURE (F)   20        -6      2005


SUNRISE AND SUNSET
DECEMBER  6 2016......SUNRISE   721 AM CST   SUNSET   441 PM CST
DECEMBER  7 2016......SUNRISE   722 AM CST   SUNSET   441 PM CST


-  INDICATES NEGATIVE NUMBERS.
R  INDICATES RECORD WAS SET OR TIED.
MM INDICATES DATA IS MISSING.
T  INDICATES TRACE AMOUNT.




$$
