000
CDUS43 KDMX 090652 RRC
CLIOTM

CLIMATE REPORT
NATIONAL WEATHER SERVICE DES MOINES IA
1250 AM CST TUE FEB 9 2016


...................................

...THE OTTUMWA IA CLIMATE SUMMARY FOR FEBRUARY 8 2016...

CLIMATE NORMAL PERIOD 1981 TO 2010
CLIMATE RECORD PERIOD 1920 TO 2016


WEATHER ITEM   OBSERVED TIME   RECORD YEAR NORMAL DEPARTURE LAST
                VALUE   (LST)  VALUE       VALUE  FROM      YEAR
                                                  NORMAL
..................................................................
TEMPERATURE (F)
 YESTERDAY
  MAXIMUM         32   1207 AM  62    1938  34     -2       41
  MINIMUM         16   1159 PM -18    1899  16      0       32
  AVERAGE         24                        25     -1       37

PRECIPITATION (IN)
  YESTERDAY        T             0.74 2001   0.04  -0.04      T
  MONTH TO DATE    0.29                      0.26   0.03     0.64
  SINCE DEC 1      4.36                      2.53   1.83     2.85
  SINCE JAN 1      0.33                      1.16  -0.83     1.87

DEGREE DAYS
 HEATING
  YESTERDAY       41                        40      1       28
  MONTH TO DATE  279                       327    -48      364
  SINCE DEC 1   2345                      2851   -506     2643
  SINCE JUL 1   3356                      4149   -793     4151

 COOLING
  YESTERDAY        0                         0      0        0
  MONTH TO DATE    0                         0      0        0
  SINCE DEC 1      0                         0      0        0
  SINCE JAN 1      0                         0      0        0
..................................................................


WIND (MPH)
  HIGHEST WIND SPEED    35   HIGHEST WIND DIRECTION    NW (320)
  HIGHEST GUST SPEED    43   HIGHEST GUST DIRECTION    NW (310)
  AVERAGE WIND SPEED    25.1


SKY COVER
  POSSIBLE SUNSHINE  MM
  AVERAGE SKY COVER 1.0


WEATHER CONDITIONS
 THE FOLLOWING WEATHER WAS RECORDED YESTERDAY.
  LT FREEZING RAIN
  LIGHT SNOW
  FOG


RELATIVE HUMIDITY (PERCENT)
 HIGHEST    92           100 AM
 LOWEST     74           700 AM
 AVERAGE    83

..........................................................


THE OTTUMWA IA CLIMATE NORMALS FOR TODAY
                         NORMAL    RECORD    YEAR
 MAXIMUM TEMPERATURE (F)   34        68      1943
 MINIMUM TEMPERATURE (F)   16       -23      1899


SUNRISE AND SUNSET
FEBRUARY  9 2016......SUNRISE   712 AM CST   SUNSET   536 PM CST
FEBRUARY 10 2016......SUNRISE   711 AM CST   SUNSET   537 PM CST


-  INDICATES NEGATIVE NUMBERS.
R  INDICATES RECORD WAS SET OR TIED.
MM INDICATES DATA IS MISSING.
T  INDICATES TRACE AMOUNT.




$$
