000
CDUS43 KDMX 300631
CLIOTM

CLIMATE REPORT
NATIONAL WEATHER SERVICE DES MOINES IA
128 AM CDT SAT AUG 30 2014


...................................

...THE OTTUMWA IA CLIMATE SUMMARY FOR AUGUST 29 2014...

CLIMATE NORMAL PERIOD 1981 TO 2010
CLIMATE RECORD PERIOD 1920 TO 2014


WEATHER ITEM   OBSERVED TIME   RECORD YEAR NORMAL DEPARTURE LAST
                VALUE   (LST)  VALUE       VALUE  FROM      YEAR
                                                  NORMAL
..................................................................
TEMPERATURE (F)
 YESTERDAY
  MAXIMUM         87    104 PM  98    1984  82      5       95
  MINIMUM         66   1159 PM  42    1946  60      6       67
  AVERAGE         77                        71      6       81

PRECIPITATION (IN)
  YESTERDAY        0.73          2.71 1975   0.14   0.59     0.00
  MONTH TO DATE    5.49                      4.32   1.17     0.96
  SINCE JUN 1     18.76                     13.88   4.88     4.79
  SINCE JAN 1     29.60                     26.41   3.19    29.11

DEGREE DAYS
 HEATING
  YESTERDAY        0                         1     -1        0
  MONTH TO DATE    0                         2     -2        6
  SINCE JUN 1     22                        25     -3       42
  SINCE JUL 1     13                         4      9       16

 COOLING
  YESTERDAY       12                         7      5       16
  MONTH TO DATE  225                       243    -18      238
  SINCE JUN 1    603                       758   -155      702
  SINCE JAN 1    714                       822   -108      779
..................................................................


WIND (MPH)
  HIGHEST WIND SPEED    25   HIGHEST WIND DIRECTION    SW (230)
  HIGHEST GUST SPEED    38   HIGHEST GUST DIRECTION    SW (220)
  AVERAGE WIND SPEED     6.7


SKY COVER
  POSSIBLE SUNSHINE  MM
  AVERAGE SKY COVER 0.2


WEATHER CONDITIONS
 THE FOLLOWING WEATHER WAS RECORDED YESTERDAY.
  THUNDERSTORM
  HEAVY RAIN
  RAIN
  LIGHT RAIN
  FOG


RELATIVE HUMIDITY (PERCENT)
 HIGHEST   100           500 AM
 LOWEST     57           100 PM
 AVERAGE    79

..........................................................


THE OTTUMWA IA CLIMATE NORMALS FOR TODAY
                         NORMAL    RECORD    YEAR
 MAXIMUM TEMPERATURE (F)   82       104      1947
 MINIMUM TEMPERATURE (F)   60        42      1915


SUNRISE AND SUNSET
AUGUST 30 2014........SUNRISE   634 AM CDT   SUNSET   746 PM CDT
AUGUST 31 2014........SUNRISE   635 AM CDT   SUNSET   744 PM CDT


-  INDICATES NEGATIVE NUMBERS.
R  INDICATES RECORD WAS SET OR TIED.
MM INDICATES DATA IS MISSING.
T  INDICATES TRACE AMOUNT.




$$
