000
CDUS43 KDMX 291223 RRA
CLIOTM

CLIMATE REPORT
NATIONAL WEATHER SERVICE DES MOINES IA
132 AM CDT SUN MAR 29 2015

...................................

...THE OTTUMWA IA CLIMATE SUMMARY FOR MARCH 28 2015...

CLIMATE NORMAL PERIOD 1981 TO 2010
CLIMATE RECORD PERIOD 1920 TO 2015


WEATHER ITEM   OBSERVED TIME   RECORD YEAR NORMAL DEPARTURE LAST
                VALUE   (LST)  VALUE       VALUE  FROM      YEAR
                                                  NORMAL
..................................................................
TEMPERATURE (F)
 YESTERDAY
  MAXIMUM         47    331 PM  85    1910  55     -8       38
  MINIMUM         22    614 AM   8    1970  33    -11       33
  AVERAGE         35                        44     -9       36

PRECIPITATION (IN)
  YESTERDAY        0.00          1.68 1931   0.08  -0.08     0.00
  MONTH TO DATE    0.42                      1.98  -1.56     0.82
  SINCE MAR 1      0.42                      1.98  -1.56     0.82
  SINCE JAN 1      1.58                      4.16  -2.58     3.63

DEGREE DAYS
 HEATING
  YESTERDAY       30                        21      9       29
  MONTH TO DATE  728                       750    -22      930
  SINCE MAR 1    728                       750    -22      930
  SINCE JUL 1   5859                      5635    224     6443

 COOLING
  YESTERDAY        0                         0      0        0
  MONTH TO DATE    0                         0      0        0
  SINCE MAR 1      0                         0      0        0
  SINCE JAN 1      0                         0      0        0
..................................................................


WIND (MPH)
  HIGHEST WIND SPEED    20   HIGHEST WIND DIRECTION     S (160)
  HIGHEST GUST SPEED    30   HIGHEST GUST DIRECTION     E (110)
  AVERAGE WIND SPEED     9.7


SKY COVER
  POSSIBLE SUNSHINE  MM
  AVERAGE SKY COVER 0.1


WEATHER CONDITIONS
 THE FOLLOWING WEATHER WAS RECORDED YESTERDAY.
  NO SIGNIFICANT WEATHER WAS OBSERVED.


RELATIVE HUMIDITY (PERCENT)
 HIGHEST    77           600 AM
 LOWEST     25           400 PM
 AVERAGE    51

..........................................................


THE OTTUMWA IA CLIMATE NORMALS FOR TODAY
                         NORMAL    RECORD    YEAR
 MAXIMUM TEMPERATURE (F)   55        88      1986
 MINIMUM TEMPERATURE (F)   33         9      1969


SUNRISE AND SUNSET
MARCH 29 2015.........SUNRISE   658 AM CDT   SUNSET   731 PM CDT
MARCH 30 2015.........SUNRISE   657 AM CDT   SUNSET   732 PM CDT


-  INDICATES NEGATIVE NUMBERS.
R  INDICATES RECORD WAS SET OR TIED.
MM INDICATES DATA IS MISSING.
T  INDICATES TRACE AMOUNT.




$$
