000
CDUS43 KDMX 200854
CLIOTM

CLIMATE REPORT
NATIONAL WEATHER SERVICE DES MOINES IA
157 AM CDT SUN AUG 20 2017

...................................

...THE OTTUMWA IA CLIMATE SUMMARY FOR AUGUST 19 2017...

CLIMATE NORMAL PERIOD 1981 TO 2010
CLIMATE RECORD PERIOD 1920 TO 2017

WEATHER ITEM   OBSERVED TIME   RECORD YEAR NORMAL DEPARTURE LAST
                VALUE   (LST)  VALUE       VALUE  FROM      YEAR
                                                  NORMAL
..................................................................
TEMPERATURE (F)
 YESTERDAY
  MAXIMUM         89    224 PM 106    1913  84      5       87
  MINIMUM         62    549 AM  48    1950  62      0       67
  AVERAGE         76                        73      3       77

PRECIPITATION (IN)
  YESTERDAY        0.00          1.38 1949   0.15  -0.15     0.48
  MONTH TO DATE    1.16                      2.84  -1.68     2.85
  SINCE JUN 1      2.77                     12.40  -9.63     9.32
  SINCE JAN 1     15.23                     24.93  -9.70    18.23

DEGREE DAYS
 HEATING
  YESTERDAY        0                         0      0        0
  MONTH TO DATE    0                         0      0        0
  SINCE JUN 1     10                        23    -13        8
  SINCE JUL 1      0                         2     -2        7

 COOLING
  YESTERDAY       11                         8      3       12
  MONTH TO DATE  129                       169    -40      198
  SINCE JUN 1    813                       684    129      746
  SINCE JAN 1    874                       748    126      817
..................................................................

WIND (MPH)
  HIGHEST WIND SPEED    13   HIGHEST WIND DIRECTION     E (70)
  HIGHEST GUST SPEED    16   HIGHEST GUST DIRECTION    NW (320)
  AVERAGE WIND SPEED     6.9

SKY COVER
  POSSIBLE SUNSHINE  MM
  AVERAGE SKY COVER 0.1

WEATHER CONDITIONS
 THE FOLLOWING WEATHER WAS RECORDED YESTERDAY.
  NO SIGNIFICANT WEATHER WAS OBSERVED.

RELATIVE HUMIDITY (PERCENT)
 HIGHEST    93           200 AM
 LOWEST     40           200 PM
 AVERAGE    67
..........................................................

THE OTTUMWA IA CLIMATE NORMALS FOR TODAY
                         NORMAL    RECORD    YEAR
 MAXIMUM TEMPERATURE (F)   83       103      1947
 MINIMUM TEMPERATURE (F)   62        41      1950

SUNRISE AND SUNSET
AUGUST 20 2017........SUNRISE   625 AM CDT   SUNSET   801 PM CDT
AUGUST 21 2017........SUNRISE   626 AM CDT   SUNSET   759 PM CDT

-  INDICATES NEGATIVE NUMBERS.
R  INDICATES RECORD WAS SET OR TIED.
MM INDICATES DATA IS MISSING.
T  INDICATES TRACE AMOUNT.

$$

FAB
