000
CDAK49 PAOT 221159
CLIOTZ

CLIMATE REPORT
NATIONAL WEATHER SERVICE KOTZEBUE, AK
259 AM AKST SAT NOV 22 2014

...................................
...THE KOTZEBUE WSO AP CLIMATE SUMMARY FOR NOVEMBER 21 2014...

CLIMATE NORMAL PERIOD  1981 TO  2010
CLIMATE RECORD PERIOD  1897 TO  2014

WEATHER ITEM   OBSERVED TIME    RECORD YEAR NORMAL DEPARTURE LAST
               VALUE    (LST)   VALUE       VALUE  FROM      YEAR
                                                   NORMAL
...................................................................
TEMPERATURE
YESTERDAY
 MAXIMUM            32  0126 AM    38  1949     12      20     -5
 MINIMUM            18  1134 PM   -28  2008      2      16    -14
 AVERAGE            25                           7      18    -10

PRECIPITATION
(INCHES)
 YESTERDAY        0.00           0.39  2010   0.03   -0.03   0.00
 MONTH TO DATE    0.18                        0.53   -0.35   1.11
 SINCE SEP 1      2.42                        3.12   -0.70   4.74
 SINCE JAN 1      9.16                       10.00   -0.84  11.20

SNOWFALL
(INCHES)
 YESTERDAY         0.0            3.2  1993    0.4    -0.4    0.0
 MONTH TO DATE     0.1                         6.9    -6.8    8.9
 SINCE SEP 1       3.7                        13.8   -10.1    9.8
 SINCE JUL 1       3.7                        13.8   -10.1    9.8
 SNOW DEPTH (IN)     1                                          3

DEGREE DAYS
 HEATING
  YESTERDAY         40                          58     -18     75
  MONTH TO DATE    887                        1146    -259   1010
  SINCE SEP 1     2638                        3090    -452   2708
  SINCE JUL 1     3198                        3828    -630   3304

 COOLING
  YESTERDAY          0                           0       0      0
  MONTH TO DATE      0                           0       0      0
  SINCE SEP 1        0                           0       0      0
  SINCE JAN 1       19                           0      19     13
...................................................................

WIND (MPH)
 HIGHEST WIND SPEED    31     HIGHEST WIND DIRECTION     90
 HIGHEST GUST SPEED    37     HIGHEST GUST DIRECTION     90
 AVERAGE WIND SPEED  19.1

SKY COVER
  POSSIBLE SUNSHINE    MM          AVERAGE SKY COVER     MM

WEATHER CONDITIONS
 THE FOLLOWING WEATHER WAS RECORDED YESTERDAY.
 NO SIGNIFICANT WEATHER WAS OBSERVED.

RELATIVE HUMIDITY
 HIGHEST RH     MM PERCENT       MM
 LOWEST  RH     MM PERCENT       MM
 AVERAGE RH     MM PERCENT       MM
...................................................................

THE KOTZEBUE CLIMATE NORMALS FOR TODAY
                           NORMAL    RECORD   YEAR
 MAXIMUM TEMPERATURE (F)     12        37     1949
 MINIMUM TEMPERATURE (F)      2       -26     1948

SUNRISE AND SUNSET
 NOV 22 2014..........SUNRISE 11:19 AM      SUNSET  3:54 PM
 NOV 23 2014..........SUNRISE 11:23 AM      SUNSET  3:51 PM

-  INDICATES NEGATIVE NUMBERS.
R  INDICATES RECORD HAS BEEN SET OR TIED.
MM INDICATES DATA IS MISSING.
T  INDICATES TRACE OF PRECIPITATION.

&&
-------------------------------------------------------------------

AMOUNT OF DAYLIGHT TODAY  (HOUR:MIN)........4 HOURS 35 MINUTES
LOSS SINCE YESTERDAY (HOUR:MIN:SEC).........-0:07:54

$$
TGH NOV 14
