000
CDAK49 PAFG 170948
CLIOTZ

CLIMATE REPORT
NATIONAL WEATHER SERVICE FAIRBANKS AK
1248 AM AKST TUE JAN 17 2017


...................................

...THE KOTZEBUE AK CLIMATE SUMMARY FOR JANUARY 16 2017...

CLIMATE NORMAL PERIOD 1981 TO 2010
CLIMATE RECORD PERIOD 1920 TO 2017


WEATHER ITEM   OBSERVED TIME   RECORD YEAR NORMAL DEPARTURE LAST
                VALUE   (LST)  VALUE       VALUE  FROM      YEAR
                                                  NORMAL
..................................................................
TEMPERATURE (F)
 YESTERDAY
  MAXIMUM        -15    353 PM  36    2009   3    -18       13
                                      1963
  MINIMUM        -24   1159 PM -55    1934 -10    -14       -2
  AVERAGE        -19                        -3    -16        6

PRECIPITATION (IN)
  YESTERDAY        0.00          0.64 1963   0.02  -0.02     0.00
  MONTH TO DATE    0.15                      0.34  -0.19     0.16
  SINCE DEC 1      0.89                      1.10  -0.21     0.62
  SINCE JAN 1      0.15                      0.34  -0.19     0.16

SNOWFALL (IN)
  YESTERDAY        0.0           3.0  2008   0.3   -0.3      0.0
  MONTH TO DATE    0.9                       4.9   -4.0      1.0
  SINCE DEC 1     15.0                      16.4   -1.4      2.2
  SINCE JUL 1     20.6                      33.8  -13.2     15.6
  SNOW DEPTH      15

DEGREE DAYS
 HEATING
  YESTERDAY       84                        68     16       59
  MONTH TO DATE  935                      1077   -142      711
  SINCE DEC 1   2737                      3021   -284     2650
  SINCE JUL 1   6350                      7379  -1029     6369

 COOLING
  YESTERDAY        0                         0      0        0
  MONTH TO DATE    0                         0      0        0
  SINCE DEC 1      0                         0      0        0
  SINCE JAN 1      0                         0      0        0
..................................................................


WIND (MPH)
  HIGHEST GUST SPEED    18   HIGHEST GUST DIRECTION     N (10)


SKY COVER
  AVERAGE SKY COVER 0.0


WEATHER CONDITIONS
 THE FOLLOWING WEATHER WAS RECORDED YESTERDAY.
  NO SIGNIFICANT WEATHER WAS OBSERVED.


RELATIVE HUMIDITY (PERCENT)
 HIGHEST    70
 LOWEST     55
 AVERAGE    63

..........................................................


THE KOTZEBUE AK CLIMATE NORMALS FOR TODAY
                         NORMAL    RECORD    YEAR
 MAXIMUM TEMPERATURE (F)    3        37      2009
 MINIMUM TEMPERATURE (F)  -10       -53      1934


SUNRISE AND SUNSET
JANUARY 17 2017.......SUNRISE  1150 AM AKST  SUNSET   414 PM AKST
JANUARY 18 2017.......SUNRISE  1146 AM AKST  SUNSET   418 PM AKST

-  INDICATES NEGATIVE NUMBERS.
R  INDICATES RECORD WAS SET OR TIED.
MM INDICATES DATA IS MISSING.
T  INDICATES TRACE AMOUNT.

&&

SNOW DEPTH IS MEASURED AT 3AM AKST/4AM AKDT.

----------------------------
AVAILABLE DAYLIGHT

AMOUNT OF DAYLIGHT TODAY  (HOUR:MIN)........4:24
GAIN/LOSS SINCE YESTERDAY (HOUR:MIN:SEC)....+0:07:55

$$
JB JAN 17
