000
CDAK49 PAOT 241209
CLIOTZ

CLIMATE REPORT
NATIONAL WEATHER SERVICE KOTZEBUE, AK
409 AM AKDT THU APR 24 2014

...................................
...THE KOTZEBUE WSO AP CLIMATE SUMMARY FOR APRIL 23 2014...

CLIMATE NORMAL PERIOD  1981 TO  2010
CLIMATE RECORD PERIOD  1897 TO  2014

WEATHER ITEM   OBSERVED TIME    RECORD YEAR NORMAL DEPARTURE LAST
               VALUE    (LST)   VALUE       VALUE  FROM      YEAR
                                                   NORMAL
...................................................................
TEMPERATURE
YESTERDAY
 MAXIMUM            43  0119 PM    45  1931     26      17     30
 MINIMUM            29  1156 PM   -16  1966     11      18     21
 AVERAGE            36                          19      17     26

PRECIPITATION
(INCHES)
 YESTERDAY        0.00           0.28  1983   0.02   -0.02   0.14
 MONTH TO DATE    0.19                        0.40   -0.21   0.18
 SINCE MAR 1      0.53                        0.84   -0.31   0.55
 SINCE JAN 1      1.25                        2.12   -0.87   2.61

SNOWFALL
(INCHES)
 YESTERDAY         0.0            4.5  1937    0.2    -0.2    1.4
 MONTH TO DATE     0.4                         4.1    -3.7    1.8
 SINCE MAR 1       7.2                        10.0    -2.8    5.5
 SINCE JUL 1      32.2                        57.6   -25.4   29.8
 SNOW DEPTH (IN)     1                                          4

DEGREE DAYS
 HEATING
  YESTERDAY         29                          47     -18     39
  MONTH TO DATE   1078                        1245    -167   1348
  SINCE MAR 1     2843                        3232    -389   3302
  SINCE JUL 1    11775                       13474   -1699  13633

 COOLING
  YESTERDAY          0                           0       0      0
  MONTH TO DATE      0                           0       0      0
  SINCE MAR 1        0                           0       0      0
  SINCE JAN 1        0                           0       0      0
...................................................................

WIND (MPH)
 HIGHEST WIND SPEED     9     HIGHEST WIND DIRECTION    350
 HIGHEST GUST SPEED    12     HIGHEST GUST DIRECTION    350
 AVERAGE WIND SPEED   5.5

SKY COVER
  POSSIBLE SUNSHINE    MM          AVERAGE SKY COVER     MM

WEATHER CONDITIONS
 THE FOLLOWING WEATHER WAS RECORDED YESTERDAY.
  NO SIGNIFICANT WEATHER WAS OBSERVED.

RELATIVE HUMIDITY
 HIGHEST RH     MM PERCENT       MM
 LOWEST  RH     MM PERCENT       MM
 AVERAGE RH     MM PERCENT       MM
...................................................................

THE KOTZEBUE CLIMATE NORMALS FOR TODAY
                           NORMAL    RECORD   YEAR
 MAXIMUM TEMPERATURE (F)     27        48     1980
 MINIMUM TEMPERATURE (F)     12       -20     1966

SUNRISE AND SUNSET
 APR 24 2014..........SUNRISE  6:28 AM      SUNSET 11:13 PM
 APR 25 2014..........SUNRISE  6:24 AM      SUNSET 11:17 PM

-  INDICATES NEGATIVE NUMBERS.
R  INDICATES RECORD HAS BEEN SET OR TIED.
MM INDICATES DATA IS MISSING.
T  INDICATES TRACE OF PRECIPITATION.

&&
-------------------------------------------------------------------

AMOUNT OF DAYLIGHT TODAY  (HOUR:MIN)........16 HOURS 45 MINUTES
GAIN/LOSS SINCE YESTERDAY (HOUR:MIN:SEC)....+0:07:57

$$
EWH APR 14
