000
CDAK49 PAOT 281206
CLIOTZ

CLIMATE REPORT
NATIONAL WEATHER SERVICE KOTZEBUE, AK
406 AM AKDT THU AUG 28 2014

...................................
...THE KOTZEBUE WSO AP CLIMATE SUMMARY FOR AUGUST 27 2014...

CLIMATE NORMAL PERIOD  1981 TO  2010
CLIMATE RECORD PERIOD  1897 TO  2014

WEATHER ITEM   OBSERVED TIME    RECORD YEAR NORMAL DEPARTURE LAST
               VALUE    (LST)   VALUE       VALUE  FROM      YEAR
                                                   NORMAL
...................................................................
TEMPERATURE
YESTERDAY
 MAXIMUM            56  0819 PM    70  1981     54       2     54
 MINIMUM            49  0447 AM    32  1996     45       4     47
 AVERAGE            53                          50       3     51

PRECIPITATION
(INCHES)
 YESTERDAY        0.07           0.54  1963   0.06    0.01   0.05
 MONTH TO DATE    0.92                        1.93   -1.01   0.59
 SINCE JUN 1      3.89                        3.96   -0.07   2.78
 SINCE JAN 1      6.15                        6.63   -0.48   6.38

SNOWFALL
(INCHES)
 YESTERDAY         0.0            0.0  2014    0.0     0.0    0.0
 MONTH TO DATE     0.0                         0.0     0.0    0.0
 SINCE JUN 1       0.0                         0.0     0.0    0.0
 SINCE JUL 1       0.0                         0.0     0.0    0.0
 SNOW DEPTH (IN)     0                                          0

DEGREE DAYS
 HEATING
  YESTERDAY         12                          15      -3     14
  MONTH TO DATE    126                         348    -222    242
  SINCE JUN 1     1097                        1255    -158    929
  SINCE JUL 1      480                         674    -194    504

 COOLING
  YESTERDAY          0                           0       0      0
  MONTH TO DATE     11                           0      11      0
  SINCE JUN 1       19                           0      19     13
  SINCE JAN 1       19                           0      19     13
...................................................................

WIND (MPH)
 HIGHEST WIND SPEED    21     HIGHEST WIND DIRECTION    270
 HIGHEST GUST SPEED    24     HIGHEST GUST DIRECTION    280
 AVERAGE WIND SPEED  10.3

SKY COVER
  POSSIBLE SUNSHINE    MM          AVERAGE SKY COVER     MM

WEATHER CONDITIONS
 THE FOLLOWING WEATHER WAS RECORDED YESTERDAY.
 RAIN


RELATIVE HUMIDITY
 HIGHEST RH     MM PERCENT       MM
 LOWEST  RH     MM PERCENT       MM
 AVERAGE RH     MM PERCENT       MM
...................................................................

THE KOTZEBUE CLIMATE NORMALS FOR TODAY
                           NORMAL    RECORD   YEAR
 MAXIMUM TEMPERATURE (F)     54        67     2001
 MINIMUM TEMPERATURE (F)     45        29     1994

SUNRISE AND SUNSET
 AUG 28 2014..........SUNRISE  7:09 AM      SUNSET 10:32 PM
 AUG 29 2014..........SUNRISE  7:13 AM      SUNSET 10:28 PM

-  INDICATES NEGATIVE NUMBERS.
R  INDICATES RECORD HAS BEEN SET OR TIED.
MM INDICATES DATA IS MISSING.
T  INDICATES TRACE OF PRECIPITATION.

&&
-------------------------------------------------------------------

AMOUNT OF DAYLIGHT TODAY  (HOUR:MIN)........15 HOURS 23 MINUTES
LOSS SINCE YESTERDAY (HOUR:MIN:SEC).........-0:07:35

$$
TGH AUG 14
