000
CDAK49 PAFG 290950
CLIOTZ

CLIMATE REPORT
NATIONAL WEATHER SERVICE FAIRBANKS AK
150 AM AKDT THU SEP 29 2016


...................................

...THE KOTZEBUE AK CLIMATE SUMMARY FOR SEPTEMBER 28 2016...

CLIMATE NORMAL PERIOD 1981 TO 2010
CLIMATE RECORD PERIOD 1920 TO 2016


WEATHER ITEM   OBSERVED TIME   RECORD YEAR NORMAL DEPARTURE LAST
                VALUE   (LST)  VALUE       VALUE  FROM      YEAR
                                                  NORMAL
..................................................................
TEMPERATURE (F)
 YESTERDAY
  MAXIMUM         47    716 PM  55    1995  40      7       38
  MINIMUM         42   1238 AM  14    1992  32     10       28
  AVERAGE         45                        36      9       33

PRECIPITATION (IN)
  YESTERDAY        0.27          0.40 2006   0.05   0.22     0.01
                                      1989
  MONTH TO DATE    1.98                      1.49   0.49     0.57
  SINCE SEP 1      1.98                      1.49   0.49     0.57
  SINCE JAN 1      7.72                      8.37  -0.65     7.61

SNOWFALL (IN)
  YESTERDAY        0.0           3.2  1957   0.0    0.0     MM
  MONTH TO DATE    0.2                       0.6   -0.4       T
  SINCE SEP 1      0.2                       0.6   -0.4       T
  SINCE JUL 1      0.2                       0.6   -0.4       T
  SNOW DEPTH       0

DEGREE DAYS
 HEATING
  YESTERDAY       20                        29     -9       32
  MONTH TO DATE  579                       620    -41      663
  SINCE SEP 1    579                       620    -41      663
  SINCE JUL 1   1071                      1358   -287     1283

 COOLING
  YESTERDAY        0                         0      0        0
  MONTH TO DATE    0                         0      0        0
  SINCE SEP 1      0                         0      0        0
  SINCE JAN 1      5                         5      0       16
..................................................................


WIND (MPH)
  HIGHEST GUST SPEED    38   HIGHEST GUST DIRECTION     S (170)


SKY COVER
  AVERAGE SKY COVER 0.6


WEATHER CONDITIONS
 THE FOLLOWING WEATHER WAS RECORDED YESTERDAY.
  RAIN
  LIGHT RAIN
  FOG


RELATIVE HUMIDITY (PERCENT)
 HIGHEST    92
 LOWEST     65
 AVERAGE    79

..........................................................


THE KOTZEBUE AK CLIMATE NORMALS FOR TODAY
                         NORMAL    RECORD    YEAR
 MAXIMUM TEMPERATURE (F)   40        52      1984
 MINIMUM TEMPERATURE (F)   31        13      1992


SUNRISE AND SUNSET
SEPTEMBER 29 2016.....SUNRISE   858 AM AKDT  SUNSET   822 PM AKDT
SEPTEMBER 30 2016.....SUNRISE   902 AM AKDT  SUNSET   818 PM AKDT

-  INDICATES NEGATIVE NUMBERS.
R  INDICATES RECORD WAS SET OR TIED.
MM INDICATES DATA IS MISSING.
T  INDICATES TRACE AMOUNT.

&&

SNOW DEPTH IS MEASURED AT 3AM AKST/4AM AKDT.

----------------------------
AVAILABLE DAYLIGHT

AMOUNT OF DAYLIGHT TODAY  (HOUR:MIN)........11:23
GAIN/LOSS SINCE YESTERDAY (HOUR:MIN:SEC)....-0:07:18

$$
SDB SEP 16
