432
CDAK49 PAFG 240959
CLIOTZ

CLIMATE REPORT
NATIONAL WEATHER SERVICE FAIRBANKS AK
159 AM AKDT WED MAY 24 2017


...................................

...THE KOTZEBUE AK CLIMATE SUMMARY FOR MAY 23 2017...

CLIMATE NORMAL PERIOD 1981 TO 2010
CLIMATE RECORD PERIOD 1920 TO 2017


WEATHER ITEM   OBSERVED TIME   RECORD YEAR NORMAL DEPARTURE LAST
                VALUE   (LST)  VALUE       VALUE  FROM      YEAR
                                                  NORMAL
..................................................................
TEMPERATURE (F)
 YESTERDAY
  MAXIMUM         44    745 PM  68    2002  41      3       45
  MINIMUM         34    523 AM  11    2000  30      4       35
  AVERAGE         39                        35      4       40

PRECIPITATION (IN)
  YESTERDAY        0.13          0.38 1959   0.01   0.12     0.03
  MONTH TO DATE    0.18                      0.32  -0.14     0.49
  SINCE MAR 1      0.26                      1.30  -1.04     1.26
  SINCE JAN 1      1.85                      2.58  -0.73     1.97

SNOWFALL (IN)
  YESTERDAY        0.0           1.1  1964   0.0    0.0     MM
  MONTH TO DATE    0.2                       1.1   -0.9       T
  SINCE MAR 1      2.4                      12.1   -9.7      6.0
  SINCE JUL 1     52.6                      59.7   -7.1     26.0
  SNOW DEPTH       0

DEGREE DAYS
 HEATING
  YESTERDAY       26                        30     -4       25
  MONTH TO DATE  716                       803    -87      631
  SINCE MAR 1   4097                      4336   -239     3710
  SINCE JUL 1  12956                     14581  -1625    12488

 COOLING
  YESTERDAY        0                         0      0        0
  MONTH TO DATE    0                         0      0        0
  SINCE MAR 1      0                         0      0        0
  SINCE JAN 1      0                         0      0        0
..................................................................


WIND (MPH)
  HIGHEST GUST SPEED    17   HIGHEST GUST DIRECTION    SE (140)


SKY COVER
  AVERAGE SKY COVER 0.9


WEATHER CONDITIONS
 THE FOLLOWING WEATHER WAS RECORDED YESTERDAY.
  RAIN
  LIGHT RAIN
  FOG


RELATIVE HUMIDITY (PERCENT)
 HIGHEST   100
 LOWEST     62
 AVERAGE    81

..........................................................


THE KOTZEBUE AK CLIMATE NORMALS FOR TODAY
                         NORMAL    RECORD    YEAR
 MAXIMUM TEMPERATURE (F)   41        61      2011
                                             1980
 MINIMUM TEMPERATURE (F)   30        13      2001


SUNRISE AND SUNSET
MAY 24 2017...........SUNRISE   413 AM AKDT  SUNSET   128 AM AKDT
MAY 25 2017...........SUNRISE   407 AM AKDT  SUNSET   134 AM AKDT

-  INDICATES NEGATIVE NUMBERS.
R  INDICATES RECORD WAS SET OR TIED.
MM INDICATES DATA IS MISSING.
T  INDICATES TRACE AMOUNT.

&&

SNOW DEPTH IS MEASURED AT 3AM AKST/4AM AKDT.

----------------------------
AVAILABLE DAYLIGHT

AMOUNT OF DAYLIGHT TODAY  (HOUR:MIN)........21:09
GAIN/LOSS SINCE YESTERDAY (HOUR:MIN:SEC)....+0:10:41

$$
MAY 17
