000
CDAK49 PAFG 160956
CLIOTZ

CLIMATE REPORT
NATIONAL WEATHER SERVICE FAIRBANKS AK
156 AM AKDT WED AUG 16 2017


...................................

...THE KOTZEBUE AK CLIMATE SUMMARY FOR AUGUST 15 2017...

CLIMATE NORMAL PERIOD 1981 TO 2010
CLIMATE RECORD PERIOD 1920 TO 2017


WEATHER ITEM   OBSERVED TIME   RECORD YEAR NORMAL DEPARTURE LAST
                VALUE   (LST)  VALUE       VALUE  FROM      YEAR
                                                  NORMAL
..................................................................
TEMPERATURE (F)
 YESTERDAY
  MAXIMUM         53    203 AM  73    2014  56     -3       61
  MINIMUM         45   1110 PM  30    1902  48     -3       50
  AVERAGE         49                        52     -3       56

PRECIPITATION (IN)
  YESTERDAY        0.00          0.66 1994   0.07  -0.07     0.00
  MONTH TO DATE    0.91                      1.09  -0.18     0.71
  SINCE JUN 1      3.74                      3.12   0.62     2.40
  SINCE JAN 1      5.82                      5.79   0.03     4.53

SNOWFALL (IN)
  YESTERDAY        0.0           T    1969   0.0    0.0      0.0
  MONTH TO DATE    0.0                       0.0    0.0      0.0
  SINCE JUN 1      0.0                       0.0    0.0      0.0
  SINCE JUL 1      0.0                       0.0    0.0      0.0
  SNOW DEPTH       0

DEGREE DAYS
 HEATING
  YESTERDAY       16                        13      3        9
  MONTH TO DATE  145                       177    -32       91
  SINCE JUN 1    785                      1082   -297      748
  SINCE JUL 1    374                       502   -128      344

 COOLING
  YESTERDAY        0                         0      0        0
  MONTH TO DATE    0                         0      0        0
  SINCE JUN 1      1                         4     -3        5
  SINCE JAN 1      1                         4     -3        5
..................................................................


WIND (MPH)
  HIGHEST GUST SPEED    27   HIGHEST GUST DIRECTION     W (290)


SKY COVER
  AVERAGE SKY COVER 0.9


WEATHER CONDITIONS
 THE FOLLOWING WEATHER WAS RECORDED YESTERDAY.
  NO SIGNIFICANT WEATHER WAS OBSERVED.


RELATIVE HUMIDITY (PERCENT)
 HIGHEST    92
 LOWEST     66
 AVERAGE    79

..........................................................


THE KOTZEBUE AK CLIMATE NORMALS FOR TODAY
                         NORMAL    RECORD    YEAR
 MAXIMUM TEMPERATURE (F)   56        75      1950
 MINIMUM TEMPERATURE (F)   47        33      1929
                                             1902


SUNRISE AND SUNSET
AUGUST 16 2017........SUNRISE   627 AM AKDT  SUNSET  1120 PM AKDT
AUGUST 17 2017........SUNRISE   631 AM AKDT  SUNSET  1116 PM AKDT

-  INDICATES NEGATIVE NUMBERS.
R  INDICATES RECORD WAS SET OR TIED.
MM INDICATES DATA IS MISSING.
T  INDICATES TRACE AMOUNT.

&&

SNOW DEPTH IS MEASURED AT 3AM AKST/4AM AKDT.

----------------------------
AVAILABLE DAYLIGHT

AMOUNT OF DAYLIGHT TODAY  (HOUR:MIN)........16:53
GAIN/LOSS SINCE YESTERDAY (HOUR:MIN:SEC)....-0:07:56

$$
AUG 17
