000
CDAK49 PAOT 290001
CLIOTZ

CLIMATE REPORT
NATIONAL WEATHER SERVICE KOTZEBUE, AK
301 PM AKST WED JAN 28 2015

...................................
...THE KOTZEBUE WSO AP CLIMATE SUMMARY FOR JANUARY 28 2015...
VALID TODAY AS OF 2:00 PM LOCAL TIME

CLIMATE NORMAL PERIOD  1981 TO  2010
CLIMATE RECORD PERIOD  1897 TO  2015

WEATHER ITEM   OBSERVED TIME    RECORD YEAR NORMAL DEPARTURE LAST
               VALUE    (LST)   VALUE       VALUE  FROM      YEAR
                                                   NORMAL
...................................................................
TEMPERATURE
TODAY
 MAXIMUM           -20  0220 PM    38  2014      4     -24     38
 MINIMUM           -27  0150 AM   -43  2012    -10     -17     28
 AVERAGE           -24                          -3     -21     33

PRECIPITATION
(INCHES)
 TODAY            0.00           0.28  1996   0.02   -0.02   0.00
 MONTH TO DATE    0.31                        0.56   -0.25   0.52
 SINCE DEC 1      0.66                        1.32   -0.66   1.29
 SINCE JAN 1      0.31                        0.56   -0.25   0.52

SNOWFALL
(INCHES)
 TODAY             0.0            4.3  1996    0.3    -0.3    0.0
 MONTH TO DATE     2.9                         8.3    -5.4    4.8
 SINCE DEC 1       5.9                        19.8   -13.9   12.0
 SINCE JUL 1      10.6                        37.2   -26.6   23.7
 SNOW DEPTH (IN)     4                                          8

DEGREE DAYS
 HEATING
  TODAY             89                          68      21     32
  MONTH TO DATE   1685                        1893    -208   1451
  SINCE DEC 1     3443                        3836    -393   3273
  SINCE JUL 1     7118                        8195   -1077   7162

 COOLING
  TODAY              0                           0       0      0
  MONTH TO DATE      0                           0       0      0
  SINCE DEC 1        0                           0       0      0
  SINCE JAN 1        0                           0       0      0
...................................................................

WIND (MPH)
 HIGHEST WIND SPEED     6     HIGHEST WIND DIRECTION     60
 HIGHEST GUST SPEED     7     HIGHEST GUST DIRECTION     70
 AVERAGE WIND SPEED   0.0

SKY COVER
  POSSIBLE SUNSHINE  MM            AVERAGE SKY COVER MM

WEATHER CONDITIONS
 THE FOLLOWING WEATHER WAS RECORDED TODAY.
 NO SIGNIFICANT WEATHER WAS OBSERVED.

RELATIVE HUMIDITY
 HIGHEST RH     MM PERCENT       MM
 LOWEST  RH     MM PERCENT       MM
 AVERAGE RH     MM PERCENT       MM
...................................................................

THE KOTZEBUE CLIMATE NORMALS FOR TOMORROW
                        NORMAL    RECORD   YEAR
 MAXIMUM TEMPERATURE       4        32     2007
 MINIMUM TEMPERATURE     -10       -43     1944

SUNRISE AND SUNSET
 JAN 28 2015..........SUNRISE 11:10 AM      SUNSET  4:58 PM
 JAN 29 2015..........SUNRISE 11:07 AM      SUNSET  5:02 PM

-  INDICATES NEGATIVE NUMBERS.
R  INDICATES RECORD HAS BEEN SET OR TIED.
MM INDICATES DATA IS MISSING.
T  INDICATES TRACE OF PRECIPITATION.

&&
-------------------------------------------------------------------

AMOUNT OF DAYLIGHT TODAY  (HOUR:MIN)........5 HOURS 48 MINUTES
GAIN SINCE YESTERDAY (HOUR:MIN:SEC).........+0:07:58

$$
TGH JAN 15
