000
CDAK49 PAOT 260924
CLIOTZ

CLIMATE REPORT
NATIONAL WEATHER SERVICE KOTZEBUE, AK
125 AM AKDT TUE MAY 26 2015

...................................
...THE KOTZEBUE WSO AP CLIMATE SUMMARY FOR MAY 25 2015...

CLIMATE NORMAL PERIOD  1981 TO  2010
CLIMATE RECORD PERIOD  1897 TO  2015

WEATHER ITEM   OBSERVED TIME    RECORD YEAR NORMAL DEPARTURE LAST
               VALUE    (LST)   VALUE       VALUE  FROM      YEAR
                                                   NORMAL
...................................................................
TEMPERATURE
YESTERDAY
 MAXIMUM            52  0715 AM    68  1969     42      10     38
 MINIMUM            40  0341 AM     8  1901     31       9     33
 AVERAGE            46                          36      10     36

PRECIPITATION
(INCHES)
 YESTERDAY           T           0.34  1945   0.01   -0.01   0.04
 MONTH TO DATE    0.58                        0.34    0.24   0.53
 SINCE MAR 1      1.66                        1.32    0.34   1.08
 SINCE JAN 1      2.51                        2.60   -0.09   1.80

SNOWFALL
(INCHES)
 YESTERDAY         0.0            1.7  1976    0.1    -0.1      T
 MONTH TO DATE       T                         1.2    -1.2      T
 SINCE MAR 1       9.4                        12.2    -2.8    7.2
 SINCE JUL 1      24.7                        59.8   -35.1   32.2
 SNOW DEPTH (IN)     0                                          0

DEGREE DAYS
 HEATING
  YESTERDAY         19                          29     -10     29
  MONTH TO DATE    670                         861    -191    762
  SINCE MAR 1     4197                        4399    -202   3809
  SINCE JUL 1    13048                       14641   -1593  12760

 COOLING
  YESTERDAY          0                           0       0      0
  MONTH TO DATE      0                           0       0      0
  SINCE MAR 1        0                           0       0      0
  SINCE JAN 1        0                           0       0      0
...................................................................

WIND (MPH)
 HIGHEST WIND SPEED    12     HIGHEST WIND DIRECTION    300
 HIGHEST GUST SPEED    15     HIGHEST GUST DIRECTION    290
 AVERAGE WIND SPEED   5.7

SKY COVER
  POSSIBLE SUNSHINE    MM          AVERAGE SKY COVER     MM

WEATHER CONDITIONS
 THE FOLLOWING WEATHER WAS RECORDED YESTERDAY.
 RAIN


RELATIVE HUMIDITY
 HIGHEST RH     MM PERCENT       MM
 LOWEST  RH     MM PERCENT       MM
 AVERAGE RH     MM PERCENT       MM
...................................................................

THE KOTZEBUE CLIMATE NORMALS FOR TODAY
                           NORMAL    RECORD   YEAR
 MAXIMUM TEMPERATURE (F)     42        71     2002
 MINIMUM TEMPERATURE (F)     31         9     1901

SUNRISE AND SUNSET
 MAY 26 2015..........SUNRISE  4:05 AM      SUNSET  1:37 AM
 MAY 27 2015..........SUNRISE  3:59 AM      SUNSET  1:43 AM

-  INDICATES NEGATIVE NUMBERS.
R  INDICATES RECORD HAS BEEN SET OR TIED.
MM INDICATES DATA IS MISSING.
T  INDICATES TRACE OF PRECIPITATION.

&&
-------------------------------------------------------------------

AMOUNT OF DAYLIGHT TODAY  (HOUR:MIN)........21 HOURS 32 MINUTES
GAIN/LOSS SINCE YESTERDAY (HOUR:MIN:SEC)....+0:11:12

$$


MAY 15
