103
CDAK49 PAOT 301228
CLIOTZ

CLIMATE REPORT
NATIONAL WEATHER SERVICE KOTZEBUE, AK
428 AM AKDT SAT APR 30 2016

...................................
...THE KOTZEBUE WSO AP CLIMATE SUMMARY FOR APRIL 29 2016...

CLIMATE NORMAL PERIOD  1981 TO  2010
CLIMATE RECORD PERIOD  1897 TO  2016

WEATHER ITEM   OBSERVED TIME    RECORD YEAR NORMAL DEPARTURE LAST
               VALUE    (LST)   VALUE       VALUE  FROM      YEAR
                                                   NORMAL
...................................................................
TEMPERATURE
YESTERDAY
 MAXIMUM            35  0420 PM    46  1969     30       5     30
 MINIMUM            27  0106 AM   -14  1973     16      11     11
 AVERAGE            31                          23       8     21

PRECIPITATION
(INCHES)
 YESTERDAY           T           0.44  1995   0.02   -0.02   0.00
 MONTH TO DATE    0.60                        0.52    0.08   0.55
 SINCE MAR 1      0.74                        0.96   -0.22   1.08
 SINCE JAN 1      1.46                        2.24   -0.78   1.93

SNOWFALL
(INCHES)
 YESTERDAY           T            4.5  1999    0.2    -0.2    0.0
 MONTH TO DATE    10.6                         5.0     5.6    3.9
 SINCE MAR 1      14.3                        10.9     3.4    9.4
 SINCE JUL 1      59.7                        58.5     1.2   24.7
 SNOW DEPTH (IN)     0                                          3

DEGREE DAYS
 HEATING
  YESTERDAY         34                          42      -8     44
  MONTH TO DATE   1139                        1509    -370   1402
  SINCE MAR 1     3043                        3496    -453   3479
  SINCE JUL 1    12041                       13738   -1697  12357

 COOLING
  YESTERDAY          0                           0       0      0
  MONTH TO DATE      0                           0       0      0
  SINCE MAR 1        0                           0       0      0
  SINCE JAN 1        0                           0       0      0
...................................................................

WIND (MPH)
 HIGHEST WIND SPEED     7     HIGHEST WIND DIRECTION    250
 HIGHEST GUST SPEED     8     HIGHEST GUST DIRECTION    250
 AVERAGE WIND SPEED   3.7

SKY COVER
  POSSIBLE SUNSHINE    MM          AVERAGE SKY COVER     MM

WEATHER CONDITIONS
 THE FOLLOWING WEATHER WAS RECORDED YESTERDAY.
  SNOW


RELATIVE HUMIDITY
 HIGHEST RH     MM PERCENT       MM
 LOWEST  RH     MM PERCENT       MM
 AVERAGE RH     MM PERCENT       MM
...................................................................

THE KOTZEBUE CLIMATE NORMALS FOR TODAY
                           NORMAL    RECORD   YEAR
 MAXIMUM TEMPERATURE (F)     30        46     1960
 MINIMUM TEMPERATURE (F)     16       -18     1973

SUNRISE AND SUNSET
 APR 30 2016..........SUNRISE  6:01 AM      SUNSET 11:38 PM
 MAY 1 2016..........SUNRISE  5:57 AM      SUNSET 11:42 PM

-  INDICATES NEGATIVE NUMBERS.
R  INDICATES RECORD HAS BEEN SET OR TIED.
MM INDICATES DATA IS MISSING.
T  INDICATES TRACE OF PRECIPITATION.

&&
-------------------------------------------------------------------

AMOUNT OF DAYLIGHT TODAY  (HOUR:MIN)........17 HOURS 37 MINUTES
GAIN SINCE YESTERDAY  (HOUR:MIN:SEC)........+0:08:12

$$
SV APR 16
