000
CDAK49 PAFG 170946
CLIOTZ

CLIMATE REPORT
NATIONAL WEATHER SERVICE FAIRBANKS AK
1246 AM AKST WED JAN 17 2018


...................................

...THE KOTZEBUE AK CLIMATE SUMMARY FOR JANUARY 16 2018...

CLIMATE NORMAL PERIOD 1981 TO 2010
CLIMATE RECORD PERIOD 1920 TO 2018


WEATHER ITEM   OBSERVED TIME   RECORD YEAR NORMAL DEPARTURE LAST
                VALUE   (LST)  VALUE       VALUE  FROM      YEAR
                                                  NORMAL
..................................................................
TEMPERATURE (F)
 YESTERDAY
  MAXIMUM         28   1018 AM  36    2009   3     25      -15
                                      1963
  MINIMUM         14    510 PM -55    1934 -10     24      -24
  AVERAGE         21                        -3     24      -19

PRECIPITATION (IN)
  YESTERDAY        0.00          0.64 1963   0.02  -0.02     0.00
  MONTH TO DATE    0.22                      0.34  -0.12     0.15
  SINCE DEC 1      1.80                      1.10   0.70     0.89
  SINCE JAN 1      0.22                      0.34  -0.12     0.15

SNOWFALL (IN)
  YESTERDAY        0.0           3.0  2008   0.3   -0.3      0.0
  MONTH TO DATE    3.7                       4.9   -1.2      0.9
  SINCE DEC 1     23.4                      16.4    7.0     15.0
  SINCE JUL 1     64.4                      33.8   30.6     20.6
  SNOW DEPTH      66

DEGREE DAYS
 HEATING
  YESTERDAY       44                        68    -24       84
  MONTH TO DATE  832                      1077   -245      935
  SINCE DEC 1   2280                      3021   -741     2737
  SINCE JUL 1   6097                      7379  -1282     6350

 COOLING
  YESTERDAY        0                         0      0        0
  MONTH TO DATE    0                         0      0        0
  SINCE DEC 1      0                         0      0        0
  SINCE JAN 1      0                         0      0        0
..................................................................


WIND (MPH)
  HIGHEST GUST SPEED    33   HIGHEST GUST DIRECTION    SE (120)


SKY COVER
  AVERAGE SKY COVER 0.5


WEATHER CONDITIONS
 THE FOLLOWING WEATHER WAS RECORDED YESTERDAY.
  FOG


RELATIVE HUMIDITY (PERCENT)
 HIGHEST   100
 LOWEST     78
 AVERAGE    89

..........................................................


THE KOTZEBUE AK CLIMATE NORMALS FOR TODAY
                         NORMAL    RECORD    YEAR
 MAXIMUM TEMPERATURE (F)    3        37      2009
 MINIMUM TEMPERATURE (F)  -10       -53      1934


SUNRISE AND SUNSET
JANUARY 17 2018.......SUNRISE  1150 AM AKST  SUNSET   413 PM AKST
JANUARY 18 2018.......SUNRISE  1147 AM AKST  SUNSET   417 PM AKST

-  INDICATES NEGATIVE NUMBERS.
R  INDICATES RECORD WAS SET OR TIED.
MM INDICATES DATA IS MISSING.
T  INDICATES TRACE AMOUNT.

&&

SNOW DEPTH IS MEASURED AT 3AM AKST/4AM AKDT.

----------------------------
AVAILABLE DAYLIGHT

AMOUNT OF DAYLIGHT TODAY  (HOUR:MIN)........4:22
GAIN/LOSS SINCE YESTERDAY (HOUR:MIN:SEC)....+0:07:55

$$
CCC JAN 18
