000
CDAK49 PAOT 071228
CLIOTZ

CLIMATE REPORT
NATIONAL WEATHER SERVICE KOTZEBUE, AK
328 AM AKST SUN FEB 7 2016

...................................
...THE KOTZEBUE WSO AP CLIMATE SUMMARY FOR FEBRUARY 6 2016...

CLIMATE NORMAL PERIOD  1981 TO  2010
CLIMATE RECORD PERIOD  1897 TO  2016

WEATHER ITEM   OBSERVED TIME    RECORD YEAR NORMAL DEPARTURE LAST
               VALUE    (LST)   VALUE       VALUE  FROM      YEAR
                                                   NORMAL
...................................................................
TEMPERATURE
YESTERDAY
 MAXIMUM            19  1159 PM    35  1995      5      14     -1
 MINIMUM            14  0831 PM   -49  1991     -9      23    -11
 AVERAGE            17                          -2      19     -6

PRECIPITATION
(INCHES)
 YESTERDAY        0.06           0.28  1982   0.02    0.04   0.00
 MONTH TO DATE    0.06                        0.13   -0.07      T
 SINCE DEC 1      0.90                        1.51   -0.61   0.71
 SINCE JAN 1      0.44                        0.75   -0.31   0.36

SNOWFALL
(INCHES)
 YESTERDAY         1.2            1.2  2016    0.3     0.9    0.0
 MONTH TO DATE     1.4                         1.9    -0.5      T
 SINCE DEC 1      17.8                        22.5    -4.7    6.4
 SINCE JUL 1      39.3                        39.9    -0.6   11.1
 SNOW DEPTH (IN)    28                                          4

DEGREE DAYS
 HEATING
  YESTERDAY         48                          67     -19     71
  MONTH TO DATE    302                         403    -101    388
  SINCE DEC 1     3831                        4443    -612   4036
  SINCE JUL 1     7733                        8802   -1069   7722

 COOLING
  YESTERDAY          0                           0       0      0
  MONTH TO DATE      0                           0       0      0
  SINCE DEC 1        0                           0       0      0
  SINCE JAN 1        0                           0       0      0
...................................................................

WIND (MPH)
 HIGHEST WIND SPEED    32     HIGHEST WIND DIRECTION    120
 HIGHEST GUST SPEED    39     HIGHEST GUST DIRECTION    110
 AVERAGE WIND SPEED  23.4

SKY COVER
  POSSIBLE SUNSHINE    MM          AVERAGE SKY COVER     MM

WEATHER CONDITIONS
 THE FOLLOWING WEATHER WAS RECORDED YESTERDAY.
 FOG
 BLOWING SNOW
 SNOW


RELATIVE HUMIDITY
 HIGHEST RH     MM PERCENT       MM
 LOWEST  RH     MM PERCENT       MM
 AVERAGE RH     MM PERCENT       MM
...................................................................

THE KOTZEBUE CLIMATE NORMALS FOR TODAY
                           NORMAL    RECORD   YEAR
 MAXIMUM TEMPERATURE (F)      5        40     1989
 MINIMUM TEMPERATURE (F)     -9       -45     1991

SUNRISE AND SUNSET
 FEB 7 2016..........SUNRISE 10:33 AM      SUNSET  5:38 PM
 FEB 8 2016..........SUNRISE 10:29 AM      SUNSET  5:42 PM

-  INDICATES NEGATIVE NUMBERS.
R  INDICATES RECORD HAS BEEN SET OR TIED.
MM INDICATES DATA IS MISSING.
T  INDICATES TRACE OF PRECIPITATION.

&&
-------------------------------------------------------------------

AMOUNT OF DAYLIGHT TODAY  (HOUR:MIN)........7 HOURS 5 MINUTES
GAIN SINCE YESTERDAY (HOUR:MIN:SEC).........+0:07:51

$$
TGH FEB 16
