092
CDAK49 PAFG 240956
CLIOTZ

CLIMATE REPORT
NATIONAL WEATHER SERVICE FAIRBANKS AK
156 AM AKDT TUE OCT 24 2017


...................................

...THE KOTZEBUE AK CLIMATE SUMMARY FOR OCTOBER 23 2017...

CLIMATE NORMAL PERIOD 1981 TO 2010
CLIMATE RECORD PERIOD 1920 TO 2017


WEATHER ITEM   OBSERVED TIME   RECORD YEAR NORMAL DEPARTURE LAST
                VALUE   (LST)  VALUE       VALUE  FROM      YEAR
                                                  NORMAL
..................................................................
TEMPERATURE (F)
 YESTERDAY
  MAXIMUM         17    409 PM  41    2002  24     -7       34
  MINIMUM          9    203 AM  -8    1970  15     -6       23
  AVERAGE         13                        20     -7       29

PRECIPITATION (IN)
  YESTERDAY        0.00          0.28 1957   0.02  -0.02     0.00
  MONTH TO DATE    1.47                      0.82   0.65     0.10
  SINCE SEP 1      3.09                      2.40   0.69     2.12
  SINCE JAN 1      9.55                      9.28   0.27     7.86

SNOWFALL (IN)
  YESTERDAY        0.0           1.3  1989   0.2   -0.2      0.0
  MONTH TO DATE    1.6                       4.1   -2.5      0.5
  SINCE SEP 1      1.6                       4.9   -3.3      0.7
  SINCE JUL 1      1.6                       4.9   -3.3      0.7
  SNOW DEPTH       2

DEGREE DAYS
 HEATING
  YESTERDAY       52                        45      7       36
  MONTH TO DATE  736                       880   -144      647
  SINCE SEP 1   1382                      1561   -179     1266
  SINCE JUL 1   2069                      2299   -230     1758

 COOLING
  YESTERDAY        0                         0      0        0
  MONTH TO DATE    0                         0      0        0
  SINCE SEP 1      0                         0      0        0
  SINCE JAN 1      1                         5     -4        5
..................................................................


WIND (MPH)
  HIGHEST GUST SPEED    21   HIGHEST GUST DIRECTION     E (100)


SKY COVER
  AVERAGE SKY COVER 0.0


WEATHER CONDITIONS
 THE FOLLOWING WEATHER WAS RECORDED YESTERDAY.
  NO SIGNIFICANT WEATHER WAS OBSERVED.


RELATIVE HUMIDITY (PERCENT)
 HIGHEST    84
 LOWEST     73
 AVERAGE    79

..........................................................


THE KOTZEBUE AK CLIMATE NORMALS FOR TODAY
                         NORMAL    RECORD    YEAR
 MAXIMUM TEMPERATURE (F)   23        48      1941
 MINIMUM TEMPERATURE (F)   15       -11      1970


SUNRISE AND SUNSET
OCTOBER 24 2017.......SUNRISE  1025 AM AKDT  SUNSET   644 PM AKDT
OCTOBER 25 2017.......SUNRISE  1028 AM AKDT  SUNSET   640 PM AKDT

-  INDICATES NEGATIVE NUMBERS.
R  INDICATES RECORD WAS SET OR TIED.
MM INDICATES DATA IS MISSING.
T  INDICATES TRACE AMOUNT.

&&

SNOW DEPTH IS MEASURED AT 3AM AKST/4AM AKDT.

----------------------------
AVAILABLE DAYLIGHT

AMOUNT OF DAYLIGHT TODAY  (HOUR:MIN)........8:19
GAIN/LOSS SINCE YESTERDAY (HOUR:MIN:SEC)....-0:07:35

$$
OCT 17
