000
CDUS43 KDDC 250706
CLIP28


CLIMATE REPORT
NATIONAL WEATHER SERVICE DODGE CITY KS
205 AM CDT TUE JUL 25 2017


...................................

...THE MEDICINE LODGE KS CLIMATE SUMMARY FOR JULY 24 2017...

CLIMATE NORMAL PERIOD 1981 TO 2010
CLIMATE RECORD PERIOD 1893 TO 2017


WEATHER ITEM   OBSERVED TIME   RECORD YEAR NORMAL DEPARTURE LAST
                VALUE   (LST)  VALUE       VALUE  FROM      YEAR
                                                  NORMAL
..................................................................
TEMPERATURE (F)
 YESTERDAY
  MAXIMUM         98    355 PM 110    1936  95      3      103
  MINIMUM         67    605 AM  54    1978  70     -3       75
  AVERAGE         83                        83      0       89

PRECIPITATION (IN)
  YESTERDAY        0.00          0.81 1973   0.09  -0.09     0.00
  MONTH TO DATE    0.83                      2.73  -1.90     1.56
  SINCE JUN 1      2.82                      6.84  -4.02     3.46
  SINCE JAN 1     18.37                     16.58   1.79    12.24

SNOWFALL (IN)
  YESTERDAY        0.0          MM      MM   0.0             0.0
  MONTH TO DATE    0.0                       0.0             0.0
  SINCE JUN 1      0.0                       0.0             0.0
  SINCE JUL 1      0.0                       0.0             0.0
  SNOW DEPTH       0

DEGREE DAYS
 HEATING
  YESTERDAY        0                         0      0        0
  MONTH TO DATE    0                         0      0        0
  SINCE JUN 1      0                         3     -3        0
  SINCE JUL 1      0                         0      0        0

 COOLING
  YESTERDAY       18                        18      0       24
  MONTH TO DATE  437                       406     31      456
  SINCE JUN 1    809                       759     50      915
  SINCE JAN 1    907                       915     -8     1052
..................................................................


WIND (MPH)
  HIGHEST WIND SPEED    16   HIGHEST WIND DIRECTION     S (180)
  HIGHEST GUST SPEED    23   HIGHEST GUST DIRECTION     S (160)
  AVERAGE WIND SPEED     5.8




RELATIVE HUMIDITY (PERCENT)
 HIGHEST    93           600 AM
 LOWEST     25           200 PM
 AVERAGE    59

..........................................................


THE MEDICINE LODGE KS CLIMATE NORMALS FOR TODAY
                         NORMAL    RECORD    YEAR
 MAXIMUM TEMPERATURE (F)   95       108      1964
 MINIMUM TEMPERATURE (F)   70        50      1911


SUNRISE AND SUNSET
JULY 25 2017..........SUNRISE   633 AM CDT   SUNSET   848 PM CDT
JULY 26 2017..........SUNRISE   634 AM CDT   SUNSET   847 PM CDT


-  INDICATES NEGATIVE NUMBERS.
R  INDICATES RECORD WAS SET OR TIED.
MM INDICATES DATA IS MISSING.
T  INDICATES TRACE AMOUNT.




$$
