620
CDUS43 KDDC 111426
CLIP28


CLIMATE REPORT
NATIONAL WEATHER SERVICE DODGE CITY KS
825 AM CST THU FEB 11 2016


...................................

...THE MEDICINE LODGE KS CLIMATE SUMMARY FOR FEBRUARY 11 2016...
VALID AS OF 0800 AM LOCAL TIME.

CLIMATE NORMAL PERIOD 1981 TO 2010
CLIMATE RECORD PERIOD 1893 TO 2016


WEATHER ITEM   OBSERVED TIME   RECORD YEAR NORMAL DEPARTURE LAST
                VALUE   (LST)  VALUE       VALUE  FROM      YEAR
                                                  NORMAL
..................................................................
TEMPERATURE (F)
 TODAY
  MAXIMUM         44    210 AM  85    1962  49     -5       45
  MINIMUM         29    752 AM -20    1899  25      4       25
  AVERAGE         37                        37      0       35

PRECIPITATION (IN)
  TODAY            0.00          1.45 1993   0.04  -0.04     0.00
  MONTH TO DATE    0.38                      0.34   0.04     0.01
  SINCE DEC 1      3.26                      1.97   1.29     2.09
  SINCE JAN 1      0.89                      1.05  -0.16     0.77

..................................................................


WIND (MPH)
  HIGHEST WIND SPEED    13   HIGHEST WIND DIRECTION     N (360)
  HIGHEST GUST SPEED    17   HIGHEST GUST DIRECTION     N (360)



WEATHER CONDITIONS
 THE FOLLOWING WEATHER WAS RECORDED TODAY.
  NO SIGNIFICANT WEATHER WAS OBSERVED.


RELATIVE HUMIDITY (PERCENT)
 HIGHEST    92           600 AM
 LOWEST     53           100 AM

..........................................................


THE MEDICINE LODGE KS CLIMATE NORMALS FOR TOMORROW
                         NORMAL    RECORD    YEAR
 MAXIMUM TEMPERATURE (F)   50        88      1962
 MINIMUM TEMPERATURE (F)   25        -7      1905


SUNRISE AND SUNSET
FEBRUARY 11 2016......SUNRISE   728 AM CST   SUNSET   609 PM CST
FEBRUARY 12 2016......SUNRISE   727 AM CST   SUNSET   610 PM CST


-  INDICATES NEGATIVE NUMBERS.
R  INDICATES RECORD WAS SET OR TIED.
MM INDICATES DATA IS MISSING.
T  INDICATES TRACE AMOUNT.




$$
