000
CDUS43 KDDC 150756
CLIP28


CLIMATE REPORT
NATIONAL WEATHER SERVICE DODGE CITY KS
156 AM CST FRI DEC 15 2017


...................................

...THE MEDICINE LODGE KS CLIMATE SUMMARY FOR DECEMBER 14 2017...

CLIMATE NORMAL PERIOD 1981 TO 2010
CLIMATE RECORD PERIOD 1893 TO 2017


WEATHER ITEM   OBSERVED TIME   RECORD YEAR NORMAL DEPARTURE LAST
                VALUE   (LST)  VALUE       VALUE  FROM      YEAR
                                                  NORMAL
..................................................................
TEMPERATURE (F)
 YESTERDAY
  MAXIMUM         52    255 PM  75    1933  46      6       36
  MINIMUM         30   1159 PM  -6    1958  23      7       12
  AVERAGE         41                        34      7       24

PRECIPITATION (IN)
  YESTERDAY        0.00          1.28 1984   0.03  -0.03     0.00
  MONTH TO DATE    0.00                      0.42  -0.42     0.27
  SINCE DEC 1      0.00                      0.42  -0.42     0.27
  SINCE JAN 1     29.81                     26.64   3.17    29.91

SNOWFALL (IN)
  YESTERDAY        0.0          MM      MM   0.1             0.0
  MONTH TO DATE    0.0                       1.3             0.0
  SINCE DEC 1      0.0                       1.3             0.0
  SINCE JUL 1      0.0                       1.5             0.0
  SNOW DEPTH       0

DEGREE DAYS
 HEATING
  YESTERDAY       24                        30     -6       41
  MONTH TO DATE  320                       402    -82      473
  SINCE DEC 1    320                       402    -82      473
  SINCE JUL 1   1080                      1260   -180     1009

 COOLING
  YESTERDAY        0                         0      0        0
  MONTH TO DATE    0                         0      0        0
  SINCE DEC 1      0                         0      0        0
  SINCE JAN 1   1656                      1770   -114     1937
..................................................................


WIND (MPH)
  HIGHEST WIND SPEED    18   HIGHEST WIND DIRECTION    NW (310)
  HIGHEST GUST SPEED    26   HIGHEST GUST DIRECTION    NW (300)
  AVERAGE WIND SPEED     8.4




RELATIVE HUMIDITY (PERCENT)
 HIGHEST    78          1100 PM
 LOWEST     35           100 PM
 AVERAGE    57

..........................................................


THE MEDICINE LODGE KS CLIMATE NORMALS FOR TODAY
                         NORMAL    RECORD    YEAR
 MAXIMUM TEMPERATURE (F)   46        72      1939
 MINIMUM TEMPERATURE (F)   23        -8      1989


SUNRISE AND SUNSET
DECEMBER 15 2017......SUNRISE   741 AM CST   SUNSET   518 PM CST
DECEMBER 16 2017......SUNRISE   742 AM CST   SUNSET   518 PM CST


-  INDICATES NEGATIVE NUMBERS.
R  INDICATES RECORD WAS SET OR TIED.
MM INDICATES DATA IS MISSING.
T  INDICATES TRACE AMOUNT.




$$
