000
CDUS43 KDDC 032336
CLIP28


CLIMATE REPORT
NATIONAL WEATHER SERVICE DODGE CITY KS
633 PM CDT FRI JUL 3 2015


...................................

...THE MEDICINE LODGE KS CLIMATE SUMMARY FOR JULY 3 2015...
VALID TODAY AS OF 0500 PM LOCAL TIME.

CLIMATE NORMAL PERIOD 1981 TO 2010
CLIMATE RECORD PERIOD 1893 TO 2015


WEATHER ITEM   OBSERVED TIME   RECORD YEAR NORMAL DEPARTURE LAST
                VALUE   (LST)  VALUE       VALUE  FROM      YEAR
                                                  NORMAL
..................................................................
TEMPERATURE (F)
 TODAY
  MAXIMUM         90    349 PM 107    1879  93     -3       83
  MINIMUM         64    129 AM  49    1904  69     -5       58
  AVERAGE         77                        81     -4       71

PRECIPITATION (IN)
  TODAY            0.00          2.77 1981   0.13  -0.13     0.00
  MONTH TO DATE    0.00                      0.41  -0.41     0.37
  SINCE JUN 1      2.26                      4.52  -2.26     8.26
  SINCE JAN 1     14.22                     14.26  -0.04    11.15

DEGREE DAYS
 HEATING
  TODAY            0                         0      0        0
  MONTH TO DATE    0                         0      0        0
  SINCE JUN 1      0                         3     -3        0
  SINCE JUL 1      0                         0      0        0

 COOLING
  TODAY           12                        16     -4        6
  MONTH TO DATE   48                        47      1       17
  SINCE JUN 1    480                       400     80      359
  SINCE JAN 1    587                       556     31      628
..................................................................


WIND (MPH)
  HIGHEST WIND SPEED    21   HIGHEST WIND DIRECTION     N (20)
  HIGHEST GUST SPEED    26   HIGHEST GUST DIRECTION     N (20)
  AVERAGE WIND SPEED     8.1




RELATIVE HUMIDITY (PERCENT)
 HIGHEST    93          1200 AM
 LOWEST     38           100 PM
 AVERAGE    66

..........................................................


THE MEDICINE LODGE KS CLIMATE NORMALS FOR TOMORROW
                         NORMAL    RECORD    YEAR
 MAXIMUM TEMPERATURE (F)   93       106      1954
 MINIMUM TEMPERATURE (F)   69        52      1904


SUNRISE AND SUNSET
JULY  3 2015..........SUNRISE   618 AM CDT   SUNSET   859 PM CDT
JULY  4 2015..........SUNRISE   619 AM CDT   SUNSET   858 PM CDT


-  INDICATES NEGATIVE NUMBERS.
R  INDICATES RECORD WAS SET OR TIED.
MM INDICATES DATA IS MISSING.
T  INDICATES TRACE AMOUNT.




$$
