000
CDUS45 KRIW 140038
CLIP60


CLIMATE REPORT
NATIONAL WEATHER SERVICE RIVERTON WY
537 PM MST SAT FEB 13 2016


...................................

...THE LAKE YELLOWSTONE WY CLIMATE SUMMARY FOR FEBRUARY 13 2016...
VALID TODAY AS OF 0500 PM LOCAL TIME.

CLIMATE NORMAL PERIOD 1981 TO 2010
CLIMATE RECORD PERIOD 1998 TO 2016


WEATHER ITEM   OBSERVED TIME   RECORD YEAR NORMAL DEPARTURE LAST
                VALUE   (LST)  VALUE       VALUE  FROM      YEAR
                                                  NORMAL
..................................................................
TEMPERATURE (F)
 TODAY
  MAXIMUM         35        MM  43    2015  27      8       43
  MINIMUM         23        MM -15    2002   2     21        9
  AVERAGE         29

PRECIPITATION (IN)
  TODAY            0.05          0.25 2004   0.05   0.00     0.00
  MONTH TO DATE    0.11                      0.66  -0.55     0.74
  SINCE DEC 1      4.36                      4.27   0.09     5.27
  SINCE JAN 1      1.32                      2.77  -1.45     2.77

DEGREE DAYS
 HEATING
  TODAY           36                        51    -15       39
  MONTH TO DATE  622                       672    -50      480
  SINCE DEC 1   3763                      3883   -120     3470
  SINCE JUL 1   7091                      7203   -112     6797

 COOLING
  TODAY            0                         0      0        0
  MONTH TO DATE    0                         0      0        0
  SINCE DEC 1      0                         0      0        0
  SINCE JAN 1      0                         0      0        0
..................................................................


WIND (MPH)
  HIGHEST WIND SPEED    13   HIGHEST WIND DIRECTION     W (270)
  HIGHEST GUST SPEED    36   HIGHEST GUST DIRECTION     W (260)
  AVERAGE WIND SPEED     4.7


SKY COVER
  POSSIBLE SUNSHINE  MM
  AVERAGE SKY COVER 0.0


WEATHER CONDITIONS
 THE FOLLOWING WEATHER WAS RECORDED TODAY.
  NO SIGNIFICANT WEATHER WAS OBSERVED.


RELATIVE HUMIDITY (PERCENT)
 HIGHEST    88           700 AM
 LOWEST     42           400 PM
 AVERAGE    65

..........................................................


THE LAKE YELLOWSTONE WY CLIMATE NORMALS FOR TOMORROW
                         NORMAL    RECORD    YEAR
 MAXIMUM TEMPERATURE (F)   27        47      2015
 MINIMUM TEMPERATURE (F)    2       -20      2001


SUNRISE AND SUNSET
FEBRUARY 13 2016......SUNRISE   725 AM MST   SUNSET   547 PM MST
FEBRUARY 14 2016......SUNRISE   724 AM MST   SUNSET   548 PM MST


-  INDICATES NEGATIVE NUMBERS.
R  INDICATES RECORD WAS SET OR TIED.
MM INDICATES DATA IS MISSING.
T  INDICATES TRACE AMOUNT.




$$
