000
CDUS45 KRIW 260730
CLIP60


CLIMATE REPORT
NATIONAL WEATHER SERVICE RIVERTON WY
1230 AM MST MON JAN 26 2015


...................................

...THE LAKE YELLOWSTONE WY CLIMATE SUMMARY FOR JANUARY 25 2015...

CLIMATE NORMAL PERIOD 1981 TO 2010
CLIMATE RECORD PERIOD 1998 TO 2015


WEATHER ITEM   OBSERVED TIME   RECORD YEAR NORMAL DEPARTURE LAST
                VALUE   (LST)  VALUE       VALUE  FROM      YEAR
                                                  NORMAL
..................................................................
TEMPERATURE (F)
 YESTERDAY
  MAXIMUM         33R   254 PM  33    2005  24      9       28
  MINIMUM         22    554 AM -18    1999   1     21       -6
  AVERAGE         28                        12     16       11

PRECIPITATION (IN)
  YESTERDAY        0.01          0.10 2011   0.05  -0.04     0.00
  MONTH TO DATE    1.67                      1.85  -0.18     1.44
  SINCE DEC 1      4.17                      3.35   0.82     3.39
  SINCE JAN 1      1.67                      1.85  -0.18     1.44

DEGREE DAYS
 HEATING
  YESTERDAY       37                        52    -15       54
  MONTH TO DATE 1248                      1300    -52     1311
  SINCE DEC 1   2696                      2890   -194     3020
  SINCE JUL 1   6023                      6210   -187     6248

 COOLING
  YESTERDAY        0                         0      0        0
  MONTH TO DATE    0                         0      0        0
  SINCE DEC 1      0                         0      0        0
  SINCE JAN 1      0                         0      0        0
..................................................................


WIND (MPH)
  HIGHEST WIND SPEED     6   HIGHEST WIND DIRECTION     W (250)
  HIGHEST GUST SPEED    10   HIGHEST GUST DIRECTION     W (260)
  AVERAGE WIND SPEED     0.8


SKY COVER
  POSSIBLE SUNSHINE  MM
  AVERAGE SKY COVER 0.0


WEATHER CONDITIONS
 THE FOLLOWING WEATHER WAS RECORDED YESTERDAY.
  NO SIGNIFICANT WEATHER WAS OBSERVED.


RELATIVE HUMIDITY (PERCENT)
 HIGHEST    96           200 AM
 LOWEST     75           100 PM
 AVERAGE    86

..........................................................


THE LAKE YELLOWSTONE WY CLIMATE NORMALS FOR TODAY
                         NORMAL    RECORD    YEAR
 MAXIMUM TEMPERATURE (F)   24        36      2013
 MINIMUM TEMPERATURE (F)    1       -10      2004


SUNRISE AND SUNSET
JANUARY 26 2015.......SUNRISE   747 AM MST   SUNSET   522 PM MST
JANUARY 27 2015.......SUNRISE   746 AM MST   SUNSET   523 PM MST


-  INDICATES NEGATIVE NUMBERS.
R  INDICATES RECORD WAS SET OR TIED.
MM INDICATES DATA IS MISSING.
T  INDICATES TRACE AMOUNT.




$$
