000
CDUS45 KRIW 280731
CLIP60


CLIMATE REPORT
NATIONAL WEATHER SERVICE RIVERTON WY
130 AM MDT WED JUN 28 2017


...................................

...THE LAKE YELLOWSTONE WY CLIMATE SUMMARY FOR JUNE 27 2017...

CLIMATE NORMAL PERIOD 1981 TO 2010
CLIMATE RECORD PERIOD 1998 TO 2017


WEATHER ITEM   OBSERVED TIME   RECORD YEAR NORMAL DEPARTURE LAST
                VALUE   (LST)  VALUE       VALUE  FROM      YEAR
                                                  NORMAL
..................................................................
TEMPERATURE (F)
 YESTERDAY
  MAXIMUM         58    254 AM  81    2015  67     -9       77
  MINIMUM         42   1159 PM  27    2012  37      5       32
  AVERAGE         50                        52     -2       55

PRECIPITATION (IN)
  YESTERDAY        0.33R         0.19 2014   0.04   0.29     0.00
  MONTH TO DATE    1.52                      1.87  -0.35     0.83
  SINCE JUN 1      1.52                      1.87  -0.35     0.83
  SINCE JAN 1     18.73                     10.95   7.78     9.89

DEGREE DAYS
 HEATING
  YESTERDAY       15                        13      2       10
  MONTH TO DATE  438                       456    -18      349
  SINCE JUN 1    438                       456    -18      349
  SINCE JUL 1  11437                     11484    -47    11102

 COOLING
  YESTERDAY        0                         0      0        0
  MONTH TO DATE    0                         0      0        0
  SINCE JUN 1      0                         0      0        0
  SINCE JAN 1      0                         0      0        0
..................................................................


WIND (MPH)
  HIGHEST WIND SPEED    16   HIGHEST WIND DIRECTION     W (280)
  HIGHEST GUST SPEED    27   HIGHEST GUST DIRECTION     W (260)
  AVERAGE WIND SPEED     2.3


SKY COVER
  POSSIBLE SUNSHINE  MM
  AVERAGE SKY COVER 0.0


WEATHER CONDITIONS
 THE FOLLOWING WEATHER WAS RECORDED YESTERDAY.
  HEAVY RAIN
  LIGHT RAIN


RELATIVE HUMIDITY (PERCENT)
 HIGHEST   100           200 PM
 LOWEST     47          1200 AM
 AVERAGE    74

..........................................................


THE LAKE YELLOWSTONE WY CLIMATE NORMALS FOR TODAY
                         NORMAL    RECORD    YEAR
 MAXIMUM TEMPERATURE (F)   68        82      2016
                                             2015
                                             2013
 MINIMUM TEMPERATURE (F)   37        31      2014
                                             2012


SUNRISE AND SUNSET
JUNE 28 2017..........SUNRISE   539 AM MDT   SUNSET   911 PM MDT
JUNE 29 2017..........SUNRISE   540 AM MDT   SUNSET   911 PM MDT


-  INDICATES NEGATIVE NUMBERS.
R  INDICATES RECORD WAS SET OR TIED.
MM INDICATES DATA IS MISSING.
T  INDICATES TRACE AMOUNT.




$$
