996
CDUS45 KRIW 030733
CLIP60


CLIMATE REPORT
NATIONAL WEATHER SERVICE RIVERTON WY
133 AM MDT TUE MAY 3 2016


...................................

...THE LAKE YELLOWSTONE WY CLIMATE SUMMARY FOR MAY 2 2016...

CLIMATE NORMAL PERIOD 1981 TO 2010
CLIMATE RECORD PERIOD 1998 TO 2016


WEATHER ITEM   OBSERVED TIME   RECORD YEAR NORMAL DEPARTURE LAST
                VALUE   (LST)  VALUE       VALUE  FROM      YEAR
                                                  NORMAL
..................................................................
TEMPERATURE (F)
 YESTERDAY
  MAXIMUM         55    328 PM  61    2015  47      8       61
  MINIMUM         19    521 AM   5    2011  25     -6       25
  AVERAGE         37                        36      1       43

PRECIPITATION (IN)
  YESTERDAY        0.00          0.13 2009   0.07  -0.07     0.00
  MONTH TO DATE    0.00                      0.14  -0.14     0.00
  SINCE MAR 1      3.60                      3.43   0.17     1.74
  SINCE JAN 1      6.25                      6.95  -0.70     4.63

DEGREE DAYS
 HEATING
  YESTERDAY       28                        29     -1       22
  MONTH TO DATE   57                        58     -1       45
  SINCE MAR 1   2268                      2372   -104     2207
  SINCE JUL 1  10052                     10309   -257     9771

 COOLING
  YESTERDAY        0                         0      0        0
  MONTH TO DATE    0                         0      0        0
  SINCE MAR 1      0                         0      0        0
  SINCE JAN 1      0                         0      0        0
..................................................................


WIND (MPH)
  HIGHEST WIND SPEED     6   HIGHEST WIND DIRECTION    SE (120)
  HIGHEST GUST SPEED     8   HIGHEST GUST DIRECTION    SE (150)
  AVERAGE WIND SPEED     1.9


SKY COVER
  POSSIBLE SUNSHINE  MM
  AVERAGE SKY COVER 0.0


WEATHER CONDITIONS
 THE FOLLOWING WEATHER WAS RECORDED YESTERDAY.
  NO SIGNIFICANT WEATHER WAS OBSERVED.


RELATIVE HUMIDITY (PERCENT)
 HIGHEST    84           300 AM
 LOWEST     16           300 PM
 AVERAGE    50

..........................................................


THE LAKE YELLOWSTONE WY CLIMATE NORMALS FOR TODAY
                         NORMAL    RECORD    YEAR
 MAXIMUM TEMPERATURE (F)   48        59      2015
                                             2004
 MINIMUM TEMPERATURE (F)   25        15      2008
                                             2006


SUNRISE AND SUNSET
MAY  3 2016...........SUNRISE   608 AM MDT   SUNSET   829 PM MDT
MAY  4 2016...........SUNRISE   607 AM MDT   SUNSET   831 PM MDT


-  INDICATES NEGATIVE NUMBERS.
R  INDICATES RECORD WAS SET OR TIED.
MM INDICATES DATA IS MISSING.
T  INDICATES TRACE AMOUNT.




$$
