338
CDUS45 KRIW 280745
CLIP60


CLIMATE REPORT
NATIONAL WEATHER SERVICE RIVERTON WY
127 AM MDT TUE MAR 28 2017


...................................

...THE LAKE YELLOWSTONE WY CLIMATE SUMMARY FOR MARCH 27 2017...

CLIMATE NORMAL PERIOD 1981 TO 2010
CLIMATE RECORD PERIOD 1998 TO 2017


WEATHER ITEM   OBSERVED TIME   RECORD YEAR NORMAL DEPARTURE LAST
                VALUE   (LST)  VALUE       VALUE  FROM      YEAR
                                                  NORMAL
..................................................................
TEMPERATURE (F)
 YESTERDAY
  MAXIMUM         37    155 PM  54    2015  40     -3       37
  MINIMUM         27   1054 PM -13    2009  13     14       -1
  AVERAGE         32                        26      6       18

PRECIPITATION (IN)
  YESTERDAY        0.17          0.59 2007   0.05   0.12     0.08
  MONTH TO DATE    2.09                      1.02   1.07     1.96
  SINCE MAR 1      2.09                      1.02   1.07     1.96
  SINCE JAN 1     12.33                      4.54   7.79     4.61

DEGREE DAYS
 HEATING
  YESTERDAY       33                        39     -6       47
  MONTH TO DATE  968                      1149   -181     1172
  SINCE MAR 1    968                      1149   -181     1172
  SINCE JUL 1   9026                      9086    -60     8956

 COOLING
  YESTERDAY        0                         0      0        0
  MONTH TO DATE    0                         0      0        0
  SINCE MAR 1      0                         0      0        0
  SINCE JAN 1      0                         0      0        0
..................................................................


WIND (MPH)
  HIGHEST WIND SPEED     8   HIGHEST WIND DIRECTION    NW (310)
  HIGHEST GUST SPEED    13   HIGHEST GUST DIRECTION    NW (310)
  AVERAGE WIND SPEED     2.0


SKY COVER
  POSSIBLE SUNSHINE  MM
  AVERAGE SKY COVER 0.0


WEATHER CONDITIONS
 THE FOLLOWING WEATHER WAS RECORDED YESTERDAY.
  NO SIGNIFICANT WEATHER WAS OBSERVED.


RELATIVE HUMIDITY (PERCENT)
 HIGHEST   100          1200 AM
 LOWEST     64           200 PM
 AVERAGE    82

..........................................................


THE LAKE YELLOWSTONE WY CLIMATE NORMALS FOR TODAY
                         NORMAL    RECORD    YEAR
 MAXIMUM TEMPERATURE (F)   40        51      2015
 MINIMUM TEMPERATURE (F)   13       -11      2008


SUNRISE AND SUNSET
MARCH 28 2017.........SUNRISE   709 AM MDT   SUNSET   745 PM MDT
MARCH 29 2017.........SUNRISE   708 AM MDT   SUNSET   746 PM MDT


-  INDICATES NEGATIVE NUMBERS.
R  INDICATES RECORD WAS SET OR TIED.
MM INDICATES DATA IS MISSING.
T  INDICATES TRACE AMOUNT.




$$
