000
CDUS45 KRIW 220748
CLIP60


CLIMATE REPORT
NATIONAL WEATHER SERVICE RIVERTON WY
144 AM MDT WED OCT 22 2014


...................................

...THE LAKE YELLOWSTONE WY CLIMATE SUMMARY FOR OCTOBER 21 2014...

CLIMATE NORMAL PERIOD 1981 TO 2010
CLIMATE RECORD PERIOD 1998 TO 2014


WEATHER ITEM   OBSERVED TIME   RECORD YEAR NORMAL DEPARTURE LAST
                VALUE   (LST)  VALUE       VALUE  FROM      YEAR
                                                  NORMAL
..................................................................
TEMPERATURE (F)
 YESTERDAY
  MAXIMUM         43   1020 AM  63    2003  46     -3       50
  MINIMUM         27   1159 PM  13    2007  22      5       19
  AVERAGE         35                        34      1       35

PRECIPITATION (IN)
  YESTERDAY        0.10          0.13 2008   0.04   0.06     0.00
  MONTH TO DATE    0.40                      0.85  -0.45     1.33
  SINCE SEP 1      2.57                      2.15   0.42     5.41
  SINCE JAN 1     25.69                     16.22   9.47    17.58

DEGREE DAYS
 HEATING
  YESTERDAY       30                        31     -1       30
  MONTH TO DATE  524                       578    -54      702
  SINCE SEP 1   1062                      1126    -64     1231
  SINCE JUL 1   1724                      1713     11     1655

 COOLING
  YESTERDAY        0                         0      0        0
  MONTH TO DATE    0                         0      0        0
  SINCE SEP 1      0                         0      0        0
  SINCE JAN 1      0                         0      0        0
..................................................................


WIND (MPH)
  HIGHEST WIND SPEED    18   HIGHEST WIND DIRECTION     W (280)
  HIGHEST GUST SPEED    27   HIGHEST GUST DIRECTION     W (280)
  AVERAGE WIND SPEED     3.4


SKY COVER
  POSSIBLE SUNSHINE  MM
  AVERAGE SKY COVER 0.0


WEATHER CONDITIONS
 THE FOLLOWING WEATHER WAS RECORDED YESTERDAY.
  NO SIGNIFICANT WEATHER WAS OBSERVED.


RELATIVE HUMIDITY (PERCENT)
 HIGHEST   100          1000 PM
 LOWEST     64           300 PM
 AVERAGE    82

..........................................................


THE LAKE YELLOWSTONE WY CLIMATE NORMALS FOR TODAY
                         NORMAL    RECORD    YEAR
 MAXIMUM TEMPERATURE (F)   45        66      2003
 MINIMUM TEMPERATURE (F)   22         5      2006


SUNRISE AND SUNSET
OCTOBER 22 2014.......SUNRISE   746 AM MDT   SUNSET   626 PM MDT
OCTOBER 23 2014.......SUNRISE   747 AM MDT   SUNSET   624 PM MDT


-  INDICATES NEGATIVE NUMBERS.
R  INDICATES RECORD WAS SET OR TIED.
MM INDICATES DATA IS MISSING.
T  INDICATES TRACE AMOUNT.




$$
