000
CDUS45 KRIW 280740
CLIP60


CLIMATE REPORT
NATIONAL WEATHER SERVICE RIVERTON WY
138 AM MDT THU MAY 28 2015


...................................

...THE LAKE YELLOWSTONE WY CLIMATE SUMMARY FOR MAY 27 2015...

CLIMATE NORMAL PERIOD 1981 TO 2010
CLIMATE RECORD PERIOD 1998 TO 2015


WEATHER ITEM   OBSERVED TIME   RECORD YEAR NORMAL DEPARTURE LAST
                VALUE   (LST)  VALUE       VALUE  FROM      YEAR
                                                  NORMAL
..................................................................
TEMPERATURE (F)
 YESTERDAY
  MAXIMUM         53    320 PM  70    2003  55     -2       68
  MINIMUM         34   1207 AM  23    2011  31      3       29
                                      2005
  AVERAGE         44                        43      1       49

PRECIPITATION (IN)
  YESTERDAY        0.03          0.48 2011   0.08  -0.05     0.00
  MONTH TO DATE    2.34                      1.91   0.43     1.66
  SINCE MAR 1      4.08                      5.20  -1.12    10.02
  SINCE JAN 1      6.97                      8.72  -1.75    15.10

DEGREE DAYS
 HEATING
  YESTERDAY       21                        22     -1       16
  MONTH TO DATE  634                       691    -57      697
  SINCE MAR 1   2796                      3005   -209     3184
  SINCE JUL 1  10360                     10942   -582    11237

 COOLING
  YESTERDAY        0                         0      0        0
  MONTH TO DATE    0                         0      0        0
  SINCE MAR 1      0                         0      0        0
  SINCE JAN 1      0                         0      0        0
..................................................................


WIND (MPH)
  HIGHEST WIND SPEED    14   HIGHEST WIND DIRECTION     W (280)
  HIGHEST GUST SPEED    22   HIGHEST GUST DIRECTION     W (280)
  AVERAGE WIND SPEED     1.5


SKY COVER
  POSSIBLE SUNSHINE  MM
  AVERAGE SKY COVER 0.0


WEATHER CONDITIONS
 THE FOLLOWING WEATHER WAS RECORDED YESTERDAY.
  NO SIGNIFICANT WEATHER WAS OBSERVED.


RELATIVE HUMIDITY (PERCENT)
 HIGHEST    96          1200 AM
 LOWEST     50           300 PM
 AVERAGE    73

..........................................................


THE LAKE YELLOWSTONE WY CLIMATE NORMALS FOR TODAY
                         NORMAL    RECORD    YEAR
 MAXIMUM TEMPERATURE (F)   55        78      2003
 MINIMUM TEMPERATURE (F)   31        27      2005


SUNRISE AND SUNSET
MAY 28 2015...........SUNRISE   542 AM MDT   SUNSET   856 PM MDT
MAY 29 2015...........SUNRISE   542 AM MDT   SUNSET   857 PM MDT


-  INDICATES NEGATIVE NUMBERS.
R  INDICATES RECORD WAS SET OR TIED.
MM INDICATES DATA IS MISSING.
T  INDICATES TRACE AMOUNT.




$$
