000
CDUS45 KLKN 290928
CLIP68


CLIMATE REPORT
NATIONAL WEATHER SERVICE ELKO NV
228 AM PDT SUN MAY 29 2016


...................................

...THE EUREKA AIRPORT NV CLIMATE SUMMARY FOR MAY 28 2016...

CLIMATE NORMAL PERIOD 1981 TO 2010
CLIMATE RECORD PERIOD 1963 TO 2016


WEATHER ITEM   OBSERVED TIME   RECORD YEAR NORMAL DEPARTURE LAST
                VALUE   (LST)  VALUE       VALUE  FROM      YEAR
                                                  NORMAL
..................................................................
TEMPERATURE (F)
 YESTERDAY
  MAXIMUM         71   1209 PM  95    2003  73     -2       75
  MINIMUM         36    437 AM  25    1982  36      0       42
  AVERAGE         54                        55     -1       59

PRECIPITATION (IN)
  YESTERDAY        0.08          0.55 1990   0.02   0.06     0.00
  MONTH TO DATE    1.96                      0.66   1.30     1.96
  SINCE OCT 1     11.66                      6.29   5.37     4.33
  SINCE JAN 1      7.39                      4.16   3.23     3.21

DEGREE DAYS
 HEATING
  YESTERDAY       11                        10      1        6
  MONTH TO DATE  393                       382     11      378
  SINCE MAR 1   1697                      1901   -204     1658
  SINCE JUL 1   6800                      7186   -386     5701

 COOLING
  YESTERDAY        0                         0      0        0
  MONTH TO DATE    0                         0      0        0
  SINCE MAR 1      0                         0      0        0
  SINCE JAN 1      0                         0      0        0
..................................................................


WIND (MPH)
  HIGHEST WIND SPEED    26   HIGHEST WIND DIRECTION    SW (230)
  HIGHEST GUST SPEED    34   HIGHEST GUST DIRECTION    SW (240)
  AVERAGE WIND SPEED     6.0




RELATIVE HUMIDITY (PERCENT)
 HIGHEST    85           500 AM
 LOWEST     26          1200 PM
 AVERAGE    56

..........................................................


THE EUREKA AIRPORT NV CLIMATE NORMALS FOR TODAY
                         NORMAL    RECORD    YEAR
 MAXIMUM TEMPERATURE (F)   74        92      2003
 MINIMUM TEMPERATURE (F)   37        24      1989


SUNRISE AND SUNSET
MAY 29 2016...........SUNRISE   520 AM PDT   SUNSET   803 PM PDT
MAY 30 2016...........SUNRISE   519 AM PDT   SUNSET   804 PM PDT


-  INDICATES NEGATIVE NUMBERS.
R  INDICATES RECORD WAS SET OR TIED.
MM INDICATES DATA IS MISSING.
T  INDICATES TRACE AMOUNT.




$$
