000
CDUS45 KLKN 230926
CLIP68


CLIMATE REPORT
NATIONAL WEATHER SERVICE ELKO NV
226 AM PDT TUE MAY 23 2017


...................................

...THE EUREKA AIRPORT NV CLIMATE SUMMARY FOR MAY 22 2017...

CLIMATE NORMAL PERIOD 1981 TO 2010
CLIMATE RECORD PERIOD 1963 TO 2017


WEATHER ITEM   OBSERVED TIME   RECORD YEAR NORMAL DEPARTURE LAST
                VALUE   (LST)  VALUE       VALUE  FROM      YEAR
                                                  NORMAL
..................................................................
TEMPERATURE (F)
 YESTERDAY
  MAXIMUM         76    339 PM  88    2000  72      4       62
                                      1967
  MINIMUM         36    114 AM  21    2007  35      1       36
  AVERAGE         56                        53      3       49

PRECIPITATION (IN)
  YESTERDAY        0.00          0.34 1965   0.02  -0.02     0.00
  MONTH TO DATE    0.39                      0.53  -0.14     1.35
  SINCE OCT 1      8.95                      6.16   2.79    11.05
  SINCE JAN 1      6.86                      4.03   2.83     6.78

DEGREE DAYS
 HEATING
  YESTERDAY        9                        12     -3       16
  MONTH TO DATE  295                       316    -21      306
  SINCE MAR 1   1627                      1835   -208     1610
  SINCE JUL 1   6487                      7120   -633     6713

 COOLING
  YESTERDAY        0                         0      0        0
  MONTH TO DATE    0                         0      0        0
  SINCE MAR 1      0                         0      0        0
  SINCE JAN 1      0                         0      0        0
..................................................................


WIND (MPH)
  HIGHEST WIND SPEED    13   HIGHEST WIND DIRECTION     N (20)
  HIGHEST GUST SPEED    15   HIGHEST GUST DIRECTION    NE (30)
  AVERAGE WIND SPEED     4.9




RELATIVE HUMIDITY (PERCENT)
 HIGHEST    82           500 AM
 LOWEST     11           100 PM
 AVERAGE    47

..........................................................


THE EUREKA AIRPORT NV CLIMATE NORMALS FOR TODAY
                         NORMAL    RECORD    YEAR
 MAXIMUM TEMPERATURE (F)   72        87      2001
 MINIMUM TEMPERATURE (F)   35        22      2007


SUNRISE AND SUNSET
MAY 23 2017...........SUNRISE   523 AM PDT   SUNSET   758 PM PDT
MAY 24 2017...........SUNRISE   523 AM PDT   SUNSET   759 PM PDT


-  INDICATES NEGATIVE NUMBERS.
R  INDICATES RECORD WAS SET OR TIED.
MM INDICATES DATA IS MISSING.
T  INDICATES TRACE AMOUNT.




$$
