000
CDUS45 KLKN 260931
CLIP68


CLIMATE REPORT
NATIONAL WEATHER SERVICE ELKO NV
231 AM PDT SUN MAR 26 2017


...................................

...THE EUREKA AIRPORT NV CLIMATE SUMMARY FOR MARCH 25 2017...

CLIMATE NORMAL PERIOD 1981 TO 2010
CLIMATE RECORD PERIOD 1963 TO 2017


WEATHER ITEM   OBSERVED TIME   RECORD YEAR NORMAL DEPARTURE LAST
                VALUE   (LST)  VALUE       VALUE  FROM      YEAR
                                                  NORMAL
..................................................................
TEMPERATURE (F)
 YESTERDAY
  MAXIMUM         48    434 PM  69    2014  53     -5       55
  MINIMUM         31   1143 PM   0    1995  25      6       26
  AVERAGE         40                        39      1       41

PRECIPITATION (IN)
  YESTERDAY        0.43R         0.13 2011   0.03   0.40     0.00
  MONTH TO DATE    1.26                      0.73   0.53     0.35
  SINCE OCT 1      6.26                      4.46   1.80     6.59
  SINCE JAN 1      4.17                      2.33   1.84     2.32

DEGREE DAYS
 HEATING
  YESTERDAY       25                        26     -1       24
  MONTH TO DATE  528                       719   -191      565
  SINCE MAR 1    528                       719   -191      565
  SINCE JUL 1   5388                      6004   -616     5668

 COOLING
  YESTERDAY        0                         0      0        0
  MONTH TO DATE    0                         0      0        0
  SINCE MAR 1      0                         0      0        0
  SINCE JAN 1      0                         0      0        0
..................................................................


WIND (MPH)
  HIGHEST WIND SPEED    14   HIGHEST WIND DIRECTION     N (340)
  HIGHEST GUST SPEED    19   HIGHEST GUST DIRECTION     N (350)
  AVERAGE WIND SPEED     4.9




RELATIVE HUMIDITY (PERCENT)
 HIGHEST    89           300 AM
 LOWEST     42           300 PM
 AVERAGE    66

..........................................................


THE EUREKA AIRPORT NV CLIMATE NORMALS FOR TODAY
                         NORMAL    RECORD    YEAR
 MAXIMUM TEMPERATURE (F)   53        72      1988
 MINIMUM TEMPERATURE (F)   25         4      1985


SUNRISE AND SUNSET
MARCH 26 2017.........SUNRISE   637 AM PDT   SUNSET   702 PM PDT
MARCH 27 2017.........SUNRISE   636 AM PDT   SUNSET   703 PM PDT


-  INDICATES NEGATIVE NUMBERS.
R  INDICATES RECORD WAS SET OR TIED.
MM INDICATES DATA IS MISSING.
T  INDICATES TRACE AMOUNT.




$$
