000
CDUS45 KLKN 090939
CLIP68


CLIMATE REPORT
NATIONAL WEATHER SERVICE ELKO NV
138 AM PST FRI DEC 9 2016


...................................

...THE EUREKA AIRPORT NV CLIMATE SUMMARY FOR DECEMBER 8 2016...

CLIMATE NORMAL PERIOD 1981 TO 2010
CLIMATE RECORD PERIOD 1963 TO 2016


WEATHER ITEM   OBSERVED TIME   RECORD YEAR NORMAL DEPARTURE LAST
                VALUE   (LST)  VALUE       VALUE  FROM      YEAR
                                                  NORMAL
..................................................................
TEMPERATURE (F)
 YESTERDAY
  MAXIMUM         39        MM  58    1981  40     -1       54
  MINIMUM         17        MM -12    2009  13      4       32
  AVERAGE         28                        26      2       43

PRECIPITATION (IN)
  YESTERDAY        0.03          0.08 2003   0.02   0.01     0.00
  MONTH TO DATE    0.05                      0.14  -0.09     0.00
  SINCE OCT 1      1.16                      1.66  -0.50     2.58
  SINCE JAN 1     10.07                      8.53   1.54     9.66

DEGREE DAYS
 HEATING
  YESTERDAY       37                        39     -2       22
  MONTH TO DATE  333                       303     30      256
  SINCE DEC 1    333                       303     30      256
  SINCE JUL 1   1746                      2062   -316     1742

 COOLING
  YESTERDAY        0                         0      0        0
  MONTH TO DATE    0                         0      0        0
  SINCE DEC 1      0                         0      0        0
  SINCE JAN 1    424                       288    136      516
..................................................................


WIND (MPH)
  HIGHEST WIND SPEED     8   HIGHEST WIND DIRECTION     S (180)
  HIGHEST GUST SPEED    MM   HIGHEST GUST DIRECTION    MM
  AVERAGE WIND SPEED     3.8




RELATIVE HUMIDITY (PERCENT)
 HIGHEST    84           400 AM
 LOWEST     52           100 PM
 AVERAGE    68

..........................................................


THE EUREKA AIRPORT NV CLIMATE NORMALS FOR TODAY
                         NORMAL    RECORD    YEAR
 MAXIMUM TEMPERATURE (F)   39        63      2015
 MINIMUM TEMPERATURE (F)   12       -17      2013


SUNRISE AND SUNSET
DECEMBER  9 2016......SUNRISE   653 AM PST   SUNSET   420 PM PST
DECEMBER 10 2016......SUNRISE   654 AM PST   SUNSET   420 PM PST


-  INDICATES NEGATIVE NUMBERS.
R  INDICATES RECORD WAS SET OR TIED.
MM INDICATES DATA IS MISSING.
T  INDICATES TRACE AMOUNT.




$$
