000
CDUS45 KLKN 020928
CLIP68


CLIMATE REPORT
NATIONAL WEATHER SERVICE ELKO NV
227 AM PDT SUN AUG 2 2015


...................................

...THE EUREKA AIRPORT NV CLIMATE SUMMARY FOR AUGUST 1 2015...

CLIMATE NORMAL PERIOD 1981 TO 2010
CLIMATE RECORD PERIOD 1963 TO 2015


WEATHER ITEM   OBSERVED TIME   RECORD YEAR NORMAL DEPARTURE LAST
                VALUE   (LST)  VALUE       VALUE  FROM      YEAR
                                                  NORMAL
..................................................................
TEMPERATURE (F)
 YESTERDAY
  MAXIMUM         95    133 PM 100    2000  90      5       91
  MINIMUM         53    427 AM  39    1995  50      3       47
                                      1981
                                      1970
  AVERAGE         74                        70      4       69

PRECIPITATION (IN)
  YESTERDAY        0.00          0.78 2007   0.02  -0.02     0.00
  MONTH TO DATE    0.00                      0.02  -0.02     0.00
  SINCE OCT 1      6.02                      7.86  -1.84     7.37
  SINCE JAN 1      4.90                      5.73  -0.83     4.97

DEGREE DAYS
 HEATING
  YESTERDAY        0                         0      0        0
  MONTH TO DATE    0                         0      0        0
  SINCE JUN 1     60                       173   -113      103
  SINCE JUL 1     21                        13      8        0

 COOLING
  YESTERDAY        9                         5      4        4
  MONTH TO DATE    9                         5      4        4
  SINCE JUN 1    287                       177    110      305
  SINCE JAN 1    295                       180    115      307
..................................................................


WIND (MPH)
  HIGHEST WIND SPEED    20   HIGHEST WIND DIRECTION     S (200)
  HIGHEST GUST SPEED    24   HIGHEST GUST DIRECTION     S (200)
  AVERAGE WIND SPEED     6.6




RELATIVE HUMIDITY (PERCENT)
 HIGHEST    35          1100 PM
 LOWEST      7           100 PM
 AVERAGE    21

..........................................................


THE EUREKA AIRPORT NV CLIMATE NORMALS FOR TODAY
                         NORMAL    RECORD    YEAR
 MAXIMUM TEMPERATURE (F)   90        98      1981
 MINIMUM TEMPERATURE (F)   50        35      1981


SUNRISE AND SUNSET
AUGUST  2 2015........SUNRISE   544 AM PDT   SUNSET   755 PM PDT
AUGUST  3 2015........SUNRISE   545 AM PDT   SUNSET   754 PM PDT


-  INDICATES NEGATIVE NUMBERS.
R  INDICATES RECORD WAS SET OR TIED.
MM INDICATES DATA IS MISSING.
T  INDICATES TRACE AMOUNT.




$$
