000
CDUS45 KLKN 150928
CLIP68


CLIMATE REPORT
NATIONAL WEATHER SERVICE ELKO NV
127 AM PST FRI DEC 15 2017


...................................

...THE EUREKA AIRPORT NV CLIMATE SUMMARY FOR DECEMBER 14 2017...

CLIMATE NORMAL PERIOD 1981 TO 2010
CLIMATE RECORD PERIOD 1963 TO 2017


WEATHER ITEM   OBSERVED TIME   RECORD YEAR NORMAL DEPARTURE LAST
                VALUE   (LST)  VALUE       VALUE  FROM      YEAR
                                                  NORMAL
..................................................................
TEMPERATURE (F)
 YESTERDAY
  MAXIMUM         45    307 PM  59    2006  38      7       48
  MINIMUM          9    702 AM -14    1967  11     -2       31
  AVERAGE         27                        25      2       40

PRECIPITATION (IN)
  YESTERDAY        0.00          0.07 2001   0.02  -0.02     0.00
                                      2001
                                      2012
  MONTH TO DATE    0.03                      0.26  -0.23     0.55
  SINCE OCT 1      1.09                      1.78  -0.69     1.66
  SINCE JAN 1     10.13                      8.65   1.48    10.57

DEGREE DAYS
 HEATING
  YESTERDAY       38                        40     -2       25
  MONTH TO DATE  522                       541    -19      517
  SINCE DEC 1    522                       541    -19      517
  SINCE JUL 1   2106                      2300   -194     1930

 COOLING
  YESTERDAY        0                         0      0        0
  MONTH TO DATE    0                         0      0        0
  SINCE DEC 1      0                         0      0        0
  SINCE JAN 1    570                       288    282      424
..................................................................


WIND (MPH)
  HIGHEST WIND SPEED    10   HIGHEST WIND DIRECTION     S (200)
  HIGHEST GUST SPEED    12   HIGHEST GUST DIRECTION     S (200)
  AVERAGE WIND SPEED     4.0




RELATIVE HUMIDITY (PERCENT)
 HIGHEST    84           500 AM
 LOWEST     37           300 PM
 AVERAGE    61

..........................................................


THE EUREKA AIRPORT NV CLIMATE NORMALS FOR TODAY
                         NORMAL    RECORD    YEAR
 MAXIMUM TEMPERATURE (F)   38        54      2016
                                             1981
 MINIMUM TEMPERATURE (F)   11       -12      1967


SUNRISE AND SUNSET
DECEMBER 15 2017......SUNRISE   657 AM PST   SUNSET   421 PM PST
DECEMBER 16 2017......SUNRISE   658 AM PST   SUNSET   421 PM PST


-  INDICATES NEGATIVE NUMBERS.
R  INDICATES RECORD WAS SET OR TIED.
MM INDICATES DATA IS MISSING.
T  INDICATES TRACE AMOUNT.




$$
