000
CDUS45 KLKN 170932
CLIP68


CLIMATE REPORT
NATIONAL WEATHER SERVICE ELKO NV
229 AM PDT THU APR 17 2014


...................................

...THE EUREKA AIRPORT NV CLIMATE SUMMARY FOR APRIL 16 2014...

CLIMATE NORMAL PERIOD 1981 TO 2010
CLIMATE RECORD PERIOD 1963 TO 2014


WEATHER ITEM   OBSERVED TIME   RECORD YEAR NORMAL DEPARTURE LAST
                VALUE   (LST)  VALUE       VALUE  FROM      YEAR
                                                  NORMAL
..................................................................
TEMPERATURE (F)
 YESTERDAY
  MAXIMUM         61    336 PM  78    1994  59      2       42
                                      1987
  MINIMUM         29    140 AM  11    2008  28      1       26
                                      1968
  AVERAGE         45                        43      2       34

PRECIPITATION (IN)
  YESTERDAY        0.00          0.33 2009   0.04  -0.04     0.03
  MONTH TO DATE    0.13                      0.50  -0.37     0.40
  SINCE OCT 1      4.87                      5.16  -0.29     3.91
  SINCE JAN 1      2.47                      3.03  -0.56     2.47

DEGREE DAYS
 HEATING
  YESTERDAY       20                        22     -2       31
  MONTH TO DATE  330                       375    -45      334
  SINCE MAR 1   1108                      1246   -138     1053
  SINCE JUL 1   5912                      6531   -619     6141

 COOLING
  YESTERDAY        0                         0      0        0
  MONTH TO DATE    0                         0      0        0
  SINCE MAR 1      0                         0      0        0
  SINCE JAN 1      0                         0      0        0
..................................................................


WIND (MPH)
  HIGHEST WIND SPEED    20   HIGHEST WIND DIRECTION     N (360)
  HIGHEST GUST SPEED    24   HIGHEST GUST DIRECTION     N (350)
  AVERAGE WIND SPEED     6.9




RELATIVE HUMIDITY (PERCENT)
 HIGHEST    62           800 AM
 LOWEST     35          1200 PM
 AVERAGE    49

..........................................................


THE EUREKA AIRPORT NV CLIMATE NORMALS FOR TODAY
                         NORMAL    RECORD    YEAR
 MAXIMUM TEMPERATURE (F)   59        78      1987
 MINIMUM TEMPERATURE (F)   28        10      1968


SUNRISE AND SUNSET
APRIL 17 2014.........SUNRISE   604 AM PDT   SUNSET   724 PM PDT
APRIL 18 2014.........SUNRISE   602 AM PDT   SUNSET   725 PM PDT


-  INDICATES NEGATIVE NUMBERS.
R  INDICATES RECORD WAS SET OR TIED.
MM INDICATES DATA IS MISSING.
T  INDICATES TRACE AMOUNT.




$$
