000
CDUS45 KLKN 200931
CLIP68


CLIMATE REPORT
NATIONAL WEATHER SERVICE ELKO NV
227 AM PDT SAT SEP 20 2014


...................................

...THE EUREKA AIRPORT NV CLIMATE SUMMARY FOR SEPTEMBER 19 2014...

CLIMATE NORMAL PERIOD 1981 TO 2010
CLIMATE RECORD PERIOD 1963 TO 2014


WEATHER ITEM   OBSERVED TIME   RECORD YEAR NORMAL DEPARTURE LAST
                VALUE   (LST)  VALUE       VALUE  FROM      YEAR
                                                  NORMAL
..................................................................
TEMPERATURE (F)
 YESTERDAY
  MAXIMUM         85    346 PM  88    1981  77      8       75
  MINIMUM         46    532 AM  19    1971  37      9       31
  AVERAGE         66                        57      9       53

PRECIPITATION (IN)
  YESTERDAY        0.00          0.76 2004   0.02  -0.02     0.00
  MONTH TO DATE    0.00                      0.37  -0.37     1.02
  SINCE OCT 1      9.21                      8.79   0.42     7.41
  SINCE JAN 1      6.81                      6.66   0.15     5.97

DEGREE DAYS
 HEATING
  YESTERDAY        0                         8     -8       12
  MONTH TO DATE   22                       100    -78       51
  SINCE SEP 1     22                       100    -78       51
  SINCE JUL 1     47                       147   -100       52

 COOLING
  YESTERDAY        1                         0      1        0
  MONTH TO DATE   33                         9     24       44
  SINCE SEP 1     33                         9     24       44
  SINCE JAN 1    432                       286    146      585
..................................................................


WIND (MPH)
  HIGHEST WIND SPEED    13   HIGHEST WIND DIRECTION     E (90)
  HIGHEST GUST SPEED    19   HIGHEST GUST DIRECTION    NE (30)
  AVERAGE WIND SPEED     4.5




RELATIVE HUMIDITY (PERCENT)
 HIGHEST    86           600 AM
 LOWEST     16           400 PM
 AVERAGE    51

..........................................................


THE EUREKA AIRPORT NV CLIMATE NORMALS FOR TODAY
                         NORMAL    RECORD    YEAR
 MAXIMUM TEMPERATURE (F)   76        85      2011
                                             2001
 MINIMUM TEMPERATURE (F)   37        16      1983


SUNRISE AND SUNSET
SEPTEMBER 20 2014.....SUNRISE   630 AM PDT   SUNSET   644 PM PDT
SEPTEMBER 21 2014.....SUNRISE   631 AM PDT   SUNSET   642 PM PDT


-  INDICATES NEGATIVE NUMBERS.
R  INDICATES RECORD WAS SET OR TIED.
MM INDICATES DATA IS MISSING.
T  INDICATES TRACE AMOUNT.




$$
