000
CDUS45 KLKN 230933
CLIP68


CLIMATE REPORT
NATIONAL WEATHER SERVICE ELKO NV
230 AM PDT SUN APR 23 2017


...................................

...THE EUREKA AIRPORT NV CLIMATE SUMMARY FOR APRIL 22 2017...

CLIMATE NORMAL PERIOD 1981 TO 2010
CLIMATE RECORD PERIOD 1963 TO 2017


WEATHER ITEM   OBSERVED TIME   RECORD YEAR NORMAL DEPARTURE LAST
                VALUE   (LST)  VALUE       VALUE  FROM      YEAR
                                                  NORMAL
..................................................................
TEMPERATURE (F)
 YESTERDAY
  MAXIMUM         68    317 PM  86    2012  61      7       70
  MINIMUM         27    518 AM   8    1963  29     -2       33
  AVERAGE         48                        45      3       52

PRECIPITATION (IN)
  YESTERDAY        0.00          0.37 2016   0.03  -0.03     0.37
  MONTH TO DATE    1.83                      0.70   1.13     0.89
  SINCE OCT 1      8.29                      5.36   2.93     8.46
  SINCE JAN 1      6.20                      3.23   2.97     4.19

DEGREE DAYS
 HEATING
  YESTERDAY       17                        20     -3       13
  MONTH TO DATE  472                       499    -27      366
  SINCE MAR 1   1157                      1370   -213     1115
  SINCE JUL 1   6017                      6655   -638     6218

 COOLING
  YESTERDAY        0                         0      0        0
  MONTH TO DATE    0                         0      0        0
  SINCE MAR 1      0                         0      0        0
  SINCE JAN 1      0                         0      0        0
..................................................................


WIND (MPH)
  HIGHEST WIND SPEED    24   HIGHEST WIND DIRECTION    SE (150)
  HIGHEST GUST SPEED    31   HIGHEST GUST DIRECTION    SE (150)
  AVERAGE WIND SPEED    10.7




RELATIVE HUMIDITY (PERCENT)
 HIGHEST    78          1200 AM
 LOWEST     22           200 PM
 AVERAGE    50

..........................................................


THE EUREKA AIRPORT NV CLIMATE NORMALS FOR TODAY
                         NORMAL    RECORD    YEAR
 MAXIMUM TEMPERATURE (F)   61        85      2012
 MINIMUM TEMPERATURE (F)   29         8      1968


SUNRISE AND SUNSET
APRIL 23 2017.........SUNRISE   555 AM PDT   SUNSET   730 PM PDT
APRIL 24 2017.........SUNRISE   553 AM PDT   SUNSET   731 PM PDT


-  INDICATES NEGATIVE NUMBERS.
R  INDICATES RECORD WAS SET OR TIED.
MM INDICATES DATA IS MISSING.
T  INDICATES TRACE AMOUNT.




$$
