000
CDUS45 KLKN 020927
CLIP68


CLIMATE REPORT
NATIONAL WEATHER SERVICE ELKO NV
227 AM PDT TUE JUN 2 2015


...................................

...THE EUREKA AIRPORT NV CLIMATE SUMMARY FOR JUNE 1 2015...

CLIMATE NORMAL PERIOD 1981 TO 2010
CLIMATE RECORD PERIOD 1963 TO 2015


WEATHER ITEM   OBSERVED TIME   RECORD YEAR NORMAL DEPARTURE LAST
                VALUE   (LST)  VALUE       VALUE  FROM      YEAR
                                                  NORMAL
..................................................................
TEMPERATURE (F)
 YESTERDAY
  MAXIMUM         83    150 PM  92    2001  75      8       79
  MINIMUM         51   1159 PM  26    1966  37     14       35
  AVERAGE         67                        56     11       57

PRECIPITATION (IN)
  YESTERDAY        0.00          0.63 1967   0.04  -0.04     0.00
  MONTH TO DATE    0.00                      0.04  -0.04     0.00
  SINCE OCT 1      4.33                      6.40  -2.07     6.95
  SINCE JAN 1      3.21                      4.27  -1.06     4.55

DEGREE DAYS
 HEATING
  YESTERDAY        0                         9     -9        8
  MONTH TO DATE    0                         9     -9        8
  SINCE JUN 1      0                         9     -9        8
  SINCE JUL 1   5705                      7225  -1520     6539

 COOLING
  YESTERDAY        2                         0      2        0
  MONTH TO DATE    2                         0      2        0
  SINCE JUN 1      2                         0      2        0
  SINCE JAN 1     10                         3      7        2
..................................................................


WIND (MPH)
  HIGHEST WIND SPEED    18   HIGHEST WIND DIRECTION     W (280)
  HIGHEST GUST SPEED    26   HIGHEST GUST DIRECTION     N (340)
  AVERAGE WIND SPEED     8.6




RELATIVE HUMIDITY (PERCENT)
 HIGHEST    35           100 AM
 LOWEST     11           200 PM
 AVERAGE    23

..........................................................


THE EUREKA AIRPORT NV CLIMATE NORMALS FOR TODAY
                         NORMAL    RECORD    YEAR
 MAXIMUM TEMPERATURE (F)   75        91      2013
                                             2012
 MINIMUM TEMPERATURE (F)   38        25      1967


SUNRISE AND SUNSET
JUNE  2 2015..........SUNRISE   518 AM PDT   SUNSET   806 PM PDT
JUNE  3 2015..........SUNRISE   518 AM PDT   SUNSET   806 PM PDT


-  INDICATES NEGATIVE NUMBERS.
R  INDICATES RECORD WAS SET OR TIED.
MM INDICATES DATA IS MISSING.
T  INDICATES TRACE AMOUNT.




$$
