000
CDUS45 KLKN 010933
CLIP68


CLIMATE REPORT
NATIONAL WEATHER SERVICE ELKO NV
232 AM PDT FRI AUG 1 2014


...................................

...THE EUREKA AIRPORT NV CLIMATE SUMMARY FOR JULY 31 2014...

CLIMATE NORMAL PERIOD 1981 TO 2010
CLIMATE RECORD PERIOD 1963 TO 2014


WEATHER ITEM   OBSERVED TIME   RECORD YEAR NORMAL DEPARTURE LAST
                VALUE   (LST)  VALUE       VALUE  FROM      YEAR
                                                  NORMAL
..................................................................
TEMPERATURE (F)
 YESTERDAY
  MAXIMUM         89    303 PM  99    2000  90     -1       91
  MINIMUM         53   1159 PM  32    1985  50      3       54
  AVERAGE         71                        70      1       73

PRECIPITATION (IN)
  YESTERDAY        0.00          0.46 2011   0.02  -0.02     0.00
  MONTH TO DATE    0.30                      0.63  -0.33     1.68
  SINCE OCT 1      7.37                      7.84  -0.47     6.25
  SINCE JAN 1      4.97                      5.71  -0.74     4.81

DEGREE DAYS
 HEATING
  YESTERDAY        0                         0      0        0
  MONTH TO DATE    0                         8     -8        1
  SINCE JUN 1    103                       173    -70       81
  SINCE JUL 1      0                        13    -13        1

 COOLING
  YESTERDAY        6                         5      1        8
  MONTH TO DATE  260                       143    117      274
  SINCE JUN 1    301                       172    129      366
  SINCE JAN 1    303                       175    128      367
..................................................................


WIND (MPH)
  HIGHEST WIND SPEED    29   HIGHEST WIND DIRECTION     N (20)
  HIGHEST GUST SPEED    35   HIGHEST GUST DIRECTION     N (20)
  AVERAGE WIND SPEED     6.7




RELATIVE HUMIDITY (PERCENT)
 HIGHEST    77          1100 PM
 LOWEST     19           200 PM
 AVERAGE    48

..........................................................


THE EUREKA AIRPORT NV CLIMATE NORMALS FOR TODAY
                         NORMAL    RECORD    YEAR
 MAXIMUM TEMPERATURE (F)   90       100      2000
 MINIMUM TEMPERATURE (F)   50        39      1995
                                             1981
                                             1970


SUNRISE AND SUNSET
AUGUST  1 2014........SUNRISE   544 AM PDT   SUNSET   756 PM PDT
AUGUST  2 2014........SUNRISE   544 AM PDT   SUNSET   755 PM PDT


-  INDICATES NEGATIVE NUMBERS.
R  INDICATES RECORD WAS SET OR TIED.
MM INDICATES DATA IS MISSING.
T  INDICATES TRACE AMOUNT.




$$
