000
CDUS43 KPAH 020630
CLIPAH


CLIMATE REPORT
NATIONAL WEATHER SERVICE PADUCAH KY
1229 AM CST MON MAR 2 2015


...................................

...THE PADUCAH KY CLIMATE SUMMARY FOR MARCH 1 2015...

CLIMATE NORMAL PERIOD 1981 TO 2010
CLIMATE RECORD PERIOD 1937 TO 2015


WEATHER ITEM   OBSERVED TIME   RECORD YEAR NORMAL DEPARTURE LAST
                VALUE   (LST)  VALUE       VALUE  FROM      YEAR
                                                  NORMAL
..................................................................
TEMPERATURE (F)
 YESTERDAY
  MAXIMUM         40    156 PM  77    2006  54    -14       57
  MINIMUM         32   1159 PM  13    1962  34     -2       43
  AVERAGE         36                        44     -8       50

PRECIPITATION (IN)
  YESTERDAY        0.07          3.57 1997   0.12  -0.05     0.00
  MONTH TO DATE    0.07                      0.12  -0.05     0.00
  SINCE MAR 1      0.07                      0.12  -0.05     0.00
  SINCE JAN 1      7.36                      7.71  -0.35     5.18

SNOWFALL (IN)
  YESTERDAY        0.0           3.0  1980   0.0    0.0      0.0
  MONTH TO DATE    0.0                       0.0    0.0      0.0
  SINCE MAR 1      0.0                       0.0    0.0      0.0
  SINCE JUL 1     16.5                       8.5    8.0     12.9
  SNOW DEPTH       3

DEGREE DAYS
 HEATING
  YESTERDAY       29                        21      8       15
  MONTH TO DATE   29                        21      8       15
  SINCE MAR 1     29                        21      8       15
  SINCE JUL 1   3698                      3317    381     3670

 COOLING
  YESTERDAY        0                         0      0        0
  MONTH TO DATE    0                         0      0        0
  SINCE MAR 1      0                         0      0        0
  SINCE JAN 1      0                         0      0        0
..................................................................


WIND (MPH)
  HIGHEST WIND SPEED    16   HIGHEST WIND DIRECTION     N (360)
  HIGHEST GUST SPEED    19   HIGHEST GUST DIRECTION     N (350)
  AVERAGE WIND SPEED     6.7


SKY COVER
  POSSIBLE SUNSHINE  MM
  AVERAGE SKY COVER 1.0


WEATHER CONDITIONS
 THE FOLLOWING WEATHER WAS RECORDED YESTERDAY.
  LIGHT RAIN
  FREEZING RAIN
  LT FREEZING RAIN
  FOG
  HAZE


RELATIVE HUMIDITY (PERCENT)
 HIGHEST    89           900 AM
 LOWEST     61          1200 AM
 AVERAGE    75

..........................................................


THE PADUCAH KY CLIMATE NORMALS FOR TODAY
                         NORMAL    RECORD    YEAR
 MAXIMUM TEMPERATURE (F)   54        80      2012
 MINIMUM TEMPERATURE (F)   34        12      1980


SUNRISE AND SUNSET
MARCH  2 2015.........SUNRISE   625 AM CST   SUNSET   550 PM CST
MARCH  3 2015.........SUNRISE   624 AM CST   SUNSET   551 PM CST


-  INDICATES NEGATIVE NUMBERS.
R  INDICATES RECORD WAS SET OR TIED.
MM INDICATES DATA IS MISSING.
T  INDICATES TRACE AMOUNT.

&&
..........................................................

***** AGRICULTURAL DATA ******

SOIL TEMPERATURES AT A DEPTH OF FOUR INCHES

UNDER GRASS...  MAX: 35  MIN: 35

$$
