000
CDUS43 KPAH 210630
CLIPAH


CLIMATE REPORT
NATIONAL WEATHER SERVICE PADUCAH KY
127 AM CDT THU SEP 21 2017


...................................

...THE PADUCAH KY CLIMATE SUMMARY FOR SEPTEMBER 20 2017...

CLIMATE NORMAL PERIOD 1981 TO 2010
CLIMATE RECORD PERIOD 1937 TO 2017


WEATHER ITEM   OBSERVED TIME   RECORD YEAR NORMAL DEPARTURE LAST
                VALUE   (LST)  VALUE       VALUE  FROM      YEAR
                                                  NORMAL
..................................................................
TEMPERATURE (F)
 YESTERDAY
  MAXIMUM         92    216 PM  95    1955  81     11       90
  MINIMUM         72    602 AM  41    1991  56     16       59
  AVERAGE         82                        68     14       75

PRECIPITATION (IN)
  YESTERDAY        0.00          3.38 1954   0.12  -0.12     0.00
  MONTH TO DATE    2.55                      2.41   0.14     0.66
  SINCE SEP 1      2.55                      2.41   0.14     0.66
  SINCE JAN 1     35.68                     34.89   0.79    43.33

SNOWFALL (IN)
  YESTERDAY        0.0           0.0  2002   0.0    0.0      0.0
                                      2001
  MONTH TO DATE    0.0                       0.0    0.0      0.0
  SINCE SEP 1      0.0                       0.0    0.0      0.0
  SINCE JUL 1      0.0                       0.0    0.0      0.0
  SNOW DEPTH       0

DEGREE DAYS
 HEATING
  YESTERDAY        0                         2     -2        0
  MONTH TO DATE   11                         9      2        0
  SINCE SEP 1     11                         9      2        0
  SINCE JUL 1     11                        10      1        0

 COOLING
  YESTERDAY       17                         5     12       10
  MONTH TO DATE  117                       150    -33      224
  SINCE SEP 1    117                       150    -33      224
  SINCE JAN 1   1491                      1463     28     1754
..................................................................


WIND (MPH)
  HIGHEST WIND SPEED    15   HIGHEST WIND DIRECTION    SW (240)
  HIGHEST GUST SPEED    21   HIGHEST GUST DIRECTION     W (250)
  AVERAGE WIND SPEED     5.8


SKY COVER
  POSSIBLE SUNSHINE  MM
  AVERAGE SKY COVER 0.1


WEATHER CONDITIONS
 THE FOLLOWING WEATHER WAS RECORDED YESTERDAY.
  FOG
  HAZE


RELATIVE HUMIDITY (PERCENT)
 HIGHEST    90           600 AM
 LOWEST     49           100 PM
 AVERAGE    70

..........................................................


THE PADUCAH KY CLIMATE NORMALS FOR TODAY
                         NORMAL    RECORD    YEAR
 MAXIMUM TEMPERATURE (F)   80        98      1940
 MINIMUM TEMPERATURE (F)   56        38      1991


SUNRISE AND SUNSET
SEPTEMBER 21 2017.....SUNRISE   642 AM CDT   SUNSET   653 PM CDT
SEPTEMBER 22 2017.....SUNRISE   643 AM CDT   SUNSET   652 PM CDT


-  INDICATES NEGATIVE NUMBERS.
R  INDICATES RECORD WAS SET OR TIED.
MM INDICATES DATA IS MISSING.
T  INDICATES TRACE AMOUNT.


&&

..............................................

     ***** AGRICULTURAL DATA *****

SOIL TEMPERATURES AT A DEPTH OF FOUR INCHES

UNDER GRASS... MAX: 75     MIN: 74



$$
