000
CDUS43 KPAH 190630
CLIPAH

CLIMATE REPORT
NATIONAL WEATHER SERVICE PADUCAH KY
127 AM CDT SAT APR 19 2014

...................................

...THE PADUCAH KY CLIMATE SUMMARY FOR APRIL 18 2014...

CLIMATE NORMAL PERIOD 1981 TO 2010
CLIMATE RECORD PERIOD 1937 TO 2014

WEATHER ITEM   OBSERVED TIME   RECORD YEAR NORMAL DEPARTURE LAST
                VALUE   (LST)  VALUE       VALUE  FROM      YEAR
                                                  NORMAL
..................................................................
TEMPERATURE (F)
 YESTERDAY
  MAXIMUM         76    354 PM  86    2006  70      6       78
                                      2002
  MINIMUM         46    458 AM  29    2001  47     -1       44
  AVERAGE         61                        59      2       61

PRECIPITATION (IN)
  YESTERDAY        0.00          2.27 2013   0.17  -0.17     2.27
  MONTH TO DATE    4.73                      2.69   2.04     3.91
  SINCE MAR 1      8.38                      6.62   1.76     7.93
  SINCE JAN 1     13.56                     14.21  -0.65    19.68

SNOWFALL (IN)
  YESTERDAY        0.0           0.5  1983   0.0    0.0      0.0
  MONTH TO DATE    0.0                       0.0    0.0      0.0
  SINCE MAR 1      5.6                       0.6    5.0      0.7
  SINCE JUL 1     18.5                       9.1    9.4      6.8
  SNOW DEPTH       0

DEGREE DAYS
 HEATING
  YESTERDAY        4                         7     -3        4
  MONTH TO DATE  152                       176    -24      157
  SINCE MAR 1    798                       699     99      872
  SINCE JUL 1   4453                      3995    458     3983

 COOLING
  YESTERDAY        0                         1     -1        0
  MONTH TO DATE   21                        18      3       31
  SINCE MAR 1     21                        25     -4       31
  SINCE JAN 1     21                        25     -4       31
..................................................................

WIND (MPH)
  HIGHEST WIND SPEED    13   HIGHEST WIND DIRECTION    NE (40)
  HIGHEST GUST SPEED    15   HIGHEST GUST DIRECTION    NE (40)
  AVERAGE WIND SPEED     2.4

SKY COVER
  POSSIBLE SUNSHINE  MM
  AVERAGE SKY COVER 0.2

WEATHER CONDITIONS
 THE FOLLOWING WEATHER WAS RECORDED YESTERDAY.
  NO SIGNIFICANT WEATHER WAS OBSERVED.

RELATIVE HUMIDITY (PERCENT)
 HIGHEST    86           600 AM
 LOWEST     27           300 PM
 AVERAGE    57
..........................................................

THE PADUCAH KY CLIMATE NORMALS FOR TODAY
                         NORMAL    RECORD    YEAR
 MAXIMUM TEMPERATURE (F)   71        88      1971
 MINIMUM TEMPERATURE (F)   48        29      1983
                                             1953

SUNRISE AND SUNSET
APRIL 19 2014.........SUNRISE   615 AM CDT   SUNSET   733 PM CDT
APRIL 20 2014.........SUNRISE   614 AM CDT   SUNSET   734 PM CDT

-  INDICATES NEGATIVE NUMBERS.
R  INDICATES RECORD WAS SET OR TIED.
MM INDICATES DATA IS MISSING.
T  INDICATES TRACE AMOUNT.

&&
..........................................................
***** AGRICULTURAL DATA *****

SOIL TEMPERATURES AT A DEPTH OF FOUR INCHES

UNDER BARE GROUND...  MAX: MM  MIN: MM
UNDER GRASS.........  MAX: 59  MIN: 54

$$
