246
CDUS43 KPAH 220640
CLIPAH


CLIMATE REPORT
NATIONAL WEATHER SERVICE PADUCAH KY
1238 AM CST WED NOV 22 2017


...................................

...THE PADUCAH KY CLIMATE SUMMARY FOR NOVEMBER 21 2017...

CLIMATE NORMAL PERIOD 1981 TO 2010
CLIMATE RECORD PERIOD 1937 TO 2017


WEATHER ITEM   OBSERVED TIME   RECORD YEAR NORMAL DEPARTURE LAST
                VALUE   (LST)  VALUE       VALUE  FROM      YEAR
                                                  NORMAL
..................................................................
TEMPERATURE (F)
 YESTERDAY
  MAXIMUM         59    217 PM  76    1990  56      3       53
  MINIMUM         37   1154 PM  14    1964  36      1       23
  AVERAGE         48                        46      2       38

PRECIPITATION (IN)
  YESTERDAY        0.00          1.70 1979   0.16  -0.16     0.00
  MONTH TO DATE    3.37                      2.89   0.48     0.28
  SINCE SEP 1      9.96                     10.60  -0.64     1.45
  SINCE JAN 1     43.09                     43.08   0.01    44.12

SNOWFALL (IN)
  YESTERDAY        0.0           T    1975   0.0    0.0      0.0
  MONTH TO DATE    0.0                       0.0    0.0      0.0
  SINCE SEP 1      0.0                       0.1   -0.1      0.0
  SINCE JUL 1      0.0                       0.1   -0.1      0.0
  SNOW DEPTH       0

DEGREE DAYS
 HEATING
  YESTERDAY       17                        19     -2       27
  MONTH TO DATE  307                       318    -11      242
  SINCE SEP 1    516                       584    -68      346
  SINCE JUL 1    516                       585    -69      346

 COOLING
  YESTERDAY        0                         0      0        0
  MONTH TO DATE    7                         0      7       19
  SINCE SEP 1    318                       225     93      423
  SINCE JAN 1   1692                      1538    154     1953
..................................................................


WIND (MPH)
  HIGHEST WIND SPEED    22   HIGHEST WIND DIRECTION     N (360)
  HIGHEST GUST SPEED    26   HIGHEST GUST DIRECTION     N (360)
  AVERAGE WIND SPEED     8.0


SKY COVER
  POSSIBLE SUNSHINE  MM
  AVERAGE SKY COVER 0.0


WEATHER CONDITIONS
 THE FOLLOWING WEATHER WAS RECORDED YESTERDAY.
  NO SIGNIFICANT WEATHER WAS OBSERVED.


RELATIVE HUMIDITY (PERCENT)
 HIGHEST    79           700 PM
 LOWEST     37           200 PM
 AVERAGE    58

..........................................................


THE PADUCAH KY CLIMATE NORMALS FOR TODAY
                         NORMAL    RECORD    YEAR
 MAXIMUM TEMPERATURE (F)   55        72      2003
 MINIMUM TEMPERATURE (F)   36        11      1964


SUNRISE AND SUNSET
NOVEMBER 22 2017......SUNRISE   641 AM CST   SUNSET   441 PM CST
NOVEMBER 23 2017......SUNRISE   642 AM CST   SUNSET   441 PM CST


-  INDICATES NEGATIVE NUMBERS.
R  INDICATES RECORD WAS SET OR TIED.
MM INDICATES DATA IS MISSING.
T  INDICATES TRACE AMOUNT.

&&
.............................................

***** AGRICULTURAL DATA *****

SOIL TEMPERATURES AT A DEPTH OF FOUR INCHES

UNDER GRASS... MAX: 51    MIN: 50

$$
