473
CDUS43 KPAH 270628
CLIPAH


CLIMATE REPORT
NATIONAL WEATHER SERVICE PADUCAH KY
126 AM CDT SAT MAY 27 2017


...................................

...THE PADUCAH KY CLIMATE SUMMARY FOR MAY 26 2017...

CLIMATE NORMAL PERIOD 1981 TO 2010
CLIMATE RECORD PERIOD 1937 TO 2017


WEATHER ITEM   OBSERVED TIME   RECORD YEAR NORMAL DEPARTURE LAST
                VALUE   (LST)  VALUE       VALUE  FROM      YEAR
                                                  NORMAL
..................................................................
TEMPERATURE (F)
 YESTERDAY
  MAXIMUM         87    248 PM  96    1953  81      6       81
                                      1944
  MINIMUM         57    157 AM  42    1988  59     -2       67
                                      1979
                                      1961
  AVERAGE         72                        70      2       74

PRECIPITATION (IN)
  YESTERDAY        T             2.10 2008   0.14  -0.14     0.71
  MONTH TO DATE    3.63                      4.20  -0.57     5.25
  SINCE MAR 1     16.20                     12.89   3.31    17.72
  SINCE JAN 1     21.03                     20.48   0.55    23.18

SNOWFALL (IN)
  YESTERDAY        0.0           0.0  2002   0.0    0.0      0.0
                                      2001
  MONTH TO DATE    0.0                       0.0    0.0      0.0
  SINCE MAR 1      1.0                       0.6    0.4       T
  SINCE JUL 1      1.2                       9.1   -7.9     12.1
  SNOW DEPTH       0

DEGREE DAYS
 HEATING
  YESTERDAY        0                         1     -1        0
  MONTH TO DATE   59                        60     -1       91
  SINCE MAR 1    599                       828   -229      630
  SINCE JUL 1   3078                      4124  -1046     3292

 COOLING
  YESTERDAY        7                         6      1        9
  MONTH TO DATE  112                        97     15       59
  SINCE MAR 1    188                       139     49       95
  SINCE JAN 1    188                       139     49       95
..................................................................


WIND (MPH)
  HIGHEST WIND SPEED    30   HIGHEST WIND DIRECTION     W (250)
  HIGHEST GUST SPEED    37   HIGHEST GUST DIRECTION    SW (240)
  AVERAGE WIND SPEED     9.2


SKY COVER
  POSSIBLE SUNSHINE  MM
  AVERAGE SKY COVER 0.4


WEATHER CONDITIONS
 THE FOLLOWING WEATHER WAS RECORDED YESTERDAY.
  NO SIGNIFICANT WEATHER WAS OBSERVED.


RELATIVE HUMIDITY (PERCENT)
 HIGHEST    84           800 PM
 LOWEST     32          1200 PM
 AVERAGE    58

..........................................................


THE PADUCAH KY CLIMATE NORMALS FOR TODAY
                         NORMAL    RECORD    YEAR
 MAXIMUM TEMPERATURE (F)   81        95      2012
 MINIMUM TEMPERATURE (F)   60        34      1961


SUNRISE AND SUNSET
MAY 27 2017...........SUNRISE   539 AM CDT   SUNSET   806 PM CDT
MAY 28 2017...........SUNRISE   538 AM CDT   SUNSET   807 PM CDT


-  INDICATES NEGATIVE NUMBERS.
R  INDICATES RECORD WAS SET OR TIED.
MM INDICATES DATA IS MISSING.
T  INDICATES TRACE AMOUNT.

&&

***** AGRICULTURAL DATA *****

SOIL TEMPERATURES AT A DEPTH OF FOUR INCHES

UNDER GRASS...  MAX: 68    MIN: 66



$$
