000
CDUS44 KLZK 140634
CLIPBF


CLIMATE REPORT
NATIONAL WEATHER SERVICE LITTLE ROCK AR
1234 AM CST SUN FEB 14 2016


...................................

...THE PINE BLUFF CLIMATE SUMMARY FOR FEBRUARY 13 2016...

CLIMATE NORMAL PERIOD 1981 TO 2010
CLIMATE RECORD PERIOD 1883 TO 2016


WEATHER ITEM   OBSERVED TIME   RECORD YEAR NORMAL DEPARTURE LAST
                VALUE   (LST)  VALUE       VALUE  FROM      YEAR
                                                  NORMAL
..................................................................
TEMPERATURE (F)
 YESTERDAY
  MAXIMUM         44   1209 AM  90    1918  55    -11       48
  MINIMUM         31   1005 PM  -2    1899  36     -5       24
  AVERAGE         38                        46     -8       36

PRECIPITATION (IN)
  YESTERDAY        0.00          1.57 1914   0.14  -0.14      T
  MONTH TO DATE    0.00                      1.73  -1.73     0.58
  SINCE DEC 1      7.27                     10.93  -3.66     5.39
  SINCE JAN 1      1.93                      5.49  -3.56     4.19

SNOWFALL (IN)
  YESTERDAY        0.0           1.0  1997   0.0    0.0      0.0
  MONTH TO DATE    0.0                       0.5   -0.5      0.0
  SINCE DEC 1      3.6                       3.0    0.6       T
  SINCE JUL 1      3.6                       3.0    0.6      0.1
  SNOW DEPTH       0

DEGREE DAYS
 HEATING
  YESTERDAY       27                        19      8       29
  MONTH TO DATE  262                       267     -5      294
  SINCE DEC 1   1366                      1621   -255     1654
  SINCE JUL 1   1705                      2125   -420     2258

 COOLING
  YESTERDAY        0                         0      0        0
  MONTH TO DATE    0                         0      0        0
  SINCE DEC 1     12                         2     10        0
  SINCE JAN 1      2                         1      1        0
..................................................................


WIND (MPH)
  HIGHEST WIND SPEED    17   HIGHEST WIND DIRECTION    NE (60)
  HIGHEST GUST SPEED    23   HIGHEST GUST DIRECTION    NE (50)
  AVERAGE WIND SPEED     9.8


SKY COVER
  POSSIBLE SUNSHINE  MM
  AVERAGE SKY COVER 0.0


WEATHER CONDITIONS
 THE FOLLOWING WEATHER WAS RECORDED YESTERDAY.
  NO SIGNIFICANT WEATHER WAS OBSERVED.


RELATIVE HUMIDITY (PERCENT)
 HIGHEST    64           400 AM
 LOWEST     23           300 PM
 AVERAGE    44

..........................................................


THE PINE BLUFF CLIMATE NORMALS FOR TODAY
                         NORMAL    RECORD    YEAR
 MAXIMUM TEMPERATURE (F)   56        86      1918
 MINIMUM TEMPERATURE (F)   36         2      1905


SUNRISE AND SUNSET
FEBRUARY 14 2016......SUNRISE   654 AM CST   SUNSET   550 PM CST
FEBRUARY 15 2016......SUNRISE   653 AM CST   SUNSET   551 PM CST


-  INDICATES NEGATIVE NUMBERS.
R  INDICATES RECORD WAS SET OR TIED.
MM INDICATES DATA IS MISSING.
T  INDICATES TRACE AMOUNT.




$$
