000
CDUS44 KLZK 220635
CLIPBF


CLIMATE REPORT
NATIONAL WEATHER SERVICE LITTLE ROCK AR
135 AM CDT FRI SEP 22 2017


...................................

...THE PINE BLUFF CLIMATE SUMMARY FOR SEPTEMBER 21 2017...

CLIMATE NORMAL PERIOD 1981 TO 2010
CLIMATE RECORD PERIOD 1883 TO 2017


WEATHER ITEM   OBSERVED TIME   RECORD YEAR NORMAL DEPARTURE LAST
                VALUE   (LST)  VALUE       VALUE  FROM      YEAR
                                                  NORMAL
..................................................................
TEMPERATURE (F)
 YESTERDAY
  MAXIMUM         91    327 PM 103    1925  84      7       92
  MINIMUM         69    615 AM  43    1983  61      8       65
                                      1918
  AVERAGE         80                        72      8       79

PRECIPITATION (IN)
  YESTERDAY        0.00          2.50 1909   0.08  -0.08     0.00
  MONTH TO DATE    0.80                      1.68  -0.88     1.19
  SINCE SEP 1      0.80                      1.68  -0.88     1.19
  SINCE JAN 1     41.31                     34.87   6.44    45.14

SNOWFALL (IN)
  YESTERDAY        0.0          MM      MM   0.0    0.0      0.0
  MONTH TO DATE    0.0                       0.0    0.0      0.0
  SINCE SEP 1      0.0                       0.0    0.0      0.0
  SINCE JUL 1      0.0                       0.0    0.0      0.0
  SNOW DEPTH       0

DEGREE DAYS
 HEATING
  YESTERDAY        0                         1     -1        0
  MONTH TO DATE    2                         1      1        0
  SINCE SEP 1      2                         1      1        0
  SINCE JUL 1      2                         1      1        0

 COOLING
  YESTERDAY       15                         8      7       14
  MONTH TO DATE  177                       230    -53      299
  SINCE SEP 1    177                       230    -53      299
  SINCE JAN 1   1823                      1988   -165     2107
..................................................................


WIND (MPH)
  HIGHEST WIND SPEED    13   HIGHEST WIND DIRECTION     S (190)
  HIGHEST GUST SPEED    15   HIGHEST GUST DIRECTION     S (190)
  AVERAGE WIND SPEED     3.8


SKY COVER
  POSSIBLE SUNSHINE  MM
  AVERAGE SKY COVER 0.1


WEATHER CONDITIONS
 THE FOLLOWING WEATHER WAS RECORDED YESTERDAY.
  FOG


RELATIVE HUMIDITY (PERCENT)
 HIGHEST   100           400 AM
 LOWEST     52           200 PM
 AVERAGE    76

..........................................................


THE PINE BLUFF CLIMATE NORMALS FOR TODAY
                         NORMAL    RECORD    YEAR
 MAXIMUM TEMPERATURE (F)   84       103      1925
 MINIMUM TEMPERATURE (F)   60        39      1983


SUNRISE AND SUNSET
SEPTEMBER 22 2017.....SUNRISE   656 AM CDT   SUNSET   704 PM CDT
SEPTEMBER 23 2017.....SUNRISE   657 AM CDT   SUNSET   703 PM CDT


-  INDICATES NEGATIVE NUMBERS.
R  INDICATES RECORD WAS SET OR TIED.
MM INDICATES DATA IS MISSING.
T  INDICATES TRACE AMOUNT.




$$
