000
CDUS44 KLZK 300912
CLIPBF


CLIMATE REPORT
NATIONAL WEATHER SERVICE LITTLE ROCK AR
411 AM CDT THU JUL 30 2015


...................................

...THE PINE BLUFF CLIMATE SUMMARY FOR JULY 29 2015...

CLIMATE NORMAL PERIOD 1981 TO 2010
CLIMATE RECORD PERIOD 1883 TO 2015


WEATHER ITEM   OBSERVED TIME   RECORD YEAR NORMAL DEPARTURE LAST
                VALUE   (LST)  VALUE       VALUE  FROM      YEAR
                                                  NORMAL
..................................................................
TEMPERATURE (F)
 YESTERDAY
  MAXIMUM        100    250 PM 109    1930  93      7       83
  MINIMUM         77    556 AM  62    1994  72      5       67
  AVERAGE         89                        82      7       75

PRECIPITATION (IN)
  YESTERDAY        0.00          4.04 1967   0.12  -0.12     0.00
  MONTH TO DATE    2.61                      3.70  -1.09     1.73
  SINCE JUN 1      4.70                      7.28  -2.58     5.08
  SINCE JAN 1     32.35                     30.48   1.87    27.35

SNOWFALL (IN)
  YESTERDAY        0.0          MM      MM   0.0    0.0      0.0
  MONTH TO DATE    0.0                       0.0    0.0      0.0
  SINCE JUN 1      0.0                       0.0    0.0      0.0
  SINCE JUL 1      0.0                       0.0    0.0      0.0
  SNOW DEPTH       0

DEGREE DAYS
 HEATING
  YESTERDAY        0                         0      0        0
  MONTH TO DATE    0                         0      0        1
  SINCE JUN 1      0                         0      0        1
  SINCE JUL 1      0                         0      0        1

 COOLING
  YESTERDAY       24                        17      7       10
  MONTH TO DATE  550                       492     58      349
  SINCE JUN 1   1006                       914     92      767
  SINCE JAN 1   1335                      1221    114     1030
..................................................................


WIND (MPH)
  HIGHEST WIND SPEED    10   HIGHEST WIND DIRECTION    NW (330)
  HIGHEST GUST SPEED    14   HIGHEST GUST DIRECTION     N (340)
  AVERAGE WIND SPEED     2.4


SKY COVER
  POSSIBLE SUNSHINE  MM
  AVERAGE SKY COVER 0.0


WEATHER CONDITIONS
 THE FOLLOWING WEATHER WAS RECORDED YESTERDAY.
  NO SIGNIFICANT WEATHER WAS OBSERVED.


RELATIVE HUMIDITY (PERCENT)
 HIGHEST    97           100 AM
 LOWEST     39          1200 PM
 AVERAGE    68

..........................................................


THE PINE BLUFF CLIMATE NORMALS FOR TODAY
                         NORMAL    RECORD    YEAR
 MAXIMUM TEMPERATURE (F)   93       107      1986
 MINIMUM TEMPERATURE (F)   72        63      2014


SUNRISE AND SUNSET
JULY 30 2015..........SUNRISE   617 AM CDT   SUNSET   811 PM CDT
JULY 31 2015..........SUNRISE   618 AM CDT   SUNSET   810 PM CDT


-  INDICATES NEGATIVE NUMBERS.
R  INDICATES RECORD WAS SET OR TIED.
MM INDICATES DATA IS MISSING.
T  INDICATES TRACE AMOUNT.




$$
