000
CDUS42 KMFL 222017
CLIPBI


CLIMATE REPORT
NATIONAL WEATHER SERVICE MIAMI, FL
417 PM EDT TUE APR 22 2014


...................................

...THE WEST PALM BEACH CLIMATE SUMMARY FOR APRIL 22 2014...
VALID TODAY AS OF 0400 PM LOCAL TIME.

CLIMATE NORMAL PERIOD 1981 TO 2010
CLIMATE RECORD PERIOD 1894 TO 2014


WEATHER ITEM   OBSERVED TIME   RECORD YEAR NORMAL DEPARTURE LAST
                VALUE   (LST)  VALUE       VALUE  FROM      YEAR
                                                  NORMAL
..................................................................
TEMPERATURE (F)
 TODAY
  MAXIMUM         83   1200 PM  93    1988  83      0       81
  MINIMUM         65    647 AM  46    1901  67     -2       71
  AVERAGE         74                        75     -1

PRECIPITATION (IN)
  TODAY            0.00          2.22 1954   0.12  -0.12     0.02
  MONTH TO DATE    1.04                      2.82  -1.78     3.92
  SINCE OCT 1     23.18                     26.62  -3.44    19.42
  SINCE JAN 1     14.92                     13.36   1.56     8.08

SNOWFALL (IN)
  TODAY            0.0
  MONTH TO DATE    0.0
  SINCE MAR 1      0.0
  SINCE JUL 1      0.0
  SNOW DEPTH       0

DEGREE DAYS
 HEATING
  TODAY            0                         0      0
  MONTH TO DATE    0                         0      0
  SINCE MAR 1      7                        24    -17
  SINCE JUL 1    122                       229   -107

 COOLING
  TODAY            9                        10     -1
  MONTH TO DATE  222                       183     39
  SINCE MAR 1    424                       376     48
  SINCE JAN 1    770                       611    159
..................................................................


WIND (MPH)
  HIGHEST WIND SPEED     9   HIGHEST WIND DIRECTION    SE (120)
  HIGHEST GUST SPEED    MM   HIGHEST GUST DIRECTION    MM
  AVERAGE WIND SPEED     5.1


SKY COVER
  AVERAGE SKY COVER 0.7


WEATHER CONDITIONS
 THE FOLLOWING WEATHER WAS RECORDED TODAY.
  NO SIGNIFICANT WEATHER WAS OBSERVED.


RELATIVE HUMIDITY (PERCENT)
 HIGHEST    93
 LOWEST     54
 AVERAGE    74

..........................................................


THE WEST PALM BEACH CLIMATE NORMALS FOR TOMORROW
                         NORMAL    RECORD    YEAR
 MAXIMUM TEMPERATURE (F)   83        95      1971
 MINIMUM TEMPERATURE (F)   67        47      1910


SUNRISE AND SUNSET
APRIL 22 2014.........SUNRISE   650 AM EDT   SUNSET   748 PM EDT
APRIL 23 2014.........SUNRISE   649 AM EDT   SUNSET   749 PM EDT


-  INDICATES NEGATIVE NUMBERS.
R  INDICATES RECORD WAS SET OR TIED.
MM INDICATES DATA IS MISSING.
T  INDICATES TRACE AMOUNT.




$$
