000
CDUS42 KMFL 242035
CLIPBI


CLIMATE REPORT
NATIONAL WEATHER SERVICE MIAMI, FL
435 PM EDT FRI MAR 24 2017


...................................

...THE WEST PALM BEACH CLIMATE SUMMARY FOR MARCH 24 2017...
VALID TODAY AS OF 0400 PM LOCAL TIME.

CLIMATE NORMAL PERIOD 1981 TO 2010
CLIMATE RECORD PERIOD 1888 TO 2017


WEATHER ITEM   OBSERVED TIME   RECORD YEAR NORMAL DEPARTURE LAST
                VALUE   (LST)  VALUE       VALUE  FROM      YEAR
                                                  NORMAL
..................................................................
TEMPERATURE (F)
 TODAY
  MAXIMUM         78    202 PM  92    1908  79     -1       83
  MINIMUM         68   1220 AM  43    1968  63      5       73
  AVERAGE         73                        71      2       78

PRECIPITATION (IN)
  TODAY            T             1.73 1896   0.16  -0.16     0.11
  MONTH TO DATE    1.52                      3.56  -2.04     0.32
  SINCE NOV 1      9.53                     17.64  -8.11    23.28
  SINCE JAN 1      5.06                      9.51  -4.45    12.88

SNOWFALL (IN)
  TODAY            0.0
  MONTH TO DATE    0.0
  SINCE MAR 1      0.0
  SINCE JUL 1      0.0
  SNOW DEPTH       0

DEGREE DAYS
 HEATING
  TODAY            0                         0      0        0
  MONTH TO DATE   16                        22     -6        2
  SINCE MAR 1     16                        22     -6        2
  SINCE JUL 1     68                       227   -159      135

 COOLING
  TODAY            8                         7      1       13
  MONTH TO DATE  128                       144    -16      224
  SINCE MAR 1    128                       144    -16      224
  SINCE JAN 1    468                       379     89      426
..................................................................


WIND (MPH)
  HIGHEST WIND SPEED    26   HIGHEST WIND DIRECTION     E (100)
  HIGHEST GUST SPEED    33   HIGHEST GUST DIRECTION     E (100)
  AVERAGE WIND SPEED    19.1


SKY COVER
  AVERAGE SKY COVER 0.7


WEATHER CONDITIONS
 THE FOLLOWING WEATHER WAS RECORDED TODAY.
  NO SIGNIFICANT WEATHER WAS OBSERVED.


RELATIVE HUMIDITY (PERCENT)
 HIGHEST    73
 LOWEST     50
 AVERAGE    62

..........................................................


THE WEST PALM BEACH CLIMATE NORMALS FOR TOMORROW
                         NORMAL    RECORD    YEAR
 MAXIMUM TEMPERATURE (F)   79        91      1957
                                             1952
 MINIMUM TEMPERATURE (F)   63        42      1915


SUNRISE AND SUNSET
MARCH 24 2017.........SUNRISE   720 AM EDT   SUNSET   734 PM EDT
MARCH 25 2017.........SUNRISE   719 AM EDT   SUNSET   734 PM EDT


-  INDICATES NEGATIVE NUMBERS.
R  INDICATES RECORD WAS SET OR TIED.
MM INDICATES DATA IS MISSING.
T  INDICATES TRACE AMOUNT.




$$
