000
CDUS42 KMFL 182119
CLIPBI


CLIMATE REPORT
NATIONAL WEATHER SERVICE MIAMI, FL
418 PM EST SAT NOV 18 2017


...................................

...THE WEST PALM BEACH CLIMATE SUMMARY FOR NOVEMBER 18 2017...
VALID TODAY AS OF 0400 PM LOCAL TIME.

CLIMATE NORMAL PERIOD 1981 TO 2010
CLIMATE RECORD PERIOD 1888 TO 2017


WEATHER ITEM   OBSERVED TIME   RECORD YEAR NORMAL DEPARTURE LAST
                VALUE   (LST)  VALUE       VALUE  FROM      YEAR
                                                  NORMAL
..................................................................
TEMPERATURE (F)
 TODAY
  MAXIMUM         80    349 PM  87    1986  80      0       79
  MINIMUM         68    740 AM  41    1901  65      3       67
  AVERAGE         74                        72      2       73

PRECIPITATION (IN)
  TODAY            0.00          4.79 1992   0.16  -0.16     0.00
  MONTH TO DATE    1.96                      3.16  -1.20     0.97
  SINCE NOV 1      1.96                      3.16  -1.20     0.97
  SINCE JAN 1     57.65                     57.36   0.29    47.58

SNOWFALL (IN)
  TODAY            0.0
  MONTH TO DATE    0.0
  SINCE SEP 1      0.0
  SINCE JUL 1      0.0
  SNOW DEPTH       0

DEGREE DAYS
 HEATING
  TODAY            0                         0      0        0
  MONTH TO DATE    0                         0      0        0
  SINCE SEP 1      4                         1      3        0
  SINCE JUL 1      4                         1      3        0

 COOLING
  TODAY            9                         8      1        8
  MONTH TO DATE  198                       161     37      168
  SINCE SEP 1   1195                      1076    119     1198
  SINCE JAN 1   4256                      3782    474     4319
..................................................................


WIND (MPH)
  HIGHEST WIND SPEED     9   HIGHEST WIND DIRECTION     E (110)
  HIGHEST GUST SPEED     9   HIGHEST GUST DIRECTION     E (110)
  AVERAGE WIND SPEED     4.7


SKY COVER
  AVERAGE SKY COVER 0.4


WEATHER CONDITIONS
 THE FOLLOWING WEATHER WAS RECORDED TODAY.
  NO SIGNIFICANT WEATHER WAS OBSERVED.


RELATIVE HUMIDITY (PERCENT)
 HIGHEST    73
 LOWEST     53
 AVERAGE    63

..........................................................


THE WEST PALM BEACH CLIMATE NORMALS FOR TOMORROW
                         NORMAL    RECORD    YEAR
 MAXIMUM TEMPERATURE (F)   80        88      1902
 MINIMUM TEMPERATURE (F)   65        40      1923


SUNRISE AND SUNSET
NOVEMBER 18 2017......SUNRISE   642 AM EST   SUNSET   529 PM EST
NOVEMBER 19 2017......SUNRISE   643 AM EST   SUNSET   529 PM EST


-  INDICATES NEGATIVE NUMBERS.
R  INDICATES RECORD WAS SET OR TIED.
MM INDICATES DATA IS MISSING.
T  INDICATES TRACE AMOUNT.




$$
