000
CDUS42 KMFL 310830
CLIPBI


CLIMATE REPORT
NATIONAL WEATHER SERVICE MIAMI, FL
430 AM EDT MON AUG 31 2015


...................................

...THE WEST PALM BEACH CLIMATE SUMMARY FOR AUGUST 30 2015...

CLIMATE NORMAL PERIOD 1981 TO 2010
CLIMATE RECORD PERIOD 1888 TO 2015


WEATHER ITEM   OBSERVED TIME   RECORD YEAR NORMAL DEPARTURE LAST
                VALUE   (LST)  VALUE       VALUE  FROM      YEAR
                                                  NORMAL
..................................................................
TEMPERATURE (F)
 YESTERDAY
  MAXIMUM         86    116 PM  95    1999  89     -3       90
                                      1951
                                      1947
  MINIMUM         74    411 AM  70    1969  76     -2       83
                                      1925
                                      1920
  AVERAGE         80                        82     -2       87

PRECIPITATION (IN)
  YESTERDAY        1.16          3.68 1932   0.27   0.89     0.01
  MONTH TO DATE    7.08                      7.67  -0.59     9.71
  SINCE JUN 1     17.14                     21.73  -4.59    25.42
  SINCE JAN 1     30.89                     40.44  -9.55    43.14

SNOWFALL (IN)
  YESTERDAY        0.0
  MONTH TO DATE    0.0
  SINCE JUN 1      0.0
  SINCE JUL 1      0.0
  SNOW DEPTH       0

DEGREE DAYS
 HEATING
  YESTERDAY        0                         0      0        0
  MONTH TO DATE    0                         0      0        0
  SINCE JUN 1      0                         0      0        0
  SINCE JUL 1      0                         0      0        0

 COOLING
  YESTERDAY       15                        17     -2       22
  MONTH TO DATE  546                       539      7      583
  SINCE JUN 1   1661                      1578     83     1635
  SINCE JAN 1   3195                      2687    508     2987
..................................................................


WIND (MPH)
  HIGHEST WIND SPEED    30   HIGHEST WIND DIRECTION    SE (150)
  HIGHEST GUST SPEED    37   HIGHEST GUST DIRECTION    SE (140)
  AVERAGE WIND SPEED    12.0


SKY COVER
  AVERAGE SKY COVER 0.9


WEATHER CONDITIONS
 THE FOLLOWING WEATHER WAS RECORDED YESTERDAY.
  THUNDERSTORM
  HEAVY RAIN
  RAIN
  LIGHT RAIN
  FOG
  HAZE


RELATIVE HUMIDITY (PERCENT)
 HIGHEST    94
 LOWEST     70
 AVERAGE    82

..........................................................


THE WEST PALM BEACH CLIMATE NORMALS FOR TODAY
                         NORMAL    RECORD    YEAR
 MAXIMUM TEMPERATURE (F)   89        95      1998
                                             1912
 MINIMUM TEMPERATURE (F)   76        70      1984
                                             1927


SUNRISE AND SUNSET
AUGUST 31 2015........SUNRISE   700 AM EDT   SUNSET   742 PM EDT
SEPTEMBER  1 2015.....SUNRISE   700 AM EDT   SUNSET   741 PM EDT


-  INDICATES NEGATIVE NUMBERS.
R  INDICATES RECORD WAS SET OR TIED.
MM INDICATES DATA IS MISSING.
T  INDICATES TRACE AMOUNT.




$$
