000
CDUS42 KMFL 250827
CLIPBI


CLIMATE REPORT
NATIONAL WEATHER SERVICE MIAMI, FL
427 AM EDT MON MAY 25 2015


...................................

...THE WEST PALM BEACH CLIMATE SUMMARY FOR MAY 24 2015...

CLIMATE NORMAL PERIOD 1981 TO 2010
CLIMATE RECORD PERIOD 1888 TO 2015


WEATHER ITEM   OBSERVED TIME   RECORD YEAR NORMAL DEPARTURE LAST
                VALUE   (LST)  VALUE       VALUE  FROM      YEAR
                                                  NORMAL
..................................................................
TEMPERATURE (F)
 YESTERDAY
  MAXIMUM         89   1247 PM  96    1917  87      2       92
  MINIMUM         77    340 AM  57    1892  73      4       73
  AVERAGE         83                        80      3       83

PRECIPITATION (IN)
  YESTERDAY        T             2.37 1970   0.20  -0.20     0.00
  MONTH TO DATE    1.44                      3.00  -1.56     2.58
  SINCE NOV 1     17.33                     25.33  -8.00    24.62
  SINCE JAN 1     13.63                     17.20  -3.57    17.50

SNOWFALL (IN)
  YESTERDAY        0.0
  MONTH TO DATE    0.0
  SINCE MAR 1      0.0
  SINCE JUL 1      0.0
  SNOW DEPTH       0

DEGREE DAYS
 HEATING
  YESTERDAY        0                         0      0        0
  MONTH TO DATE    0                         0      0        0
  SINCE MAR 1      2                        28    -26        7
  SINCE JUL 1    126                       233   -107      122

 COOLING
  YESTERDAY       18                        15      3       18
  MONTH TO DATE  350                       307     43      348
  SINCE MAR 1   1137                       767    370      891
  SINCE JAN 1   1415                      1002    413     1237
..................................................................


WIND (MPH)
  HIGHEST WIND SPEED    21   HIGHEST WIND DIRECTION     E (90)
  HIGHEST GUST SPEED    26   HIGHEST GUST DIRECTION     E (80)
  AVERAGE WIND SPEED    13.2


SKY COVER
  AVERAGE SKY COVER 0.5


WEATHER CONDITIONS
 THE FOLLOWING WEATHER WAS RECORDED YESTERDAY.
  HEAVY RAIN
  LIGHT RAIN


RELATIVE HUMIDITY (PERCENT)
 HIGHEST    85
 LOWEST     59
 AVERAGE    72

..........................................................


THE WEST PALM BEACH CLIMATE NORMALS FOR TODAY
                         NORMAL    RECORD    YEAR
 MAXIMUM TEMPERATURE (F)   87        96      1949
 MINIMUM TEMPERATURE (F)   73        62      1928


SUNRISE AND SUNSET
MAY 25 2015...........SUNRISE   629 AM EDT   SUNSET   806 PM EDT
MAY 26 2015...........SUNRISE   629 AM EDT   SUNSET   807 PM EDT


-  INDICATES NEGATIVE NUMBERS.
R  INDICATES RECORD WAS SET OR TIED.
MM INDICATES DATA IS MISSING.
T  INDICATES TRACE AMOUNT.




$$
