000
CDUS42 KMFL 280820
CLIPBI


CLIMATE REPORT
NATIONAL WEATHER SERVICE MIAMI, FL
420 AM EDT SUN MAY 28 2017


...................................

...THE WEST PALM BEACH CLIMATE SUMMARY FOR MAY 27 2017...

CLIMATE NORMAL PERIOD 1981 TO 2010
CLIMATE RECORD PERIOD 1888 TO 2017


WEATHER ITEM   OBSERVED TIME   RECORD YEAR NORMAL DEPARTURE LAST
                VALUE   (LST)  VALUE       VALUE  FROM      YEAR
                                                  NORMAL
..................................................................
TEMPERATURE (F)
 YESTERDAY
  MAXIMUM         93    440 PM  96    1928  87      6       83
  MINIMUM         75    218 AM  62    1928  73      2       77
                                      1927
  AVERAGE         84                        80      4       80

PRECIPITATION (IN)
  YESTERDAY        0.00          3.51 1906   0.22  -0.22     0.06
  MONTH TO DATE    2.61                      3.63  -1.02     4.94
  SINCE NOV 1     15.88                     25.96 -10.08    31.78
  SINCE JAN 1     11.41                     17.83  -6.42    21.38

SNOWFALL (IN)
  YESTERDAY        0.0
  MONTH TO DATE    0.0
  SINCE MAR 1      0.0
  SINCE JUL 1      0.0
  SNOW DEPTH       0

DEGREE DAYS
 HEATING
  YESTERDAY        0                         0      0        0
  MONTH TO DATE    0                         0      0        0
  SINCE MAR 1     16                        28    -12        2
  SINCE JUL 1     68                       233   -165      135

 COOLING
  YESTERDAY       19                        15      4       15
  MONTH TO DATE  378                       352     26      366
  SINCE MAR 1    911                       812     99     1014
  SINCE JAN 1   1251                      1047    204     1216
..................................................................


WIND (MPH)
  HIGHEST WIND SPEED    16   HIGHEST WIND DIRECTION    SE (130)
  HIGHEST GUST SPEED    19   HIGHEST GUST DIRECTION    SE (130)
  AVERAGE WIND SPEED     5.3


SKY COVER
  AVERAGE SKY COVER 0.4


WEATHER CONDITIONS
 THE FOLLOWING WEATHER WAS RECORDED YESTERDAY.
  NO SIGNIFICANT WEATHER WAS OBSERVED.


RELATIVE HUMIDITY (PERCENT)
 HIGHEST    91
 LOWEST     38
 AVERAGE    65

..........................................................


THE WEST PALM BEACH CLIMATE NORMALS FOR TODAY
                         NORMAL    RECORD    YEAR
 MAXIMUM TEMPERATURE (F)   87        94      1928
 MINIMUM TEMPERATURE (F)   73        59      1920


SUNRISE AND SUNSET
MAY 28 2017...........SUNRISE   628 AM EDT   SUNSET   808 PM EDT
MAY 29 2017...........SUNRISE   628 AM EDT   SUNSET   808 PM EDT


-  INDICATES NEGATIVE NUMBERS.
R  INDICATES RECORD WAS SET OR TIED.
MM INDICATES DATA IS MISSING.
T  INDICATES TRACE AMOUNT.




$$
