000
CDUS42 KMFL 200840
CLIPBI


CLIMATE REPORT
NATIONAL WEATHER SERVICE MIAMI, FL
440 AM EDT THU JUL 20 2017


...................................

...THE WEST PALM BEACH CLIMATE SUMMARY FOR JULY 19 2017...

CLIMATE NORMAL PERIOD 1981 TO 2010
CLIMATE RECORD PERIOD 1888 TO 2017


WEATHER ITEM   OBSERVED TIME   RECORD YEAR NORMAL DEPARTURE LAST
                VALUE   (LST)  VALUE       VALUE  FROM      YEAR
                                                  NORMAL
..................................................................
TEMPERATURE (F)
 YESTERDAY
  MAXIMUM         91    228 PM  98    1981  90      1       93
  MINIMUM         78    611 AM  69    1940  76      2       79
                                      1923
                                      1922
  AVERAGE         85                        83      2       86

PRECIPITATION (IN)
  YESTERDAY        0.03          5.29 1972   0.17  -0.14     0.49
  MONTH TO DATE    3.63                      3.65  -0.02     0.92
  SINCE JUN 1     13.95                     11.95   2.00     5.44
  SINCE JAN 1     25.36                     30.66  -5.30    26.83

SNOWFALL (IN)
  YESTERDAY        0.0
  MONTH TO DATE    0.0
  SINCE JUN 1      0.0
  SINCE JUL 1      0.0
  SNOW DEPTH       0

DEGREE DAYS
 HEATING
  YESTERDAY        0                         0      0        0
  MONTH TO DATE    0                         0      0        0
  SINCE JUN 1      0                         0      0        0
  SINCE JUL 1      0                         0      0        0

 COOLING
  YESTERDAY       20                        18      2       21
  MONTH TO DATE  377                       331     46      418
  SINCE JUN 1    893                       821     72      967
  SINCE JAN 1   2217                      1930    287     2248
..................................................................


WIND (MPH)
  HIGHEST WIND SPEED    25   HIGHEST WIND DIRECTION    SE (120)
  HIGHEST GUST SPEED    33   HIGHEST GUST DIRECTION    SE (130)
  AVERAGE WIND SPEED     5.1


SKY COVER
  AVERAGE SKY COVER 0.5


WEATHER CONDITIONS
 THE FOLLOWING WEATHER WAS RECORDED YESTERDAY.
  THUNDERSTORM
  HEAVY RAIN
  RAIN


RELATIVE HUMIDITY (PERCENT)
 HIGHEST    91
 LOWEST     56
 AVERAGE    74

..........................................................


THE WEST PALM BEACH CLIMATE NORMALS FOR TODAY
                         NORMAL    RECORD    YEAR
 MAXIMUM TEMPERATURE (F)   90        98      1942
 MINIMUM TEMPERATURE (F)   76        67      1940


SUNRISE AND SUNSET
JULY 20 2017..........SUNRISE   639 AM EDT   SUNSET   814 PM EDT
JULY 21 2017..........SUNRISE   640 AM EDT   SUNSET   814 PM EDT


-  INDICATES NEGATIVE NUMBERS.
R  INDICATES RECORD WAS SET OR TIED.
MM INDICATES DATA IS MISSING.
T  INDICATES TRACE AMOUNT.




$$
