000
CDUS42 KFFC 070020
CLIPDK


CLIMATE REPORT
NATIONAL WEATHER SERVICE PEACHTREE CITY GA
720 PM EST SAT FEB 6 2016


...................................

...THE DEKALB PEACHTREE AIRPORT CLIMATE SUMMARY FOR FEBRUARY 6 2016...
VALID AS OF 0700 PM LOCAL TIME.

CLIMATE NORMAL PERIOD 1981 TO 2010
CLIMATE RECORD PERIOD 9999 TO 9999


WEATHER ITEM   OBSERVED TIME   RECORD YEAR NORMAL DEPARTURE LAST
                VALUE   (LST)  VALUE       VALUE  FROM      YEAR
                                                  NORMAL
..................................................................
TEMPERATURE (F)
 TODAY
  MAXIMUM         51    443 PM  MM      MM  54     -3       51
  MINIMUM         26    419 AM  MM      MM  35     -9       19
  AVERAGE         39                        45     -6       35

PRECIPITATION (IN)
  TODAY            0.00         MM      MM   0.15  -0.15     0.00
  MONTH TO DATE    2.03                      0.99   1.04     0.88
  SINCE DEC 1     16.81                      9.95   6.86     8.38

SNOWFALL (IN)
  TODAY           MM            MM      MM  MM     MM       MM
  MONTH TO DATE    0.0                      MM     MM        0.0
  SINCE DEC 1      0.0                      MM     MM        0.0
  SINCE JUL 1      0.0                      MM     MM        0.0
  SNOW DEPTH      MM

DEGREE DAYS
 HEATING
  TODAY           26                        20      6       30
  MONTH TO DATE   83                       125    -42      150
  SINCE DEC 1   1108                      1471   -363     1428
  SINCE JUL 1   1476                      1998   -522     2092
..................................................................


WIND (MPH)
  RESULTANT WIND SPEED   2   RESULTANT WIND DIRECTION  NE (50)
  HIGHEST WIND SPEED    10   HIGHEST WIND DIRECTION     N (340)
  HIGHEST GUST SPEED    14   HIGHEST GUST DIRECTION    NE (60)
  AVERAGE WIND SPEED     2.5


SKY COVER
  AVERAGE SKY COVER 0.1


WEATHER CONDITIONS
 THE FOLLOWING WEATHER WAS RECORDED TODAY.
  NO SIGNIFICANT WEATHER WAS OBSERVED.


RELATIVE HUMIDITY (PERCENT)
 HIGHEST    78           400 AM
 LOWEST     27           300 PM
 AVERAGE    53

..........................................................


THE DEKALB PEACHTREE AIRPORT CLIMATE NORMALS FOR TOMORROW
                         NORMAL    RECORD    YEAR
 MAXIMUM TEMPERATURE (F)   54        MM        MM
 MINIMUM TEMPERATURE (F)   35        MM        MM


SUNRISE AND SUNSET
FEBRUARY  6 2016......SUNRISE   730 AM EST   SUNSET   612 PM EST
FEBRUARY  7 2016......SUNRISE   730 AM EST   SUNSET   613 PM EST


-  INDICATES NEGATIVE NUMBERS.
R  INDICATES RECORD WAS SET OR TIED.
MM INDICATES DATA IS MISSING.
T  INDICATES TRACE AMOUNT.




$$
