000
CDUS42 KFFC 060835
CLIPDK


CLIMATE REPORT
NATIONAL WEATHER SERVICE PEACHTREE CITY GA
435 AM EDT FRI MAY 6 2016


...................................

...THE DEKALB PEACHTREE AIRPORT CLIMATE SUMMARY FOR MAY 5 2016...

CLIMATE NORMAL PERIOD 1981 TO 2010
CLIMATE RECORD PERIOD 9999 TO 9999


WEATHER ITEM   OBSERVED TIME   RECORD YEAR NORMAL DEPARTURE LAST
                VALUE   (LST)  VALUE       VALUE  FROM      YEAR
                                                  NORMAL
..................................................................
TEMPERATURE (F)
 YESTERDAY
  MAXIMUM         65        MM  MM      MM  78    -13       81
  MINIMUM         49        MM  MM      MM  55     -6       53
  AVERAGE         57                        66     -9       67

PRECIPITATION (IN)
  YESTERDAY        0.02         MM      MM   0.14  -0.12     0.00
  MONTH TO DATE    0.40                      0.65  -0.25     0.00
  SINCE MAR 1      5.20                      9.28  -4.08     7.39
  SINCE JAN 1     15.29                     19.09  -3.80    14.17

DEGREE DAYS
 COOLING
  YESTERDAY        0                         3     -3        2
  MONTH TO DATE   22                        15      7        4
  SINCE MAR 1    102                        64     38       55
  SINCE JAN 1    102                        64     38       55
..................................................................


WIND (MPH)
  RESULTANT WIND SPEED  13   RESULTANT WIND DIRECTION  NW (310)
  HIGHEST WIND SPEED    25   HIGHEST WIND DIRECTION     W (270)
  HIGHEST GUST SPEED    32   HIGHEST GUST DIRECTION    NW (310)
  AVERAGE WIND SPEED    14.2


SKY COVER
  AVERAGE SKY COVER 0.0


WEATHER CONDITIONS
 THE FOLLOWING WEATHER WAS RECORDED YESTERDAY.
  NO SIGNIFICANT WEATHER WAS OBSERVED.


RELATIVE HUMIDITY (PERCENT)
 HIGHEST     0          1200 AM
 LOWEST      0          1200 AM
 AVERAGE     0

..........................................................


THE DEKALB PEACHTREE AIRPORT CLIMATE NORMALS FOR TODAY
                         NORMAL    RECORD    YEAR
 MAXIMUM TEMPERATURE (F)   78        MM        MM
 MINIMUM TEMPERATURE (F)   56        MM        MM


SUNRISE AND SUNSET
MAY  6 2016...........SUNRISE   643 AM EDT   SUNSET   825 PM EDT
MAY  7 2016...........SUNRISE   642 AM EDT   SUNSET   826 PM EDT


-  INDICATES NEGATIVE NUMBERS.
R  INDICATES RECORD WAS SET OR TIED.
MM INDICATES DATA IS MISSING.
T  INDICATES TRACE AMOUNT.




$$
