000
CDUS42 KFFC 270817
CLIPDK


CLIMATE REPORT
NATIONAL WEATHER SERVICE PEACHTREE CITY GA
417 AM EDT SAT MAY 27 2017


...................................

...THE DEKALB PEACHTREE AIRPORT CLIMATE SUMMARY FOR MAY 26 2017...

CLIMATE NORMAL PERIOD 1981 TO 2010
CLIMATE RECORD PERIOD 9999 TO 9999


WEATHER ITEM   OBSERVED TIME   RECORD YEAR NORMAL DEPARTURE LAST
                VALUE   (LST)  VALUE       VALUE  FROM      YEAR
                                                  NORMAL
..................................................................
TEMPERATURE (F)
 YESTERDAY
  MAXIMUM         84    456 PM  MM      MM  82      2       89
  MINIMUM         52    525 AM  MM      MM  62    -10       66
  AVERAGE         68                        72     -4       78

PRECIPITATION (IN)
  YESTERDAY        0.00         MM      MM   0.13  -0.13     0.01
  MONTH TO DATE    3.50                      3.40   0.10     1.64
  SINCE MAR 1     12.80                     12.03   0.77     6.44
  SINCE JAN 1     20.11                     21.84  -1.73    16.53

DEGREE DAYS
 COOLING
  YESTERDAY        3                         7     -4       13
  MONTH TO DATE  146                       122     24      137
  SINCE MAR 1    272                       171    101      217
  SINCE JAN 1    272                       171    101      217
..................................................................


WIND (MPH)
  RESULTANT WIND SPEED   5   RESULTANT WIND DIRECTION  SW (240)
  HIGHEST WIND SPEED    15   HIGHEST WIND DIRECTION     W (280)
  HIGHEST GUST SPEED    24   HIGHEST GUST DIRECTION    SW (210)
  AVERAGE WIND SPEED     5.6


SKY COVER
  AVERAGE SKY COVER 0.0


WEATHER CONDITIONS
 THE FOLLOWING WEATHER WAS RECORDED YESTERDAY.
  NO SIGNIFICANT WEATHER WAS OBSERVED.


RELATIVE HUMIDITY (PERCENT)
 HIGHEST    96           500 AM
 LOWEST     40           500 PM
 AVERAGE    68

..........................................................


THE DEKALB PEACHTREE AIRPORT CLIMATE NORMALS FOR TODAY
                         NORMAL    RECORD    YEAR
 MAXIMUM TEMPERATURE (F)   83        MM        MM
 MINIMUM TEMPERATURE (F)   62        MM        MM


SUNRISE AND SUNSET
MAY 27 2017...........SUNRISE   629 AM EDT   SUNSET   840 PM EDT
MAY 28 2017...........SUNRISE   629 AM EDT   SUNSET   841 PM EDT


-  INDICATES NEGATIVE NUMBERS.
R  INDICATES RECORD WAS SET OR TIED.
MM INDICATES DATA IS MISSING.
T  INDICATES TRACE AMOUNT.




$$
