000
CDUS46 KPDT 210844
CLIPDT

CLIMATE REPORT
NATIONAL WEATHER SERVICE PENDLETON OR
1233 AM PST TUE FEB 21 2017


...................................

...THE PENDLETON OR CLIMATE SUMMARY FOR FEBRUARY 20 2017...

CLIMATE NORMAL PERIOD 1981 TO 2010
CLIMATE RECORD PERIOD 1890 TO 2017


WEATHER ITEM   OBSERVED TIME   RECORD YEAR NORMAL DEPARTURE LAST
                VALUE   (LST)  VALUE       VALUE  FROM      YEAR
                                                  NORMAL
..................................................................
TEMPERATURE (F)
 YESTERDAY
  MAXIMUM         63    106 PM  69    1982  48     15       50
  MINIMUM         40   1159 PM   7    1957  31      9       32
  AVERAGE         52                        39     13       41

PRECIPITATION (IN)
  YESTERDAY        0.19          0.78 1898   0.04   0.15     0.00
  MONTH TO DATE    1.41                      0.78   0.63     0.82
  SINCE OCT 1      8.58                      6.21   2.37     6.60
  SINCE JAN 1      3.06                      2.21   0.85     2.33

SNOWFALL (IN)
  YESTERDAY        0.0           1.8  1993   0.1   -0.1      0.0
  MONTH TO DATE    3.0                       2.5    0.5       T
  SINCE JAN 1     21.5                       6.2   15.3       T
  SINCE JUL 1     40.0                      13.7   26.3      4.1
  SNOW DEPTH       0

DEGREE DAYS
 HEATING
  YESTERDAY       13                        26    -13       24
  MONTH TO DATE  595                       543     52      428
  SINCE DEC 1   3044                      2448    596     2194
  SINCE JUL 1   4068                      3701    367     3394

 COOLING
  YESTERDAY        0                         0      0        0
  MONTH TO DATE    0                         0      0        0
  SINCE DEC 1      0                         0      0        0
  SINCE JAN 1      0                         0      0        0
..................................................................


WIND (MPH)
  HIGHEST WIND SPEED    46   HIGHEST WIND DIRECTION    SW (240)
  HIGHEST GUST SPEED    59   HIGHEST GUST DIRECTION    SW (240)
  AVERAGE WIND SPEED    11.5


SKY COVER
  POSSIBLE SUNSHINE  MM
  AVERAGE SKY COVER 0.7


WEATHER CONDITIONS
 THE FOLLOWING WEATHER WAS RECORDED YESTERDAY.
  RAIN
  LIGHT RAIN
  FOG


RELATIVE HUMIDITY (PERCENT)
 HIGHEST    93           300 AM
 LOWEST     42          1200 PM
 AVERAGE    68

..........................................................


THE PENDLETON OR CLIMATE NORMALS FOR TODAY
                         NORMAL    RECORD    YEAR
 MAXIMUM TEMPERATURE (F)   48        69      1988
 MINIMUM TEMPERATURE (F)   31         2      1894


SUNRISE AND SUNSET
FEBRUARY 21 2017......SUNRISE   647 AM PST   SUNSET   531 PM PST
FEBRUARY 22 2017......SUNRISE   645 AM PST   SUNSET   533 PM PST


-  INDICATES NEGATIVE NUMBERS.
R  INDICATES RECORD WAS SET OR TIED.
MM INDICATES DATA IS MISSING.
T  INDICATES TRACE AMOUNT.




$$
