000
CDUS46 KPDT 250859
CLIPDT

CLIMATE REPORT
NATIONAL WEATHER SERVICE PENDLETON OR
200 AM PDT SAT OCT 25 2014


...................................

...THE PENDLETON OR CLIMATE SUMMARY FOR OCTOBER 24 2014...

CLIMATE NORMAL PERIOD 1981 TO 2010
CLIMATE RECORD PERIOD 1890 TO 2014


WEATHER ITEM   OBSERVED TIME   RECORD YEAR NORMAL DEPARTURE LAST
                VALUE   (LST)  VALUE       VALUE  FROM      YEAR
                                                  NORMAL
..................................................................
TEMPERATURE (F)
 YESTERDAY
  MAXIMUM         58   1247 PM  82    1933  60     -2       66
  MINIMUM         44    950 PM  19    1919  38      6       36
  AVERAGE         51                        49      2       51

PRECIPITATION (IN)
  YESTERDAY        0.01          0.66 1940   0.04  -0.03     0.00
  MONTH TO DATE    0.46                      0.71  -0.25     0.08
  SINCE OCT 1      0.46                      0.71  -0.25     0.08
  SINCE JAN 1      9.00                      9.37  -0.37     7.57

SNOWFALL (IN)
  YESTERDAY        0.0           0.0  2002   0.0    0.0      0.0
                                      2001
                                      1999
  MONTH TO DATE    0.0                       0.0    0.0      0.0
  SINCE JAN 1     15.2                       7.7    7.5      0.2
  SINCE JUL 1      0.0                       0.0    0.0       T
  SNOW DEPTH       0

DEGREE DAYS
 HEATING
  YESTERDAY       14                        16     -2       14
  MONTH TO DATE  152                       286   -134      356
  SINCE SEP 1    215                       398   -183      462
  SINCE JUL 1    218                       420   -202      462

 COOLING
  YESTERDAY        0                         0      0        0
  MONTH TO DATE   12                         0     12        0
  SINCE SEP 1     78                        64     14      121
  SINCE JAN 1    839                       634    205      831
..................................................................


WIND (MPH)
  HIGHEST WIND SPEED    18   HIGHEST WIND DIRECTION    NE (40)
  HIGHEST GUST SPEED    21   HIGHEST GUST DIRECTION    NE (40)
  AVERAGE WIND SPEED     6.5


SKY COVER
  POSSIBLE SUNSHINE  MM
  AVERAGE SKY COVER 0.7


WEATHER CONDITIONS
 THE FOLLOWING WEATHER WAS RECORDED YESTERDAY.
  LIGHT RAIN
  FOG


RELATIVE HUMIDITY (PERCENT)
 HIGHEST   100           900 PM
 LOWEST     72          1200 PM
 AVERAGE    86

..........................................................


THE PENDLETON OR CLIMATE NORMALS FOR TODAY
                         NORMAL    RECORD    YEAR
 MAXIMUM TEMPERATURE (F)   59        86      1924
 MINIMUM TEMPERATURE (F)   38        25      1919
                                             1892


SUNRISE AND SUNSET
OCTOBER 25 2014.......SUNRISE   726 AM PDT   SUNSET   553 PM PDT
OCTOBER 26 2014.......SUNRISE   727 AM PDT   SUNSET   551 PM PDT


-  INDICATES NEGATIVE NUMBERS.
R  INDICATES RECORD WAS SET OR TIED.
MM INDICATES DATA IS MISSING.
T  INDICATES TRACE AMOUNT.




$$
