000
CDUS46 KPDT 210845
CLIPDT

CLIMATE REPORT
NATIONAL WEATHER SERVICE PENDLETON OR
145 AM PDT SUN SEP 21 2014


...................................

...THE PENDLETON OR CLIMATE SUMMARY FOR SEPTEMBER 20 2014...

CLIMATE NORMAL PERIOD 1981 TO 2010
CLIMATE RECORD PERIOD 1890 TO 2014


WEATHER ITEM   OBSERVED TIME   RECORD YEAR NORMAL DEPARTURE LAST
                VALUE   (LST)  VALUE       VALUE  FROM      YEAR
                                                  NORMAL
..................................................................
TEMPERATURE (F)
 YESTERDAY
  MAXIMUM         87    309 PM  92    1917  76     11       84
                                      1899
                                      1897
  MINIMUM         52    434 AM  31    1912  48      4       47
  AVERAGE         70                        62      8       66

PRECIPITATION (IN)
  YESTERDAY        0.00          0.34 1945   0.02  -0.02     0.00
  MONTH TO DATE    T                         0.35  -0.35     1.35
  SINCE OCT 1     10.11                     12.44  -2.33    11.08
  SINCE JAN 1      8.32                      8.44  -0.12     6.64

SNOWFALL (IN)
  YESTERDAY        0.0           0.0  2002   0.0    0.0      0.0
                                      2001
                                      1999
  MONTH TO DATE    0.0                       0.0    0.0      0.0
  SINCE JAN 1     15.2                       7.7    7.5      0.2
  SINCE JUL 1      0.0                       0.0    0.0       T
  SNOW DEPTH       0

DEGREE DAYS
 HEATING
  YESTERDAY        0                         5     -5        0
  MONTH TO DATE   38                        52    -14       18
  SINCE SEP 1     38                        52    -14       18
  SINCE JUL 1     41                        74    -33       18

 COOLING
  YESTERDAY        5                         2      3        1
  MONTH TO DATE   44                        55    -11      121
  SINCE SEP 1     44                        55    -11      121
  SINCE JAN 1    805                       625    180      831
..................................................................


WIND (MPH)
  HIGHEST WIND SPEED    14   HIGHEST WIND DIRECTION     N (10)
  HIGHEST GUST SPEED    20   HIGHEST GUST DIRECTION    NE (30)
  AVERAGE WIND SPEED     6.1


SKY COVER
  POSSIBLE SUNSHINE  MM
  AVERAGE SKY COVER 0.0


WEATHER CONDITIONS
 THE FOLLOWING WEATHER WAS RECORDED YESTERDAY.
  HAZE


RELATIVE HUMIDITY (PERCENT)
 HIGHEST    66           500 AM
 LOWEST     23           300 PM
 AVERAGE    45

..........................................................


THE PENDLETON OR CLIMATE NORMALS FOR TODAY
                         NORMAL    RECORD    YEAR
 MAXIMUM TEMPERATURE (F)   76        94      1897
 MINIMUM TEMPERATURE (F)   48        27      1895


SUNRISE AND SUNSET
SEPTEMBER 21 2014.....SUNRISE   641 AM PDT   SUNSET   655 PM PDT
SEPTEMBER 22 2014.....SUNRISE   642 AM PDT   SUNSET   653 PM PDT


-  INDICATES NEGATIVE NUMBERS.
R  INDICATES RECORD WAS SET OR TIED.
MM INDICATES DATA IS MISSING.
T  INDICATES TRACE AMOUNT.




$$
