000
CDUS46 KPDT 230835
CLIPDT

CLIMATE REPORT
NATIONAL WEATHER SERVICE PENDLETON OR
535 PM PDT FRI AUG 22 2014


...................................

...THE PENDLETON OR CLIMATE SUMMARY FOR AUGUST 22 2014...
VALID TODAY AS OF 0500 PM LOCAL TIME.

CLIMATE NORMAL PERIOD 1981 TO 2010
CLIMATE RECORD PERIOD 1890 TO 2014


WEATHER ITEM   OBSERVED TIME   RECORD YEAR NORMAL DEPARTURE LAST
                VALUE   (LST)  VALUE       VALUE  FROM      YEAR
                                                  NORMAL
..................................................................
TEMPERATURE (F)
 TODAY
  MAXIMUM         79    345 PM 103    1897  85     -6       91
  MINIMUM         54    535 AM  37    1904  56     -2       56
  AVERAGE         67                        71     -4       74

PRECIPITATION (IN)
  TODAY            0.00          1.05 1989   0.01  -0.01      T
  MONTH TO DATE    0.25                      0.25   0.00     0.24
  SINCE OCT 1      9.75                     11.96  -2.21     9.65
  SINCE JAN 1      7.96                      7.96   0.00     5.21

SNOWFALL (IN)
  TODAY            0.0           0.0  2002   0.0    0.0      0.0
                                      2001
                                      1999
  MONTH TO DATE    0.0                       0.0    0.0       T
  SINCE JAN 1     15.2                       7.7    7.5      0.2
  SINCE JUL 1      0.0                       0.0    0.0       T
  SNOW DEPTH       0

DEGREE DAYS
 HEATING
  TODAY            0                         0      0        0
  MONTH TO DATE    0                         0      0        0
  SINCE JUN 1     45                        94    -49       80
  SINCE JUL 1      2                        11     -9        0

 COOLING
  TODAY            2                         6     -4        9
  MONTH TO DATE  231                       176     55      201
  SINCE JUN 1    692                       501    191      624
  SINCE JAN 1    714                       524    190      655
..................................................................


WIND (MPH)
  HIGHEST WIND SPEED    18   HIGHEST WIND DIRECTION    NW (300)
  HIGHEST GUST SPEED    24   HIGHEST GUST DIRECTION    NW (300)
  AVERAGE WIND SPEED     7.8


SKY COVER
  POSSIBLE SUNSHINE  MM
  AVERAGE SKY COVER 0.2


WEATHER CONDITIONS
THE FOLLOWING WEATHER WAS RECORDED TODAY.
  NO SIGNIFICANT WEATHER WAS OBSERVED.


RELATIVE HUMIDITY (PERCENT)
 HIGHEST    57           500 AM
 LOWEST     32           400 PM
 AVERAGE    45

..........................................................


THE PENDLETON OR CLIMATE NORMALS FOR TOMORROW
                         NORMAL    RECORD    YEAR
 MAXIMUM TEMPERATURE (F)   85       109      1894
 MINIMUM TEMPERATURE (F)   56        34      1910


SUNRISE AND SUNSET
AUGUST 22 2014........SUNRISE   604 AM PDT   SUNSET   751 PM PDT
AUGUST 23 2014........SUNRISE   606 AM PDT   SUNSET   750 PM PDT


-  INDICATES NEGATIVE NUMBERS.
R  INDICATES RECORD WAS SET OR TIED.
MM INDICATES DATA IS MISSING.
T  INDICATES TRACE AMOUNT.

$$
