000
CDUS46 KPDT 210848
CLIPDT

CLIMATE REPORT
NATIONAL WEATHER SERVICE PENDLETON OR
132 AM PDT SAT OCT 21 2017


...................................

...THE PENDLETON OR CLIMATE SUMMARY FOR OCTOBER 20 2017...

CLIMATE NORMAL PERIOD 1981 TO 2010
CLIMATE RECORD PERIOD 1890 TO 2017


WEATHER ITEM   OBSERVED TIME   RECORD YEAR NORMAL DEPARTURE LAST
                VALUE   (LST)  VALUE       VALUE  FROM      YEAR
                                                  NORMAL
..................................................................
TEMPERATURE (F)
 YESTERDAY
  MAXIMUM         57    250 PM  84    2003  62     -5       70
  MINIMUM         40   1118 PM  16    1911  39      1       52
  AVERAGE         49                        50     -1       61

PRECIPITATION (IN)
  YESTERDAY        0.01          0.84 1947   0.04  -0.03     0.07
  MONTH TO DATE    0.73                      0.56   0.17     1.29
  SINCE OCT 1      0.73                      0.56   0.17     1.29
  SINCE JAN 1     13.02                      9.22   3.80     9.36

SNOWFALL (IN)
  YESTERDAY       MM             0.0  2002   0.0   MM        0.0
                                      2001
                                      1999
  MONTH TO DATE    0.0                       0.0    0.0      0.0
  SINCE JAN 1     25.9                       7.7   18.2       T
  SINCE JUL 1      0.0                       0.0    0.0      0.0
  SNOW DEPTH       0

DEGREE DAYS
 HEATING
  YESTERDAY       16                        15      1        4
  MONTH TO DATE  263                       224     39      221
  SINCE SEP 1    378                       336     42      338
  SINCE JUL 1    380                       358     22      340

 COOLING
  YESTERDAY        0                         0      0        0
  MONTH TO DATE    0                         0      0        0
  SINCE SEP 1    113                        64     49       17
  SINCE JAN 1    894                       634    260      605
..................................................................


WIND (MPH)
  HIGHEST WIND SPEED    26   HIGHEST WIND DIRECTION     W (270)
  HIGHEST GUST SPEED    31   HIGHEST GUST DIRECTION     W (260)
  AVERAGE WIND SPEED    13.9


SKY COVER
  POSSIBLE SUNSHINE  MM
  AVERAGE SKY COVER 0.6


WEATHER CONDITIONS
 THE FOLLOWING WEATHER WAS RECORDED YESTERDAY.
  LIGHT RAIN


RELATIVE HUMIDITY (PERCENT)
 HIGHEST    92           100 AM
 LOWEST     43           200 PM
 AVERAGE    68

..........................................................


THE PENDLETON OR CLIMATE NORMALS FOR TODAY
                         NORMAL    RECORD    YEAR
 MAXIMUM TEMPERATURE (F)   61        88      2003
 MINIMUM TEMPERATURE (F)   39        16      1911


SUNRISE AND SUNSET
OCTOBER 21 2017.......SUNRISE   720 AM PDT   SUNSET   559 PM PDT
OCTOBER 22 2017.......SUNRISE   722 AM PDT   SUNSET   557 PM PDT


-  INDICATES NEGATIVE NUMBERS.
R  INDICATES RECORD WAS SET OR TIED.
MM INDICATES DATA IS MISSING.
T  INDICATES TRACE AMOUNT.




$$
