000
CDUS46 KPDT 240844
CLIPDT

CLIMATE REPORT
NATIONAL WEATHER SERVICE PENDLETON OR
141 AM PDT WED MAY 24 2017


...................................

...THE PENDLETON OR CLIMATE SUMMARY FOR MAY 23 2017...

CLIMATE NORMAL PERIOD 1981 TO 2010
CLIMATE RECORD PERIOD 1890 TO 2017


WEATHER ITEM   OBSERVED TIME   RECORD YEAR NORMAL DEPARTURE LAST
                VALUE   (LST)  VALUE       VALUE  FROM      YEAR
                                                  NORMAL
..................................................................
TEMPERATURE (F)
 YESTERDAY
  MAXIMUM         87    308 PM  95    2001  72     15       70
                                      1934
  MINIMUM         52    354 AM  23    1903  47      5       45
  AVERAGE         70                        60     10       58

PRECIPITATION (IN)
  YESTERDAY        0.00          0.41 1962   0.04  -0.04     0.00
  MONTH TO DATE    0.93                      0.96  -0.03     1.19
  SINCE OCT 1     14.66                     10.02   4.64     9.86
  SINCE JAN 1      9.14                      6.02   3.12     5.59

SNOWFALL (IN)
  YESTERDAY        0.0           0.0  2002   0.0    0.0      0.0
                                      2001
                                      2000
  MONTH TO DATE    T                         0.0    0.0      0.0
  SINCE JAN 1     25.9                       7.7   18.2       T
  SINCE JUL 1     44.4                      15.2   29.2      4.1
  SNOW DEPTH       0

DEGREE DAYS
 HEATING
  YESTERDAY        0                         6     -6        7
  MONTH TO DATE  215                       202     13      122
  SINCE MAR 1   1262                      1250     12      942
  SINCE JUL 1   5564                      5149    415     4534

 COOLING
  YESTERDAY        5                         1      4        0
  MONTH TO DATE   12                        14     -2       18
  SINCE MAR 1     12                        15     -3       18
  SINCE JAN 1     12                        15     -3       18
..................................................................


WIND (MPH)
  HIGHEST WIND SPEED    31   HIGHEST WIND DIRECTION     W (260)
  HIGHEST GUST SPEED    40   HIGHEST GUST DIRECTION     W (250)
  AVERAGE WIND SPEED    11.4


SKY COVER
  POSSIBLE SUNSHINE  MM
  AVERAGE SKY COVER 0.0


WEATHER CONDITIONS
 THE FOLLOWING WEATHER WAS RECORDED YESTERDAY.
  NO SIGNIFICANT WEATHER WAS OBSERVED.


RELATIVE HUMIDITY (PERCENT)
 HIGHEST    83           100 AM
 LOWEST     23           800 PM
 AVERAGE    53

..........................................................


THE PENDLETON OR CLIMATE NORMALS FOR TODAY
                         NORMAL    RECORD    YEAR
 MAXIMUM TEMPERATURE (F)   72        93      1928
 MINIMUM TEMPERATURE (F)   48        34      1920


SUNRISE AND SUNSET
MAY 24 2017...........SUNRISE   515 AM PDT   SUNSET   830 PM PDT
MAY 25 2017...........SUNRISE   514 AM PDT   SUNSET   831 PM PDT


-  INDICATES NEGATIVE NUMBERS.
R  INDICATES RECORD WAS SET OR TIED.
MM INDICATES DATA IS MISSING.
T  INDICATES TRACE AMOUNT.




$$
