000
CDUS46 KPDT 020055
CLIPDT

CLIMATE REPORT
NATIONAL WEATHER SERVICE PENDLETON OR
443 PM PST SUN MAR 1 2015


...................................

...THE PENDLETON OR CLIMATE SUMMARY FOR MARCH 1 2015...
VALID TODAY AS OF 0400 PM LOCAL TIME.

CLIMATE NORMAL PERIOD 1981 TO 2010
CLIMATE RECORD PERIOD 1890 TO 2015


WEATHER ITEM   OBSERVED TIME   RECORD YEAR NORMAL DEPARTURE LAST
                VALUE   (LST)  VALUE       VALUE  FROM      YEAR
                                                  NORMAL
..................................................................
TEMPERATURE (F)
 TODAY
  MAXIMUM         50    321 PM  74    1925  51     -1       38
  MINIMUM         23    305 AM   1    1993  32     -9       22
  AVERAGE         37                        41     -4       30

PRECIPITATION (IN)
  TODAY            0.00          0.43 1940   0.05  -0.05     0.09
  MONTH TO DATE    0.00                      0.05  -0.05     0.09
  SINCE OCT 1      6.25                      6.59  -0.34     4.24
  SINCE JAN 1      1.55                      2.59  -1.04     2.45

SNOWFALL (IN)
  TODAY            0.0           1.8  1989   0.1   -0.1      0.9
  MONTH TO DATE    0.0                       0.1   -0.1      0.9
  SINCE JAN 1      0.4                       7.1   -6.7     15.1
  SINCE JUL 1      7.2                      14.6   -7.4     21.6
  SNOW DEPTH       0

DEGREE DAYS
 HEATING
  TODAY           28                        24      4       35
  MONTH TO DATE   28                        24      4       35
  SINCE MAR 1     28                        24      4       35
  SINCE JUL 1   3521                      3923   -402     4300

 COOLING
  TODAY            0                         0      0        0
  MONTH TO DATE    0                         0      0        0
  SINCE MAR 1      0                         0      0        0
  SINCE JAN 1      0                         0      0        0
..................................................................


WIND (MPH)
  HIGHEST WIND SPEED    13   HIGHEST WIND DIRECTION    SE (140)
  HIGHEST GUST SPEED    13   HIGHEST GUST DIRECTION    SE (140)
  AVERAGE WIND SPEED     6.8


SKY COVER
  POSSIBLE SUNSHINE  MM
  AVERAGE SKY COVER 0.0


WEATHER CONDITIONS
THE FOLLOWING WEATHER WAS RECORDED TODAY.
  NO SIGNIFICANT WEATHER WAS OBSERVED.


RELATIVE HUMIDITY (PERCENT)
 HIGHEST    81          1200 AM
 LOWEST     21           100 PM
 AVERAGE    51

..........................................................


THE PENDLETON OR CLIMATE NORMALS FOR TOMORROW
                         NORMAL    RECORD    YEAR
 MAXIMUM TEMPERATURE (F)   51        69      1931
                                             1905
 MINIMUM TEMPERATURE (F)   32         2      1896


SUNRISE AND SUNSET
MARCH  1 2015.........SUNRISE   634 AM PST   SUNSET   542 PM PST
MARCH  2 2015.........SUNRISE   632 AM PST   SUNSET   543 PM PST


-  INDICATES NEGATIVE NUMBERS.
R  INDICATES RECORD WAS SET OR TIED.
MM INDICATES DATA IS MISSING.
T  INDICATES TRACE AMOUNT.




$$
