178
CDUS46 KPDT 290030
CLIPDT

CLIMATE REPORT
NATIONAL WEATHER SERVICE PENDLETON OR
530 PM PDT TUE MAR 28 2017


...................................

...THE PENDLETON OR CLIMATE SUMMARY FOR MARCH 28 2017...
VALID TODAY AS OF 0500 PM LOCAL TIME.

CLIMATE NORMAL PERIOD 1981 TO 2010
CLIMATE RECORD PERIOD 1890 TO 2017


WEATHER ITEM   OBSERVED TIME   RECORD YEAR NORMAL DEPARTURE LAST
                VALUE   (LST)  VALUE       VALUE  FROM      YEAR
                                                  NORMAL
..................................................................
TEMPERATURE (F)
 TODAY
  MAXIMUM         55   1232 PM  76    1923  58     -3       50
  MINIMUM         38    136 AM  23    2008  37      1       30
                                      1954
                                      1944
  AVERAGE         47                        48     -1       40

PRECIPITATION (IN)
  TODAY            T             0.72 2009   0.04  -0.04      T
  MONTH TO DATE    2.27                      1.21   1.06     1.62
  SINCE OCT 1     11.71                      7.75   3.96     8.26
  SINCE JAN 1      6.19                      3.75   2.44     3.99

SNOWFALL (IN)
  TODAY           MM             2.0  1931   0.0   MM        0.0
  MONTH TO DATE    0.3                       0.7   -0.4       T
  SINCE JAN 1     25.9                       7.7   18.2       T
  SINCE JUL 1     44.4                      15.2   29.2      4.1
  SNOW DEPTH       0

DEGREE DAYS
 HEATING
  TODAY           18                        17      1       25
  MONTH TO DATE  535                       566    -31      516
  SINCE MAR 1    535                       566    -31      516
  SINCE JUL 1   4837                      4465    372     4108

 COOLING
  TODAY            0                         0      0        0
  MONTH TO DATE    0                         0      0        0
  SINCE MAR 1      0                         0      0        0
  SINCE JAN 1      0                         0      0        0
..................................................................


WIND (MPH)
  HIGHEST WIND SPEED    22   HIGHEST WIND DIRECTION     W (250)
  HIGHEST GUST SPEED    26   HIGHEST GUST DIRECTION     W (270)
  AVERAGE WIND SPEED     7.3


SKY COVER
  POSSIBLE SUNSHINE  MM
  AVERAGE SKY COVER 0.9


WEATHER CONDITIONS
 THE FOLLOWING WEATHER WAS RECORDED TODAY.
  LIGHT RAIN


RELATIVE HUMIDITY (PERCENT)
 HIGHEST    85           200 AM
 LOWEST     47          1100 AM
 AVERAGE    66

..........................................................


THE PENDLETON OR CLIMATE NORMALS FOR TOMORROW
                         NORMAL    RECORD    YEAR
 MAXIMUM TEMPERATURE (F)   59        80      2004
                                             1919
 MINIMUM TEMPERATURE (F)   37        18      1954


SUNRISE AND SUNSET
MARCH 28 2017.........SUNRISE   643 AM PDT   SUNSET   719 PM PDT
MARCH 29 2017.........SUNRISE   641 AM PDT   SUNSET   720 PM PDT


-  INDICATES NEGATIVE NUMBERS.
R  INDICATES RECORD WAS SET OR TIED.
MM INDICATES DATA IS MISSING.
T  INDICATES TRACE AMOUNT.




$$
