000
CDUS46 KPDT 260828
CLIPDT

CLIMATE REPORT
NATIONAL WEATHER SERVICE PENDLETON OR
1227 AM PST FRI DEC 26 2014


...................................

...THE PENDLETON OR CLIMATE SUMMARY FOR DECEMBER 25 2014...

CLIMATE NORMAL PERIOD 1981 TO 2010
CLIMATE RECORD PERIOD 1890 TO 2014


WEATHER ITEM   OBSERVED TIME   RECORD YEAR NORMAL DEPARTURE LAST
                VALUE   (LST)  VALUE       VALUE  FROM      YEAR
                                                  NORMAL
..................................................................
TEMPERATURE (F)
 YESTERDAY
  MAXIMUM         43    250 PM  61    1980  39      4       39
  MINIMUM         32    542 AM -16    1924  26      6       22
  AVERAGE         38                        32      6       31

PRECIPITATION (IN)
  YESTERDAY        0.00          0.49 1933   0.05  -0.05     0.00
  MONTH TO DATE    2.46                      1.20   1.26     0.79
  SINCE OCT 1      4.36                      3.73   0.63     1.78
  SINCE JAN 1     12.90                     12.39   0.51     9.27

SNOWFALL (IN)
  YESTERDAY        0.0           4.0  1933   0.2   -0.2      0.0
  MONTH TO DATE    T                         4.7   -4.7      6.5
  SINCE JAN 1     19.8                      13.9    5.9      6.7
  SINCE JUL 1      4.6                       6.2   -1.6      6.5
  SNOW DEPTH       0

DEGREE DAYS
 HEATING
  YESTERDAY       27                        33     -6       34
  MONTH TO DATE  665                       793   -128      879
  SINCE DEC 1    665                       793   -128      879
  SINCE JUL 1   1795                      2046   -251     2262

 COOLING
  YESTERDAY        0                         0      0        0
  MONTH TO DATE    0                         0      0        0
  SINCE DEC 1      0                         0      0        0
  SINCE JAN 1    839                       636    203      831
..................................................................


WIND (MPH)
  HIGHEST WIND SPEED    16   HIGHEST WIND DIRECTION     W (250)
  HIGHEST GUST SPEED    19   HIGHEST GUST DIRECTION     W (270)
  AVERAGE WIND SPEED     8.6


SKY COVER
  POSSIBLE SUNSHINE  MM
  AVERAGE SKY COVER 0.5


WEATHER CONDITIONS
THE FOLLOWING WEATHER WAS RECORDED YESTERDAY.
  NO SIGNIFICANT WEATHER WAS OBSERVED.


RELATIVE HUMIDITY (PERCENT)
 HIGHEST    89           100 AM
 LOWEST     70          1200 PM
 AVERAGE    80

..........................................................


THE PENDLETON OR CLIMATE NORMALS FOR TODAY
                         NORMAL    RECORD    YEAR
 MAXIMUM TEMPERATURE (F)   39        67      1980
 MINIMUM TEMPERATURE (F)   26        -9      1924


SUNRISE AND SUNSET
DECEMBER 26 2014......SUNRISE   735 AM PST   SUNSET   417 PM PST
DECEMBER 27 2014......SUNRISE   735 AM PST   SUNSET   418 PM PST


-  INDICATES NEGATIVE NUMBERS.
R  INDICATES RECORD WAS SET OR TIED.
MM INDICATES DATA IS MISSING.
T  INDICATES TRACE AMOUNT.




$$
