000
CDUS46 KPDT 030837 RRB
CLIPDT

CLIMATE REPORT
NATIONAL WEATHER SERVICE PENDLETON OR
125 AM PDT FRI JUL 3 2015


...................................

...THE PENDLETON OR CLIMATE SUMMARY FOR JULY 2 2015...

CLIMATE NORMAL PERIOD 1981 TO 2010
CLIMATE RECORD PERIOD 1890 TO 2015


WEATHER ITEM   OBSERVED TIME   RECORD YEAR NORMAL DEPARTURE LAST
                VALUE   (LST)  VALUE       VALUE  FROM      YEAR
                                                  NORMAL
..................................................................
TEMPERATURE (F)
 YESTERDAY
  MAXIMUM        104    359 PM 106    2013  84     20       95
  MINIMUM         62    414 AM  42    1955  55      7       60
  AVERAGE         83                        69     14       78

PRECIPITATION (IN)
  YESTERDAY        0.00          0.37 1966   0.02  -0.02     0.00
  MONTH TO DATE    0.00                      0.03  -0.03     0.00
  SINCE OCT 1      9.70                     11.42  -1.72     9.28
  SINCE JAN 1      5.00                      7.42  -2.42     7.49

SNOWFALL (IN)
  YESTERDAY        0.0           0.0  2002   0.0    0.0      0.0
                                      2001
                                      2000
  MONTH TO DATE    0.0                       0.0    0.0      0.0
  SINCE JAN 1      0.4                       7.7   -7.3     15.2
  SINCE JUL 1      0.0                       0.0    0.0      0.0
  SNOW DEPTH       0

DEGREE DAYS
 HEATING
  YESTERDAY        0                         1     -1        0
  MONTH TO DATE    0                         2     -2        0
  SINCE JUN 1     10                        85    -75       43
  SINCE JUL 1      0                         2     -2        0

 COOLING
  YESTERDAY       18                         5     13       13
  MONTH TO DATE   36                        10     26       24
  SINCE JUN 1    289                        89    200       84
  SINCE JAN 1    316                       112    204      106
..................................................................


WIND (MPH)
  HIGHEST WIND SPEED    14   HIGHEST WIND DIRECTION    NW (310)
  HIGHEST GUST SPEED    20   HIGHEST GUST DIRECTION    NE (40)
  AVERAGE WIND SPEED     7.1


SKY COVER
  POSSIBLE SUNSHINE  MM
  AVERAGE SKY COVER 0.0


WEATHER CONDITIONS
 THE FOLLOWING WEATHER WAS RECORDED YESTERDAY.
  HAZE


RELATIVE HUMIDITY (PERCENT)
 HIGHEST    48           300 AM
 LOWEST      9           500 PM
 AVERAGE    29

..........................................................


THE PENDLETON OR CLIMATE NORMALS FOR TODAY
                         NORMAL    RECORD    YEAR
 MAXIMUM TEMPERATURE (F)   85       109      1922
 MINIMUM TEMPERATURE (F)   55        40      1901


SUNRISE AND SUNSET
JULY  3 2015..........SUNRISE   511 AM PDT   SUNSET   848 PM PDT
JULY  4 2015..........SUNRISE   512 AM PDT   SUNSET   848 PM PDT


-  INDICATES NEGATIVE NUMBERS.
R  INDICATES RECORD WAS SET OR TIED.
MM INDICATES DATA IS MISSING.
T  INDICATES TRACE AMOUNT.




$$
