000
CDUS46 KPDT 160838
CLIPDT

CLIMATE REPORT
NATIONAL WEATHER SERVICE PENDLETON OR
125 AM PDT WED APR 16 2014


...................................

...THE PENDLETON OR CLIMATE SUMMARY FOR APRIL 15 2014...

CLIMATE NORMAL PERIOD 1981 TO 2010
CLIMATE RECORD PERIOD 1890 TO 2014


WEATHER ITEM   OBSERVED TIME   RECORD YEAR NORMAL DEPARTURE LAST
                VALUE   (LST)  VALUE       VALUE  FROM      YEAR
                                                  NORMAL
..................................................................
TEMPERATURE (F)
 YESTERDAY
  MAXIMUM         62    359 PM  89    1926  62      0       48
  MINIMUM         44    637 AM  26    1903  39      5       31
  AVERAGE         53                        50      3       40

PRECIPITATION (IN)
  YESTERDAY        0.00          0.61 1914   0.04  -0.04     0.09
  MONTH TO DATE    0.20                      0.57  -0.37     0.54
  SINCE OCT 1      6.61                      8.43  -1.82     6.88
  SINCE JAN 1      4.82                      4.43   0.39     2.44

SNOWFALL (IN)
  YESTERDAY        0.0           T    2013   0.0    0.0       T
                                      2004
  MONTH TO DATE    0.0                       0.0    0.0       T
  SINCE JAN 1     15.2                       7.7    7.5      0.2
  SINCE JUL 1     21.7                      15.2    6.5      2.0
  SNOW DEPTH       0

DEGREE DAYS
 HEATING
  YESTERDAY       12                        15     -3       25
  MONTH TO DATE  197                       235    -38      235
  SINCE MAR 1    798                       852    -54      828
  SINCE JUL 1   5063                      4751    312     4561

 COOLING
  YESTERDAY        0                         0      0        0
  MONTH TO DATE    0                         0      0        0
  SINCE MAR 1      0                         0      0        0
  SINCE JAN 1      0                         0      0        0
..................................................................


WIND (MPH)
  HIGHEST WIND SPEED    31   HIGHEST WIND DIRECTION     W (260)
  HIGHEST GUST SPEED    39   HIGHEST GUST DIRECTION     W (260)
  AVERAGE WIND SPEED    19.8


SKY COVER
  POSSIBLE SUNSHINE  MM
  AVERAGE SKY COVER 0.2


WEATHER CONDITIONS
 THE FOLLOWING WEATHER WAS RECORDED YESTERDAY.
  NO SIGNIFICANT WEATHER WAS OBSERVED.


RELATIVE HUMIDITY (PERCENT)
 HIGHEST    53          1100 PM
 LOWEST     23           200 PM
 AVERAGE    38

..........................................................


THE PENDLETON OR CLIMATE NORMALS FOR TODAY
                         NORMAL    RECORD    YEAR
 MAXIMUM TEMPERATURE (F)   62        88      1923
 MINIMUM TEMPERATURE (F)   39        24      2013


SUNRISE AND SUNSET
APRIL 16 2014.........SUNRISE   608 AM PDT   SUNSET   743 PM PDT
APRIL 17 2014.........SUNRISE   606 AM PDT   SUNSET   745 PM PDT


-  INDICATES NEGATIVE NUMBERS.
R  INDICATES RECORD WAS SET OR TIED.
MM INDICATES DATA IS MISSING.
T  INDICATES TRACE AMOUNT.




$$
