000
CDUS46 KPDT 090836
CLIPDT

CLIMATE REPORT
NATIONAL WEATHER SERVICE PENDLETON OR
1236 AM PST FRI DEC 9 2016


...................................

...THE PENDLETON OR CLIMATE SUMMARY FOR DECEMBER 8 2016...

CLIMATE NORMAL PERIOD 1981 TO 2010
CLIMATE RECORD PERIOD 1890 TO 2016


WEATHER ITEM   OBSERVED TIME   RECORD YEAR NORMAL DEPARTURE LAST
                VALUE   (LST)  VALUE       VALUE  FROM      YEAR
                                                  NORMAL
..................................................................
TEMPERATURE (F)
 YESTERDAY
  MAXIMUM         18   1159 PM  67    1915  40    -22       66
  MINIMUM          6    508 AM -11    1972  28    -22       47
  AVERAGE         12                        34    -22       57

PRECIPITATION (IN)
  YESTERDAY        0.20          0.74 1929   0.05   0.15     0.02
  MONTH TO DATE    0.41                      0.40   0.01     1.20
  SINCE OCT 1      3.64                      2.93   0.71     3.19
  SINCE JAN 1     11.71                     11.59   0.12     9.01

SNOWFALL (IN)
  YESTERDAY        2.1           2.8  1971   0.2    1.9      0.0
  MONTH TO DATE    4.7                       1.3    3.4      0.8
  SINCE JAN 1      4.7                      10.5   -5.8      2.8
  SINCE JUL 1      4.7                       2.8    1.9      2.4
  SNOW DEPTH       5

DEGREE DAYS
 HEATING
  YESTERDAY       53                        31     22        8
  MONTH TO DATE  280                       241     39      189
  SINCE DEC 1    280                       241     39      189
  SINCE JUL 1   1304                      1494   -190     1389

 COOLING
  YESTERDAY        0                         0      0        0
  MONTH TO DATE    0                         0      0        0
  SINCE DEC 1      0                         0      0        0
  SINCE JAN 1    605                       636    -31      912
..................................................................


WIND (MPH)
  HIGHEST WIND SPEED     9   HIGHEST WIND DIRECTION     E (90)
  HIGHEST GUST SPEED    10   HIGHEST GUST DIRECTION     E (90)
  AVERAGE WIND SPEED     3.0


SKY COVER
  POSSIBLE SUNSHINE  MM
  AVERAGE SKY COVER 0.7


WEATHER CONDITIONS
 THE FOLLOWING WEATHER WAS RECORDED YESTERDAY.
  HEAVY SNOW
  SNOW
  LIGHT SNOW
  FOG
  FOG W/VISIBILITY <= 1/4 MILE


RELATIVE HUMIDITY (PERCENT)
 HIGHEST    96          1000 AM
 LOWEST     83           200 AM
 AVERAGE    90

..........................................................


THE PENDLETON OR CLIMATE NORMALS FOR TODAY
                         NORMAL    RECORD    YEAR
 MAXIMUM TEMPERATURE (F)   40        65      1933
 MINIMUM TEMPERATURE (F)   27        -9      1972


SUNRISE AND SUNSET
DECEMBER  9 2016......SUNRISE   725 AM PST   SUNSET   411 PM PST
DECEMBER 10 2016......SUNRISE   726 AM PST   SUNSET   411 PM PST


-  INDICATES NEGATIVE NUMBERS.
R  INDICATES RECORD WAS SET OR TIED.
MM INDICATES DATA IS MISSING.
T  INDICATES TRACE AMOUNT.


$$
