000
CDUS46 KPDT 250912
CLIPDT

CLIMATE REPORT
NATIONAL WEATHER SERVICE PENDLETON OR
111 AM PST TUE NOV 25 2014


...................................

...THE PENDLETON OR CLIMATE SUMMARY FOR NOVEMBER 24 2014...

CLIMATE NORMAL PERIOD 1981 TO 2010
CLIMATE RECORD PERIOD 1890 TO 2014


WEATHER ITEM   OBSERVED TIME   RECORD YEAR NORMAL DEPARTURE LAST
                VALUE   (LST)  VALUE       VALUE  FROM      YEAR
                                                  NORMAL
..................................................................
TEMPERATURE (F)
 YESTERDAY
  MAXIMUM         53    629 PM  71    1960  45      8       38
  MINIMUM         34    733 AM -11    1985  31      3       13
  AVERAGE         44                        38      6       26

PRECIPITATION (IN)
  YESTERDAY        T             0.57 1964   0.05  -0.05     0.00
  MONTH TO DATE    1.22                      1.21   0.01     0.65
  SINCE OCT 1      1.82                      2.22  -0.40     0.97
  SINCE JAN 1     10.36                     10.88  -0.52     8.46

SNOWFALL (IN)
  YESTERDAY        0.0           6.4  1961   0.1   -0.1      0.0
  MONTH TO DATE    3.7                       0.9    2.8      0.0
  SINCE JAN 1     18.9                       8.7   10.2      0.2
  SINCE JUL 1      3.7                       1.0    2.7       T
  SNOW DEPTH       0

DEGREE DAYS
 HEATING
  YESTERDAY       21                        27     -6       39
  MONTH TO DATE  712                       543    169      581
  SINCE SEP 1   1003                      1063    -60     1178
  SINCE JUL 1   1006                      1085    -79     1178

 COOLING
  YESTERDAY        0                         0      0        0
  MONTH TO DATE    0                         0      0        0
  SINCE SEP 1     78                        66     12      121
  SINCE JAN 1    839                       636    203      831
..................................................................


WIND (MPH)
  HIGHEST WIND SPEED    18   HIGHEST WIND DIRECTION    SE (140)
  HIGHEST GUST SPEED    23   HIGHEST GUST DIRECTION    SE (150)
  AVERAGE WIND SPEED     8.2


SKY COVER
  POSSIBLE SUNSHINE  MM
  AVERAGE SKY COVER 0.3


WEATHER CONDITIONS
THE FOLLOWING WEATHER WAS RECORDED YESTERDAY.
  LIGHT RAIN


RELATIVE HUMIDITY (PERCENT)
 HIGHEST    89           500 AM
 LOWEST     50           600 PM
 AVERAGE    70

..........................................................


THE PENDLETON OR CLIMATE NORMALS FOR TODAY
                         NORMAL    RECORD    YEAR
 MAXIMUM TEMPERATURE (F)   45        66      1894
 MINIMUM TEMPERATURE (F)   31         2      1993


SUNRISE AND SUNSET
NOVEMBER 25 2014......SUNRISE   708 AM PST   SUNSET   416 PM PST
NOVEMBER 26 2014......SUNRISE   710 AM PST   SUNSET   415 PM PST


-  INDICATES NEGATIVE NUMBERS.
R  INDICATES RECORD WAS SET OR TIED.
MM INDICATES DATA IS MISSING.
T  INDICATES TRACE AMOUNT.

$$
