000
CDUS46 KPQR 221141
CLIPDX


CLIMATE REPORT
NATIONAL WEATHER SERVICE PORTLAND OREGON
340 AM PST WED NOV 22 2017


...................................

...THE PORTLAND OR CLIMATE SUMMARY FOR NOVEMBER 21 2017...

CLIMATE NORMAL PERIOD 1981 TO 2010
CLIMATE RECORD PERIOD 1940 TO 2017


WEATHER ITEM   OBSERVED TIME   RECORD YEAR NORMAL DEPARTURE LAST
                VALUE   (LST)  VALUE       VALUE  FROM      YEAR
                                                  NORMAL
..................................................................
TEMPERATURE (F)
 YESTERDAY
  MAXIMUM         51    418 PM  62    1954  51      0       57
  MINIMUM         45    408 AM  23    1952  39      6       44
  AVERAGE         48                        45      3       51

PRECIPITATION (IN)
  YESTERDAY        0.61          1.57 1992   0.20   0.41      T
  MONTH TO DATE    4.86                      3.80   1.06     2.79
  SINCE OCT 1      9.43                      6.80   2.63    11.10
  SINCE JAN 1     41.13                     28.71  12.42    34.70

SNOWFALL (IN)
  YESTERDAY        0.0           1.1  1985
  MONTH TO DATE    0.0
  SINCE SEP 1      0.0
  SINCE JUL 1      0.0

DEGREE DAYS
 HEATING
  YESTERDAY       17                        20     -3       14
  MONTH TO DATE  367                       360      7      225
  SINCE SEP 1    769                       751     18      556
  SINCE JUL 1    771                       778     -7      562

 COOLING
  YESTERDAY        0                         0      0        0
  MONTH TO DATE    0                         0      0        0
  SINCE SEP 1    132                        61     71       30
  SINCE JAN 1    700                       424    276      548
..................................................................


WIND (MPH)
  HIGHEST WIND SPEED    24   HIGHEST WIND DIRECTION     E (110)
  HIGHEST GUST SPEED    30   HIGHEST GUST DIRECTION    SE (120)
  AVERAGE WIND SPEED    11.4


SKY COVER
  POSSIBLE SUNSHINE  MM
  AVERAGE SKY COVER 0.9


WEATHER CONDITIONS
 THE FOLLOWING WEATHER WAS RECORDED YESTERDAY.
  RAIN
  LIGHT RAIN
  FOG


RELATIVE HUMIDITY (PERCENT)
 HIGHEST   100           300 AM
 LOWEST     83           200 PM
 AVERAGE    92

..........................................................


THE PORTLAND OR CLIMATE NORMALS FOR TODAY
                         NORMAL    RECORD    YEAR
 MAXIMUM TEMPERATURE (F)   51        59      2011
                                             1968
 MINIMUM TEMPERATURE (F)   39        20      1985


SUNRISE AND SUNSET
NOVEMBER 22 2017......SUNRISE   720 AM PST   SUNSET   433 PM PST
NOVEMBER 23 2017......SUNRISE   721 AM PST   SUNSET   433 PM PST


-  INDICATES NEGATIVE NUMBERS.
R  INDICATES RECORD WAS SET OR TIED.
MM INDICATES DATA IS MISSING.
T  INDICATES TRACE AMOUNT.




$$
