000
CDUS46 KPQR 190221
CLIPDX


CLIMATE REPORT
NATIONAL WEATHER SERVICE PORTLAND OREGON
721 PM PDT FRI APR 18 2014


...................................

...THE PORTLAND OR CLIMATE SUMMARY FOR APRIL 18 2014...
VALID TODAY AS OF 0700 PM LOCAL TIME.

CLIMATE NORMAL PERIOD 1981 TO 2010
CLIMATE RECORD PERIOD 1940 TO 2014


WEATHER ITEM   OBSERVED TIME   RECORD YEAR NORMAL DEPARTURE LAST
                VALUE   (LST)  VALUE       VALUE  FROM      YEAR
                                                  NORMAL
..................................................................
TEMPERATURE (F)
 TODAY
  MAXIMUM         60    538 PM  80    1962  62     -2       59
  MINIMUM         39    404 AM  30    1964  43     -4       46
  AVERAGE         50                        52     -2       53

PRECIPITATION (IN)
  TODAY            0.00          0.55 1970   0.09  -0.09     0.06
  MONTH TO DATE    1.25                      1.72  -0.47     1.67
  SINCE OCT 1     22.41                     28.06  -5.65    29.81
  SINCE JAN 1     16.59                     13.94   2.65     7.88

DEGREE DAYS
 HEATING
  TODAY           15                        13      2       12
  MONTH TO DATE  198                       247    -49      254
  SINCE MAR 1    682                       769    -87      752
  SINCE JUL 1   3980                      3827    153     3649

 COOLING
  TODAY            0                         0      0        0
  MONTH TO DATE    0                         0      0        0
  SINCE MAR 1      0                         0      0        0
  SINCE JAN 1      0                         0      0        0
..................................................................


WIND (MPH)
  HIGHEST WIND SPEED    10   HIGHEST WIND DIRECTION    NW (310)
  HIGHEST GUST SPEED    19   HIGHEST GUST DIRECTION     E (90)
  AVERAGE WIND SPEED     3.6



WEATHER CONDITIONS
 THE FOLLOWING WEATHER WAS RECORDED TODAY.
  NO SIGNIFICANT WEATHER WAS OBSERVED.


RELATIVE HUMIDITY (PERCENT)
 HIGHEST   100           400 AM
 LOWEST     36           300 PM
 AVERAGE    68

..........................................................


THE PORTLAND OR CLIMATE NORMALS FOR TOMORROW
                         NORMAL    RECORD    YEAR
 MAXIMUM TEMPERATURE (F)   62        80      1956
 MINIMUM TEMPERATURE (F)   43        31      1982


SUNRISE AND SUNSET
APRIL 18 2014.........SUNRISE   619 AM PDT   SUNSET   801 PM PDT
APRIL 19 2014.........SUNRISE   618 AM PDT   SUNSET   802 PM PDT


-  INDICATES NEGATIVE NUMBERS.
R  INDICATES RECORD WAS SET OR TIED.
MM INDICATES DATA IS MISSING.
T  INDICATES TRACE AMOUNT.




$$
