000
CDUS46 KPQR 071144
CLIPDX


CLIMATE REPORT
NATIONAL WEATHER SERVICE PORTLAND OREGON
343 AM PST SUN FEB 7 2016


...................................

...THE PORTLAND OR CLIMATE SUMMARY FOR FEBRUARY 6 2016...

CLIMATE NORMAL PERIOD 1981 TO 2010
CLIMATE RECORD PERIOD 1940 TO 2016


WEATHER ITEM   OBSERVED TIME   RECORD YEAR NORMAL DEPARTURE LAST
                VALUE   (LST)  VALUE       VALUE  FROM      YEAR
                                                  NORMAL
..................................................................
TEMPERATURE (F)
 YESTERDAY
  MAXIMUM         52    229 PM  59    1998  50      2       57
  MINIMUM         41    808 AM  15    1989  36      5       48
  AVERAGE         47                        43      4       53

PRECIPITATION (IN)
  YESTERDAY        0.00          2.16 1996   0.14  -0.14     0.76
  MONTH TO DATE    0.83                      0.79   0.04     2.15
  SINCE OCT 1     31.48                     19.79  11.69    20.46
  SINCE JAN 1      8.06                      5.67   2.39     5.48

DEGREE DAYS
 HEATING
  YESTERDAY       18                        22     -4       12
  MONTH TO DATE  115                       132    -17      102
  SINCE DEC 1   1462                      1627   -165     1404
  SINCE JUL 1   2270                      2596   -326     2137

 COOLING
  YESTERDAY        0                         0      0        0
  MONTH TO DATE    0                         0      0        0
  SINCE DEC 1      0                         0      0        0
  SINCE JAN 1      0                         0      0        0
..................................................................


WIND (MPH)
  HIGHEST WIND SPEED    15   HIGHEST WIND DIRECTION     S (190)
  HIGHEST GUST SPEED    19   HIGHEST GUST DIRECTION     S (190)
  AVERAGE WIND SPEED     3.8


SKY COVER
  POSSIBLE SUNSHINE  MM
  AVERAGE SKY COVER 0.9


WEATHER CONDITIONS
 THE FOLLOWING WEATHER WAS RECORDED YESTERDAY.
  NO SIGNIFICANT WEATHER WAS OBSERVED.


RELATIVE HUMIDITY (PERCENT)
 HIGHEST    96           900 AM
 LOWEST     68           200 PM
 AVERAGE    82

..........................................................


THE PORTLAND OR CLIMATE NORMALS FOR TODAY
                         NORMAL    RECORD    YEAR
 MAXIMUM TEMPERATURE (F)   50        62      1996
 MINIMUM TEMPERATURE (F)   36        20      2014


SUNRISE AND SUNSET
FEBRUARY  7 2016......SUNRISE   724 AM PST   SUNSET   525 PM PST
FEBRUARY  8 2016......SUNRISE   723 AM PST   SUNSET   527 PM PST


-  INDICATES NEGATIVE NUMBERS.
R  INDICATES RECORD WAS SET OR TIED.
MM INDICATES DATA IS MISSING.
T  INDICATES TRACE AMOUNT.




$$
