000
CDUS46 KPQR 241148
CLIPDX


CLIMATE REPORT
NATIONAL WEATHER SERVICE PORTLAND OREGON
448 AM PDT SUN SEP 24 2017


...................................

...THE PORTLAND OR CLIMATE SUMMARY FOR SEPTEMBER 23 2017...

CLIMATE NORMAL PERIOD 1981 TO 2010
CLIMATE RECORD PERIOD 1940 TO 2017


WEATHER ITEM   OBSERVED TIME   RECORD YEAR NORMAL DEPARTURE LAST
                VALUE   (LST)  VALUE       VALUE  FROM      YEAR
                                                  NORMAL
..................................................................
TEMPERATURE (F)
 YESTERDAY
  MAXIMUM         71    444 PM  94    1974  74     -3       62
  MINIMUM         51    246 AM  40    2000  51      0       51
  AVERAGE         61                        62     -1       57

PRECIPITATION (IN)
  YESTERDAY        0.00          0.86 1986   0.06  -0.06     0.04
  MONTH TO DATE    2.15                      1.04   1.11     1.69
  SINCE OCT 1     51.22                     35.60  15.62    47.02
  SINCE JAN 1     31.47                     21.48   9.99    23.60

SNOWFALL (IN)
  YESTERDAY        0.0          MM      MM
  MONTH TO DATE    0.0
  SINCE SEP 1      0.0
  SINCE JUL 1      0.0

DEGREE DAYS
 HEATING
  YESTERDAY        4                         4      0        8
  MONTH TO DATE   51                        45      6       56
  SINCE SEP 1     51                        45      6       56
  SINCE JUL 1     53                        72    -19       62

 COOLING
  YESTERDAY        0                         1     -1        0
  MONTH TO DATE  118                        53     65       19
  SINCE SEP 1    118                        53     65       19
  SINCE JAN 1    686                       416    270      537
..................................................................


WIND (MPH)
  HIGHEST WIND SPEED     9   HIGHEST WIND DIRECTION    NW (310)
  HIGHEST GUST SPEED    11   HIGHEST GUST DIRECTION    NW (320)
  AVERAGE WIND SPEED     3.3


SKY COVER
  POSSIBLE SUNSHINE  MM
  AVERAGE SKY COVER 0.5


WEATHER CONDITIONS
 THE FOLLOWING WEATHER WAS RECORDED YESTERDAY.
  NO SIGNIFICANT WEATHER WAS OBSERVED.


RELATIVE HUMIDITY (PERCENT)
 HIGHEST    96           100 AM
 LOWEST     31           300 PM
 AVERAGE    64

..........................................................


THE PORTLAND OR CLIMATE NORMALS FOR TODAY
                         NORMAL    RECORD    YEAR
 MAXIMUM TEMPERATURE (F)   73        96      1974
 MINIMUM TEMPERATURE (F)   51        36      1970


SUNRISE AND SUNSET
SEPTEMBER 24 2017.....SUNRISE   700 AM PDT   SUNSET   703 PM PDT
SEPTEMBER 25 2017.....SUNRISE   702 AM PDT   SUNSET   701 PM PDT


-  INDICATES NEGATIVE NUMBERS.
R  INDICATES RECORD WAS SET OR TIED.
MM INDICATES DATA IS MISSING.
T  INDICATES TRACE AMOUNT.




$$
