000
CDUS46 KPQR 181143
CLIPDX


CLIMATE REPORT
NATIONAL WEATHER SERVICE PORTLAND OREGON
342 AM PST SUN FEB 18 2018


...................................

...THE PORTLAND OR CLIMATE SUMMARY FOR FEBRUARY 17 2018...

CLIMATE NORMAL PERIOD 1981 TO 2010
CLIMATE RECORD PERIOD 1940 TO 2018


WEATHER ITEM   OBSERVED TIME   RECORD YEAR NORMAL DEPARTURE LAST
                VALUE   (LST)  VALUE       VALUE  FROM      YEAR
                                                  NORMAL
..................................................................
TEMPERATURE (F)
 YESTERDAY
  MAXIMUM         55    141 PM  65    1948  52      3       57
  MINIMUM         43   1159 PM  24    1985  36      7       40
  AVERAGE         49                        44      5       49

PRECIPITATION (IN)
  YESTERDAY        0.08          1.78 1949   0.13  -0.05      T
  MONTH TO DATE    0.64                      2.23  -1.59     8.20
  SINCE OCT 1     20.10                     21.23  -1.13    32.08
  SINCE JAN 1      6.00                      7.11  -1.11    12.33

SNOWFALL (IN)
  YESTERDAY       MM             2.8  1986
  MONTH TO DATE    T
  SINCE DEC 1      1.0
  SINCE JUL 1      1.0

DEGREE DAYS
 HEATING
  YESTERDAY       16                        21     -5       16
  MONTH TO DATE  318                       370    -52      409
  SINCE DEC 1   1689                      1865   -176     2232
  SINCE JUL 1   2614                      2834   -220     2942

 COOLING
  YESTERDAY        0                         0      0        0
  MONTH TO DATE    0                         0      0        0
  SINCE DEC 1      0                         0      0        0
  SINCE JAN 1      0                         0      0        0
..................................................................


WIND (MPH)
  HIGHEST WIND SPEED    26   HIGHEST WIND DIRECTION     W (250)
  HIGHEST GUST SPEED    35   HIGHEST GUST DIRECTION    SW (230)
  AVERAGE WIND SPEED    13.4


SKY COVER
  POSSIBLE SUNSHINE  MM
  AVERAGE SKY COVER 0.9


WEATHER CONDITIONS
 THE FOLLOWING WEATHER WAS RECORDED YESTERDAY.
  LIGHT RAIN
  FOG


RELATIVE HUMIDITY (PERCENT)
 HIGHEST    93          1200 AM
 LOWEST     59           400 PM
 AVERAGE    76

..........................................................


THE PORTLAND OR CLIMATE NORMALS FOR TODAY
                         NORMAL    RECORD    YEAR
 MAXIMUM TEMPERATURE (F)   52        68      1977
 MINIMUM TEMPERATURE (F)   36        20      1955


SUNRISE AND SUNSET
FEBRUARY 18 2018......SUNRISE   707 AM PST   SUNSET   542 PM PST
FEBRUARY 19 2018......SUNRISE   706 AM PST   SUNSET   543 PM PST


-  INDICATES NEGATIVE NUMBERS.
R  INDICATES RECORD WAS SET OR TIED.
MM INDICATES DATA IS MISSING.
T  INDICATES TRACE AMOUNT.




$$
