000
CDUS46 KPQR 011141
CLIPDX


CLIMATE REPORT
NATIONAL WEATHER SERVICE PORTLAND OREGON
341 AM PST SUN MAR 1 2015


...................................

...THE PORTLAND OR CLIMATE SUMMARY FOR FEBRUARY 28 2015...

CLIMATE NORMAL PERIOD 1981 TO 2010
CLIMATE RECORD PERIOD 1940 TO 2015


WEATHER ITEM   OBSERVED TIME   RECORD YEAR NORMAL DEPARTURE LAST
                VALUE   (LST)  VALUE       VALUE  FROM      YEAR
                                                  NORMAL
..................................................................
TEMPERATURE (F)
 YESTERDAY
  MAXIMUM         57    320 PM  71    1988  54      3       58
  MINIMUM         39   1159 PM  24    1960  37      2       39
  AVERAGE         48                        46      2       49

PRECIPITATION (IN)
  YESTERDAY        0.00          1.66 2011   0.13  -0.13     0.00
  MONTH TO DATE    3.71                      3.66   0.05     5.12
  SINCE OCT 1     22.02                     22.66  -0.64    13.64
  SINCE JAN 1      7.04                      8.54  -1.50     7.82

DEGREE DAYS
 HEATING
  YESTERDAY       17                        20     -3       16
  MONTH TO DATE  437                       594   -157      683
  SINCE DEC 1   1739                      2089   -350     2287
  SINCE JUL 1   2472                      3058   -586     3298

 COOLING
  YESTERDAY        0                         0      0        0
  MONTH TO DATE    0                         0      0        0
  SINCE DEC 1      0                         0      0        0
  SINCE JAN 1      0                         0      0        0
..................................................................


WIND (MPH)
  HIGHEST WIND SPEED    22   HIGHEST WIND DIRECTION     E (70)
  HIGHEST GUST SPEED    28   HIGHEST GUST DIRECTION     E (70)
  AVERAGE WIND SPEED     8.0


SKY COVER
  POSSIBLE SUNSHINE  MM
  AVERAGE SKY COVER 0.3


WEATHER CONDITIONS
 THE FOLLOWING WEATHER WAS RECORDED YESTERDAY.
  NO SIGNIFICANT WEATHER WAS OBSERVED.


RELATIVE HUMIDITY (PERCENT)
 HIGHEST    96           500 AM
 LOWEST     27           500 PM
 AVERAGE    62

..........................................................


THE PORTLAND OR CLIMATE NORMALS FOR TODAY
                         NORMAL    RECORD    YEAR
 MAXIMUM TEMPERATURE (F)   54        67      1981
 MINIMUM TEMPERATURE (F)   37        22      1971
                                             1960


SUNRISE AND SUNSET
MARCH  1 2015.........SUNRISE   649 AM PST   SUNSET   557 PM PST
MARCH  2 2015.........SUNRISE   647 AM PST   SUNSET   558 PM PST


-  INDICATES NEGATIVE NUMBERS.
R  INDICATES RECORD WAS SET OR TIED.
MM INDICATES DATA IS MISSING.
T  INDICATES TRACE AMOUNT.




$$
