000
CDUS46 KPQR 220221
CLIPDX


CLIMATE REPORT
NATIONAL WEATHER SERVICE PORTLAND OREGON
720 PM PDT THU MAY 21 2015


...................................

...THE PORTLAND OR CLIMATE SUMMARY FOR MAY 21 2015...
VALID TODAY AS OF 0700 PM LOCAL TIME.

CLIMATE NORMAL PERIOD 1981 TO 2010
CLIMATE RECORD PERIOD 1940 TO 2015


WEATHER ITEM   OBSERVED TIME   RECORD YEAR NORMAL DEPARTURE LAST
                VALUE   (LST)  VALUE       VALUE  FROM      YEAR
                                                  NORMAL
..................................................................
TEMPERATURE (F)
 TODAY
  MAXIMUM         73    522 PM  87    1988  69      4       73
  MINIMUM         59    648 AM  38    1955  50      9       51
  AVERAGE         66                        59      7       62

PRECIPITATION (IN)
  TODAY            T             0.74 2006   0.08  -0.08     0.00
  MONTH TO DATE    0.59                      1.63  -1.04     2.18
  SINCE OCT 1     29.07                     30.70  -1.63    26.37
  SINCE JAN 1     14.09                     16.58  -2.49    20.55

DEGREE DAYS
 HEATING
  TODAY            0                         6     -6        3
  MONTH TO DATE  109                       169    -60      108
  SINCE MAR 1    852                      1074   -222      924
  SINCE JUL 1   3324                      4132   -808     4222

 COOLING
  TODAY            1                         1      0        0
  MONTH TO DATE    3                         2      1       22
  SINCE MAR 1      5                         3      2       25
  SINCE JAN 1      5                         3      2       25
..................................................................


WIND (MPH)
  HIGHEST WIND SPEED    12   HIGHEST WIND DIRECTION     E (80)
  HIGHEST GUST SPEED    13   HIGHEST GUST DIRECTION     E (80)
  AVERAGE WIND SPEED     3.9



WEATHER CONDITIONS
 THE FOLLOWING WEATHER WAS RECORDED TODAY.
  NO SIGNIFICANT WEATHER WAS OBSERVED.


RELATIVE HUMIDITY (PERCENT)
 HIGHEST    87           400 AM
 LOWEST     61           200 PM
 AVERAGE    74

..........................................................


THE PORTLAND OR CLIMATE NORMALS FOR TOMORROW
                         NORMAL    RECORD    YEAR
 MAXIMUM TEMPERATURE (F)   69        95      2001
 MINIMUM TEMPERATURE (F)   50        33      1960


SUNRISE AND SUNSET
MAY 21 2015...........SUNRISE   533 AM PDT   SUNSET   841 PM PDT
MAY 22 2015...........SUNRISE   532 AM PDT   SUNSET   842 PM PDT


-  INDICATES NEGATIVE NUMBERS.
R  INDICATES RECORD WAS SET OR TIED.
MM INDICATES DATA IS MISSING.
T  INDICATES TRACE AMOUNT.




$$
