000
CDUS46 KPQR 301149
CLIPDX


CLIMATE REPORT
NATIONAL WEATHER SERVICE PORTLAND OREGON
448 AM PDT TUE JUN 30 2015


...................................

...THE PORTLAND OR CLIMATE SUMMARY FOR JUNE 29 2015...

CLIMATE NORMAL PERIOD 1981 TO 2010
CLIMATE RECORD PERIOD 1940 TO 2015


WEATHER ITEM   OBSERVED TIME   RECORD YEAR NORMAL DEPARTURE LAST
                VALUE   (LST)  VALUE       VALUE  FROM      YEAR
                                                  NORMAL
..................................................................
TEMPERATURE (F)
 YESTERDAY
  MAXIMUM         90    533 PM  97    1951  77     13       72
  MINIMUM         63    515 AM  45    1971  56      7       58
  AVERAGE         77                        66     11       65

PRECIPITATION (IN)
  YESTERDAY        0.00          0.40 1992   0.04  -0.04     0.15
  MONTH TO DATE    0.40                      1.67  -1.27     2.33
  SINCE OCT 1     29.47                     33.21  -3.74    28.91
  SINCE JAN 1     14.49                     19.09  -4.60    23.09

DEGREE DAYS
 HEATING
  YESTERDAY        0                         2     -2        0
  MONTH TO DATE   19                        90    -71       62
  SINCE JUN 1     19                        90    -71       62
  SINCE JUL 1   3367                      4277   -910     4312

 COOLING
  YESTERDAY       12                         3      9        0
  MONTH TO DATE  173                        44    129       24
  SINCE JUN 1    173                        44    129       24
  SINCE JAN 1    195                        61    134       52
..................................................................


WIND (MPH)
  HIGHEST WIND SPEED    16   HIGHEST WIND DIRECTION    NW (320)
  HIGHEST GUST SPEED    21   HIGHEST GUST DIRECTION    NW (330)
  AVERAGE WIND SPEED     6.4


SKY COVER
  POSSIBLE SUNSHINE  MM
  AVERAGE SKY COVER 0.3


WEATHER CONDITIONS
 THE FOLLOWING WEATHER WAS RECORDED YESTERDAY.
  NO SIGNIFICANT WEATHER WAS OBSERVED.


RELATIVE HUMIDITY (PERCENT)
 HIGHEST    81           100 AM
 LOWEST     36           600 PM
 AVERAGE    59

..........................................................


THE PORTLAND OR CLIMATE NORMALS FOR TODAY
                         NORMAL    RECORD    YEAR
 MAXIMUM TEMPERATURE (F)   77       100      1942
 MINIMUM TEMPERATURE (F)   56        41      1949


SUNRISE AND SUNSET
JUNE 30 2015..........SUNRISE   525 AM PDT   SUNSET   903 PM PDT
JULY  1 2015..........SUNRISE   525 AM PDT   SUNSET   903 PM PDT


-  INDICATES NEGATIVE NUMBERS.
R  INDICATES RECORD WAS SET OR TIED.
MM INDICATES DATA IS MISSING.
T  INDICATES TRACE AMOUNT.




$$
