843
CDUS41 KPBZ 060716
CLIPHD


CLIMATE REPORT
NATIONAL WEATHER SERVICE PITTSBURGH PA
316 AM EDT FRI MAY 6 2016


...................................

...THE NEW PHILADELPHIA OH CLIMATE SUMMARY FOR MAY 5 2016...

CLIMATE NORMAL PERIOD 1981 TO 2010
CLIMATE RECORD PERIOD 1946 TO 2016


WEATHER ITEM   OBSERVED TIME   RECORD YEAR NORMAL DEPARTURE LAST
                VALUE   (LST)  VALUE       VALUE  FROM      YEAR
                                                  NORMAL
..................................................................
TEMPERATURE (F)
 YESTERDAY
  MAXIMUM         62        MM  85    2001  69     -7       79
  MINIMUM         47            29    2005  44      3       60
  AVERAGE         55                        57     -2       70

PRECIPITATION (IN)
  YESTERDAY        0.44         MM      MM   0.11   0.33     0.33
  MONTH TO DATE    0.85                      0.55   0.30     0.49
  SINCE JUN 1     30.45                     35.28  -4.83    35.47
  SINCE JAN 1     12.37                     11.98   0.39    10.74

DEGREE DAYS
 HEATING
  YESTERDAY       10                         9      1        0
  MONTH TO DATE   40                        46     -6       13
  SINCE MAR 1   1064                      1254   -190     1205
  SINCE JUL 1   4678                      5461   -783     5823

 COOLING
  YESTERDAY        0                         0      0        5
  MONTH TO DATE    0                         0      0        7
  SINCE MAR 1      0                         7     -7       10
  SINCE JAN 1      0                         7     -7       10
..................................................................


WIND (MPH)
  HIGHEST WIND SPEED    12   HIGHEST WIND DIRECTION     N (360)
  HIGHEST GUST SPEED    24   HIGHEST GUST DIRECTION     N (360)
  AVERAGE WIND SPEED     6.6


SKY COVER
  POSSIBLE SUNSHINE  MM
  AVERAGE SKY COVER 0.8


WEATHER CONDITIONS
 THE FOLLOWING WEATHER WAS RECORDED YESTERDAY.
  RAIN
  LIGHT RAIN
  FOG


RELATIVE HUMIDITY (PERCENT)
 HIGHEST    93          1200 AM
 LOWEST     51           600 PM
 AVERAGE    72

..........................................................


THE NEW PHILADELPHIA OH CLIMATE NORMALS FOR TODAY
                         NORMAL    RECORD    YEAR
 MAXIMUM TEMPERATURE (F)   69        86      2015
 MINIMUM TEMPERATURE (F)   45        25      1968


SUNRISE AND SUNSET
MAY  6 2016...........SUNRISE   618 AM EDT   SUNSET   827 PM EDT
MAY  7 2016...........SUNRISE   617 AM EDT   SUNSET   828 PM EDT


-  INDICATES NEGATIVE NUMBERS.
R  INDICATES RECORD WAS SET OR TIED.
MM INDICATES DATA IS MISSING.
T  INDICATES TRACE AMOUNT.




$$
