000
CDUS41 KPBZ 220802
CLIPHD


CLIMATE REPORT
NATIONAL WEATHER SERVICE PITTSBURGH PA
301 AM EST SUN JAN 22 2017


...................................

...THE NEW PHILADELPHIA OH CLIMATE SUMMARY FOR JANUARY 21 2017...

CLIMATE NORMAL PERIOD 1981 TO 2010
CLIMATE RECORD PERIOD 1946 TO 2017


WEATHER ITEM   OBSERVED TIME   RECORD YEAR NORMAL DEPARTURE LAST
                VALUE   (LST)  VALUE       VALUE  FROM      YEAR
                                                  NORMAL
..................................................................
TEMPERATURE (F)
 YESTERDAY
  MAXIMUM         62    351 PM  65    1974  37     25       25
  MINIMUM         36           -19    1985  21     15        2
  AVERAGE         49                        29     20       14

PRECIPITATION (IN)
  YESTERDAY        0.00         MM      MM   0.07  -0.07     0.00
  MONTH TO DATE    3.03                      1.82   1.21     0.97
  SINCE JUN 1     23.61                     25.12  -1.51    19.05
  SINCE JAN 1      3.03                      1.82   1.21     0.97

DEGREE DAYS
 HEATING
  YESTERDAY       16                        36    -20       51
  MONTH TO DATE  651                       756   -105      836
  SINCE DEC 1   1682                      1759    -77     1473
  SINCE JUL 1   2549                      2917   -368     2369

 COOLING
  YESTERDAY        0                         0      0        0
  MONTH TO DATE    0                         0      0        0
  SINCE DEC 1      0                         0      0        0
  SINCE JAN 1      0                         0      0        0
..................................................................


WIND (MPH)
  HIGHEST WIND SPEED    10   HIGHEST WIND DIRECTION     S (180)
  HIGHEST GUST SPEED    17   HIGHEST GUST DIRECTION     S (190)
  AVERAGE WIND SPEED     3.1


SKY COVER
  POSSIBLE SUNSHINE  MM
  AVERAGE SKY COVER 0.6


WEATHER CONDITIONS
 THE FOLLOWING WEATHER WAS RECORDED YESTERDAY.
  FOG
  FOG W/VISIBILITY <= 1/4 MILE


RELATIVE HUMIDITY (PERCENT)
 HIGHEST   100           100 AM
 LOWEST     67           300 PM
 AVERAGE    84

..........................................................


THE NEW PHILADELPHIA OH CLIMATE NORMALS FOR TODAY
                         NORMAL    RECORD    YEAR
 MAXIMUM TEMPERATURE (F)   38        55      1974
 MINIMUM TEMPERATURE (F)   21       -15      1994


SUNRISE AND SUNSET
JANUARY 22 2017.......SUNRISE   743 AM EST   SUNSET   532 PM EST
JANUARY 23 2017.......SUNRISE   742 AM EST   SUNSET   533 PM EST


-  INDICATES NEGATIVE NUMBERS.
R  INDICATES RECORD WAS SET OR TIED.
MM INDICATES DATA IS MISSING.
T  INDICATES TRACE AMOUNT.




$$
