000
CDUS41 KPBZ 300701
CLIPHD


CLIMATE REPORT
NATIONAL WEATHER SERVICE PITTSBURGH PA
301 AM EDT SAT JUL 30 2016


...................................

...THE NEW PHILADELPHIA OH CLIMATE SUMMARY FOR JULY 29 2016...

CLIMATE NORMAL PERIOD 1981 TO 2010
CLIMATE RECORD PERIOD 1946 TO 2016


WEATHER ITEM   OBSERVED TIME   RECORD YEAR NORMAL DEPARTURE LAST
                VALUE   (LST)  VALUE       VALUE  FROM      YEAR
                                                  NORMAL
..................................................................
TEMPERATURE (F)
 YESTERDAY
  MAXIMUM         88    434 PM  94    1993  84      4       89
  MINIMUM         71            49    1968  62      9       65
  AVERAGE         80                        72      8       77

PRECIPITATION (IN)
  YESTERDAY        0.14         MM      MM   0.15  -0.01      T
  MONTH TO DATE    2.19                      3.73  -1.54     3.17
  SINCE JUN 1      3.36                      7.46  -4.10     8.25
  SINCE JAN 1     18.01                     23.06  -5.05    21.47

DEGREE DAYS
 HEATING
  YESTERDAY        0                         0      0        0
  MONTH TO DATE    0                         0      0        0
  SINCE JUN 1      7                        35    -28       23
  SINCE JUL 1      0                         0      0        0

 COOLING
  YESTERDAY       15                         8      7       12
  MONTH TO DATE  368                       223    145      166
  SINCE JUN 1    638                       366    272      392
  SINCE JAN 1    717                       409    308      553
..................................................................


WIND (MPH)
  HIGHEST WIND SPEED    12   HIGHEST WIND DIRECTION    NW (330)
  HIGHEST GUST SPEED    15   HIGHEST GUST DIRECTION     S (170)
  AVERAGE WIND SPEED     3.1


SKY COVER
  POSSIBLE SUNSHINE  MM
  AVERAGE SKY COVER 0.6


WEATHER CONDITIONS
 THE FOLLOWING WEATHER WAS RECORDED YESTERDAY.
  THUNDERSTORM
  RAIN
  LIGHT RAIN
  FOG
  FOG W/VISIBILITY <= 1/4 MILE
  HAZE


RELATIVE HUMIDITY (PERCENT)
 HIGHEST    93           100 AM
 LOWEST     45           400 PM
 AVERAGE    69

..........................................................


THE NEW PHILADELPHIA OH CLIMATE NORMALS FOR TODAY
                         NORMAL    RECORD    YEAR
 MAXIMUM TEMPERATURE (F)   84        94      1988
 MINIMUM TEMPERATURE (F)   62        47      1981


SUNRISE AND SUNSET
JULY 30 2016..........SUNRISE   622 AM EDT   SUNSET   842 PM EDT
JULY 31 2016..........SUNRISE   622 AM EDT   SUNSET   841 PM EDT


-  INDICATES NEGATIVE NUMBERS.
R  INDICATES RECORD WAS SET OR TIED.
MM INDICATES DATA IS MISSING.
T  INDICATES TRACE AMOUNT.




$$
