000
CDUS41 KPBZ 190730
CLIPHD


CLIMATE REPORT
NATIONAL WEATHER SERVICE PITTSBURGH PA
330 AM EDT FRI SEP 19 2014


...................................

...THE NEW PHILADELPHIA OH CLIMATE SUMMARY FOR SEPTEMBER 18 2014...

CLIMATE NORMAL PERIOD 1981 TO 2010
CLIMATE RECORD PERIOD 1946 TO 2014


WEATHER ITEM   OBSERVED TIME   RECORD YEAR NORMAL DEPARTURE LAST
                VALUE   (LST)  VALUE       VALUE  FROM      YEAR
                                                  NORMAL
..................................................................
TEMPERATURE (F)
 YESTERDAY
  MAXIMUM         73    256 PM  88    1965  75     -2       76
  MINIMUM         48            37    1990  51     -3       45
  AVERAGE         61                        63     -2       61

PRECIPITATION (IN)
  YESTERDAY        0.00         MM      MM   0.09  -0.09     0.00
  MONTH TO DATE    0.63                      2.18  -1.55     0.56
  SINCE JUN 1     17.57                     13.53   4.04    14.26
  SINCE JAN 1     32.75                     29.13   3.62    24.30

DEGREE DAYS
 HEATING
  YESTERDAY        4                         3      1        4
  MONTH TO DATE   54                        31     23       48
  SINCE SEP 1     54                        31     23       48
  SINCE JUL 1     86                        41     45       62

 COOLING
  YESTERDAY        0                         2     -2        0
  MONTH TO DATE   62                        53      9       66
  SINCE SEP 1     62                        53      9       66
  SINCE JAN 1    611                       675    -64      711
..................................................................


WIND (MPH)
  HIGHEST WIND SPEED    12   HIGHEST WIND DIRECTION    NE (50)
  HIGHEST GUST SPEED    16   HIGHEST GUST DIRECTION    NE (50)
  AVERAGE WIND SPEED     3.2


SKY COVER
  POSSIBLE SUNSHINE  MM
  AVERAGE SKY COVER 0.4


WEATHER CONDITIONS
 THE FOLLOWING WEATHER WAS RECORDED YESTERDAY.
  FOG
  HAZE


RELATIVE HUMIDITY (PERCENT)
 HIGHEST   100           100 AM
 LOWEST     41           300 PM
 AVERAGE    71

..........................................................


THE NEW PHILADELPHIA OH CLIMATE NORMALS FOR TODAY
                         NORMAL    RECORD    YEAR
 MAXIMUM TEMPERATURE (F)   75        89      1965
 MINIMUM TEMPERATURE (F)   51        38      2012
                                             1990


SUNRISE AND SUNSET
SEPTEMBER 19 2014.....SUNRISE   710 AM EDT   SUNSET   728 PM EDT
SEPTEMBER 20 2014.....SUNRISE   711 AM EDT   SUNSET   726 PM EDT


-  INDICATES NEGATIVE NUMBERS.
R  INDICATES RECORD WAS SET OR TIED.
MM INDICATES DATA IS MISSING.
T  INDICATES TRACE AMOUNT.




$$
