000
CDUS41 KPBZ 262136
CLIPHD


CLIMATE REPORT
NATIONAL WEATHER SERVICE PITTSBURGH PA
535 PM EDT WED APR 26 2017


...................................

...THE NEW PHILADELPHIA OH CLIMATE SUMMARY FOR APRIL 26 2017...
VALID TODAY AS OF 0500 PM LOCAL TIME.

CLIMATE NORMAL PERIOD 1981 TO 2010
CLIMATE RECORD PERIOD 1946 TO 2017


WEATHER ITEM   OBSERVED TIME   RECORD YEAR NORMAL DEPARTURE LAST
                VALUE   (LST)  VALUE       VALUE  FROM      YEAR
                                                  NORMAL
..................................................................
TEMPERATURE (F)
 TODAY
  MAXIMUM         82    354 PM  87    1990  67     15       79
  MINIMUM         49    436 AM  27    1972  42      7       47
  AVERAGE         66                        54     12       63

PRECIPITATION (IN)
  TODAY            0.00         MM      MM   0.13  -0.13     0.30
  MONTH TO DATE    3.06                      2.91   0.15     3.35
  SINCE JUN 1     34.31                     34.21   0.10    28.93
  SINCE JAN 1     13.73                     10.91   2.82    10.85

DEGREE DAYS
 HEATING
  TODAY            0                        11    -11        2
  MONTH TO DATE  256                       388   -132      403
  SINCE MAR 1   1009                      1167   -158      967
  SINCE JUL 1   4506                      5374   -868     4581

 COOLING
  TODAY            1                         0      1        0
  MONTH TO DATE   17                         0     17        0
  SINCE MAR 1     17                         1     16        0
  SINCE JAN 1     17                         1     16        0
..................................................................


WIND (MPH)
  HIGHEST WIND SPEED    13   HIGHEST WIND DIRECTION     S (160)
  HIGHEST GUST SPEED    17   HIGHEST GUST DIRECTION     S (180)
  AVERAGE WIND SPEED     4.5


SKY COVER
  POSSIBLE SUNSHINE  MM
  AVERAGE SKY COVER 0.2


WEATHER CONDITIONS
 THE FOLLOWING WEATHER WAS RECORDED TODAY.
  FOG


RELATIVE HUMIDITY (PERCENT)
 HIGHEST   100           200 AM
 LOWEST     40           400 PM
 AVERAGE    70

..........................................................


THE NEW PHILADELPHIA OH CLIMATE NORMALS FOR TOMORROW
                         NORMAL    RECORD    YEAR
 MAXIMUM TEMPERATURE (F)   67        86      1994
 MINIMUM TEMPERATURE (F)   42        25      1971


SUNRISE AND SUNSET
APRIL 26 2017.........SUNRISE   631 AM EDT   SUNSET   816 PM EDT
APRIL 27 2017.........SUNRISE   630 AM EDT   SUNSET   817 PM EDT


-  INDICATES NEGATIVE NUMBERS.
R  INDICATES RECORD WAS SET OR TIED.
MM INDICATES DATA IS MISSING.
T  INDICATES TRACE AMOUNT.




$$
