000
CDUS41 KPBZ 032118
CLIPHD


CLIMATE REPORT
NATIONAL WEATHER SERVICE PITTSBURGH PA
516 PM EDT WED JUN 3 2015


...................................

...THE NEW PHILADELPHIA OH CLIMATE SUMMARY FOR JUNE 3 2015...
VALID TODAY AS OF 0500 PM LOCAL TIME.

CLIMATE NORMAL PERIOD 1981 TO 2010
CLIMATE RECORD PERIOD 1946 TO 2015


WEATHER ITEM   OBSERVED TIME   RECORD YEAR NORMAL DEPARTURE LAST
                VALUE   (LST)  VALUE       VALUE  FROM      YEAR
                                                  NORMAL
..................................................................
TEMPERATURE (F)
 TODAY
  MAXIMUM         75    210 PM  87    1948  77     -2       85
  MINIMUM         53    441 AM  37    1977  54     -1       64
  AVERAGE         64                        65     -1       75

PRECIPITATION (IN)
  TODAY            0.00         MM      MM   0.18  -0.18     0.28
  MONTH TO DATE    T                         0.54  -0.54     0.29
  SINCE JUN 1      T                         0.54  -0.54     0.29
  SINCE JAN 1     13.22                     16.14  -2.92    15.47

DEGREE DAYS
 HEATING
  TODAY            1                         3     -2        0
  MONTH TO DATE   17                         9      8        0
  SINCE JUN 1     17                         9      8        0
  SINCE JUL 1   5914                      5618    296     6160

 COOLING
  TODAY            0                         3     -3       10
  MONTH TO DATE    0                         9     -9       22
  SINCE JUN 1      0                         9     -9       22
  SINCE JAN 1    161                        52    109       88
..................................................................


WIND (MPH)
  HIGHEST WIND SPEED    12   HIGHEST WIND DIRECTION     E (100)
  HIGHEST GUST SPEED    15   HIGHEST GUST DIRECTION     E (100)
  AVERAGE WIND SPEED     5.8


SKY COVER
  POSSIBLE SUNSHINE  MM
  AVERAGE SKY COVER 0.8


WEATHER CONDITIONS
 THE FOLLOWING WEATHER WAS RECORDED TODAY.
  FOG
  HAZE


RELATIVE HUMIDITY (PERCENT)
 HIGHEST    89           400 AM
 LOWEST     57          1200 PM
 AVERAGE    73

..........................................................


THE NEW PHILADELPHIA OH CLIMATE NORMALS FOR TOMORROW
                         NORMAL    RECORD    YEAR
 MAXIMUM TEMPERATURE (F)   78        89      1948
 MINIMUM TEMPERATURE (F)   54        40      1988


SUNRISE AND SUNSET
JUNE  3 2015..........SUNRISE   557 AM EDT   SUNSET   851 PM EDT
JUNE  4 2015..........SUNRISE   556 AM EDT   SUNSET   852 PM EDT


-  INDICATES NEGATIVE NUMBERS.
R  INDICATES RECORD WAS SET OR TIED.
MM INDICATES DATA IS MISSING.
T  INDICATES TRACE AMOUNT.




$$
