000
CDUS41 KPBZ 232131
CLIPHD


CLIMATE REPORT
NATIONAL WEATHER SERVICE PITTSBURGH PA
530 PM EDT TUE AUG 23 2016


...................................

...THE NEW PHILADELPHIA OH CLIMATE SUMMARY FOR AUGUST 23 2016...
VALID TODAY AS OF 0500 PM LOCAL TIME.

CLIMATE NORMAL PERIOD 1981 TO 2010
CLIMATE RECORD PERIOD 1946 TO 2016


WEATHER ITEM   OBSERVED TIME   RECORD YEAR NORMAL DEPARTURE LAST
                VALUE   (LST)  VALUE       VALUE  FROM      YEAR
                                                  NORMAL
..................................................................
TEMPERATURE (F)
 TODAY
  MAXIMUM         83    349 PM  95    1968  82      1       85
  MINIMUM         56    527 AM  42    1982  59     -3       51
  AVERAGE         70                        71     -1       68

PRECIPITATION (IN)
  TODAY            0.00         MM      MM   0.13  -0.13      T
  MONTH TO DATE    3.08                      2.54   0.54     0.13
  SINCE JUN 1      6.94                     10.30  -3.36     8.38
  SINCE JAN 1     21.59                     25.90  -4.31    21.60

DEGREE DAYS
 HEATING
  TODAY            0                         0      0        0
  MONTH TO DATE    0                         0      0        1
  SINCE JUN 1      7                        38    -31       24
  SINCE JUL 1      0                         3     -3        1

 COOLING
  TODAY            5                         6     -1        3
  MONTH TO DATE  275                       158    117      125
  SINCE JUN 1    942                       535    407      531
  SINCE JAN 1   1021                       578    443      692
..................................................................


WIND (MPH)
  HIGHEST WIND SPEED     9   HIGHEST WIND DIRECTION     S (180)
  HIGHEST GUST SPEED    13   HIGHEST GUST DIRECTION    SE (150)
  AVERAGE WIND SPEED     2.1


SKY COVER
  POSSIBLE SUNSHINE  MM
  AVERAGE SKY COVER 0.2


WEATHER CONDITIONS
 THE FOLLOWING WEATHER WAS RECORDED TODAY.
  FOG
  FOG W/VISIBILITY <= 1/4 MILE


RELATIVE HUMIDITY (PERCENT)
 HIGHEST    93           600 AM
 LOWEST     39          1200 PM
 AVERAGE    66

..........................................................


THE NEW PHILADELPHIA OH CLIMATE NORMALS FOR TOMORROW
                         NORMAL    RECORD    YEAR
 MAXIMUM TEMPERATURE (F)   82        96      1968
 MINIMUM TEMPERATURE (F)   59        43      1971


SUNRISE AND SUNSET
AUGUST 23 2016........SUNRISE   645 AM EDT   SUNSET   811 PM EDT
AUGUST 24 2016........SUNRISE   646 AM EDT   SUNSET   809 PM EDT


-  INDICATES NEGATIVE NUMBERS.
R  INDICATES RECORD WAS SET OR TIED.
MM INDICATES DATA IS MISSING.
T  INDICATES TRACE AMOUNT.




$$
