000
CDUS41 KPHI 290628
CLIPHL


CLIMATE REPORT
NATIONAL WEATHER SERVICE MOUNT HOLLY NJ
128 AM EST THU JAN 29 2015


...................................

...THE PHILADELPHIA PA CLIMATE SUMMARY FOR JANUARY 28 2015...

CLIMATE NORMAL PERIOD 1981 TO 2010
CLIMATE RECORD PERIOD 1872 TO 2015


WEATHER ITEM   OBSERVED TIME   RECORD YEAR NORMAL DEPARTURE LAST
                VALUE   (LST)  VALUE       VALUE  FROM      YEAR
                                                  NORMAL
..................................................................
TEMPERATURE (F)
 YESTERDAY
  MAXIMUM         35    325 PM  67    1916  41     -6       21
  MINIMUM         20    758 AM   3    1961  26     -6       12
                                      1935
                                      1925
  AVERAGE         28                        33     -5       17

PRECIPITATION (IN)
  YESTERDAY        0.00          1.63 1943   0.09  -0.09      T
  MONTH TO DATE    4.52                      2.72   1.80     3.48
  SINCE DEC 1      7.79                      6.28   1.51     8.68
  SINCE JAN 1      4.52                      2.72   1.80     3.48

SNOWFALL (IN)
  YESTERDAY        0.0           8.8  1922   0.3   -0.3       T
  MONTH TO DATE    4.2                       5.6   -1.4     24.9
  SINCE DEC 1      4.3                       9.0   -4.7     36.1
  SINCE JUL 1      4.3                       9.3   -5.0     36.1
  SNOW DEPTH       T

DEGREE DAYS
 HEATING
  YESTERDAY       37                        32      5       48
  MONTH TO DATE  934                       894     40     1005
  SINCE DEC 1   1668                      1748    -80     1812
  SINCE JUL 1   2446                      2564   -118     2618

 COOLING
  YESTERDAY        0                         0      0        0
  MONTH TO DATE    0                         0      0        0
  SINCE DEC 1      0                         0      0        0
  SINCE JAN 1      0                         0      0        0
..................................................................


WIND (MPH)
  HIGHEST WIND SPEED    26   HIGHEST WIND DIRECTION    NW (320)
  HIGHEST GUST SPEED    31   HIGHEST GUST DIRECTION    NW (310)
  AVERAGE WIND SPEED    13.0


SKY COVER
  POSSIBLE SUNSHINE  MM
  AVERAGE SKY COVER 0.1


WEATHER CONDITIONS
 THE FOLLOWING WEATHER WAS RECORDED YESTERDAY.
  NO SIGNIFICANT WEATHER WAS OBSERVED.


RELATIVE HUMIDITY (PERCENT)
 HIGHEST    56           200 AM
 LOWEST     25           200 PM
 AVERAGE    41

..........................................................


THE PHILADELPHIA PA CLIMATE NORMALS FOR TODAY
                         NORMAL    RECORD    YEAR
 MAXIMUM TEMPERATURE (F)   41        72      2002
 MINIMUM TEMPERATURE (F)   26        -5      1963


SUNRISE AND SUNSET
JANUARY 29 2015.......SUNRISE   712 AM EST   SUNSET   517 PM EST
JANUARY 30 2015.......SUNRISE   711 AM EST   SUNSET   518 PM EST


-  INDICATES NEGATIVE NUMBERS.
R  INDICATES RECORD WAS SET OR TIED.
MM INDICATES DATA IS MISSING.
T  INDICATES TRACE AMOUNT.




$$
