000
CDUS41 KPHI 040631
CLIPHL


CLIMATE REPORT
NATIONAL WEATHER SERVICE MOUNT HOLLY NJ
131 AM EST WED MAR 4 2015


...................................

...THE PHILADELPHIA PA CLIMATE SUMMARY FOR MARCH 3 2015...

CLIMATE NORMAL PERIOD 1981 TO 2010
CLIMATE RECORD PERIOD 1872 TO 2015


WEATHER ITEM   OBSERVED TIME   RECORD YEAR NORMAL DEPARTURE LAST
                VALUE   (LST)  VALUE       VALUE  FROM      YEAR
                                                  NORMAL
..................................................................
TEMPERATURE (F)
 YESTERDAY
  MAXIMUM         34   1159 PM  73    1991  48    -14       34
                                      1923
  MINIMUM         25    504 AM  10    1886  31     -6       16
  AVERAGE         30                        40    -10       25

PRECIPITATION (IN)
  YESTERDAY        0.61          2.20 1906   0.10   0.51     0.34
  MONTH TO DATE    1.13                      0.31   0.82     0.38
  SINCE MAR 1      1.13                      0.31   0.82     0.38
  SINCE JAN 1      8.01                      5.99   2.02     9.05

SNOWFALL (IN)
  YESTERDAY        0.1           7.9  1960   0.1    0.0      3.4
  MONTH TO DATE    0.5                       0.5    0.0      3.4
  SINCE MAR 1      0.5                       0.5    0.0      3.4
  SINCE JUL 1     15.5                      19.5   -4.0     62.9
  SNOW DEPTH       0

DEGREE DAYS
 HEATING
  YESTERDAY       35                        25     10       40
  MONTH TO DATE  103                        77     26      104
  SINCE MAR 1    103                        77     26      104
  SINCE JUL 1   3756                      3559    197     3760

 COOLING
  YESTERDAY        0                         0      0        0
  MONTH TO DATE    0                         0      0        0
  SINCE MAR 1      0                         0      0        0
  SINCE JAN 1      0                         0      0        0
..................................................................


WIND (MPH)
  HIGHEST WIND SPEED    16   HIGHEST WIND DIRECTION    SW (220)
  HIGHEST GUST SPEED    22   HIGHEST GUST DIRECTION     S (200)
  AVERAGE WIND SPEED     8.0


SKY COVER
  POSSIBLE SUNSHINE  MM
  AVERAGE SKY COVER 0.8


WEATHER CONDITIONS
 THE FOLLOWING WEATHER WAS RECORDED YESTERDAY.
  LIGHT RAIN
  LT FREEZING RAIN
  LIGHT SNOW
  SLEET
  FOG


RELATIVE HUMIDITY (PERCENT)
 HIGHEST    89           800 PM
 LOWEST     43          1100 AM
 AVERAGE    66

..........................................................


THE PHILADELPHIA PA CLIMATE NORMALS FOR TODAY
                         NORMAL    RECORD    YEAR
 MAXIMUM TEMPERATURE (F)   49        74      1974
 MINIMUM TEMPERATURE (F)   31         7      1943


SUNRISE AND SUNSET
MARCH  4 2015.........SUNRISE   630 AM EST   SUNSET   556 PM EST
MARCH  5 2015.........SUNRISE   629 AM EST   SUNSET   557 PM EST


-  INDICATES NEGATIVE NUMBERS.
R  INDICATES RECORD WAS SET OR TIED.
MM INDICATES DATA IS MISSING.
T  INDICATES TRACE AMOUNT.




$$
