000
CDUS41 KPHI 270629
CLIPHL


CLIMATE REPORT
NATIONAL WEATHER SERVICE MOUNT HOLLY NJ
228 AM EDT SAT AUG 27 2016


...................................

...THE PHILADELPHIA PA CLIMATE SUMMARY FOR AUGUST 26 2016...

CLIMATE NORMAL PERIOD 1981 TO 2010
CLIMATE RECORD PERIOD 1872 TO 2016


WEATHER ITEM   OBSERVED TIME   RECORD YEAR NORMAL DEPARTURE LAST
                VALUE   (LST)  VALUE       VALUE  FROM      YEAR
                                                  NORMAL
..................................................................
TEMPERATURE (F)
 YESTERDAY
  MAXIMUM         93    420 PM 100    1948  84      9       83
  MINIMUM         75    418 AM  51    1963  67      8       68
                                      1944
                                      1942
  AVERAGE         84                        75      9       76

PRECIPITATION (IN)
  YESTERDAY        0.00          2.52 1972   0.10  -0.10     0.00
  MONTH TO DATE    1.70                      3.00  -1.30     0.98
  SINCE JUN 1      7.45                     10.78  -3.33    13.02
  SINCE JAN 1     24.85                     27.52  -2.67    30.19

SNOWFALL (IN)
  YESTERDAY        0.0           0.0  1870   0.0    0.0      0.0
  MONTH TO DATE    0.0                       0.0    0.0      0.0
  SINCE JUN 1      0.0                       0.0    0.0      0.0
  SINCE JUL 1      0.0                       0.0    0.0      0.0
  SNOW DEPTH       0

DEGREE DAYS
 HEATING
  YESTERDAY        0                         0      0        0
  MONTH TO DATE    0                         0      0        0
  SINCE JUN 1      0                        11    -11       12
  SINCE JUL 1      0                         0      0        0

 COOLING
  YESTERDAY       19                        10      9       11
  MONTH TO DATE  421                       312    109      382
  SINCE JUN 1   1214                       978    236     1145
  SINCE JAN 1   1328                      1069    259     1344
..................................................................


WIND (MPH)
  HIGHEST WIND SPEED    18   HIGHEST WIND DIRECTION    NW (320)
  HIGHEST GUST SPEED    27   HIGHEST GUST DIRECTION    NW (320)
  AVERAGE WIND SPEED    10.0


SKY COVER
  POSSIBLE SUNSHINE  MM
  AVERAGE SKY COVER 0.3


WEATHER CONDITIONS
 THE FOLLOWING WEATHER WAS RECORDED YESTERDAY.
  NO SIGNIFICANT WEATHER WAS OBSERVED.


RELATIVE HUMIDITY (PERCENT)
 HIGHEST    88           700 AM
 LOWEST     38           400 PM
 AVERAGE    63

..........................................................


THE PHILADELPHIA PA CLIMATE NORMALS FOR TODAY
                         NORMAL    RECORD    YEAR
 MAXIMUM TEMPERATURE (F)   84        98      1948
 MINIMUM TEMPERATURE (F)   66        51      1963
                                             1944
                                             1885


SUNRISE AND SUNSET
AUGUST 27 2016........SUNRISE   625 AM EDT   SUNSET   739 PM EDT
AUGUST 28 2016........SUNRISE   626 AM EDT   SUNSET   738 PM EDT


-  INDICATES NEGATIVE NUMBERS.
R  INDICATES RECORD WAS SET OR TIED.
MM INDICATES DATA IS MISSING.
T  INDICATES TRACE AMOUNT.




$$
