000
CDUS41 KPHI 162130
CLIPHL


CLIMATE REPORT
NATIONAL WEATHER SERVICE MOUNT HOLLY NJ
429 PM EST MON JAN 16 2017


...................................

...THE PHILADELPHIA PA CLIMATE SUMMARY FOR JANUARY 16 2017...
VALID TODAY AS OF 0400 PM LOCAL TIME.

CLIMATE NORMAL PERIOD 1981 TO 2010
CLIMATE RECORD PERIOD 1872 TO 2017


WEATHER ITEM   OBSERVED TIME   RECORD YEAR NORMAL DEPARTURE LAST
                VALUE   (LST)  VALUE       VALUE  FROM      YEAR
                                                  NORMAL
..................................................................
TEMPERATURE (F)
 TODAY
  MAXIMUM         42    300 PM  62    2007  40      2       54
  MINIMUM         26    717 AM   0    1977  25      1       40
                                      1893
  AVERAGE         34                        33      1       47

PRECIPITATION (IN)
  TODAY            0.00          1.09 1924   0.10  -0.10     0.20
  MONTH TO DATE    1.38                      1.56  -0.18     0.99
  SINCE DEC 1      4.10                      5.12  -1.02     6.13
  SINCE JAN 1      1.38                      1.56  -0.18     0.99

SNOWFALL (IN)
  TODAY            0.0           7.6  1945   0.2   -0.2      0.0
  MONTH TO DATE    4.9                       2.9    2.0       T
  SINCE DEC 1      5.2                       6.3   -1.1       T
  SINCE JUL 1      5.2                       6.6   -1.4       T
  SNOW DEPTH       0

DEGREE DAYS
 HEATING
  TODAY           31                        32     -1       18
  MONTH TO DATE  464                       510    -46      448
  SINCE DEC 1   1268                      1364    -96      869
  SINCE JUL 1   1899                      2180   -281     1429

 COOLING
  TODAY            0                         0      0        0
  MONTH TO DATE    0                         0      0        0
  SINCE DEC 1      0                         0      0        2
  SINCE JAN 1      0                         0      0        0
..................................................................


WIND (MPH)
  HIGHEST WIND SPEED     9   HIGHEST WIND DIRECTION    SW (220)
  HIGHEST GUST SPEED    16   HIGHEST GUST DIRECTION    SW (210)
  AVERAGE WIND SPEED     4.3


SKY COVER
  POSSIBLE SUNSHINE  MM
  AVERAGE SKY COVER 0.5


WEATHER CONDITIONS
 THE FOLLOWING WEATHER WAS RECORDED TODAY.
  NO SIGNIFICANT WEATHER WAS OBSERVED.


RELATIVE HUMIDITY (PERCENT)
 HIGHEST    75           500 AM
 LOWEST     43           300 PM
 AVERAGE    59

..........................................................


THE PHILADELPHIA PA CLIMATE NORMALS FOR TOMORROW
                         NORMAL    RECORD    YEAR
 MAXIMUM TEMPERATURE (F)   40        63      1913
 MINIMUM TEMPERATURE (F)   25        -7      1982


SUNRISE AND SUNSET
JANUARY 16 2017.......SUNRISE   720 AM EST   SUNSET   502 PM EST
JANUARY 17 2017.......SUNRISE   720 AM EST   SUNSET   503 PM EST


-  INDICATES NEGATIVE NUMBERS.
R  INDICATES RECORD WAS SET OR TIED.
MM INDICATES DATA IS MISSING.
T  INDICATES TRACE AMOUNT.




$$
