000
CDUS41 KPHI 252130
CLIPHL


CLIMATE REPORT
NATIONAL WEATHER SERVICE MOUNT HOLLY NJ
528 PM EDT TUE APR 25 2017


...................................

...THE PHILADELPHIA PA CLIMATE SUMMARY FOR APRIL 25 2017...
VALID TODAY AS OF 0500 PM LOCAL TIME.

CLIMATE NORMAL PERIOD 1981 TO 2010
CLIMATE RECORD PERIOD 1872 TO 2017


WEATHER ITEM   OBSERVED TIME   RECORD YEAR NORMAL DEPARTURE LAST
                VALUE   (LST)  VALUE       VALUE  FROM      YEAR
                                                  NORMAL
..................................................................
TEMPERATURE (F)
 TODAY
  MAXIMUM         57    335 PM  92    1960  67    -10       77
  MINIMUM         52    614 AM  33    1956  47      5       48
                                      1888
  AVERAGE         55                        57     -2       63

PRECIPITATION (IN)
  TODAY            0.38          2.11 1874   0.11   0.27      T
  MONTH TO DATE    2.85                      3.00  -0.15     1.47
  SINCE MAR 1      7.11                      6.79   0.32     3.48
  SINCE JAN 1     11.32                     12.47  -1.15    10.47

SNOWFALL (IN)
  TODAY            0.0           T    1919   0.0    0.0      0.0
                                      1892
  MONTH TO DATE    0.0                       0.5   -0.5      0.3
  SINCE MAR 1      7.0                       3.4    3.6      1.3
  SINCE JUL 1     15.0                      22.4   -7.4     27.5
  SNOW DEPTH       0

DEGREE DAYS
 HEATING
  TODAY           10                         8      2        2
  MONTH TO DATE  195                       306   -111      273
  SINCE MAR 1    898                       971    -73      705
  SINCE JUL 1   3724                      4453   -729     3391

 COOLING
  TODAY            0                         1     -1        0
  MONTH TO DATE   13                         7      6       14
  SINCE MAR 1     13                         8      5       19
  SINCE JAN 1     13                         8      5       19
..................................................................


WIND (MPH)
  HIGHEST WIND SPEED    23   HIGHEST WIND DIRECTION     E (80)
  HIGHEST GUST SPEED    33   HIGHEST GUST DIRECTION    NE (50)
  AVERAGE WIND SPEED    16.5


SKY COVER
  POSSIBLE SUNSHINE  MM
  AVERAGE SKY COVER 0.9


WEATHER CONDITIONS
 THE FOLLOWING WEATHER WAS RECORDED TODAY.
  RAIN
  LIGHT RAIN
  FOG


RELATIVE HUMIDITY (PERCENT)
 HIGHEST    93           700 AM
 LOWEST     83           100 AM
 AVERAGE    88

..........................................................


THE PHILADELPHIA PA CLIMATE NORMALS FOR TOMORROW
                         NORMAL    RECORD    YEAR
 MAXIMUM TEMPERATURE (F)   68        93      2009
 MINIMUM TEMPERATURE (F)   48        35      1967
                                             1919


SUNRISE AND SUNSET
APRIL 25 2017.........SUNRISE   609 AM EDT   SUNSET   750 PM EDT
APRIL 26 2017.........SUNRISE   607 AM EDT   SUNSET   751 PM EDT


-  INDICATES NEGATIVE NUMBERS.
R  INDICATES RECORD WAS SET OR TIED.
MM INDICATES DATA IS MISSING.
T  INDICATES TRACE AMOUNT.




$$
