000
CDUS41 KPHI 010629
CLIPHL


CLIMATE REPORT
NATIONAL WEATHER SERVICE MOUNT HOLLY NJ
229 AM EDT SUN MAY 1 2016


...................................

...THE PHILADELPHIA PA CLIMATE SUMMARY FOR APRIL 30 2016...

CLIMATE NORMAL PERIOD 1981 TO 2010
CLIMATE RECORD PERIOD 1872 TO 2016


WEATHER ITEM   OBSERVED TIME   RECORD YEAR NORMAL DEPARTURE LAST
                VALUE   (LST)  VALUE       VALUE  FROM      YEAR
                                                  NORMAL
..................................................................
TEMPERATURE (F)
 YESTERDAY
  MAXIMUM         64    315 PM  91    1888  69     -5       72
  MINIMUM         47    202 AM  34    1874  49     -2       50
  AVERAGE         56                        59     -3       61

PRECIPITATION (IN)
  YESTERDAY        T             4.42 2014   0.10  -0.10     0.00
  MONTH TO DATE    1.75                      3.56  -1.81     3.58
  SINCE MAR 1      3.76                      7.35  -3.59     9.10
  SINCE JAN 1     10.75                     13.03  -2.28    15.98

SNOWFALL (IN)
  YESTERDAY        0.0           0.0  1870   0.0    0.0      0.0
  MONTH TO DATE    0.3                       0.5   -0.2      0.0
  SINCE MAR 1      1.3                       3.4   -2.1     12.0
  SINCE JUL 1     27.5                      22.4    5.1     27.0
  SNOW DEPTH       0

DEGREE DAYS
 HEATING
  YESTERDAY        9                         7      2        4
  MONTH TO DATE  324                       343    -19      286
  SINCE MAR 1    756                      1008   -252     1079
  SINCE JUL 1   3442                      4490  -1048     4732

 COOLING
  YESTERDAY        0                         1     -1        0
  MONTH TO DATE   18                        12      6        3
  SINCE MAR 1     23                        13     10        3
  SINCE JAN 1     23                        13     10        3
..................................................................


WIND (MPH)
  HIGHEST WIND SPEED    12   HIGHEST WIND DIRECTION    SE (130)
  HIGHEST GUST SPEED    16   HIGHEST GUST DIRECTION    NE (30)
  AVERAGE WIND SPEED     6.7


SKY COVER
  POSSIBLE SUNSHINE  MM
  AVERAGE SKY COVER 0.9


WEATHER CONDITIONS
 THE FOLLOWING WEATHER WAS RECORDED YESTERDAY.
  LIGHT RAIN


RELATIVE HUMIDITY (PERCENT)
 HIGHEST    82           100 AM
 LOWEST     46          1200 PM
 AVERAGE    64

..........................................................


THE PHILADELPHIA PA CLIMATE NORMALS FOR TODAY
                         NORMAL    RECORD    YEAR
 MAXIMUM TEMPERATURE (F)   69        90      1942
 MINIMUM TEMPERATURE (F)   49        34      1978


SUNRISE AND SUNSET
MAY  1 2016...........SUNRISE   601 AM EDT   SUNSET   756 PM EDT
MAY  2 2016...........SUNRISE   559 AM EDT   SUNSET   757 PM EDT


-  INDICATES NEGATIVE NUMBERS.
R  INDICATES RECORD WAS SET OR TIED.
MM INDICATES DATA IS MISSING.
T  INDICATES TRACE AMOUNT.




$$
